[INFO] fetching crate gpui-fast-macros 0.1.8...
[INFO] testing gpui-fast-macros-0.1.8 against 1.100.0-beta.1+cargoflags=--release for beta-release-1.100-2
[INFO] extracting crate gpui-fast-macros 0.1.8 into /workspace/builds/worker-0-tc2/source
[INFO] started tweaking crates.io crate gpui-fast-macros 0.1.8
[INFO] finished tweaking crates.io crate gpui-fast-macros 0.1.8
[INFO] tweaked toml for crates.io crate gpui-fast-macros 0.1.8 written to /workspace/builds/worker-0-tc2/source/Cargo.toml
[INFO] validating manifest of crates.io crate gpui-fast-macros 0.1.8 on toolchain 1.100.0-beta.1
[INFO] running `Command { std: CARGO_HOME="/workspace/cargo-home" RUSTUP_HOME="/workspace/rustup-home" "/workspace/cargo-home/bin/cargo" "+1.100.0-beta.1" "metadata" "--manifest-path" "Cargo.toml" "--no-deps", kill_on_drop: false }`
[INFO] crate crates.io crate gpui-fast-macros 0.1.8 already has a lockfile, it will not be regenerated
[INFO] running `Command { std: CARGO_HOME="/workspace/cargo-home" RUSTUP_HOME="/workspace/rustup-home" "/workspace/cargo-home/bin/cargo" "+1.100.0-beta.1" "fetch" "--manifest-path" "Cargo.toml", kill_on_drop: false }`
[INFO] [stderr] warning: `package.homepage` is redundant with `package.repository`
[INFO] [stderr]   --> Cargo.toml:40:12
[INFO] [stderr]    |
[INFO] [stderr] 40 | homepage = "https://github.com/longbridge/gpui-fast"
[INFO] [stderr]    |            ^^^^^^^^^^^^^^^^^^^^^^^^^^^^^^^^^^^^^^^^^
[INFO] [stderr] ...
[INFO] [stderr] 46 | repository = "https://github.com/longbridge/gpui-fast"
[INFO] [stderr]    |              -----------------------------------------
[INFO] [stderr]    |
[INFO] [stderr]    = note: `cargo::redundant_homepage` is set to `warn` by default
[INFO] [stderr] help: consider removing `package.homepage`
[INFO] [stderr] warning: `gpui-fast-macros` (manifest) generated 1 warning
[INFO] running `Command { std: "docker" "create" "-v" "/var/lib/crater-agent-workspace/builds/worker-0-tc2/source:/opt/rustwide/workdir:ro,Z" "-v" "/var/lib/crater-agent-workspace/builds/worker-0-tc2/target:/opt/rustwide/target:rw,Z" "-v" "/var/lib/crater-agent-workspace/cargo-home:/opt/rustwide/cargo-home:ro,Z" "-v" "/var/lib/crater-agent-workspace/rustup-home:/opt/rustwide/rustup-home:ro,Z" "-m" "1610612736" "--network" "none" "ghcr.io/rust-lang/crates-build-env/linux@sha256:77db811e55d90add9212f6832c23229e3de5f1c1f9905e8cb07319ea15df73ac" "sleep" "infinity", kill_on_drop: false }`
[INFO] [stdout] 902e243166d784ea84e41b3441ccd4fe7954caeb002a771c01016c443780f993
[INFO] running `Command { std: "docker" "start" "902e243166d784ea84e41b3441ccd4fe7954caeb002a771c01016c443780f993", kill_on_drop: false }`
[INFO] running `Command { std: "docker" "inspect" "902e243166d784ea84e41b3441ccd4fe7954caeb002a771c01016c443780f993", kill_on_drop: false }`
[INFO] running `Command { std: "docker" "exec" "-e" "SOURCE_DIR=/opt/rustwide/workdir" "-e" "CARGO_HOME=/opt/rustwide/cargo-home" "-e" "RUSTUP_HOME=/opt/rustwide/rustup-home" "-e" "CARGO_TARGET_DIR=/opt/rustwide/target" "-w" "/opt/rustwide/workdir" "--user" "0:0" "902e243166d784ea84e41b3441ccd4fe7954caeb002a771c01016c443780f993" "/opt/rustwide/cargo-home/bin/cargo" "+1.100.0-beta.1" "metadata" "--no-deps" "--format-version=1", kill_on_drop: false }`
[INFO] running `Command { std: "docker" "inspect" "902e243166d784ea84e41b3441ccd4fe7954caeb002a771c01016c443780f993", kill_on_drop: false }`
[INFO] running `Command { std: "docker" "exec" "-e" "SOURCE_DIR=/opt/rustwide/workdir" "-e" "CARGO_HOME=/opt/rustwide/cargo-home" "-e" "RUSTUP_HOME=/opt/rustwide/rustup-home" "-e" "CARGO_TARGET_DIR=/opt/rustwide/target" "-e" "CARGO_INCREMENTAL=0" "-e" "RUST_BACKTRACE=full" "-e" "RUSTFLAGS=--cap-lints=warn" "-e" "RUSTDOCFLAGS=--cap-lints=warn" "-w" "/opt/rustwide/workdir" "--user" "0:0" "902e243166d784ea84e41b3441ccd4fe7954caeb002a771c01016c443780f993" "/opt/rustwide/cargo-home/bin/cargo" "+1.100.0-beta.1" "build" "--frozen" "--message-format=json" "--release", kill_on_drop: false }`
[INFO] [stderr] warning: `package.homepage` is redundant with `package.repository`
[INFO] [stderr]   --> Cargo.toml:40:12
[INFO] [stderr]    |
[INFO] [stderr] 40 | homepage = "https://github.com/longbridge/gpui-fast"
[INFO] [stderr]    |            ^^^^^^^^^^^^^^^^^^^^^^^^^^^^^^^^^^^^^^^^^
[INFO] [stderr] ...
[INFO] [stderr] 46 | repository = "https://github.com/longbridge/gpui-fast"
[INFO] [stderr]    |              -----------------------------------------
[INFO] [stderr]    |
[INFO] [stderr]    = note: `cargo::redundant_homepage` is set to `warn` by default
[INFO] [stderr] help: consider removing `package.homepage`
[INFO] [stderr] warning: `gpui-fast-macros` (manifest) generated 1 warning
[INFO] [stderr]    Compiling syn v2.0.119
[INFO] [stderr]    Compiling gpui-fast-macros v0.1.8 (/opt/rustwide/workdir)
[INFO] [stderr] warning: unused dependency `heck`
[INFO] [stderr]  --> Cargo.toml:1:15
[INFO] [stderr]   |
[INFO] [stderr] 1 | [dependencies.heck]
[INFO] [stderr]   |               ^^^^^
[INFO] [stderr]   |
[INFO] [stderr]   = note: `cargo::unused_dependencies` is set to `warn` by default
[INFO] [stderr] help: consider removing the dependency on `heck`
[INFO] [stderr] warning: `gpui-fast-macros` (manifest) generated 1 warning
[INFO] [stderr]     Finished `release` profile [optimized] target(s) in 22.95s
[INFO] running `Command { std: "docker" "inspect" "902e243166d784ea84e41b3441ccd4fe7954caeb002a771c01016c443780f993", kill_on_drop: false }`
[INFO] running `Command { std: "docker" "exec" "-e" "SOURCE_DIR=/opt/rustwide/workdir" "-e" "CARGO_HOME=/opt/rustwide/cargo-home" "-e" "RUSTUP_HOME=/opt/rustwide/rustup-home" "-e" "CARGO_TARGET_DIR=/opt/rustwide/target" "-e" "CARGO_INCREMENTAL=0" "-e" "RUST_BACKTRACE=full" "-e" "RUSTFLAGS=--cap-lints=warn" "-e" "RUSTDOCFLAGS=--cap-lints=warn" "-w" "/opt/rustwide/workdir" "--user" "0:0" "902e243166d784ea84e41b3441ccd4fe7954caeb002a771c01016c443780f993" "/opt/rustwide/cargo-home/bin/cargo" "+1.100.0-beta.1" "test" "--frozen" "--no-run" "--message-format=json" "--release", kill_on_drop: false }`
[INFO] [stderr] warning: `package.homepage` is redundant with `package.repository`
[INFO] [stderr]   --> Cargo.toml:40:12
[INFO] [stderr]    |
[INFO] [stderr] 40 | homepage = "https://github.com/longbridge/gpui-fast"
[INFO] [stderr]    |            ^^^^^^^^^^^^^^^^^^^^^^^^^^^^^^^^^^^^^^^^^
[INFO] [stderr] ...
[INFO] [stderr] 46 | repository = "https://github.com/longbridge/gpui-fast"
[INFO] [stderr]    |              -----------------------------------------
[INFO] [stderr]    |
[INFO] [stderr]    = note: `cargo::redundant_homepage` is set to `warn` by default
[INFO] [stderr] help: consider removing `package.homepage`
[INFO] [stderr] warning: `gpui-fast-macros` (manifest) generated 1 warning
[INFO] [stderr]    Compiling gpui-fast-macros v0.1.8 (/opt/rustwide/workdir)
[INFO] [stderr] warning: unused dependency `heck`
[INFO] [stderr]  --> Cargo.toml:1:15
[INFO] [stderr]   |
[INFO] [stderr] 1 | [dependencies.heck]
[INFO] [stderr]   |               ^^^^^
[INFO] [stderr]   |
[INFO] [stderr]   = note: `cargo::unused_dependencies` is set to `warn` by default
[INFO] [stderr] help: consider removing the dependency on `heck`
[INFO] [stderr] warning: `gpui-fast-macros` (manifest) generated 1 warning
[INFO] [stderr]     Finished `release` profile [optimized] target(s) in 2.03s
[INFO] running `Command { std: "docker" "inspect" "902e243166d784ea84e41b3441ccd4fe7954caeb002a771c01016c443780f993", kill_on_drop: false }`
[INFO] running `Command { std: "docker" "exec" "-e" "SOURCE_DIR=/opt/rustwide/workdir" "-e" "CARGO_HOME=/opt/rustwide/cargo-home" "-e" "RUSTUP_HOME=/opt/rustwide/rustup-home" "-e" "CARGO_TARGET_DIR=/opt/rustwide/target" "-e" "CARGO_INCREMENTAL=0" "-e" "RUST_BACKTRACE=full" "-e" "RUSTFLAGS=--cap-lints=warn" "-e" "RUSTDOCFLAGS=--cap-lints=warn" "-w" "/opt/rustwide/workdir" "--user" "0:0" "902e243166d784ea84e41b3441ccd4fe7954caeb002a771c01016c443780f993" "/opt/rustwide/cargo-home/bin/cargo" "+1.100.0-beta.1" "test" "--frozen" "--release", kill_on_drop: false }`
[INFO] [stderr] warning: `package.homepage` is redundant with `package.repository`
[INFO] [stderr]   --> Cargo.toml:40:12
[INFO] [stderr]    |
[INFO] [stderr] 40 | homepage = "https://github.com/longbridge/gpui-fast"
[INFO] [stderr]    |            ^^^^^^^^^^^^^^^^^^^^^^^^^^^^^^^^^^^^^^^^^
[INFO] [stderr] ...
[INFO] [stderr] 46 | repository = "https://github.com/longbridge/gpui-fast"
[INFO] [stderr]    |              -----------------------------------------
[INFO] [stderr]    |
[INFO] [stderr]    = note: `cargo::redundant_homepage` is set to `warn` by default
[INFO] [stderr] help: consider removing `package.homepage`
[INFO] [stderr] warning: `gpui-fast-macros` (manifest) generated 1 warning
[INFO] [stderr] warning: unused dependency `heck`
[INFO] [stderr]  --> Cargo.toml:1:15
[INFO] [stderr]   |
[INFO] [stderr] 1 | [dependencies.heck]
[INFO] [stderr]   |               ^^^^^
[INFO] [stderr]   |
[INFO] [stderr]   = note: `cargo::unused_dependencies` is set to `warn` by default
[INFO] [stderr] help: consider removing the dependency on `heck`
[INFO] [stderr] warning: `gpui-fast-macros` (manifest) generated 1 warning
[INFO] [stderr]     Finished `release` profile [optimized] target(s) in 0.05s
[INFO] [stderr]    Doc-tests gpui_macros
[INFO] [stdout] 
[INFO] [stdout] running 8 tests
[INFO] [stdout] test src/gpui_macros.rs - bench (line 210) ... ignored
[INFO] [stdout] test src/gpui_macros.rs - derive_inspector_reflection (line 307) ... ignored
[INFO] [stdout] test src/gpui_macros.rs - derive_visual_context (line 70) - compile fail ... ok
[INFO] [stdout] test src/gpui_macros.rs - property_test (line 230) ... FAILED
[INFO] [stdout] test src/gpui_macros.rs - derive_app_context (line 50) - compile fail ... ok
[INFO] [stdout] test src/gpui_macros.rs - test (line 158) ... FAILED
[INFO] [stdout] test src/gpui_macros.rs - derive_visual_context (line 81) - compile fail ... ok
[INFO] [stdout] test src/gpui_macros.rs - property_test (line 273) ... FAILED
[INFO] [stdout] 
[INFO] [stdout] failures:
[INFO] [stdout] 
[INFO] [stdout] ---- src/gpui_macros.rs - property_test (line 230) stdout ----
[INFO] [stdout] error[E0433]: cannot find module or crate `gpui` in this scope
[INFO] [stdout]    --> src/gpui_macros.rs:231:3
[INFO] [stdout]     |
[INFO] [stdout] 231 | #[gpui::property_test]
[INFO] [stdout]     |   ^^^^ use of unresolved module or unlinked crate `gpui`
[INFO] [stdout] 
[INFO] [stdout] error: aborting due to 1 previous error
[INFO] [stdout] 
[INFO] [stdout] For more information about this error, try `rustc --explain E0433`.
[INFO] [stdout] Couldn't compile the test.
[INFO] [stdout] ---- src/gpui_macros.rs - test (line 158) stdout ----
[INFO] [stdout] error[E0433]: cannot find module or crate `gpui` in this scope
[INFO] [stdout]    --> src/gpui_macros.rs:159:3
[INFO] [stdout]     |
[INFO] [stdout] 159 | #[gpui::test]
[INFO] [stdout]     |   ^^^^ use of unresolved module or unlinked crate `gpui`
[INFO] [stdout] 
[INFO] [stdout] error[E0425]: cannot find type `TestAppContext` in this scope
[INFO] [stdout]    --> src/gpui_macros.rs:160:28
[INFO] [stdout]     |
[INFO] [stdout] 160 | async fn test_foo(mut cx: &TestAppContext) { }
[INFO] [stdout]     |                            ^^^^^^^^^^^^^^ not found in this scope
[INFO] [stdout] 
[INFO] [stdout] error: aborting due to 2 previous errors
[INFO] [stdout] 
[INFO] [stdout] Some errors have detailed explanations: E0425, E0433.
[INFO] [stdout] For more information about an error, try `rustc --explain E0425`.
[INFO] [stdout] Couldn't compile the test.
[INFO] [stdout] ---- src/gpui_macros.rs - property_test (line 273) stdout ----
[INFO] [stdout] error: attribute value must be a literal
[INFO] [stdout]    --> src/gpui_macros.rs:275:26
[INFO] [stdout]     |
[INFO] [stdout] 275 | fn int_test(#[strategy = 1..10] x: i32, #[strategy = "[a-zA-Z0-9]{20}"] s: String) {
[INFO] [stdout]     |                          ^^^^^
[INFO] [stdout] 
[INFO] [stdout] error[E0433]: cannot find module or crate `gpui` in this scope
[INFO] [stdout]    --> src/gpui_macros.rs:274:3
[INFO] [stdout]     |
[INFO] [stdout] 274 | #[gpui::property_test]
[INFO] [stdout]     |   ^^^^ use of unresolved module or unlinked crate `gpui`
[INFO] [stdout] 
[INFO] [stdout] error: cannot find attribute `strategy` in this scope
[INFO] [stdout]    --> src/gpui_macros.rs:275:15
[INFO] [stdout]     |
[INFO] [stdout] 275 | fn int_test(#[strategy = 1..10] x: i32, #[strategy = "[a-zA-Z0-9]{20}"] s: String) {
[INFO] [stdout]     |               ^^^^^^^^
[INFO] [stdout] 
[INFO] [stdout] error: cannot find attribute `strategy` in this scope
[INFO] [stdout]    --> src/gpui_macros.rs:275:43
[INFO] [stdout]     |
[INFO] [stdout] 275 | fn int_test(#[strategy = 1..10] x: i32, #[strategy = "[a-zA-Z0-9]{20}"] s: String) {
[INFO] [stdout]     |                                           ^^^^^^^^
[INFO] [stdout] 
[INFO] [stdout] error: aborting due to 4 previous errors
[INFO] [stdout] 
[INFO] [stdout] For more information about this error, try `rustc --explain E0433`.
[INFO] [stdout] Couldn't compile the test.
[INFO] [stdout] 
[INFO] [stdout] failures:
[INFO] [stdout]     src/gpui_macros.rs - property_test (line 230)
[INFO] [stdout]     src/gpui_macros.rs - property_test (line 273)
[INFO] [stdout]     src/gpui_macros.rs - test (line 158)
[INFO] [stdout] 
[INFO] [stdout] test result: FAILED. 3 passed; 3 failed; 2 ignored; 0 measured; 0 filtered out; finished in 0.22s
[INFO] [stdout] 
[INFO] [stdout] all doctests ran in 0.29s; merged doctests compilation took 0.07s
[INFO] [stderr] error: doctest failed, to rerun pass `--doc`
[INFO] running `Command { std: "docker" "inspect" "902e243166d784ea84e41b3441ccd4fe7954caeb002a771c01016c443780f993", kill_on_drop: false }`
[INFO] running `Command { std: "docker" "rm" "-f" "902e243166d784ea84e41b3441ccd4fe7954caeb002a771c01016c443780f993", kill_on_drop: false }`
[INFO] [stdout] 902e243166d784ea84e41b3441ccd4fe7954caeb002a771c01016c443780f993
