[INFO] fetching crate goxoy-file-chunker 0.0.3...
[INFO] testing goxoy-file-chunker-0.0.3 against 1.99.0-beta.8+cargoflags=--release for beta-release-1.100-2
[INFO] extracting crate goxoy-file-chunker 0.0.3 into /workspace/builds/worker-2-tc1/source
[INFO] started tweaking crates.io crate goxoy-file-chunker 0.0.3
[INFO] finished tweaking crates.io crate goxoy-file-chunker 0.0.3
[INFO] tweaked toml for crates.io crate goxoy-file-chunker 0.0.3 written to /workspace/builds/worker-2-tc1/source/Cargo.toml
[INFO] validating manifest of crates.io crate goxoy-file-chunker 0.0.3 on toolchain 1.99.0-beta.8
[INFO] running `Command { std: CARGO_HOME="/workspace/cargo-home" RUSTUP_HOME="/workspace/rustup-home" "/workspace/cargo-home/bin/cargo" "+1.99.0-beta.8" "metadata" "--manifest-path" "Cargo.toml" "--no-deps", kill_on_drop: false }`
[INFO] running `Command { std: CARGO_HOME="/workspace/cargo-home" RUSTUP_HOME="/workspace/rustup-home" "/workspace/cargo-home/bin/cargo" "+1.99.0-beta.8" "generate-lockfile" "--manifest-path" "Cargo.toml", kill_on_drop: false }`
[INFO] [stderr]     Updating crates.io index
[INFO] [stderr]      Locking 77 packages to highest compatible versions
[INFO] [stderr]       Adding blake3 v0.1.5 (available: v1.8.7)
[INFO] [stderr]       Adding generic-array v0.14.7 (available: v0.14.9)
[INFO] [stderr]       Adding rand v0.8.8 (available: v0.10.3)
[INFO] [stderr]       Adding zip v0.6.6 (available: v9.0.5)
[INFO] running `Command { std: CARGO_HOME="/workspace/cargo-home" RUSTUP_HOME="/workspace/rustup-home" "/workspace/cargo-home/bin/cargo" "+1.99.0-beta.8" "fetch" "--manifest-path" "Cargo.toml", kill_on_drop: false }`
[INFO] [stderr]  Downloading crates ...
[INFO] [stderr]   Downloaded blake3 v0.1.5
[INFO] running `Command { std: "docker" "create" "-v" "/var/lib/crater-agent-workspace/builds/worker-2-tc1/source:/opt/rustwide/workdir:ro,Z" "-v" "/var/lib/crater-agent-workspace/builds/worker-2-tc1/target:/opt/rustwide/target:rw,Z" "-v" "/var/lib/crater-agent-workspace/cargo-home:/opt/rustwide/cargo-home:ro,Z" "-v" "/var/lib/crater-agent-workspace/rustup-home:/opt/rustwide/rustup-home:ro,Z" "-m" "1610612736" "--network" "none" "ghcr.io/rust-lang/crates-build-env/linux@sha256:77db811e55d90add9212f6832c23229e3de5f1c1f9905e8cb07319ea15df73ac" "sleep" "infinity", kill_on_drop: false }`
[INFO] [stdout] bab7881413b8571d55f0d2f67e516b4a56a112be92a3a82fd7a317093941258d
[INFO] running `Command { std: "docker" "start" "bab7881413b8571d55f0d2f67e516b4a56a112be92a3a82fd7a317093941258d", kill_on_drop: false }`
[INFO] running `Command { std: "docker" "inspect" "bab7881413b8571d55f0d2f67e516b4a56a112be92a3a82fd7a317093941258d", kill_on_drop: false }`
[INFO] running `Command { std: "docker" "exec" "-e" "SOURCE_DIR=/opt/rustwide/workdir" "-e" "CARGO_HOME=/opt/rustwide/cargo-home" "-e" "RUSTUP_HOME=/opt/rustwide/rustup-home" "-e" "CARGO_TARGET_DIR=/opt/rustwide/target" "-w" "/opt/rustwide/workdir" "--user" "0:0" "bab7881413b8571d55f0d2f67e516b4a56a112be92a3a82fd7a317093941258d" "/opt/rustwide/cargo-home/bin/cargo" "+1.99.0-beta.8" "metadata" "--no-deps" "--format-version=1", kill_on_drop: false }`
[INFO] running `Command { std: "docker" "inspect" "bab7881413b8571d55f0d2f67e516b4a56a112be92a3a82fd7a317093941258d", kill_on_drop: false }`
[INFO] running `Command { std: "docker" "exec" "-e" "SOURCE_DIR=/opt/rustwide/workdir" "-e" "CARGO_HOME=/opt/rustwide/cargo-home" "-e" "RUSTUP_HOME=/opt/rustwide/rustup-home" "-e" "CARGO_TARGET_DIR=/opt/rustwide/target" "-e" "CARGO_INCREMENTAL=0" "-e" "RUST_BACKTRACE=full" "-e" "RUSTFLAGS=--cap-lints=warn" "-e" "RUSTDOCFLAGS=--cap-lints=warn" "-w" "/opt/rustwide/workdir" "--user" "0:0" "bab7881413b8571d55f0d2f67e516b4a56a112be92a3a82fd7a317093941258d" "/opt/rustwide/cargo-home/bin/cargo" "+1.99.0-beta.8" "build" "--frozen" "--message-format=json" "--release", kill_on_drop: false }`
[INFO] [stderr]    Compiling generic-array v0.14.7
[INFO] [stderr]    Compiling zstd-safe v5.0.2+zstd.1.5.2
[INFO] [stderr]    Compiling generic-array v0.12.4
[INFO] [stderr]    Compiling base64ct v1.8.3
[INFO] [stderr]    Compiling zstd-sys v2.1.2+zstd.1.5.7
[INFO] [stderr]    Compiling getrandom v0.2.17
[INFO] [stderr]    Compiling bzip2-sys v0.1.13+1.0.8
[INFO] [stderr]    Compiling blake3 v0.1.5
[INFO] [stderr]    Compiling substring v1.4.5
[INFO] [stderr]    Compiling subtle v1.0.0
[INFO] [stderr]    Compiling deranged v0.5.9
[INFO] [stderr]    Compiling constant_time_eq v0.1.5
[INFO] [stderr]    Compiling powerfmt v0.2.1
[INFO] [stderr]    Compiling flate2 v1.1.10
[INFO] [stderr]    Compiling arrayvec v0.5.2
[INFO] [stderr]    Compiling data-encoding v2.11.1
[INFO] [stderr]    Compiling bzip2 v0.4.4
[INFO] [stderr]    Compiling rand_core v0.6.4
[INFO] [stderr]    Compiling digest v0.8.1
[INFO] [stderr]    Compiling crypto-mac v0.7.0
[INFO] [stderr]    Compiling password-hash v0.4.2
[INFO] [stderr]    Compiling rand_chacha v0.3.1
[INFO] [stderr]    Compiling crypto-common v0.1.7
[INFO] [stderr]    Compiling block-buffer v0.10.4
[INFO] [stderr]    Compiling digest v0.10.7
[INFO] [stderr]    Compiling inout v0.1.4
[INFO] [stderr]    Compiling cipher v0.4.4
[INFO] [stderr]    Compiling hmac v0.12.1
[INFO] [stderr]    Compiling sha2 v0.10.9
[INFO] [stderr]    Compiling sha1 v0.10.7
[INFO] [stderr]    Compiling aes v0.8.4
[INFO] [stderr]    Compiling time v0.3.55
[INFO] [stderr]    Compiling pbkdf2 v0.11.0
[INFO] [stderr]    Compiling rand v0.8.8
[INFO] [stderr]    Compiling zstd v0.11.2+zstd.1.5.2
[INFO] [stderr]    Compiling zip v0.6.6
[INFO] [stderr]    Compiling goxoy-file-chunker v0.0.3 (/opt/rustwide/workdir)
[INFO] [stdout] warning: call to `.clone()` on a reference in this situation does nothing
[INFO] [stdout]    --> src/file_chunker.rs:333:66
[INFO] [stdout]     |
[INFO] [stdout] 333 |         let storage_filename = self.change_file_name(zip_filename.clone(), "raw.data");
[INFO] [stdout]     |                                                                  ^^^^^^^^ help: remove this redundant call
[INFO] [stdout]     |
[INFO] [stdout]     = note: the type `str` does not implement `Clone`, so calling `clone` on `&str` copies the reference, which does not do anything and can be removed
[INFO] [stdout]     = note: `#[warn(noop_method_call)]` on by default
[INFO] [stdout] 
[INFO] [stdout] 
[INFO] [stdout] warning: call to `.clone()` on a reference in this situation does nothing
[INFO] [stdout]    --> src/file_chunker.rs:334:42
[INFO] [stdout]     |
[INFO] [stdout] 334 |         let path = Path::new(zip_filename.clone());
[INFO] [stdout]     |                                          ^^^^^^^^ help: remove this redundant call
[INFO] [stdout]     |
[INFO] [stdout]     = note: the type `str` does not implement `Clone`, so calling `clone` on `&str` copies the reference, which does not do anything and can be removed
[INFO] [stdout] 
[INFO] [stdout] 
[INFO] [stdout] warning: call to `.clone()` on a reference in this situation does nothing
[INFO] [stdout]    --> src/file_chunker.rs:367:71
[INFO] [stdout]     |
[INFO] [stdout] 367 |         let raw_data_file_name = self.change_file_name(&info_file_path.clone(), "raw.data");
[INFO] [stdout]     |                                                                       ^^^^^^^^ help: remove this redundant call
[INFO] [stdout]     |
[INFO] [stdout]     = note: the type `str` does not implement `Clone`, so calling `clone` on `&str` copies the reference, which does not do anything and can be removed
[INFO] [stdout] 
[INFO] [stdout] 
[INFO] [stdout] warning: call to `.clone()` on a reference in this situation does nothing
[INFO] [stdout]    --> src/file_chunker.rs:391:35
[INFO] [stdout]     |
[INFO] [stdout] 391 |                     info_file_path.clone(),
[INFO] [stdout]     |                                   ^^^^^^^^ help: remove this redundant call
[INFO] [stdout]     |
[INFO] [stdout]     = note: the type `str` does not implement `Clone`, so calling `clone` on `&str` copies the reference, which does not do anything and can be removed
[INFO] [stdout] 
[INFO] [stdout] 
[INFO] [stderr]     Finished `release` profile [optimized] target(s) in 46.19s
[INFO] running `Command { std: "docker" "inspect" "bab7881413b8571d55f0d2f67e516b4a56a112be92a3a82fd7a317093941258d", kill_on_drop: false }`
[INFO] running `Command { std: "docker" "exec" "-e" "SOURCE_DIR=/opt/rustwide/workdir" "-e" "CARGO_HOME=/opt/rustwide/cargo-home" "-e" "RUSTUP_HOME=/opt/rustwide/rustup-home" "-e" "CARGO_TARGET_DIR=/opt/rustwide/target" "-e" "CARGO_INCREMENTAL=0" "-e" "RUST_BACKTRACE=full" "-e" "RUSTFLAGS=--cap-lints=warn" "-e" "RUSTDOCFLAGS=--cap-lints=warn" "-w" "/opt/rustwide/workdir" "--user" "0:0" "bab7881413b8571d55f0d2f67e516b4a56a112be92a3a82fd7a317093941258d" "/opt/rustwide/cargo-home/bin/cargo" "+1.99.0-beta.8" "test" "--frozen" "--no-run" "--message-format=json" "--release", kill_on_drop: false }`
[INFO] [stdout] warning: call to `.clone()` on a reference in this situation does nothing
[INFO] [stdout]    --> src/file_chunker.rs:333:66
[INFO] [stdout]     |
[INFO] [stdout] 333 |         let storage_filename = self.change_file_name(zip_filename.clone(), "raw.data");
[INFO] [stdout]     |                                                                  ^^^^^^^^ help: remove this redundant call
[INFO] [stdout]     |
[INFO] [stdout]     = note: the type `str` does not implement `Clone`, so calling `clone` on `&str` copies the reference, which does not do anything and can be removed
[INFO] [stdout]     = note: `#[warn(noop_method_call)]` on by default
[INFO] [stdout] 
[INFO] [stdout] 
[INFO] [stderr]    Compiling goxoy-file-chunker v0.0.3 (/opt/rustwide/workdir)
[INFO] [stdout] warning: call to `.clone()` on a reference in this situation does nothing
[INFO] [stdout]    --> src/file_chunker.rs:334:42
[INFO] [stdout]     |
[INFO] [stdout] 334 |         let path = Path::new(zip_filename.clone());
[INFO] [stdout]     |                                          ^^^^^^^^ help: remove this redundant call
[INFO] [stdout]     |
[INFO] [stdout]     = note: the type `str` does not implement `Clone`, so calling `clone` on `&str` copies the reference, which does not do anything and can be removed
[INFO] [stdout] 
[INFO] [stdout] 
[INFO] [stdout] warning: call to `.clone()` on a reference in this situation does nothing
[INFO] [stdout]    --> src/file_chunker.rs:367:71
[INFO] [stdout]     |
[INFO] [stdout] 367 |         let raw_data_file_name = self.change_file_name(&info_file_path.clone(), "raw.data");
[INFO] [stdout]     |                                                                       ^^^^^^^^ help: remove this redundant call
[INFO] [stdout]     |
[INFO] [stdout]     = note: the type `str` does not implement `Clone`, so calling `clone` on `&str` copies the reference, which does not do anything and can be removed
[INFO] [stdout] 
[INFO] [stdout] 
[INFO] [stdout] warning: call to `.clone()` on a reference in this situation does nothing
[INFO] [stdout]    --> src/file_chunker.rs:391:35
[INFO] [stdout]     |
[INFO] [stdout] 391 |                     info_file_path.clone(),
[INFO] [stdout]     |                                   ^^^^^^^^ help: remove this redundant call
[INFO] [stdout]     |
[INFO] [stdout]     = note: the type `str` does not implement `Clone`, so calling `clone` on `&str` copies the reference, which does not do anything and can be removed
[INFO] [stdout] 
[INFO] [stdout] 
[INFO] [stdout] warning: call to `.clone()` on a reference in this situation does nothing
[INFO] [stdout]    --> src/file_chunker.rs:333:66
[INFO] [stdout]     |
[INFO] [stdout] 333 |         let storage_filename = self.change_file_name(zip_filename.clone(), "raw.data");
[INFO] [stdout]     |                                                                  ^^^^^^^^ help: remove this redundant call
[INFO] [stdout]     |
[INFO] [stdout]     = note: the type `str` does not implement `Clone`, so calling `clone` on `&str` copies the reference, which does not do anything and can be removed
[INFO] [stdout]     = note: `#[warn(noop_method_call)]` on by default
[INFO] [stdout] 
[INFO] [stdout] 
[INFO] [stdout] warning: call to `.clone()` on a reference in this situation does nothing
[INFO] [stdout]    --> src/file_chunker.rs:334:42
[INFO] [stdout]     |
[INFO] [stdout] 334 |         let path = Path::new(zip_filename.clone());
[INFO] [stdout]     |                                          ^^^^^^^^ help: remove this redundant call
[INFO] [stdout]     |
[INFO] [stdout]     = note: the type `str` does not implement `Clone`, so calling `clone` on `&str` copies the reference, which does not do anything and can be removed
[INFO] [stdout] 
[INFO] [stdout] 
[INFO] [stdout] warning: call to `.clone()` on a reference in this situation does nothing
[INFO] [stdout]    --> src/file_chunker.rs:367:71
[INFO] [stdout]     |
[INFO] [stdout] 367 |         let raw_data_file_name = self.change_file_name(&info_file_path.clone(), "raw.data");
[INFO] [stdout]     |                                                                       ^^^^^^^^ help: remove this redundant call
[INFO] [stdout]     |
[INFO] [stdout]     = note: the type `str` does not implement `Clone`, so calling `clone` on `&str` copies the reference, which does not do anything and can be removed
[INFO] [stdout] 
[INFO] [stdout] 
[INFO] [stdout] warning: call to `.clone()` on a reference in this situation does nothing
[INFO] [stdout]    --> src/file_chunker.rs:391:35
[INFO] [stdout]     |
[INFO] [stdout] 391 |                     info_file_path.clone(),
[INFO] [stdout]     |                                   ^^^^^^^^ help: remove this redundant call
[INFO] [stdout]     |
[INFO] [stdout]     = note: the type `str` does not implement `Clone`, so calling `clone` on `&str` copies the reference, which does not do anything and can be removed
[INFO] [stdout] 
[INFO] [stdout] 
[INFO] [stderr]     Finished `release` profile [optimized] target(s) in 2.46s
[INFO] running `Command { std: "docker" "inspect" "bab7881413b8571d55f0d2f67e516b4a56a112be92a3a82fd7a317093941258d", kill_on_drop: false }`
[INFO] running `Command { std: "docker" "exec" "-e" "SOURCE_DIR=/opt/rustwide/workdir" "-e" "CARGO_HOME=/opt/rustwide/cargo-home" "-e" "RUSTUP_HOME=/opt/rustwide/rustup-home" "-e" "CARGO_TARGET_DIR=/opt/rustwide/target" "-e" "CARGO_INCREMENTAL=0" "-e" "RUST_BACKTRACE=full" "-e" "RUSTFLAGS=--cap-lints=warn" "-e" "RUSTDOCFLAGS=--cap-lints=warn" "-w" "/opt/rustwide/workdir" "--user" "0:0" "bab7881413b8571d55f0d2f67e516b4a56a112be92a3a82fd7a317093941258d" "/opt/rustwide/cargo-home/bin/cargo" "+1.99.0-beta.8" "test" "--frozen" "--release", kill_on_drop: false }`
[INFO] [stderr] warning: call to `.clone()` on a reference in this situation does nothing
[INFO] [stderr]    --> src/file_chunker.rs:333:66
[INFO] [stderr]     |
[INFO] [stderr] 333 |         let storage_filename = self.change_file_name(zip_filename.clone(), "raw.data");
[INFO] [stderr]     |                                                                  ^^^^^^^^ help: remove this redundant call
[INFO] [stderr]     |
[INFO] [stderr]     = note: the type `str` does not implement `Clone`, so calling `clone` on `&str` copies the reference, which does not do anything and can be removed
[INFO] [stderr]     = note: `#[warn(noop_method_call)]` on by default
[INFO] [stderr] 
[INFO] [stderr] warning: call to `.clone()` on a reference in this situation does nothing
[INFO] [stderr]    --> src/file_chunker.rs:334:42
[INFO] [stderr]     |
[INFO] [stderr] 334 |         let path = Path::new(zip_filename.clone());
[INFO] [stderr]     |                                          ^^^^^^^^ help: remove this redundant call
[INFO] [stderr]     |
[INFO] [stderr]     = note: the type `str` does not implement `Clone`, so calling `clone` on `&str` copies the reference, which does not do anything and can be removed
[INFO] [stderr] 
[INFO] [stderr] warning: call to `.clone()` on a reference in this situation does nothing
[INFO] [stderr]    --> src/file_chunker.rs:367:71
[INFO] [stderr]     |
[INFO] [stderr] 367 |         let raw_data_file_name = self.change_file_name(&info_file_path.clone(), "raw.data");
[INFO] [stderr]     |                                                                       ^^^^^^^^ help: remove this redundant call
[INFO] [stderr]     |
[INFO] [stderr]     = note: the type `str` does not implement `Clone`, so calling `clone` on `&str` copies the reference, which does not do anything and can be removed
[INFO] [stderr] 
[INFO] [stderr] warning: call to `.clone()` on a reference in this situation does nothing
[INFO] [stderr]    --> src/file_chunker.rs:391:35
[INFO] [stderr]     |
[INFO] [stderr] 391 |                     info_file_path.clone(),
[INFO] [stderr]     |                                   ^^^^^^^^ help: remove this redundant call
[INFO] [stderr]     |
[INFO] [stderr]     = note: the type `str` does not implement `Clone`, so calling `clone` on `&str` copies the reference, which does not do anything and can be removed
[INFO] [stderr] 
[INFO] [stderr] warning: `goxoy-file-chunker` (lib) generated 4 warnings (run `cargo fix --lib -p goxoy-file-chunker` to apply 4 suggestions)
[INFO] [stderr] warning: `goxoy-file-chunker` (lib test) generated 4 warnings (4 duplicates)
[INFO] [stderr]     Finished `release` profile [optimized] target(s) in 0.07s
[INFO] [stderr]      Running unittests src/lib.rs (/opt/rustwide/target/release/deps/goxoy_file_chunker-abc9019ea56d8057)
[INFO] [stdout] 
[INFO] [stdout] running 1 test
[INFO] [stdout] test file_chunker::full_test ... FAILED
[INFO] [stdout] 
[INFO] [stdout] failures:
[INFO] [stdout] 
[INFO] [stdout] ---- file_chunker::full_test stdout ----
[INFO] [stdout] 
[INFO] [stdout] thread 'file_chunker::full_test' (805) panicked at src/file_chunker.rs:496:9:
[INFO] [stdout] assertion `left == right` failed
[INFO] [stdout]   left: true
[INFO] [stdout]  right: false
[INFO] [stdout] stack backtrace:
[INFO] [stdout]    0:     0x623a8252b641 - <<std[70759c8f55707aa4]::sys::backtrace::BacktraceLock>::print::DisplayBacktrace as core[df12db4294e9bfd3]::fmt::Display>::fmt
[INFO] [stdout]    1:     0x623a82540b2a - core[df12db4294e9bfd3]::fmt::write
[INFO] [stdout]    2:     0x623a8252fedc - <alloc[2182bb758b4b3781]::vec::Vec<u8> as core[df12db4294e9bfd3]::io::write::Write>::write_fmt
[INFO] [stdout]    3:     0x623a82505b26 - std[70759c8f55707aa4]::panicking::default_hook::{closure#0}
[INFO] [stdout]    4:     0x623a82522b69 - std[70759c8f55707aa4]::panicking::default_hook
[INFO] [stdout]    5:     0x623a823c9d50 - test[9d35eded1c95d3be]::test_main_inner::<test[9d35eded1c95d3be]::test_main_static::{closure#0}>::{closure#0}
[INFO] [stdout]    6:     0x623a82522d22 - std[70759c8f55707aa4]::panicking::panic_with_hook
[INFO] [stdout]    7:     0x623a82505bd2 - std[70759c8f55707aa4]::panicking::panic_handler::{closure#0}
[INFO] [stdout]    8:     0x623a824fe609 - std[70759c8f55707aa4]::sys::backtrace::__rust_end_short_backtrace::<std[70759c8f55707aa4]::panicking::panic_handler::{closure#0}, !>
[INFO] [stdout]    9:     0x623a825067cd - __rustc[8fa7c3cbc660c2b3]::rust_begin_unwind
[INFO] [stdout]   10:     0x623a8254125c - core[df12db4294e9bfd3]::panicking::panic_fmt
[INFO] [stdout]   11:     0x623a82541173 - core[df12db4294e9bfd3]::panicking::assert_failed_inner
[INFO] [stdout]   12:     0x623a823aae63 - core[df12db4294e9bfd3]::panicking::assert_failed::<bool, bool>
[INFO] [stdout]   13:     0x623a823a0292 - goxoy_file_chunker[a28e6903ee586ceb]::file_chunker::full_test
[INFO] [stdout]   14:     0x623a823b3029 - <goxoy_file_chunker[a28e6903ee586ceb]::file_chunker::full_test::{closure#0} as core[df12db4294e9bfd3]::ops::function::FnOnce<()>>::call_once
[INFO] [stdout]   15:     0x623a823bd03b - test[9d35eded1c95d3be]::__rust_begin_short_backtrace::<core[df12db4294e9bfd3]::result::Result<(), alloc[2182bb758b4b3781]::string::String>, fn() -> core[df12db4294e9bfd3]::result::Result<(), alloc[2182bb758b4b3781]::string::String>>
[INFO] [stdout]   16:     0x623a823ca6a5 - test[9d35eded1c95d3be]::run_test::{closure#0}
[INFO] [stdout]   17:     0x623a823c3f64 - std[70759c8f55707aa4]::sys::backtrace::__rust_begin_short_backtrace::<test[9d35eded1c95d3be]::run_test::{closure#1}, ()>
[INFO] [stdout]   18:     0x623a823cd802 - <std[70759c8f55707aa4]::thread::lifecycle::spawn_unchecked<test[9d35eded1c95d3be]::run_test::{closure#1}, ()>::{closure#1} as core[df12db4294e9bfd3]::ops::function::FnOnce<()>>::call_once::{shim:vtable#0}
[INFO] [stdout]   19:     0x623a8252a699 - <std[70759c8f55707aa4]::sys::thread::unix::Thread>::new::thread_start
[INFO] [stdout]   20:     0x77c32defbdfa - <unknown>
[INFO] [stdout]   21:     0x77c32df8f3d4 - clone
[INFO] [stdout]   22:                0x0 - <unknown>
[INFO] [stdout] 
[INFO] [stdout] 
[INFO] [stdout] failures:
[INFO] [stdout]     file_chunker::full_test
[INFO] [stdout] 
[INFO] [stdout] test result: FAILED. 0 passed; 1 failed; 0 ignored; 0 measured; 0 filtered out; finished in 0.05s
[INFO] [stdout] 
[INFO] [stderr] error: test failed, to rerun pass `--lib`
[INFO] running `Command { std: "docker" "inspect" "bab7881413b8571d55f0d2f67e516b4a56a112be92a3a82fd7a317093941258d", kill_on_drop: false }`
[INFO] running `Command { std: "docker" "rm" "-f" "bab7881413b8571d55f0d2f67e516b4a56a112be92a3a82fd7a317093941258d", kill_on_drop: false }`
[INFO] [stdout] bab7881413b8571d55f0d2f67e516b4a56a112be92a3a82fd7a317093941258d
