[INFO] fetching crate governor-git 2.0.3...
[INFO] testing governor-git-2.0.3 against 1.100.0-beta.1+cargoflags=--release for beta-release-1.100-2
[INFO] extracting crate governor-git 2.0.3 into /workspace/builds/worker-3-tc2/source
[INFO] started tweaking crates.io crate governor-git 2.0.3
[INFO] removed 0 missing tests
[INFO] finished tweaking crates.io crate governor-git 2.0.3
[INFO] tweaked toml for crates.io crate governor-git 2.0.3 written to /workspace/builds/worker-3-tc2/source/Cargo.toml
[INFO] validating manifest of crates.io crate governor-git 2.0.3 on toolchain 1.100.0-beta.1
[INFO] running `Command { std: CARGO_HOME="/workspace/cargo-home" RUSTUP_HOME="/workspace/rustup-home" "/workspace/cargo-home/bin/cargo" "+1.100.0-beta.1" "metadata" "--manifest-path" "Cargo.toml" "--no-deps", kill_on_drop: false }`
[INFO] crate crates.io crate governor-git 2.0.3 already has a lockfile, it will not be regenerated
[INFO] running `Command { std: CARGO_HOME="/workspace/cargo-home" RUSTUP_HOME="/workspace/rustup-home" "/workspace/cargo-home/bin/cargo" "+1.100.0-beta.1" "fetch" "--manifest-path" "Cargo.toml", kill_on_drop: false }`
[INFO] [stderr] warning: `package.homepage` is redundant with `package.repository`
[INFO] [stderr]   --> Cargo.toml:71:12
[INFO] [stderr]    |
[INFO] [stderr] 71 | homepage = "https://gitlab.opentc.ru/opentc/rust-cargo-governor"
[INFO] [stderr]    |            ^^^^^^^^^^^^^^^^^^^^^^^^^^^^^^^^^^^^^^^^^^^^^^^^^^^^^
[INFO] [stderr] ...
[INFO] [stderr] 75 | repository = "https://gitlab.opentc.ru/opentc/rust-cargo-governor"
[INFO] [stderr]    |              -----------------------------------------------------
[INFO] [stderr]    |
[INFO] [stderr]    = note: `cargo::redundant_homepage` is set to `warn` by default
[INFO] [stderr] help: consider removing `package.homepage`
[INFO] [stderr] warning: `governor-git` (manifest) generated 1 warning
[INFO] running `Command { std: "docker" "create" "-v" "/var/lib/crater-agent-workspace/builds/worker-3-tc2/source:/opt/rustwide/workdir:ro,Z" "-v" "/var/lib/crater-agent-workspace/builds/worker-3-tc2/target:/opt/rustwide/target:rw,Z" "-v" "/var/lib/crater-agent-workspace/cargo-home:/opt/rustwide/cargo-home:ro,Z" "-v" "/var/lib/crater-agent-workspace/rustup-home:/opt/rustwide/rustup-home:ro,Z" "-m" "1610612736" "--network" "none" "ghcr.io/rust-lang/crates-build-env/linux@sha256:77db811e55d90add9212f6832c23229e3de5f1c1f9905e8cb07319ea15df73ac" "sleep" "infinity", kill_on_drop: false }`
[INFO] [stdout] bd1faf48e9c4cf6bf838fd0d65bac8bb8f7e2a325b94c9684635e69d8239297d
[INFO] running `Command { std: "docker" "start" "bd1faf48e9c4cf6bf838fd0d65bac8bb8f7e2a325b94c9684635e69d8239297d", kill_on_drop: false }`
[INFO] running `Command { std: "docker" "inspect" "bd1faf48e9c4cf6bf838fd0d65bac8bb8f7e2a325b94c9684635e69d8239297d", kill_on_drop: false }`
[INFO] running `Command { std: "docker" "exec" "-e" "SOURCE_DIR=/opt/rustwide/workdir" "-e" "CARGO_HOME=/opt/rustwide/cargo-home" "-e" "RUSTUP_HOME=/opt/rustwide/rustup-home" "-e" "CARGO_TARGET_DIR=/opt/rustwide/target" "-w" "/opt/rustwide/workdir" "--user" "0:0" "bd1faf48e9c4cf6bf838fd0d65bac8bb8f7e2a325b94c9684635e69d8239297d" "/opt/rustwide/cargo-home/bin/cargo" "+1.100.0-beta.1" "metadata" "--no-deps" "--format-version=1", kill_on_drop: false }`
[INFO] running `Command { std: "docker" "inspect" "bd1faf48e9c4cf6bf838fd0d65bac8bb8f7e2a325b94c9684635e69d8239297d", kill_on_drop: false }`
[INFO] running `Command { std: "docker" "exec" "-e" "SOURCE_DIR=/opt/rustwide/workdir" "-e" "CARGO_HOME=/opt/rustwide/cargo-home" "-e" "RUSTUP_HOME=/opt/rustwide/rustup-home" "-e" "CARGO_TARGET_DIR=/opt/rustwide/target" "-e" "CARGO_INCREMENTAL=0" "-e" "RUST_BACKTRACE=full" "-e" "RUSTFLAGS=--cap-lints=warn" "-e" "RUSTDOCFLAGS=--cap-lints=warn" "-w" "/opt/rustwide/workdir" "--user" "0:0" "bd1faf48e9c4cf6bf838fd0d65bac8bb8f7e2a325b94c9684635e69d8239297d" "/opt/rustwide/cargo-home/bin/cargo" "+1.100.0-beta.1" "build" "--frozen" "--message-format=json" "--release", kill_on_drop: false }`
[INFO] [stderr] warning: `package.homepage` is redundant with `package.repository`
[INFO] [stderr]   --> Cargo.toml:71:12
[INFO] [stderr]    |
[INFO] [stderr] 71 | homepage = "https://gitlab.opentc.ru/opentc/rust-cargo-governor"
[INFO] [stderr]    |            ^^^^^^^^^^^^^^^^^^^^^^^^^^^^^^^^^^^^^^^^^^^^^^^^^^^^^
[INFO] [stderr] ...
[INFO] [stderr] 75 | repository = "https://gitlab.opentc.ru/opentc/rust-cargo-governor"
[INFO] [stderr]    |              -----------------------------------------------------
[INFO] [stderr]    |
[INFO] [stderr]    = note: `cargo::redundant_homepage` is set to `warn` by default
[INFO] [stderr] help: consider removing `package.homepage`
[INFO] [stderr] warning: `governor-git` (manifest) generated 1 warning
[INFO] [stderr]    Compiling libc v0.2.184
[INFO] [stderr]    Compiling zerofrom-derive v0.1.7
[INFO] [stderr]    Compiling yoke-derive v0.8.2
[INFO] [stderr]    Compiling zerovec-derive v0.11.3
[INFO] [stderr]    Compiling litemap v0.8.2
[INFO] [stderr]    Compiling writeable v0.6.3
[INFO] [stderr]    Compiling icu_properties_data v2.2.0
[INFO] [stderr]    Compiling icu_normalizer_data v2.2.0
[INFO] [stderr]    Compiling serde v1.0.228
[INFO] [stderr]    Compiling aho-corasick v1.1.4
[INFO] [stderr]    Compiling fixedbitset v0.5.7
[INFO] [stderr]    Compiling semver v1.0.28
[INFO] [stderr]    Compiling async-trait v0.1.89
[INFO] [stderr]    Compiling petgraph v0.7.1
[INFO] [stderr]    Compiling zerofrom v0.1.7
[INFO] [stderr]    Compiling yoke v0.8.2
[INFO] [stderr]    Compiling chrono v0.4.44
[INFO] [stderr]    Compiling zerotrie v0.2.4
[INFO] [stderr]    Compiling zerovec v0.11.6
[INFO] [stderr]    Compiling regex-automata v0.4.14
[INFO] [stderr]    Compiling tinystr v0.8.3
[INFO] [stderr]    Compiling potential_utf v0.1.5
[INFO] [stderr]    Compiling getrandom v0.4.2
[INFO] [stderr]    Compiling icu_locale_core v2.2.0
[INFO] [stderr]    Compiling icu_collections v2.2.0
[INFO] [stderr]    Compiling uuid v1.23.0
[INFO] [stderr]    Compiling jobserver v0.1.34
[INFO] [stderr]    Compiling cc v1.2.60
[INFO] [stderr]    Compiling icu_provider v2.2.0
[INFO] [stderr]    Compiling openssl-sys v0.9.113
[INFO] [stderr]    Compiling libz-sys v1.1.28
[INFO] [stderr]    Compiling libssh2-sys v0.3.1
[INFO] [stderr]    Compiling libgit2-sys v0.18.3+1.9.2
[INFO] [stderr]    Compiling icu_properties v2.2.0
[INFO] [stderr]    Compiling icu_normalizer v2.2.0
[INFO] [stderr]    Compiling governor-core v2.0.3
[INFO] [stderr]    Compiling idna_adapter v1.2.1
[INFO] [stderr]    Compiling idna v1.1.0
[INFO] [stderr]    Compiling regex v1.12.3
[INFO] [stderr]    Compiling url v2.5.8
[INFO] [stderr]    Compiling git2 v0.20.4
[INFO] [stderr]    Compiling governor-git v2.0.3 (/opt/rustwide/workdir)
[INFO] [stderr]     Finished `release` profile [optimized] target(s) in 1m 38s
[INFO] running `Command { std: "docker" "inspect" "bd1faf48e9c4cf6bf838fd0d65bac8bb8f7e2a325b94c9684635e69d8239297d", kill_on_drop: false }`
[INFO] running `Command { std: "docker" "exec" "-e" "SOURCE_DIR=/opt/rustwide/workdir" "-e" "CARGO_HOME=/opt/rustwide/cargo-home" "-e" "RUSTUP_HOME=/opt/rustwide/rustup-home" "-e" "CARGO_TARGET_DIR=/opt/rustwide/target" "-e" "CARGO_INCREMENTAL=0" "-e" "RUST_BACKTRACE=full" "-e" "RUSTFLAGS=--cap-lints=warn" "-e" "RUSTDOCFLAGS=--cap-lints=warn" "-w" "/opt/rustwide/workdir" "--user" "0:0" "bd1faf48e9c4cf6bf838fd0d65bac8bb8f7e2a325b94c9684635e69d8239297d" "/opt/rustwide/cargo-home/bin/cargo" "+1.100.0-beta.1" "test" "--frozen" "--no-run" "--message-format=json" "--release", kill_on_drop: false }`
[INFO] [stderr] warning: `package.homepage` is redundant with `package.repository`
[INFO] [stderr]   --> Cargo.toml:71:12
[INFO] [stderr]    |
[INFO] [stderr] 71 | homepage = "https://gitlab.opentc.ru/opentc/rust-cargo-governor"
[INFO] [stderr]    |            ^^^^^^^^^^^^^^^^^^^^^^^^^^^^^^^^^^^^^^^^^^^^^^^^^^^^^
[INFO] [stderr] ...
[INFO] [stderr] 75 | repository = "https://gitlab.opentc.ru/opentc/rust-cargo-governor"
[INFO] [stderr]    |              -----------------------------------------------------
[INFO] [stderr]    |
[INFO] [stderr]    = note: `cargo::redundant_homepage` is set to `warn` by default
[INFO] [stderr] help: consider removing `package.homepage`
[INFO] [stderr] warning: `governor-git` (manifest) generated 1 warning
[INFO] [stderr]    Compiling tokio-macros v2.7.0
[INFO] [stderr]    Compiling rustix v1.1.4
[INFO] [stderr]    Compiling git2 v0.20.4
[INFO] [stderr]    Compiling tokio v1.51.1
[INFO] [stderr]    Compiling tempfile v3.27.0
[INFO] [stderr]    Compiling governor-git v2.0.3 (/opt/rustwide/workdir)
[INFO] [stderr]     Finished `release` profile [optimized] target(s) in 17.81s
[INFO] running `Command { std: "docker" "inspect" "bd1faf48e9c4cf6bf838fd0d65bac8bb8f7e2a325b94c9684635e69d8239297d", kill_on_drop: false }`
[INFO] running `Command { std: "docker" "exec" "-e" "SOURCE_DIR=/opt/rustwide/workdir" "-e" "CARGO_HOME=/opt/rustwide/cargo-home" "-e" "RUSTUP_HOME=/opt/rustwide/rustup-home" "-e" "CARGO_TARGET_DIR=/opt/rustwide/target" "-e" "CARGO_INCREMENTAL=0" "-e" "RUST_BACKTRACE=full" "-e" "RUSTFLAGS=--cap-lints=warn" "-e" "RUSTDOCFLAGS=--cap-lints=warn" "-w" "/opt/rustwide/workdir" "--user" "0:0" "bd1faf48e9c4cf6bf838fd0d65bac8bb8f7e2a325b94c9684635e69d8239297d" "/opt/rustwide/cargo-home/bin/cargo" "+1.100.0-beta.1" "test" "--frozen" "--release", kill_on_drop: false }`
[INFO] [stderr] warning: `package.homepage` is redundant with `package.repository`
[INFO] [stderr]   --> Cargo.toml:71:12
[INFO] [stderr]    |
[INFO] [stderr] 71 | homepage = "https://gitlab.opentc.ru/opentc/rust-cargo-governor"
[INFO] [stderr]    |            ^^^^^^^^^^^^^^^^^^^^^^^^^^^^^^^^^^^^^^^^^^^^^^^^^^^^^
[INFO] [stderr] ...
[INFO] [stderr] 75 | repository = "https://gitlab.opentc.ru/opentc/rust-cargo-governor"
[INFO] [stderr]    |              -----------------------------------------------------
[INFO] [stderr]    |
[INFO] [stderr]    = note: `cargo::redundant_homepage` is set to `warn` by default
[INFO] [stderr] help: consider removing `package.homepage`
[INFO] [stderr] warning: `governor-git` (manifest) generated 1 warning
[INFO] [stderr]     Finished `release` profile [optimized] target(s) in 0.13s
[INFO] [stderr]      Running unittests src/lib.rs (/opt/rustwide/target/release/build/governor-git/626afd63dbfd643b/out/governor_git-626afd63dbfd643b)
[INFO] [stdout] 
[INFO] [stdout] running 28 tests
[INFO] [stdout] test commit::tests::test_author ... ok
[INFO] [stdout] test commit::tests::test_inner ... ok
[INFO] [stdout] test commit::tests::test_into_commit ... ok
[INFO] [stdout] test commit::tests::test_new ... ok
[INFO] [stdout] test tag::tests::test_chained_builders ... ok
[INFO] [stdout] test tag::tests::test_deserialize ... ok
[INFO] [stdout] test tag::tests::test_is_version_tag_true ... ok
[INFO] [stdout] test tag::tests::test_parse_version_multiple_v ... ok
[INFO] [stdout] test commit::tests::test_is_breaking_true ... ok
[INFO] [stdout] test tag::tests::test_is_version_tag_false ... ok
[INFO] [stdout] test tag::tests::test_new ... ok
[INFO] [stdout] test commit::tests::test_scope ... ok
[INFO] [stdout] test commit::tests::test_short_hash ... ok
[INFO] [stdout] test tag::tests::test_parse_version_invalid ... ok
[INFO] [stdout] test commit::tests::test_is_breaking_false ... ok
[INFO] [stdout] test commit::tests::test_message ... ok
[INFO] [stdout] test commit::tests::test_hash ... ok
[INFO] [stdout] test tag::tests::test_parse_version_with_v ... ok
[INFO] [stdout] test tag::tests::test_serialize ... ok
[INFO] [stdout] test adapter::tests::test_git_adapter_config_default ... ok
[INFO] [stdout] test tag::tests::test_parse_version_without_v ... ok
[INFO] [stdout] test tag::tests::test_version_none ... ok
[INFO] [stdout] test tag::tests::test_version_some ... ok
[INFO] [stdout] test tag::tests::test_with_message ... ok
[INFO] [stdout] test tag::tests::test_with_tagger ... ok
[INFO] [stdout] test commit::tests::test_commit_type ... ok
[INFO] [stdout] test commit::tests::test_from_commit ... ok
[INFO] [stdout] test tag::tests::test_tagger_info_new ... ok
[INFO] [stdout] 
[INFO] [stdout] test result: ok. 28 passed; 0 failed; 0 ignored; 0 measured; 0 filtered out; finished in 0.05s
[INFO] [stdout] 
[INFO] [stderr]      Running tests/adapter_test.rs (/opt/rustwide/target/release/build/governor-git/24884ce0ef3b19c2/out/adapter_test-24884ce0ef3b19c2)
[INFO] [stdout] 
[INFO] [stdout] running 22 tests
[INFO] [stdout] test test_git_adapter_config_default ... ok
[INFO] [stdout] test test_git_adapter_config_from_scm_config ... ok
[INFO] [stdout] test test_git_adapter_error_on_not_a_repository ... ok
[INFO] [stdout] test test_git_adapter_get_remote_url ... ok
[INFO] [stdout] test test_git_adapter_create_tag ... ok
[INFO] [stdout] test test_git_adapter_get_working_tree_status_with_changes ... ok
[INFO] [stdout] test test_git_adapter_delete_tag ... ok
[INFO] [stdout] test test_git_adapter_get_commits_since_nonexistent_tag ... ok
[INFO] [stdout] test test_git_adapter_get_tags_for_commit ... ok
[INFO] [stdout] test test_git_adapter_commit ... ok
[INFO] [stdout] test test_git_adapter_get_working_tree_status_clean ... ok
[INFO] [stdout] test test_git_adapter_get_current_branch ... FAILED
[INFO] [stdout] test test_git_adapter_open ... ok
[INFO] [stdout] test test_git_adapter_get_commits_since_no_tag ... ok
[INFO] [stdout] test test_git_adapter_get_last_tag_with_pattern ... ok
[INFO] [stdout] test test_git_adapter_repository_root ... ok
[INFO] [stdout] test test_git_adapter_commit_message_structure ... ok
[INFO] [stdout] test test_git_adapter_get_current_commit ... ok
[INFO] [stdout] test test_git_adapter_get_last_tag ... ok
[INFO] [stdout] test test_git_adapter_is_on_branch ... FAILED
[INFO] [stdout] test test_git_adapter_get_commits_since_with_tag ... ok
[INFO] [stdout] test test_git_adapter_stage_files ... ok
[INFO] [stdout] 
[INFO] [stdout] failures:
[INFO] [stdout] 
[INFO] [stdout] ---- test_git_adapter_get_current_branch stdout ----
[INFO] [stdout] 
[INFO] [stdout] thread 'test_git_adapter_get_current_branch' (2026) panicked at tests/adapter_test.rs:284:5:
[INFO] [stdout] assertion `left == right` failed
[INFO] [stdout]   left: "master"
[INFO] [stdout]  right: "main"
[INFO] [stdout] stack backtrace:
[INFO] [stdout]    0:     0x632a9189d8a1 - <<std[617be2ca0a6fd877]::sys::backtrace::BacktraceLock>::print::DisplayBacktrace as core[a373ad73a504971]::fmt::Display>::fmt
[INFO] [stdout]    1:     0x632a918b47ca - core[a373ad73a504971]::fmt::write
[INFO] [stdout]    2:     0x632a918a1d8c - <alloc[2e1b2a31b91974c5]::vec::Vec<u8> as core[a373ad73a504971]::io::write::Write>::write_fmt
[INFO] [stdout]    3:     0x632a91878066 - std[617be2ca0a6fd877]::panicking::default_hook::{closure#0}
[INFO] [stdout]    4:     0x632a918953f9 - std[617be2ca0a6fd877]::panicking::default_hook
[INFO] [stdout]    5:     0x632a916c4350 - test[aada8e7e76ba119b]::test_main_inner::{closure#0}
[INFO] [stdout]    6:     0x632a91895722 - std[617be2ca0a6fd877]::panicking::panic_with_hook
[INFO] [stdout]    7:     0x632a91878112 - std[617be2ca0a6fd877]::panicking::panic_handler::{closure#0}
[INFO] [stdout]    8:     0x632a91870ae9 - std[617be2ca0a6fd877]::sys::backtrace::__rust_end_short_backtrace::<std[617be2ca0a6fd877]::panicking::panic_handler::{closure#0}, !>
[INFO] [stdout]    9:     0x632a91878dbd - __rustc[ea4f61d10b84890b]::rust_begin_unwind
[INFO] [stdout]   10:     0x632a918b4fac - core[a373ad73a504971]::panicking::panic_fmt
[INFO] [stdout]   11:     0x632a918b4ec3 - core[a373ad73a504971]::panicking::assert_failed_inner
[INFO] [stdout]   12:     0x632a9169cbb2 - core[a373ad73a504971]::panicking::assert_failed::<alloc[2e1b2a31b91974c5]::string::String, &str>
[INFO] [stdout]   13:     0x632a91696cfb - <adapter_test[bba3779798fc545a]::test_git_adapter_get_current_branch::{closure#0} as core[a373ad73a504971]::ops::function::FnOnce<()>>::call_once
[INFO] [stdout]   14:     0x632a916b779b - test[aada8e7e76ba119b]::__rust_begin_short_backtrace::<core[a373ad73a504971]::result::Result<(), alloc[2e1b2a31b91974c5]::string::String>, fn() -> core[a373ad73a504971]::result::Result<(), alloc[2e1b2a31b91974c5]::string::String>>
[INFO] [stdout]   15:     0x632a916c4975 - test[aada8e7e76ba119b]::run_test::{closure#0}
[INFO] [stdout]   16:     0x632a916be264 - std[617be2ca0a6fd877]::sys::backtrace::__rust_begin_short_backtrace::<test[aada8e7e76ba119b]::run_test::{closure#1}, ()>
[INFO] [stdout]   17:     0x632a916c7a02 - <std[617be2ca0a6fd877]::thread::lifecycle::spawn_unchecked<test[aada8e7e76ba119b]::run_test::{closure#1}, ()>::{closure#1} as core[a373ad73a504971]::ops::function::FnOnce<()>>::call_once::{shim:vtable#0}
[INFO] [stdout]   18:     0x632a9189d0ef - <std[617be2ca0a6fd877]::sys::thread::unix::Thread>::new::thread_start
[INFO] [stdout]   19:     0x78bab00aadfa - <unknown>
[INFO] [stdout]   20:     0x78bab013e3d4 - clone
[INFO] [stdout]   21:                0x0 - <unknown>
[INFO] [stdout] 
[INFO] [stdout] ---- test_git_adapter_is_on_branch stdout ----
[INFO] [stdout] 
[INFO] [stdout] thread 'test_git_adapter_is_on_branch' (2232) panicked at tests/adapter_test.rs:606:5:
[INFO] [stdout] assertion failed: is_main
[INFO] [stdout] stack backtrace:
[INFO] [stdout]    0:     0x632a9189d8a1 - <<std[617be2ca0a6fd877]::sys::backtrace::BacktraceLock>::print::DisplayBacktrace as core[a373ad73a504971]::fmt::Display>::fmt
[INFO] [stdout]    1:     0x632a918b47ca - core[a373ad73a504971]::fmt::write
[INFO] [stdout]    2:     0x632a918a1d8c - <alloc[2e1b2a31b91974c5]::vec::Vec<u8> as core[a373ad73a504971]::io::write::Write>::write_fmt
[INFO] [stdout]    3:     0x632a91878066 - std[617be2ca0a6fd877]::panicking::default_hook::{closure#0}
[INFO] [stdout]    4:     0x632a918953f9 - std[617be2ca0a6fd877]::panicking::default_hook
[INFO] [stdout]    5:     0x632a916c4350 - test[aada8e7e76ba119b]::test_main_inner::{closure#0}
[INFO] [stdout]    6:     0x632a91895722 - std[617be2ca0a6fd877]::panicking::panic_with_hook
[INFO] [stdout]    7:     0x632a91878144 - std[617be2ca0a6fd877]::panicking::panic_handler::{closure#0}
[INFO] [stdout]    8:     0x632a91870ae9 - std[617be2ca0a6fd877]::sys::backtrace::__rust_end_short_backtrace::<std[617be2ca0a6fd877]::panicking::panic_handler::{closure#0}, !>
[INFO] [stdout]    9:     0x632a91878dbd - __rustc[ea4f61d10b84890b]::rust_begin_unwind
[INFO] [stdout]   10:     0x632a918b4fac - core[a373ad73a504971]::panicking::panic_fmt
[INFO] [stdout]   11:     0x632a918b4f72 - core[a373ad73a504971]::panicking::panic
[INFO] [stdout]   12:     0x632a916954de - <adapter_test[bba3779798fc545a]::test_git_adapter_is_on_branch::{closure#0} as core[a373ad73a504971]::ops::function::FnOnce<()>>::call_once
[INFO] [stdout]   13:     0x632a916b779b - test[aada8e7e76ba119b]::__rust_begin_short_backtrace::<core[a373ad73a504971]::result::Result<(), alloc[2e1b2a31b91974c5]::string::String>, fn() -> core[a373ad73a504971]::result::Result<(), alloc[2e1b2a31b91974c5]::string::String>>
[INFO] [stdout]   14:     0x632a916c4975 - test[aada8e7e76ba119b]::run_test::{closure#0}
[INFO] [stdout]   15:     0x632a916be264 - std[617be2ca0a6fd877]::sys::backtrace::__rust_begin_short_backtrace::<test[aada8e7e76ba119b]::run_test::{closure#1}, ()>
[INFO] [stdout]   16:     0x632a916c7a02 - <std[617be2ca0a6fd877]::thread::lifecycle::spawn_unchecked<test[aada8e7e76ba119b]::run_test::{closure#1}, ()>::{closure#1} as core[a373ad73a504971]::ops::function::FnOnce<()>>::call_once::{shim:vtable#0}
[INFO] [stdout]   17:     0x632a9189d0ef - <std[617be2ca0a6fd877]::sys::thread::unix::Thread>::new::thread_start
[INFO] [stdout]   18:     0x78bab00aadfa - <unknown>
[INFO] [stdout]   19:     0x78bab013e3d4 - clone
[INFO] [stdout]   20:                0x0 - <unknown>
[INFO] [stdout] 
[INFO] [stdout] 
[INFO] [stdout] failures:
[INFO] [stdout]     test_git_adapter_get_current_branch
[INFO] [stdout]     test_git_adapter_is_on_branch
[INFO] [stdout] 
[INFO] [stdout] test result: FAILED. 20 passed; 2 failed; 0 ignored; 0 measured; 0 filtered out; finished in 0.73s
[INFO] [stdout] 
[INFO] [stderr] error: test failed, to rerun pass `--test adapter_test`
[INFO] running `Command { std: "docker" "inspect" "bd1faf48e9c4cf6bf838fd0d65bac8bb8f7e2a325b94c9684635e69d8239297d", kill_on_drop: false }`
[INFO] running `Command { std: "docker" "rm" "-f" "bd1faf48e9c4cf6bf838fd0d65bac8bb8f7e2a325b94c9684635e69d8239297d", kill_on_drop: false }`
[INFO] [stdout] bd1faf48e9c4cf6bf838fd0d65bac8bb8f7e2a325b94c9684635e69d8239297d
