[INFO] fetching crate govee-api 1.3.6...
[INFO] testing govee-api-1.3.6 against 1.100.0-beta.1+cargoflags=--release for beta-release-1.100-2
[INFO] extracting crate govee-api 1.3.6 into /workspace/builds/worker-2-tc2/source
[INFO] started tweaking crates.io crate govee-api 1.3.6
[INFO] finished tweaking crates.io crate govee-api 1.3.6
[INFO] tweaked toml for crates.io crate govee-api 1.3.6 written to /workspace/builds/worker-2-tc2/source/Cargo.toml
[INFO] validating manifest of crates.io crate govee-api 1.3.6 on toolchain 1.100.0-beta.1
[INFO] running `Command { std: CARGO_HOME="/workspace/cargo-home" RUSTUP_HOME="/workspace/rustup-home" "/workspace/cargo-home/bin/cargo" "+1.100.0-beta.1" "metadata" "--manifest-path" "Cargo.toml" "--no-deps", kill_on_drop: false }`
[INFO] running `Command { std: CARGO_HOME="/workspace/cargo-home" RUSTUP_HOME="/workspace/rustup-home" "/workspace/cargo-home/bin/cargo" "+1.100.0-beta.1" "generate-lockfile" "--manifest-path" "Cargo.toml", kill_on_drop: false }`
[INFO] [stderr]     Updating crates.io index
[INFO] [stderr]      Locking 184 packages to highest compatible versions
[INFO] [stderr]       Adding reqwest v0.12.28 (available: v0.13.5)
[INFO] running `Command { std: CARGO_HOME="/workspace/cargo-home" RUSTUP_HOME="/workspace/rustup-home" "/workspace/cargo-home/bin/cargo" "+1.100.0-beta.1" "fetch" "--manifest-path" "Cargo.toml", kill_on_drop: false }`
[INFO] [stderr] warning: `package.homepage` is redundant with `package.repository`
[INFO] [stderr]   --> Cargo.toml:30:12
[INFO] [stderr]    |
[INFO] [stderr] 30 | homepage = "https://github.com/mgierada/govee"
[INFO] [stderr]    |            ^^^^^^^^^^^^^^^^^^^^^^^^^^^^^^^^^^^
[INFO] [stderr] ...
[INFO] [stderr] 35 | repository = "https://github.com/mgierada/govee"
[INFO] [stderr]    |              -----------------------------------
[INFO] [stderr]    |
[INFO] [stderr]    = note: `cargo::redundant_homepage` is set to `warn` by default
[INFO] [stderr] help: consider removing `package.homepage`
[INFO] [stderr] warning: `govee-api` (manifest) generated 1 warning
[INFO] running `Command { std: "docker" "create" "-v" "/var/lib/crater-agent-workspace/builds/worker-2-tc2/source:/opt/rustwide/workdir:ro,Z" "-v" "/var/lib/crater-agent-workspace/builds/worker-2-tc2/target:/opt/rustwide/target:rw,Z" "-v" "/var/lib/crater-agent-workspace/cargo-home:/opt/rustwide/cargo-home:ro,Z" "-v" "/var/lib/crater-agent-workspace/rustup-home:/opt/rustwide/rustup-home:ro,Z" "-m" "1610612736" "--network" "none" "ghcr.io/rust-lang/crates-build-env/linux@sha256:77db811e55d90add9212f6832c23229e3de5f1c1f9905e8cb07319ea15df73ac" "sleep" "infinity", kill_on_drop: false }`
[INFO] [stdout] dd67f4adc8f429528844ed37a9b951d0a50c3aecfc1a28e695ceff1bb6641050
[INFO] running `Command { std: "docker" "start" "dd67f4adc8f429528844ed37a9b951d0a50c3aecfc1a28e695ceff1bb6641050", kill_on_drop: false }`
[INFO] running `Command { std: "docker" "inspect" "dd67f4adc8f429528844ed37a9b951d0a50c3aecfc1a28e695ceff1bb6641050", kill_on_drop: false }`
[INFO] running `Command { std: "docker" "exec" "-e" "SOURCE_DIR=/opt/rustwide/workdir" "-e" "CARGO_HOME=/opt/rustwide/cargo-home" "-e" "RUSTUP_HOME=/opt/rustwide/rustup-home" "-e" "CARGO_TARGET_DIR=/opt/rustwide/target" "-w" "/opt/rustwide/workdir" "--user" "0:0" "dd67f4adc8f429528844ed37a9b951d0a50c3aecfc1a28e695ceff1bb6641050" "/opt/rustwide/cargo-home/bin/cargo" "+1.100.0-beta.1" "metadata" "--no-deps" "--format-version=1", kill_on_drop: false }`
[INFO] running `Command { std: "docker" "inspect" "dd67f4adc8f429528844ed37a9b951d0a50c3aecfc1a28e695ceff1bb6641050", kill_on_drop: false }`
[INFO] running `Command { std: "docker" "exec" "-e" "SOURCE_DIR=/opt/rustwide/workdir" "-e" "CARGO_HOME=/opt/rustwide/cargo-home" "-e" "RUSTUP_HOME=/opt/rustwide/rustup-home" "-e" "CARGO_TARGET_DIR=/opt/rustwide/target" "-e" "CARGO_INCREMENTAL=0" "-e" "RUST_BACKTRACE=full" "-e" "RUSTFLAGS=--cap-lints=warn" "-e" "RUSTDOCFLAGS=--cap-lints=warn" "-w" "/opt/rustwide/workdir" "--user" "0:0" "dd67f4adc8f429528844ed37a9b951d0a50c3aecfc1a28e695ceff1bb6641050" "/opt/rustwide/cargo-home/bin/cargo" "+1.100.0-beta.1" "build" "--frozen" "--message-format=json" "--release", kill_on_drop: false }`
[INFO] [stderr] warning: `package.homepage` is redundant with `package.repository`
[INFO] [stderr]   --> Cargo.toml:30:12
[INFO] [stderr]    |
[INFO] [stderr] 30 | homepage = "https://github.com/mgierada/govee"
[INFO] [stderr]    |            ^^^^^^^^^^^^^^^^^^^^^^^^^^^^^^^^^^^
[INFO] [stderr] ...
[INFO] [stderr] 35 | repository = "https://github.com/mgierada/govee"
[INFO] [stderr]    |              -----------------------------------
[INFO] [stderr]    |
[INFO] [stderr]    = note: `cargo::redundant_homepage` is set to `warn` by default
[INFO] [stderr] help: consider removing `package.homepage`
[INFO] [stderr] warning: `govee-api` (manifest) generated 1 warning
[INFO] [stderr]    Compiling futures-macro v0.3.34
[INFO] [stderr]    Compiling h2 v0.4.20
[INFO] [stderr]    Compiling serde v1.0.229
[INFO] [stderr]    Compiling tokio-native-tls v0.3.1
[INFO] [stderr]    Compiling serde_json v1.0.154
[INFO] [stderr]    Compiling icu_normalizer v2.3.0
[INFO] [stderr]    Compiling idna_adapter v1.2.2
[INFO] [stderr]    Compiling futures-util v0.3.34
[INFO] [stderr]    Compiling idna v1.1.0
[INFO] [stderr]    Compiling serde_urlencoded v0.7.1
[INFO] [stderr]    Compiling url v2.5.8
[INFO] [stderr]    Compiling hyper v1.12.0
[INFO] [stderr]    Compiling tower v0.5.3
[INFO] [stderr]    Compiling futures-executor v0.3.34
[INFO] [stderr]    Compiling futures v0.3.34
[INFO] [stderr]    Compiling hyper-util v0.1.21
[INFO] [stderr]    Compiling tower-http v0.6.11
[INFO] [stderr]    Compiling hyper-tls v0.6.0
[INFO] [stderr]    Compiling reqwest v0.12.28
[INFO] [stderr]    Compiling govee-api v1.3.6 (/opt/rustwide/workdir)
[INFO] [stderr] warning: unused dependency `lazy_static`
[INFO] [stderr]  --> Cargo.toml:4:15
[INFO] [stderr]   |
[INFO] [stderr] 4 | [dependencies.lazy_static]
[INFO] [stderr]   |               ^^^^^^^^^^^^
[INFO] [stderr]   |
[INFO] [stderr]   = note: `cargo::unused_dependencies` is set to `warn` by default
[INFO] [stderr] help: consider removing the dependency on `lazy_static`
[INFO] [stderr] warning: `govee-api` (manifest) generated 1 warning
[INFO] [stderr]     Finished `release` profile [optimized] target(s) in 30.98s
[INFO] running `Command { std: "docker" "inspect" "dd67f4adc8f429528844ed37a9b951d0a50c3aecfc1a28e695ceff1bb6641050", kill_on_drop: false }`
[INFO] running `Command { std: "docker" "exec" "-e" "SOURCE_DIR=/opt/rustwide/workdir" "-e" "CARGO_HOME=/opt/rustwide/cargo-home" "-e" "RUSTUP_HOME=/opt/rustwide/rustup-home" "-e" "CARGO_TARGET_DIR=/opt/rustwide/target" "-e" "CARGO_INCREMENTAL=0" "-e" "RUST_BACKTRACE=full" "-e" "RUSTFLAGS=--cap-lints=warn" "-e" "RUSTDOCFLAGS=--cap-lints=warn" "-w" "/opt/rustwide/workdir" "--user" "0:0" "dd67f4adc8f429528844ed37a9b951d0a50c3aecfc1a28e695ceff1bb6641050" "/opt/rustwide/cargo-home/bin/cargo" "+1.100.0-beta.1" "test" "--frozen" "--no-run" "--message-format=json" "--release", kill_on_drop: false }`
[INFO] [stderr] warning: `package.homepage` is redundant with `package.repository`
[INFO] [stderr]   --> Cargo.toml:30:12
[INFO] [stderr]    |
[INFO] [stderr] 30 | homepage = "https://github.com/mgierada/govee"
[INFO] [stderr]    |            ^^^^^^^^^^^^^^^^^^^^^^^^^^^^^^^^^^^
[INFO] [stderr] ...
[INFO] [stderr] 35 | repository = "https://github.com/mgierada/govee"
[INFO] [stderr]    |              -----------------------------------
[INFO] [stderr]    |
[INFO] [stderr]    = note: `cargo::redundant_homepage` is set to `warn` by default
[INFO] [stderr] help: consider removing `package.homepage`
[INFO] [stderr] warning: `govee-api` (manifest) generated 1 warning
[INFO] [stderr]    Compiling errno v0.3.14
[INFO] [stderr]    Compiling parking_lot_core v0.9.12
[INFO] [stderr]    Compiling getrandom v0.3.4
[INFO] [stderr]    Compiling assert-json-diff v2.0.2
[INFO] [stderr]    Compiling signal-hook-registry v1.4.8
[INFO] [stderr]    Compiling rand_core v0.9.5
[INFO] [stderr]    Compiling rand_chacha v0.9.0
[INFO] [stderr]    Compiling parking_lot v0.12.5
[INFO] [stderr]    Compiling rand v0.9.5
[INFO] [stderr]    Compiling tokio v1.53.3
[INFO] [stderr]    Compiling tokio-util v0.7.20
[INFO] [stderr]    Compiling tower v0.5.3
[INFO] [stderr]    Compiling tokio-native-tls v0.3.1
[INFO] [stderr]    Compiling tower-http v0.6.11
[INFO] [stderr]    Compiling h2 v0.4.20
[INFO] [stderr]    Compiling hyper v1.12.0
[INFO] [stderr]    Compiling hyper-util v0.1.21
[INFO] [stderr]    Compiling hyper-tls v0.6.0
[INFO] [stderr]    Compiling mockito v1.7.2
[INFO] [stderr]    Compiling reqwest v0.12.28
[INFO] [stderr]    Compiling govee-api v1.3.6 (/opt/rustwide/workdir)
[INFO] [stderr] warning: unused dependency `lazy_static`
[INFO] [stderr]  --> Cargo.toml:4:15
[INFO] [stderr]   |
[INFO] [stderr] 4 | [dependencies.lazy_static]
[INFO] [stderr]   |               ^^^^^^^^^^^^
[INFO] [stderr]   |
[INFO] [stderr]   = note: `cargo::unused_dependencies` is set to `warn` by default
[INFO] [stderr] help: consider removing the dependency on `lazy_static`
[INFO] [stderr] warning: `govee-api` (manifest) generated 1 warning
[INFO] [stderr]     Finished `release` profile [optimized] target(s) in 48.42s
[INFO] running `Command { std: "docker" "inspect" "dd67f4adc8f429528844ed37a9b951d0a50c3aecfc1a28e695ceff1bb6641050", kill_on_drop: false }`
[INFO] running `Command { std: "docker" "exec" "-e" "SOURCE_DIR=/opt/rustwide/workdir" "-e" "CARGO_HOME=/opt/rustwide/cargo-home" "-e" "RUSTUP_HOME=/opt/rustwide/rustup-home" "-e" "CARGO_TARGET_DIR=/opt/rustwide/target" "-e" "CARGO_INCREMENTAL=0" "-e" "RUST_BACKTRACE=full" "-e" "RUSTFLAGS=--cap-lints=warn" "-e" "RUSTDOCFLAGS=--cap-lints=warn" "-w" "/opt/rustwide/workdir" "--user" "0:0" "dd67f4adc8f429528844ed37a9b951d0a50c3aecfc1a28e695ceff1bb6641050" "/opt/rustwide/cargo-home/bin/cargo" "+1.100.0-beta.1" "test" "--frozen" "--release", kill_on_drop: false }`
[INFO] [stderr] warning: `package.homepage` is redundant with `package.repository`
[INFO] [stderr]   --> Cargo.toml:30:12
[INFO] [stderr]    |
[INFO] [stderr] 30 | homepage = "https://github.com/mgierada/govee"
[INFO] [stderr]    |            ^^^^^^^^^^^^^^^^^^^^^^^^^^^^^^^^^^^
[INFO] [stderr] ...
[INFO] [stderr] 35 | repository = "https://github.com/mgierada/govee"
[INFO] [stderr]    |              -----------------------------------
[INFO] [stderr]    |
[INFO] [stderr]    = note: `cargo::redundant_homepage` is set to `warn` by default
[INFO] [stderr] help: consider removing `package.homepage`
[INFO] [stderr] warning: `govee-api` (manifest) generated 1 warning
[INFO] [stderr] warning: unused dependency `lazy_static`
[INFO] [stderr]  --> Cargo.toml:4:15
[INFO] [stderr]   |
[INFO] [stderr] 4 | [dependencies.lazy_static]
[INFO] [stderr]   |               ^^^^^^^^^^^^
[INFO] [stderr]   |
[INFO] [stderr]   = note: `cargo::unused_dependencies` is set to `warn` by default
[INFO] [stderr] help: consider removing the dependency on `lazy_static`
[INFO] [stderr] warning: `govee-api` (manifest) generated 1 warning
[INFO] [stderr]     Finished `release` profile [optimized] target(s) in 0.24s
[INFO] [stderr]      Running unittests src/lib.rs (/opt/rustwide/target/release/build/govee-api/0a74fb3c69413fc6/out/govee_api-0a74fb3c69413fc6)
[INFO] [stdout] 
[INFO] [stdout] running 4 tests
[INFO] [stdout] test tests::api::tests::test_control_appliance ... FAILED
[INFO] [stdout] test tests::api::tests::test_get_devices ... FAILED
[INFO] [stdout] test tests::api::tests::test_control_device ... FAILED
[INFO] [stdout] test tests::api::tests::test_get_appliances ... FAILED
[INFO] [stdout] 
[INFO] [stdout] failures:
[INFO] [stdout] 
[INFO] [stdout] ---- tests::api::tests::test_control_appliance stdout ----
[INFO] [stdout] 
[INFO] [stdout] thread 'tests::api::tests::test_control_appliance' (832) panicked at src/tests/api.rs:47:26:
[INFO] [stdout] Cannot start a runtime from within a runtime. This happens because a function (like `block_on`) attempted to block the current thread while the thread is being used to drive asynchronous tasks.
[INFO] [stdout] stack backtrace:
[INFO] [stdout]    0:     0x635323d6a961 - <<std[617be2ca0a6fd877]::sys::backtrace::BacktraceLock>::print::DisplayBacktrace as core[a373ad73a504971]::fmt::Display>::fmt
[INFO] [stdout]    1:     0x635323d818aa - core[a373ad73a504971]::fmt::write
[INFO] [stdout]    2:     0x635323d6f38c - <alloc[2e1b2a31b91974c5]::vec::Vec<u8> as core[a373ad73a504971]::io::write::Write>::write_fmt
[INFO] [stdout]    3:     0x635323d45b36 - std[617be2ca0a6fd877]::panicking::default_hook::{closure#0}
[INFO] [stdout]    4:     0x635323d62839 - std[617be2ca0a6fd877]::panicking::default_hook
[INFO] [stdout]    5:     0x635323a51570 - test[aada8e7e76ba119b]::test_main_inner::{closure#0}
[INFO] [stdout]    6:     0x635323d62b62 - std[617be2ca0a6fd877]::panicking::panic_with_hook
[INFO] [stdout]    7:     0x635323d45c14 - std[617be2ca0a6fd877]::panicking::panic_handler::{closure#0}
[INFO] [stdout]    8:     0x635323d3e819 - std[617be2ca0a6fd877]::sys::backtrace::__rust_end_short_backtrace::<std[617be2ca0a6fd877]::panicking::panic_handler::{closure#0}, !>
[INFO] [stdout]    9:     0x635323d469dd - __rustc[ea4f61d10b84890b]::rust_begin_unwind
[INFO] [stdout]   10:     0x635323d8208c - core[a373ad73a504971]::panicking::panic_fmt
[INFO] [stdout]   11:     0x635323a91809 - tokio[fb1469eb558fc1b3]::runtime::context::runtime::enter_runtime::<<tokio[fb1469eb558fc1b3]::runtime::scheduler::current_thread::CurrentThread>::block_on<<mockito[f547bdd5c0a96a27]::server::Server>::try_new::{closure#0}>::{closure#0}, core[a373ad73a504971]::result::Result<mockito[f547bdd5c0a96a27]::server_pool::ServerGuard, mockito[f547bdd5c0a96a27]::error::Error>>
[INFO] [stdout]   12:     0x635323a853ef - <tokio[fb1469eb558fc1b3]::runtime::runtime::Runtime>::block_on::<<mockito[f547bdd5c0a96a27]::server::Server>::try_new::{closure#0}>
[INFO] [stdout]   13:     0x635323acdacc - <mockito[f547bdd5c0a96a27]::server::Server>::new
[INFO] [stdout]   14:     0x635323a33657 - govee_api[fa5ba39550f8794e]::tests::api::tests::test_control_appliance::{closure#0}
[INFO] [stdout]   15:     0x635323a41ac3 - <tokio[fb1469eb558fc1b3]::runtime::scheduler::current_thread::Context>::enter::<core[a373ad73a504971]::task::poll::Poll<()>, <tokio[fb1469eb558fc1b3]::runtime::scheduler::current_thread::CoreGuard>::block_on<core[a373ad73a504971]::pin::Pin<&mut core[a373ad73a504971]::pin::Pin<&mut dyn core[a373ad73a504971]::future::future::Future<Output = ()>>>>::{closure#0}::{closure#0}>
[INFO] [stdout]   16:     0x635323a42eb9 - <std[617be2ca0a6fd877]::thread::local::LocalKey<tokio[fb1469eb558fc1b3]::runtime::context::Context>>::with::<tokio[fb1469eb558fc1b3]::runtime::context::set_scheduler<(alloc[2e1b2a31b91974c5]::boxed::Box<tokio[fb1469eb558fc1b3]::runtime::scheduler::current_thread::Core>, core[a373ad73a504971]::option::Option<()>), <tokio[fb1469eb558fc1b3]::runtime::scheduler::current_thread::CoreGuard>::enter<<tokio[fb1469eb558fc1b3]::runtime::scheduler::current_thread::CoreGuard>::block_on<core[a373ad73a504971]::pin::Pin<&mut core[a373ad73a504971]::pin::Pin<&mut dyn core[a373ad73a504971]::future::future::Future<Output = ()>>>>::{closure#0}, core[a373ad73a504971]::option::Option<()>>::{closure#0}>::{closure#0}, (alloc[2e1b2a31b91974c5]::boxed::Box<tokio[fb1469eb558fc1b3]::runtime::scheduler::current_thread::Core>, core[a373ad73a504971]::option::Option<()>)>
[INFO] [stdout]   17:     0x635323a41c47 - <tokio[fb1469eb558fc1b3]::runtime::scheduler::current_thread::CoreGuard>::block_on::<core[a373ad73a504971]::pin::Pin<&mut core[a373ad73a504971]::pin::Pin<&mut dyn core[a373ad73a504971]::future::future::Future<Output = ()>>>>
[INFO] [stdout]   18:     0x635323a3e02b - tokio[fb1469eb558fc1b3]::runtime::context::runtime::enter_runtime::<<tokio[fb1469eb558fc1b3]::runtime::scheduler::current_thread::CurrentThread>::block_on<core[a373ad73a504971]::pin::Pin<&mut dyn core[a373ad73a504971]::future::future::Future<Output = ()>>>::{closure#0}, ()>
[INFO] [stdout]   19:     0x635323a3b325 - <tokio[fb1469eb558fc1b3]::runtime::runtime::Runtime>::block_on::<core[a373ad73a504971]::pin::Pin<&mut dyn core[a373ad73a504971]::future::future::Future<Output = ()>>>
[INFO] [stdout]   20:     0x635323a3459e - <govee_api[fa5ba39550f8794e]::tests::api::tests::test_control_appliance::{closure#0} as core[a373ad73a504971]::ops::function::FnOnce<()>>::call_once
[INFO] [stdout]   21:     0x635323a449bb - test[aada8e7e76ba119b]::__rust_begin_short_backtrace::<core[a373ad73a504971]::result::Result<(), alloc[2e1b2a31b91974c5]::string::String>, fn() -> core[a373ad73a504971]::result::Result<(), alloc[2e1b2a31b91974c5]::string::String>>
[INFO] [stdout]   22:     0x635323a51b95 - test[aada8e7e76ba119b]::run_test::{closure#0}
[INFO] [stdout]   23:     0x635323a4b484 - std[617be2ca0a6fd877]::sys::backtrace::__rust_begin_short_backtrace::<test[aada8e7e76ba119b]::run_test::{closure#1}, ()>
[INFO] [stdout]   24:     0x635323a54c22 - <std[617be2ca0a6fd877]::thread::lifecycle::spawn_unchecked<test[aada8e7e76ba119b]::run_test::{closure#1}, ()>::{closure#1} as core[a373ad73a504971]::ops::function::FnOnce<()>>::call_once::{shim:vtable#0}
[INFO] [stdout]   25:     0x635323d69e0f - <std[617be2ca0a6fd877]::sys::thread::unix::Thread>::new::thread_start
[INFO] [stdout]   26:     0x7ec85a401dfa - <unknown>
[INFO] [stdout]   27:     0x7ec85a4953d4 - clone
[INFO] [stdout]   28:                0x0 - <unknown>
[INFO] [stdout] 
[INFO] [stdout] ---- tests::api::tests::test_get_devices stdout ----
[INFO] [stdout] 
[INFO] [stdout] thread 'tests::api::tests::test_get_devices' (835) panicked at src/tests/api.rs:75:26:
[INFO] [stdout] Cannot start a runtime from within a runtime. This happens because a function (like `block_on`) attempted to block the current thread while the thread is being used to drive asynchronous tasks.
[INFO] [stdout] stack backtrace:
[INFO] [stdout]    0:     0x635323d6a961 - <<std[617be2ca0a6fd877]::sys::backtrace::BacktraceLock>::print::DisplayBacktrace as core[a373ad73a504971]::fmt::Display>::fmt
[INFO] [stdout]    1:     0x635323d818aa - core[a373ad73a504971]::fmt::write
[INFO] [stdout]    2:     0x635323d6f38c - <alloc[2e1b2a31b91974c5]::vec::Vec<u8> as core[a373ad73a504971]::io::write::Write>::write_fmt
[INFO] [stdout]    3:     0x635323d45b36 - std[617be2ca0a6fd877]::panicking::default_hook::{closure#0}
[INFO] [stdout]    4:     0x635323d62839 - std[617be2ca0a6fd877]::panicking::default_hook
[INFO] [stdout]    5:     0x635323a51570 - test[aada8e7e76ba119b]::test_main_inner::{closure#0}
[INFO] [stdout]    6:     0x635323d62b62 - std[617be2ca0a6fd877]::panicking::panic_with_hook
[INFO] [stdout]    7:     0x635323d45c14 - std[617be2ca0a6fd877]::panicking::panic_handler::{closure#0}
[INFO] [stdout]    8:     0x635323d3e819 - std[617be2ca0a6fd877]::sys::backtrace::__rust_end_short_backtrace::<std[617be2ca0a6fd877]::panicking::panic_handler::{closure#0}, !>
[INFO] [stdout]    9:     0x635323d469dd - __rustc[ea4f61d10b84890b]::rust_begin_unwind
[INFO] [stdout]   10:     0x635323d8208c - core[a373ad73a504971]::panicking::panic_fmt
[INFO] [stdout]   11:     0x635323a91809 - tokio[fb1469eb558fc1b3]::runtime::context::runtime::enter_runtime::<<tokio[fb1469eb558fc1b3]::runtime::scheduler::current_thread::CurrentThread>::block_on<<mockito[f547bdd5c0a96a27]::server::Server>::try_new::{closure#0}>::{closure#0}, core[a373ad73a504971]::result::Result<mockito[f547bdd5c0a96a27]::server_pool::ServerGuard, mockito[f547bdd5c0a96a27]::error::Error>>
[INFO] [stdout]   12:     0x635323a853ef - <tokio[fb1469eb558fc1b3]::runtime::runtime::Runtime>::block_on::<<mockito[f547bdd5c0a96a27]::server::Server>::try_new::{closure#0}>
[INFO] [stdout]   13:     0x635323acdacc - <mockito[f547bdd5c0a96a27]::server::Server>::new
[INFO] [stdout]   14:     0x635323a316de - govee_api[fa5ba39550f8794e]::tests::api::tests::test_get_devices::{closure#0}
[INFO] [stdout]   15:     0x635323a41ac3 - <tokio[fb1469eb558fc1b3]::runtime::scheduler::current_thread::Context>::enter::<core[a373ad73a504971]::task::poll::Poll<()>, <tokio[fb1469eb558fc1b3]::runtime::scheduler::current_thread::CoreGuard>::block_on<core[a373ad73a504971]::pin::Pin<&mut core[a373ad73a504971]::pin::Pin<&mut dyn core[a373ad73a504971]::future::future::Future<Output = ()>>>>::{closure#0}::{closure#0}>
[INFO] [stdout]   16:     0x635323a42eb9 - <std[617be2ca0a6fd877]::thread::local::LocalKey<tokio[fb1469eb558fc1b3]::runtime::context::Context>>::with::<tokio[fb1469eb558fc1b3]::runtime::context::set_scheduler<(alloc[2e1b2a31b91974c5]::boxed::Box<tokio[fb1469eb558fc1b3]::runtime::scheduler::current_thread::Core>, core[a373ad73a504971]::option::Option<()>), <tokio[fb1469eb558fc1b3]::runtime::scheduler::current_thread::CoreGuard>::enter<<tokio[fb1469eb558fc1b3]::runtime::scheduler::current_thread::CoreGuard>::block_on<core[a373ad73a504971]::pin::Pin<&mut core[a373ad73a504971]::pin::Pin<&mut dyn core[a373ad73a504971]::future::future::Future<Output = ()>>>>::{closure#0}, core[a373ad73a504971]::option::Option<()>>::{closure#0}>::{closure#0}, (alloc[2e1b2a31b91974c5]::boxed::Box<tokio[fb1469eb558fc1b3]::runtime::scheduler::current_thread::Core>, core[a373ad73a504971]::option::Option<()>)>
[INFO] [stdout]   17:     0x635323a41c47 - <tokio[fb1469eb558fc1b3]::runtime::scheduler::current_thread::CoreGuard>::block_on::<core[a373ad73a504971]::pin::Pin<&mut core[a373ad73a504971]::pin::Pin<&mut dyn core[a373ad73a504971]::future::future::Future<Output = ()>>>>
[INFO] [stdout]   18:     0x635323a3e02b - tokio[fb1469eb558fc1b3]::runtime::context::runtime::enter_runtime::<<tokio[fb1469eb558fc1b3]::runtime::scheduler::current_thread::CurrentThread>::block_on<core[a373ad73a504971]::pin::Pin<&mut dyn core[a373ad73a504971]::future::future::Future<Output = ()>>>::{closure#0}, ()>
[INFO] [stdout]   19:     0x635323a3b325 - <tokio[fb1469eb558fc1b3]::runtime::runtime::Runtime>::block_on::<core[a373ad73a504971]::pin::Pin<&mut dyn core[a373ad73a504971]::future::future::Future<Output = ()>>>
[INFO] [stdout]   20:     0x635323a3417e - <govee_api[fa5ba39550f8794e]::tests::api::tests::test_get_devices::{closure#0} as core[a373ad73a504971]::ops::function::FnOnce<()>>::call_once
[INFO] [stdout]   21:     0x635323a449bb - test[aada8e7e76ba119b]::__rust_begin_short_backtrace::<core[a373ad73a504971]::result::Result<(), alloc[2e1b2a31b91974c5]::string::String>, fn() -> core[a373ad73a504971]::result::Result<(), alloc[2e1b2a31b91974c5]::string::String>>
[INFO] [stdout]   22:     0x635323a51b95 - test[aada8e7e76ba119b]::run_test::{closure#0}
[INFO] [stdout]   23:     0x635323a4b484 - std[617be2ca0a6fd877]::sys::backtrace::__rust_begin_short_backtrace::<test[aada8e7e76ba119b]::run_test::{closure#1}, ()>
[INFO] [stdout]   24:     0x635323a54c22 - <std[617be2ca0a6fd877]::thread::lifecycle::spawn_unchecked<test[aada8e7e76ba119b]::run_test::{closure#1}, ()>::{closure#1} as core[a373ad73a504971]::ops::function::FnOnce<()>>::call_once::{shim:vtable#0}
[INFO] [stdout]   25:     0x635323d69e0f - <std[617be2ca0a6fd877]::sys::thread::unix::Thread>::new::thread_start
[INFO] [stdout]   26:     0x7ec85a401dfa - <unknown>
[INFO] [stdout]   27:     0x7ec85a4953d4 - clone
[INFO] [stdout]   28:                0x0 - <unknown>
[INFO] [stdout] 
[INFO] [stdout] ---- tests::api::tests::test_control_device stdout ----
[INFO] [stdout] 
[INFO] [stdout] thread 'tests::api::tests::test_control_device' (833) panicked at src/tests/api.rs:16:26:
[INFO] [stdout] Cannot start a runtime from within a runtime. This happens because a function (like `block_on`) attempted to block the current thread while the thread is being used to drive asynchronous tasks.
[INFO] [stdout] stack backtrace:
[INFO] [stdout]    0:     0x635323d6a961 - <<std[617be2ca0a6fd877]::sys::backtrace::BacktraceLock>::print::DisplayBacktrace as core[a373ad73a504971]::fmt::Display>::fmt
[INFO] [stdout]    1:     0x635323d818aa - core[a373ad73a504971]::fmt::write
[INFO] [stdout]    2:     0x635323d6f38c - <alloc[2e1b2a31b91974c5]::vec::Vec<u8> as core[a373ad73a504971]::io::write::Write>::write_fmt
[INFO] [stdout]    3:     0x635323d45b36 - std[617be2ca0a6fd877]::panicking::default_hook::{closure#0}
[INFO] [stdout]    4:     0x635323d62839 - std[617be2ca0a6fd877]::panicking::default_hook
[INFO] [stdout]    5:     0x635323a51570 - test[aada8e7e76ba119b]::test_main_inner::{closure#0}
[INFO] [stdout]    6:     0x635323d62b62 - std[617be2ca0a6fd877]::panicking::panic_with_hook
[INFO] [stdout]    7:     0x635323d45c14 - std[617be2ca0a6fd877]::panicking::panic_handler::{closure#0}
[INFO] [stdout]    8:     0x635323d3e819 - std[617be2ca0a6fd877]::sys::backtrace::__rust_end_short_backtrace::<std[617be2ca0a6fd877]::panicking::panic_handler::{closure#0}, !>
[INFO] [stdout]    9:     0x635323d469dd - __rustc[ea4f61d10b84890b]::rust_begin_unwind
[INFO] [stdout]   10:     0x635323d8208c - core[a373ad73a504971]::panicking::panic_fmt
[INFO] [stdout]   11:     0x635323a91809 - tokio[fb1469eb558fc1b3]::runtime::context::runtime::enter_runtime::<<tokio[fb1469eb558fc1b3]::runtime::scheduler::current_thread::CurrentThread>::block_on<<mockito[f547bdd5c0a96a27]::server::Server>::try_new::{closure#0}>::{closure#0}, core[a373ad73a504971]::result::Result<mockito[f547bdd5c0a96a27]::server_pool::ServerGuard, mockito[f547bdd5c0a96a27]::error::Error>>
[INFO] [stdout]   12:     0x635323a853ef - <tokio[fb1469eb558fc1b3]::runtime::runtime::Runtime>::block_on::<<mockito[f547bdd5c0a96a27]::server::Server>::try_new::{closure#0}>
[INFO] [stdout]   13:     0x635323acdacc - <mockito[f547bdd5c0a96a27]::server::Server>::new
[INFO] [stdout]   14:     0x635323a320e5 - govee_api[fa5ba39550f8794e]::tests::api::tests::test_control_device::{closure#0}
[INFO] [stdout]   15:     0x635323a41ac3 - <tokio[fb1469eb558fc1b3]::runtime::scheduler::current_thread::Context>::enter::<core[a373ad73a504971]::task::poll::Poll<()>, <tokio[fb1469eb558fc1b3]::runtime::scheduler::current_thread::CoreGuard>::block_on<core[a373ad73a504971]::pin::Pin<&mut core[a373ad73a504971]::pin::Pin<&mut dyn core[a373ad73a504971]::future::future::Future<Output = ()>>>>::{closure#0}::{closure#0}>
[INFO] [stdout]   16:     0x635323a42eb9 - <std[617be2ca0a6fd877]::thread::local::LocalKey<tokio[fb1469eb558fc1b3]::runtime::context::Context>>::with::<tokio[fb1469eb558fc1b3]::runtime::context::set_scheduler<(alloc[2e1b2a31b91974c5]::boxed::Box<tokio[fb1469eb558fc1b3]::runtime::scheduler::current_thread::Core>, core[a373ad73a504971]::option::Option<()>), <tokio[fb1469eb558fc1b3]::runtime::scheduler::current_thread::CoreGuard>::enter<<tokio[fb1469eb558fc1b3]::runtime::scheduler::current_thread::CoreGuard>::block_on<core[a373ad73a504971]::pin::Pin<&mut core[a373ad73a504971]::pin::Pin<&mut dyn core[a373ad73a504971]::future::future::Future<Output = ()>>>>::{closure#0}, core[a373ad73a504971]::option::Option<()>>::{closure#0}>::{closure#0}, (alloc[2e1b2a31b91974c5]::boxed::Box<tokio[fb1469eb558fc1b3]::runtime::scheduler::current_thread::Core>, core[a373ad73a504971]::option::Option<()>)>
[INFO] [stdout]   17:     0x635323a41c47 - <tokio[fb1469eb558fc1b3]::runtime::scheduler::current_thread::CoreGuard>::block_on::<core[a373ad73a504971]::pin::Pin<&mut core[a373ad73a504971]::pin::Pin<&mut dyn core[a373ad73a504971]::future::future::Future<Output = ()>>>>
[INFO] [stdout]   18:     0x635323a3e02b - tokio[fb1469eb558fc1b3]::runtime::context::runtime::enter_runtime::<<tokio[fb1469eb558fc1b3]::runtime::scheduler::current_thread::CurrentThread>::block_on<core[a373ad73a504971]::pin::Pin<&mut dyn core[a373ad73a504971]::future::future::Future<Output = ()>>>::{closure#0}, ()>
[INFO] [stdout]   19:     0x635323a3b325 - <tokio[fb1469eb558fc1b3]::runtime::runtime::Runtime>::block_on::<core[a373ad73a504971]::pin::Pin<&mut dyn core[a373ad73a504971]::future::future::Future<Output = ()>>>
[INFO] [stdout]   20:     0x635323a342de - <govee_api[fa5ba39550f8794e]::tests::api::tests::test_control_device::{closure#0} as core[a373ad73a504971]::ops::function::FnOnce<()>>::call_once
[INFO] [stdout]   21:     0x635323a449bb - test[aada8e7e76ba119b]::__rust_begin_short_backtrace::<core[a373ad73a504971]::result::Result<(), alloc[2e1b2a31b91974c5]::string::String>, fn() -> core[a373ad73a504971]::result::Result<(), alloc[2e1b2a31b91974c5]::string::String>>
[INFO] [stdout]   22:     0x635323a51b95 - test[aada8e7e76ba119b]::run_test::{closure#0}
[INFO] [stdout]   23:     0x635323a4b484 - std[617be2ca0a6fd877]::sys::backtrace::__rust_begin_short_backtrace::<test[aada8e7e76ba119b]::run_test::{closure#1}, ()>
[INFO] [stdout]   24:     0x635323a54c22 - <std[617be2ca0a6fd877]::thread::lifecycle::spawn_unchecked<test[aada8e7e76ba119b]::run_test::{closure#1}, ()>::{closure#1} as core[a373ad73a504971]::ops::function::FnOnce<()>>::call_once::{shim:vtable#0}
[INFO] [stdout]   25:     0x635323d69e0f - <std[617be2ca0a6fd877]::sys::thread::unix::Thread>::new::thread_start
[INFO] [stdout]   26:     0x7ec85a401dfa - <unknown>
[INFO] [stdout]   27:     0x7ec85a4953d4 - clone
[INFO] [stdout]   28:                0x0 - <unknown>
[INFO] [stdout] 
[INFO] [stdout] ---- tests::api::tests::test_get_appliances stdout ----
[INFO] [stdout] 
[INFO] [stdout] thread 'tests::api::tests::test_get_appliances' (834) panicked at src/tests/api.rs:122:26:
[INFO] [stdout] Cannot start a runtime from within a runtime. This happens because a function (like `block_on`) attempted to block the current thread while the thread is being used to drive asynchronous tasks.
[INFO] [stdout] stack backtrace:
[INFO] [stdout]    0:     0x635323d6a961 - <<std[617be2ca0a6fd877]::sys::backtrace::BacktraceLock>::print::DisplayBacktrace as core[a373ad73a504971]::fmt::Display>::fmt
[INFO] [stdout]    1:     0x635323d818aa - core[a373ad73a504971]::fmt::write
[INFO] [stdout]    2:     0x635323d6f38c - <alloc[2e1b2a31b91974c5]::vec::Vec<u8> as core[a373ad73a504971]::io::write::Write>::write_fmt
[INFO] [stdout]    3:     0x635323d45b36 - std[617be2ca0a6fd877]::panicking::default_hook::{closure#0}
[INFO] [stdout]    4:     0x635323d62839 - std[617be2ca0a6fd877]::panicking::default_hook
[INFO] [stdout]    5:     0x635323a51570 - test[aada8e7e76ba119b]::test_main_inner::{closure#0}
[INFO] [stdout]    6:     0x635323d62b62 - std[617be2ca0a6fd877]::panicking::panic_with_hook
[INFO] [stdout]    7:     0x635323d45c14 - std[617be2ca0a6fd877]::panicking::panic_handler::{closure#0}
[INFO] [stdout]    8:     0x635323d3e819 - std[617be2ca0a6fd877]::sys::backtrace::__rust_end_short_backtrace::<std[617be2ca0a6fd877]::panicking::panic_handler::{closure#0}, !>
[INFO] [stdout]    9:     0x635323d469dd - __rustc[ea4f61d10b84890b]::rust_begin_unwind
[INFO] [stdout]   10:     0x635323d8208c - core[a373ad73a504971]::panicking::panic_fmt
[INFO] [stdout]   11:     0x635323a91809 - tokio[fb1469eb558fc1b3]::runtime::context::runtime::enter_runtime::<<tokio[fb1469eb558fc1b3]::runtime::scheduler::current_thread::CurrentThread>::block_on<<mockito[f547bdd5c0a96a27]::server::Server>::try_new::{closure#0}>::{closure#0}, core[a373ad73a504971]::result::Result<mockito[f547bdd5c0a96a27]::server_pool::ServerGuard, mockito[f547bdd5c0a96a27]::error::Error>>
[INFO] [stdout]   12:     0x635323a853ef - <tokio[fb1469eb558fc1b3]::runtime::runtime::Runtime>::block_on::<<mockito[f547bdd5c0a96a27]::server::Server>::try_new::{closure#0}>
[INFO] [stdout]   13:     0x635323acdacc - <mockito[f547bdd5c0a96a27]::server::Server>::new
[INFO] [stdout]   14:     0x635323a32c4e - govee_api[fa5ba39550f8794e]::tests::api::tests::test_get_appliances::{closure#0}
[INFO] [stdout]   15:     0x635323a41ac3 - <tokio[fb1469eb558fc1b3]::runtime::scheduler::current_thread::Context>::enter::<core[a373ad73a504971]::task::poll::Poll<()>, <tokio[fb1469eb558fc1b3]::runtime::scheduler::current_thread::CoreGuard>::block_on<core[a373ad73a504971]::pin::Pin<&mut core[a373ad73a504971]::pin::Pin<&mut dyn core[a373ad73a504971]::future::future::Future<Output = ()>>>>::{closure#0}::{closure#0}>
[INFO] [stdout]   16:     0x635323a42eb9 - <std[617be2ca0a6fd877]::thread::local::LocalKey<tokio[fb1469eb558fc1b3]::runtime::context::Context>>::with::<tokio[fb1469eb558fc1b3]::runtime::context::set_scheduler<(alloc[2e1b2a31b91974c5]::boxed::Box<tokio[fb1469eb558fc1b3]::runtime::scheduler::current_thread::Core>, core[a373ad73a504971]::option::Option<()>), <tokio[fb1469eb558fc1b3]::runtime::scheduler::current_thread::CoreGuard>::enter<<tokio[fb1469eb558fc1b3]::runtime::scheduler::current_thread::CoreGuard>::block_on<core[a373ad73a504971]::pin::Pin<&mut core[a373ad73a504971]::pin::Pin<&mut dyn core[a373ad73a504971]::future::future::Future<Output = ()>>>>::{closure#0}, core[a373ad73a504971]::option::Option<()>>::{closure#0}>::{closure#0}, (alloc[2e1b2a31b91974c5]::boxed::Box<tokio[fb1469eb558fc1b3]::runtime::scheduler::current_thread::Core>, core[a373ad73a504971]::option::Option<()>)>
[INFO] [stdout]   17:     0x635323a41c47 - <tokio[fb1469eb558fc1b3]::runtime::scheduler::current_thread::CoreGuard>::block_on::<core[a373ad73a504971]::pin::Pin<&mut core[a373ad73a504971]::pin::Pin<&mut dyn core[a373ad73a504971]::future::future::Future<Output = ()>>>>
[INFO] [stdout]   18:     0x635323a3e02b - tokio[fb1469eb558fc1b3]::runtime::context::runtime::enter_runtime::<<tokio[fb1469eb558fc1b3]::runtime::scheduler::current_thread::CurrentThread>::block_on<core[a373ad73a504971]::pin::Pin<&mut dyn core[a373ad73a504971]::future::future::Future<Output = ()>>>::{closure#0}, ()>
[INFO] [stdout]   19:     0x635323a3b325 - <tokio[fb1469eb558fc1b3]::runtime::runtime::Runtime>::block_on::<core[a373ad73a504971]::pin::Pin<&mut dyn core[a373ad73a504971]::future::future::Future<Output = ()>>>
[INFO] [stdout]   20:     0x635323a3443e - <govee_api[fa5ba39550f8794e]::tests::api::tests::test_get_appliances::{closure#0} as core[a373ad73a504971]::ops::function::FnOnce<()>>::call_once
[INFO] [stdout]   21:     0x635323a449bb - test[aada8e7e76ba119b]::__rust_begin_short_backtrace::<core[a373ad73a504971]::result::Result<(), alloc[2e1b2a31b91974c5]::string::String>, fn() -> core[a373ad73a504971]::result::Result<(), alloc[2e1b2a31b91974c5]::string::String>>
[INFO] [stdout]   22:     0x635323a51b95 - test[aada8e7e76ba119b]::run_test::{closure#0}
[INFO] [stdout]   23:     0x635323a4b484 - std[617be2ca0a6fd877]::sys::backtrace::__rust_begin_short_backtrace::<test[aada8e7e76ba119b]::run_test::{closure#1}, ()>
[INFO] [stdout]   24:     0x635323a54c22 - <std[617be2ca0a6fd877]::thread::lifecycle::spawn_unchecked<test[aada8e7e76ba119b]::run_test::{closure#1}, ()>::{closure#1} as core[a373ad73a504971]::ops::function::FnOnce<()>>::call_once::{shim:vtable#0}
[INFO] [stdout]   25:     0x635323d69e0f - <std[617be2ca0a6fd877]::sys::thread::unix::Thread>::new::thread_start
[INFO] [stdout]   26:     0x7ec85a401dfa - <unknown>
[INFO] [stdout]   27:     0x7ec85a4953d4 - clone
[INFO] [stdout]   28:                0x0 - <unknown>
[INFO] [stdout] 
[INFO] [stdout] 
[INFO] [stdout] failures:
[INFO] [stdout]     tests::api::tests::test_control_appliance
[INFO] [stdout]     tests::api::tests::test_control_device
[INFO] [stdout]     tests::api::tests::test_get_appliances
[INFO] [stdout]     tests::api::tests::test_get_devices
[INFO] [stdout] 
[INFO] [stdout] test result: FAILED. 0 passed; 4 failed; 0 ignored; 0 measured; 0 filtered out; finished in 0.01s
[INFO] [stdout] 
[INFO] [stderr] error: test failed, to rerun pass `--lib`
[INFO] running `Command { std: "docker" "inspect" "dd67f4adc8f429528844ed37a9b951d0a50c3aecfc1a28e695ceff1bb6641050", kill_on_drop: false }`
[INFO] running `Command { std: "docker" "rm" "-f" "dd67f4adc8f429528844ed37a9b951d0a50c3aecfc1a28e695ceff1bb6641050", kill_on_drop: false }`
[INFO] [stdout] dd67f4adc8f429528844ed37a9b951d0a50c3aecfc1a28e695ceff1bb6641050
