[INFO] fetching crate gotemplate 0.1.0...
[INFO] testing gotemplate-0.1.0 against 1.100.0-beta.1+cargoflags=--release for beta-release-1.100-2
[INFO] extracting crate gotemplate 0.1.0 into /workspace/builds/worker-3-tc2/source
[INFO] started tweaking crates.io crate gotemplate 0.1.0
[INFO] finished tweaking crates.io crate gotemplate 0.1.0
[INFO] tweaked toml for crates.io crate gotemplate 0.1.0 written to /workspace/builds/worker-3-tc2/source/Cargo.toml
[INFO] validating manifest of crates.io crate gotemplate 0.1.0 on toolchain 1.100.0-beta.1
[INFO] running `Command { std: CARGO_HOME="/workspace/cargo-home" RUSTUP_HOME="/workspace/rustup-home" "/workspace/cargo-home/bin/cargo" "+1.100.0-beta.1" "metadata" "--manifest-path" "Cargo.toml" "--no-deps", kill_on_drop: false }`
[INFO] crate crates.io crate gotemplate 0.1.0 already has a lockfile, it will not be regenerated
[INFO] running `Command { std: CARGO_HOME="/workspace/cargo-home" RUSTUP_HOME="/workspace/rustup-home" "/workspace/cargo-home/bin/cargo" "+1.100.0-beta.1" "fetch" "--manifest-path" "Cargo.toml", kill_on_drop: false }`
[INFO] running `Command { std: "docker" "create" "-v" "/var/lib/crater-agent-workspace/builds/worker-3-tc2/source:/opt/rustwide/workdir:ro,Z" "-v" "/var/lib/crater-agent-workspace/builds/worker-3-tc2/target:/opt/rustwide/target:rw,Z" "-v" "/var/lib/crater-agent-workspace/cargo-home:/opt/rustwide/cargo-home:ro,Z" "-v" "/var/lib/crater-agent-workspace/rustup-home:/opt/rustwide/rustup-home:ro,Z" "-m" "1610612736" "--network" "none" "ghcr.io/rust-lang/crates-build-env/linux@sha256:77db811e55d90add9212f6832c23229e3de5f1c1f9905e8cb07319ea15df73ac" "sleep" "infinity", kill_on_drop: false }`
[INFO] [stdout] c4b07c987ad4bafa515137fd09defae2e471159cd9b198deea02e9bdb1e6dceb
[INFO] running `Command { std: "docker" "start" "c4b07c987ad4bafa515137fd09defae2e471159cd9b198deea02e9bdb1e6dceb", kill_on_drop: false }`
[INFO] running `Command { std: "docker" "inspect" "c4b07c987ad4bafa515137fd09defae2e471159cd9b198deea02e9bdb1e6dceb", kill_on_drop: false }`
[INFO] running `Command { std: "docker" "exec" "-e" "SOURCE_DIR=/opt/rustwide/workdir" "-e" "CARGO_HOME=/opt/rustwide/cargo-home" "-e" "RUSTUP_HOME=/opt/rustwide/rustup-home" "-e" "CARGO_TARGET_DIR=/opt/rustwide/target" "-w" "/opt/rustwide/workdir" "--user" "0:0" "c4b07c987ad4bafa515137fd09defae2e471159cd9b198deea02e9bdb1e6dceb" "/opt/rustwide/cargo-home/bin/cargo" "+1.100.0-beta.1" "metadata" "--no-deps" "--format-version=1", kill_on_drop: false }`
[INFO] running `Command { std: "docker" "inspect" "c4b07c987ad4bafa515137fd09defae2e471159cd9b198deea02e9bdb1e6dceb", kill_on_drop: false }`
[INFO] running `Command { std: "docker" "exec" "-e" "SOURCE_DIR=/opt/rustwide/workdir" "-e" "CARGO_HOME=/opt/rustwide/cargo-home" "-e" "RUSTUP_HOME=/opt/rustwide/rustup-home" "-e" "CARGO_TARGET_DIR=/opt/rustwide/target" "-e" "CARGO_INCREMENTAL=0" "-e" "RUST_BACKTRACE=full" "-e" "RUSTFLAGS=--cap-lints=warn" "-e" "RUSTDOCFLAGS=--cap-lints=warn" "-w" "/opt/rustwide/workdir" "--user" "0:0" "c4b07c987ad4bafa515137fd09defae2e471159cd9b198deea02e9bdb1e6dceb" "/opt/rustwide/cargo-home/bin/cargo" "+1.100.0-beta.1" "build" "--frozen" "--message-format=json" "--release", kill_on_drop: false }`
[INFO] [stderr]    Compiling syn v3.0.3
[INFO] [stderr]    Compiling thiserror-impl v2.0.20
[INFO] [stderr]    Compiling thiserror v2.0.20
[INFO] [stderr]    Compiling gotemplate v0.1.0 (/opt/rustwide/workdir)
[INFO] [stderr]     Finished `release` profile [optimized] target(s) in 10.17s
[INFO] running `Command { std: "docker" "inspect" "c4b07c987ad4bafa515137fd09defae2e471159cd9b198deea02e9bdb1e6dceb", kill_on_drop: false }`
[INFO] running `Command { std: "docker" "exec" "-e" "SOURCE_DIR=/opt/rustwide/workdir" "-e" "CARGO_HOME=/opt/rustwide/cargo-home" "-e" "RUSTUP_HOME=/opt/rustwide/rustup-home" "-e" "CARGO_TARGET_DIR=/opt/rustwide/target" "-e" "CARGO_INCREMENTAL=0" "-e" "RUST_BACKTRACE=full" "-e" "RUSTFLAGS=--cap-lints=warn" "-e" "RUSTDOCFLAGS=--cap-lints=warn" "-w" "/opt/rustwide/workdir" "--user" "0:0" "c4b07c987ad4bafa515137fd09defae2e471159cd9b198deea02e9bdb1e6dceb" "/opt/rustwide/cargo-home/bin/cargo" "+1.100.0-beta.1" "test" "--frozen" "--no-run" "--message-format=json" "--release", kill_on_drop: false }`
[INFO] [stderr]    Compiling serde_core v1.0.229
[INFO] [stderr]    Compiling serde_json v1.0.151
[INFO] [stderr]    Compiling gotemplate v0.1.0 (/opt/rustwide/workdir)
[INFO] [stderr]     Finished `release` profile [optimized] target(s) in 13.61s
[INFO] running `Command { std: "docker" "inspect" "c4b07c987ad4bafa515137fd09defae2e471159cd9b198deea02e9bdb1e6dceb", kill_on_drop: false }`
[INFO] running `Command { std: "docker" "exec" "-e" "SOURCE_DIR=/opt/rustwide/workdir" "-e" "CARGO_HOME=/opt/rustwide/cargo-home" "-e" "RUSTUP_HOME=/opt/rustwide/rustup-home" "-e" "CARGO_TARGET_DIR=/opt/rustwide/target" "-e" "CARGO_INCREMENTAL=0" "-e" "RUST_BACKTRACE=full" "-e" "RUSTFLAGS=--cap-lints=warn" "-e" "RUSTDOCFLAGS=--cap-lints=warn" "-w" "/opt/rustwide/workdir" "--user" "0:0" "c4b07c987ad4bafa515137fd09defae2e471159cd9b198deea02e9bdb1e6dceb" "/opt/rustwide/cargo-home/bin/cargo" "+1.100.0-beta.1" "test" "--frozen" "--release", kill_on_drop: false }`
[INFO] [stderr]     Finished `release` profile [optimized] target(s) in 0.05s
[INFO] [stderr]      Running unittests src/lib.rs (/opt/rustwide/target/release/build/gotemplate/5d81aa73d227b24d/out/gotemplate-5d81aa73d227b24d)
[INFO] [stdout] 
[INFO] [stdout] running 53 tests
[INFO] [stdout] test exec::tests::unexported_field_is_an_error ... ok
[INFO] [stdout] test funcs::tests::index_and_len ... ok
[INFO] [stdout] test funcs::tests::escapers ... ok
[INFO] [stdout] test go_parity::html_escaper_corpus ... FAILED
[INFO] [stdout] test html::attr::tests::attr_types ... ok
[INFO] [stdout] test html::content::tests::stringify_rules ... ok
[INFO] [stdout] test fmt::tests::sprint_spacing ... ok
[INFO] [stdout] test html::css::tests::filters ... ok
[INFO] [stdout] test html::entity::tests::named_numeric_and_prefix ... ok
[INFO] [stdout] test html::error::tests::error_forms ... ok
[INFO] [stdout] test html::escape::tests::ensure_pipeline_merges_predefined_escapers ... ok
[INFO] [stdout] test html::html::tests::strip ... ok
[INFO] [stdout] test html::js::tests::escapers ... ok
[INFO] [stdout] test fmt::tests::sprintf_verbs ... ok
[INFO] [stdout] test go_parity::text_corpus ... FAILED
[INFO] [stdout] test go_parity::mattermost_templates ... FAILED
[INFO] [stdout] test go_parity::text_corpus_through_html_template ... FAILED
[INFO] [stdout] test funcs::tests::comparisons ... ok
[INFO] [stdout] test html::context::tests::display_and_eq ... ok
[INFO] [stdout] test fmt::tests::containers ... ok
[INFO] [stdout] test html::template::tests::errors_are_sticky ... ok
[INFO] [stdout] test html::js::tests::js_ctx_heuristic ... ok
[INFO] [stdout] test html::context::tests::mangle_names_every_non_default_field ... ok
[INFO] [stdout] test parse::lex::tests::trim_markers_and_numbers ... ok
[INFO] [stdout] test html::url::tests::normalize_and_escape ... ok
[INFO] [stdout] test parse::lex::tests::errors ... ok
[INFO] [stdout] test go_parity::fixture_is_populated ... FAILED
[INFO] [stdout] test html::escape::tests::special_script_tags ... ok
[INFO] [stdout] test go_parity::html_unescape_string ... FAILED
[INFO] [stdout] test html::transition::tests::js_slash ... ok
[INFO] [stdout] test html::css::tests::decode ... ok
[INFO] [stdout] test html::html::tests::escapers ... ok
[INFO] [stdout] test html::url::tests::filter ... ok
[INFO] [stdout] test html::json::tests::floats_and_strings ... ok
[INFO] [stdout] test html::transition::tests::tag_end_index ... ok
[INFO] [stdout] test html::template::tests::escapes_by_context ... ok
[INFO] [stdout] test html::transition::tests::text_finds_tags_and_comments ... ok
[INFO] [stdout] test html::json::tests::containers ... ok
[INFO] [stdout] test parse::parse::tests::round_trips_through_string ... ok
[INFO] [stdout] test parse::parse::tests::error_messages ... ok
[INFO] [stdout] test parse::parse::tests::numbers ... ok
[INFO] [stdout] test strconv::tests::unquote_branches ... ok
[INFO] [stdout] test value::tests::content_types ... ok
[INFO] [stdout] test parse::node::tests::empty_tree_is_space_and_comments ... ok
[INFO] [stdout] test rv::tests::truthiness ... ok
[INFO] [stdout] test value::tests::go_type_names ... ok
[INFO] [stdout] test parse::node::tests::error_location_counts_lines_and_bytes ... ok
[INFO] [stdout] test strconv::tests::number_parsers ... ok
[INFO] [stdout] test strconv::tests::quote_matches_go_spellings ... ok
[INFO] [stdout] test text::tests::define_and_execute ... ok
[INFO] [stdout] test strconv::tests::float_formats ... ok
[INFO] [stdout] test text::tests::empty_redefinition_keeps_body ... ok
[INFO] [stdout] test rv::tests::indirect_stops_at_nil ... ok
[INFO] [stdout] 
[INFO] [stdout] failures:
[INFO] [stdout] 
[INFO] [stdout] ---- go_parity::html_escaper_corpus stdout ----
[INFO] [stdout] 
[INFO] [stdout] thread 'go_parity::html_escaper_corpus' (337) panicked at src/go_parity.rs:32:66:
[INFO] [stdout] /opt/rustwide/workdir/../../fixtures/behaviour_gotemplate.json: No such file or directory (os error 2)
[INFO] [stdout] stack backtrace:
[INFO] [stdout]    0:     0x5d5520a42221 - <<std[617be2ca0a6fd877]::sys::backtrace::BacktraceLock>::print::DisplayBacktrace as core[a373ad73a504971]::fmt::Display>::fmt
[INFO] [stdout]    1:     0x5d5520a58daa - core[a373ad73a504971]::fmt::write
[INFO] [stdout]    2:     0x5d5520a4672c - <alloc[2e1b2a31b91974c5]::vec::Vec<u8> as core[a373ad73a504971]::io::write::Write>::write_fmt
[INFO] [stdout]    3:     0x5d5520a1de66 - std[617be2ca0a6fd877]::panicking::default_hook::{closure#0}
[INFO] [stdout]    4:     0x5d5520a3a349 - std[617be2ca0a6fd877]::panicking::default_hook
[INFO] [stdout]    5:     0x5d55209cf250 - test[aada8e7e76ba119b]::test_main_inner::{closure#0}
[INFO] [stdout]    6:     0x5d5520a3a502 - std[617be2ca0a6fd877]::panicking::panic_with_hook
[INFO] [stdout]    7:     0x5d5520a1df12 - std[617be2ca0a6fd877]::panicking::panic_handler::{closure#0}
[INFO] [stdout]    8:     0x5d5520a169f9 - std[617be2ca0a6fd877]::sys::backtrace::__rust_end_short_backtrace::<std[617be2ca0a6fd877]::panicking::panic_handler::{closure#0}, !>
[INFO] [stdout]    9:     0x5d5520a1eb1d - __rustc[ea4f61d10b84890b]::rust_begin_unwind
[INFO] [stdout]   10:     0x5d5520a5950c - core[a373ad73a504971]::panicking::panic_fmt
[INFO] [stdout]   11:     0x5d5520963249 - gotemplate[ac62c69e5bf1c3a1]::go_parity::fixture::{closure#0}
[INFO] [stdout]   12:     0x5d55209658eb - gotemplate[ac62c69e5bf1c3a1]::go_parity::fixture
[INFO] [stdout]   13:     0x5d5520967fb7 - <gotemplate[ac62c69e5bf1c3a1]::go_parity::html_escaper_corpus::{closure#0} as core[a373ad73a504971]::ops::function::FnOnce<()>>::call_once
[INFO] [stdout]   14:     0x5d55209c269b - test[aada8e7e76ba119b]::__rust_begin_short_backtrace::<core[a373ad73a504971]::result::Result<(), alloc[2e1b2a31b91974c5]::string::String>, fn() -> core[a373ad73a504971]::result::Result<(), alloc[2e1b2a31b91974c5]::string::String>>
[INFO] [stdout]   15:     0x5d55209cf875 - test[aada8e7e76ba119b]::run_test::{closure#0}
[INFO] [stdout]   16:     0x5d55209c9164 - std[617be2ca0a6fd877]::sys::backtrace::__rust_begin_short_backtrace::<test[aada8e7e76ba119b]::run_test::{closure#1}, ()>
[INFO] [stdout]   17:     0x5d55209d2902 - <std[617be2ca0a6fd877]::thread::lifecycle::spawn_unchecked<test[aada8e7e76ba119b]::run_test::{closure#1}, ()>::{closure#1} as core[a373ad73a504971]::ops::function::FnOnce<()>>::call_once::{shim:vtable#0}
[INFO] [stdout]   18:     0x5d5520a4171f - <std[617be2ca0a6fd877]::sys::thread::unix::Thread>::new::thread_start
[INFO] [stdout]   19:     0x71fbfdd7fdfa - <unknown>
[INFO] [stdout]   20:     0x71fbfde133d4 - clone
[INFO] [stdout]   21:                0x0 - <unknown>
[INFO] [stdout] 
[INFO] [stdout] ---- go_parity::text_corpus stdout ----
[INFO] [stdout] 
[INFO] [stdout] thread 'go_parity::text_corpus' (340) panicked at src/go_parity.rs:32:66:
[INFO] [stdout] /opt/rustwide/workdir/../../fixtures/behaviour_gotemplate.json: No such file or directory (os error 2)
[INFO] [stdout] stack backtrace:
[INFO] [stdout]    0:     0x5d5520a42221 - <<std[617be2ca0a6fd877]::sys::backtrace::BacktraceLock>::print::DisplayBacktrace as core[a373ad73a504971]::fmt::Display>::fmt
[INFO] [stdout]    1:     0x5d5520a58daa - core[a373ad73a504971]::fmt::write
[INFO] [stdout]    2:     0x5d5520a4672c - <alloc[2e1b2a31b91974c5]::vec::Vec<u8> as core[a373ad73a504971]::io::write::Write>::write_fmt
[INFO] [stdout]    3:     0x5d5520a1de66 - std[617be2ca0a6fd877]::panicking::default_hook::{closure#0}
[INFO] [stdout]    4:     0x5d5520a3a349 - std[617be2ca0a6fd877]::panicking::default_hook
[INFO] [stdout]    5:     0x5d55209cf250 - test[aada8e7e76ba119b]::test_main_inner::{closure#0}
[INFO] [stdout]    6:     0x5d5520a3a502 - std[617be2ca0a6fd877]::panicking::panic_with_hook
[INFO] [stdout]    7:     0x5d5520a1df12 - std[617be2ca0a6fd877]::panicking::panic_handler::{closure#0}
[INFO] [stdout]    8:     0x5d5520a169f9 - std[617be2ca0a6fd877]::sys::backtrace::__rust_end_short_backtrace::<std[617be2ca0a6fd877]::panicking::panic_handler::{closure#0}, !>
[INFO] [stdout]    9:     0x5d5520a1eb1d - __rustc[ea4f61d10b84890b]::rust_begin_unwind
[INFO] [stdout]   10:     0x5d5520a5950c - core[a373ad73a504971]::panicking::panic_fmt
[INFO] [stdout]   11:     0x5d5520963249 - gotemplate[ac62c69e5bf1c3a1]::go_parity::fixture::{closure#0}
[INFO] [stdout]   12:     0x5d55209658eb - gotemplate[ac62c69e5bf1c3a1]::go_parity::fixture
[INFO] [stdout]   13:     0x5d5520967f27 - <gotemplate[ac62c69e5bf1c3a1]::go_parity::text_corpus::{closure#0} as core[a373ad73a504971]::ops::function::FnOnce<()>>::call_once
[INFO] [stdout]   14:     0x5d55209c269b - test[aada8e7e76ba119b]::__rust_begin_short_backtrace::<core[a373ad73a504971]::result::Result<(), alloc[2e1b2a31b91974c5]::string::String>, fn() -> core[a373ad73a504971]::result::Result<(), alloc[2e1b2a31b91974c5]::string::String>>
[INFO] [stdout]   15:     0x5d55209cf875 - test[aada8e7e76ba119b]::run_test::{closure#0}
[INFO] [stdout]   16:     0x5d55209c9164 - std[617be2ca0a6fd877]::sys::backtrace::__rust_begin_short_backtrace::<test[aada8e7e76ba119b]::run_test::{closure#1}, ()>
[INFO] [stdout]   17:     0x5d55209d2902 - <std[617be2ca0a6fd877]::thread::lifecycle::spawn_unchecked<test[aada8e7e76ba119b]::run_test::{closure#1}, ()>::{closure#1} as core[a373ad73a504971]::ops::function::FnOnce<()>>::call_once::{shim:vtable#0}
[INFO] [stdout]   18:     0x5d5520a4171f - <std[617be2ca0a6fd877]::sys::thread::unix::Thread>::new::thread_start
[INFO] [stdout]   19:     0x71fbfdd7fdfa - <unknown>
[INFO] [stdout]   20:     0x71fbfde133d4 - clone
[INFO] [stdout]   21:                0x0 - <unknown>
[INFO] [stdout] 
[INFO] [stdout] ---- go_parity::mattermost_templates stdout ----
[INFO] [stdout] 
[INFO] [stdout] thread 'go_parity::mattermost_templates' (339) panicked at src/go_parity.rs:32:66:
[INFO] [stdout] /opt/rustwide/workdir/../../fixtures/behaviour_gotemplate.json: No such file or directory (os error 2)
[INFO] [stdout] stack backtrace:
[INFO] [stdout]    0:     0x5d5520a42221 - <<std[617be2ca0a6fd877]::sys::backtrace::BacktraceLock>::print::DisplayBacktrace as core[a373ad73a504971]::fmt::Display>::fmt
[INFO] [stdout]    1:     0x5d5520a58daa - core[a373ad73a504971]::fmt::write
[INFO] [stdout]    2:     0x5d5520a4672c - <alloc[2e1b2a31b91974c5]::vec::Vec<u8> as core[a373ad73a504971]::io::write::Write>::write_fmt
[INFO] [stdout]    3:     0x5d5520a1de66 - std[617be2ca0a6fd877]::panicking::default_hook::{closure#0}
[INFO] [stdout]    4:     0x5d5520a3a349 - std[617be2ca0a6fd877]::panicking::default_hook
[INFO] [stdout]    5:     0x5d55209cf250 - test[aada8e7e76ba119b]::test_main_inner::{closure#0}
[INFO] [stdout]    6:     0x5d5520a3a502 - std[617be2ca0a6fd877]::panicking::panic_with_hook
[INFO] [stdout]    7:     0x5d5520a1df12 - std[617be2ca0a6fd877]::panicking::panic_handler::{closure#0}
[INFO] [stdout]    8:     0x5d5520a169f9 - std[617be2ca0a6fd877]::sys::backtrace::__rust_end_short_backtrace::<std[617be2ca0a6fd877]::panicking::panic_handler::{closure#0}, !>
[INFO] [stdout]    9:     0x5d5520a1eb1d - __rustc[ea4f61d10b84890b]::rust_begin_unwind
[INFO] [stdout]   10:     0x5d5520a5950c - core[a373ad73a504971]::panicking::panic_fmt
[INFO] [stdout]   11:     0x5d5520963249 - gotemplate[ac62c69e5bf1c3a1]::go_parity::fixture::{closure#0}
[INFO] [stdout]   12:     0x5d55209658eb - gotemplate[ac62c69e5bf1c3a1]::go_parity::fixture
[INFO] [stdout]   13:     0x5d55209685e9 - <gotemplate[ac62c69e5bf1c3a1]::go_parity::mattermost_templates::{closure#0} as core[a373ad73a504971]::ops::function::FnOnce<()>>::call_once
[INFO] [stdout]   14:     0x5d55209c269b - test[aada8e7e76ba119b]::__rust_begin_short_backtrace::<core[a373ad73a504971]::result::Result<(), alloc[2e1b2a31b91974c5]::string::String>, fn() -> core[a373ad73a504971]::result::Result<(), alloc[2e1b2a31b91974c5]::string::String>>
[INFO] [stdout]   15:     0x5d55209cf875 - test[aada8e7e76ba119b]::run_test::{closure#0}
[INFO] [stdout]   16:     0x5d55209c9164 - std[617be2ca0a6fd877]::sys::backtrace::__rust_begin_short_backtrace::<test[aada8e7e76ba119b]::run_test::{closure#1}, ()>
[INFO] [stdout]   17:     0x5d55209d2902 - <std[617be2ca0a6fd877]::thread::lifecycle::spawn_unchecked<test[aada8e7e76ba119b]::run_test::{closure#1}, ()>::{closure#1} as core[a373ad73a504971]::ops::function::FnOnce<()>>::call_once::{shim:vtable#0}
[INFO] [stdout]   18:     0x5d5520a4171f - <std[617be2ca0a6fd877]::sys::thread::unix::Thread>::new::thread_start
[INFO] [stdout]   19:     0x71fbfdd7fdfa - <unknown>
[INFO] [stdout]   20:     0x71fbfde133d4 - clone
[INFO] [stdout]   21:                0x0 - <unknown>
[INFO] [stdout] 
[INFO] [stdout] ---- go_parity::text_corpus_through_html_template stdout ----
[INFO] [stdout] 
[INFO] [stdout] thread 'go_parity::text_corpus_through_html_template' (341) panicked at src/go_parity.rs:32:66:
[INFO] [stdout] /opt/rustwide/workdir/../../fixtures/behaviour_gotemplate.json: No such file or directory (os error 2)
[INFO] [stdout] stack backtrace:
[INFO] [stdout]    0:     0x5d5520a42221 - <<std[617be2ca0a6fd877]::sys::backtrace::BacktraceLock>::print::DisplayBacktrace as core[a373ad73a504971]::fmt::Display>::fmt
[INFO] [stdout]    1:     0x5d5520a58daa - core[a373ad73a504971]::fmt::write
[INFO] [stdout]    2:     0x5d5520a4672c - <alloc[2e1b2a31b91974c5]::vec::Vec<u8> as core[a373ad73a504971]::io::write::Write>::write_fmt
[INFO] [stdout]    3:     0x5d5520a1de66 - std[617be2ca0a6fd877]::panicking::default_hook::{closure#0}
[INFO] [stdout]    4:     0x5d5520a3a349 - std[617be2ca0a6fd877]::panicking::default_hook
[INFO] [stdout]    5:     0x5d55209cf250 - test[aada8e7e76ba119b]::test_main_inner::{closure#0}
[INFO] [stdout]    6:     0x5d5520a3a502 - std[617be2ca0a6fd877]::panicking::panic_with_hook
[INFO] [stdout]    7:     0x5d5520a1df12 - std[617be2ca0a6fd877]::panicking::panic_handler::{closure#0}
[INFO] [stdout]    8:     0x5d5520a169f9 - std[617be2ca0a6fd877]::sys::backtrace::__rust_end_short_backtrace::<std[617be2ca0a6fd877]::panicking::panic_handler::{closure#0}, !>
[INFO] [stdout]    9:     0x5d5520a1eb1d - __rustc[ea4f61d10b84890b]::rust_begin_unwind
[INFO] [stdout]   10:     0x5d5520a5950c - core[a373ad73a504971]::panicking::panic_fmt
[INFO] [stdout]   11:     0x5d5520963249 - gotemplate[ac62c69e5bf1c3a1]::go_parity::fixture::{closure#0}
[INFO] [stdout]   12:     0x5d55209658eb - gotemplate[ac62c69e5bf1c3a1]::go_parity::fixture
[INFO] [stdout]   13:     0x5d5520969297 - <gotemplate[ac62c69e5bf1c3a1]::go_parity::text_corpus_through_html_template::{closure#0} as core[a373ad73a504971]::ops::function::FnOnce<()>>::call_once
[INFO] [stdout]   14:     0x5d55209c269b - test[aada8e7e76ba119b]::__rust_begin_short_backtrace::<core[a373ad73a504971]::result::Result<(), alloc[2e1b2a31b91974c5]::string::String>, fn() -> core[a373ad73a504971]::result::Result<(), alloc[2e1b2a31b91974c5]::string::String>>
[INFO] [stdout]   15:     0x5d55209cf875 - test[aada8e7e76ba119b]::run_test::{closure#0}
[INFO] [stdout]   16:     0x5d55209c9164 - std[617be2ca0a6fd877]::sys::backtrace::__rust_begin_short_backtrace::<test[aada8e7e76ba119b]::run_test::{closure#1}, ()>
[INFO] [stdout]   17:     0x5d55209d2902 - <std[617be2ca0a6fd877]::thread::lifecycle::spawn_unchecked<test[aada8e7e76ba119b]::run_test::{closure#1}, ()>::{closure#1} as core[a373ad73a504971]::ops::function::FnOnce<()>>::call_once::{shim:vtable#0}
[INFO] [stdout]   18:     0x5d5520a4171f - <std[617be2ca0a6fd877]::sys::thread::unix::Thread>::new::thread_start
[INFO] [stdout]   19:     0x71fbfdd7fdfa - <unknown>
[INFO] [stdout]   20:     0x71fbfde133d4 - clone
[INFO] [stdout]   21:                0x0 - <unknown>
[INFO] [stdout] 
[INFO] [stdout] ---- go_parity::fixture_is_populated stdout ----
[INFO] [stdout] 
[INFO] [stdout] thread 'go_parity::fixture_is_populated' (336) panicked at src/go_parity.rs:32:66:
[INFO] [stdout] /opt/rustwide/workdir/../../fixtures/behaviour_gotemplate.json: No such file or directory (os error 2)
[INFO] [stdout] stack backtrace:
[INFO] [stdout]    0:     0x5d5520a42221 - <<std[617be2ca0a6fd877]::sys::backtrace::BacktraceLock>::print::DisplayBacktrace as core[a373ad73a504971]::fmt::Display>::fmt
[INFO] [stdout]    1:     0x5d5520a58daa - core[a373ad73a504971]::fmt::write
[INFO] [stdout]    2:     0x5d5520a4672c - <alloc[2e1b2a31b91974c5]::vec::Vec<u8> as core[a373ad73a504971]::io::write::Write>::write_fmt
[INFO] [stdout]    3:     0x5d5520a1de66 - std[617be2ca0a6fd877]::panicking::default_hook::{closure#0}
[INFO] [stdout]    4:     0x5d5520a3a349 - std[617be2ca0a6fd877]::panicking::default_hook
[INFO] [stdout]    5:     0x5d55209cf250 - test[aada8e7e76ba119b]::test_main_inner::{closure#0}
[INFO] [stdout]    6:     0x5d5520a3a502 - std[617be2ca0a6fd877]::panicking::panic_with_hook
[INFO] [stdout]    7:     0x5d5520a1df12 - std[617be2ca0a6fd877]::panicking::panic_handler::{closure#0}
[INFO] [stdout]    8:     0x5d5520a169f9 - std[617be2ca0a6fd877]::sys::backtrace::__rust_end_short_backtrace::<std[617be2ca0a6fd877]::panicking::panic_handler::{closure#0}, !>
[INFO] [stdout]    9:     0x5d5520a1eb1d - __rustc[ea4f61d10b84890b]::rust_begin_unwind
[INFO] [stdout]   10:     0x5d5520a5950c - core[a373ad73a504971]::panicking::panic_fmt
[INFO] [stdout]   11:     0x5d5520963249 - gotemplate[ac62c69e5bf1c3a1]::go_parity::fixture::{closure#0}
[INFO] [stdout]   12:     0x5d55209658eb - gotemplate[ac62c69e5bf1c3a1]::go_parity::fixture
[INFO] [stdout]   13:     0x5d5520968050 - <gotemplate[ac62c69e5bf1c3a1]::go_parity::fixture_is_populated::{closure#0} as core[a373ad73a504971]::ops::function::FnOnce<()>>::call_once
[INFO] [stdout]   14:     0x5d55209c269b - test[aada8e7e76ba119b]::__rust_begin_short_backtrace::<core[a373ad73a504971]::result::Result<(), alloc[2e1b2a31b91974c5]::string::String>, fn() -> core[a373ad73a504971]::result::Result<(), alloc[2e1b2a31b91974c5]::string::String>>
[INFO] [stdout]   15:     0x5d55209cf875 - test[aada8e7e76ba119b]::run_test::{closure#0}
[INFO] [stdout]   16:     0x5d55209c9164 - std[617be2ca0a6fd877]::sys::backtrace::__rust_begin_short_backtrace::<test[aada8e7e76ba119b]::run_test::{closure#1}, ()>
[INFO] [stdout]   17:     0x5d55209d2902 - <std[617be2ca0a6fd877]::thread::lifecycle::spawn_unchecked<test[aada8e7e76ba119b]::run_test::{closure#1}, ()>::{closure#1} as core[a373ad73a504971]::ops::function::FnOnce<()>>::call_once::{shim:vtable#0}
[INFO] [stdout]   18:     0x5d5520a4171f - <std[617be2ca0a6fd877]::sys::thread::unix::Thread>::new::thread_start
[INFO] [stdout]   19:     0x71fbfdd7fdfa - <unknown>
[INFO] [stdout]   20:     0x71fbfde133d4 - clone
[INFO] [stdout]   21:                0x0 - <unknown>
[INFO] [stdout] 
[INFO] [stdout] ---- go_parity::html_unescape_string stdout ----
[INFO] [stdout] 
[INFO] [stdout] thread 'go_parity::html_unescape_string' (338) panicked at src/go_parity.rs:32:66:
[INFO] [stdout] /opt/rustwide/workdir/../../fixtures/behaviour_gotemplate.json: No such file or directory (os error 2)
[INFO] [stdout] stack backtrace:
[INFO] [stdout]    0:     0x5d5520a42221 - <<std[617be2ca0a6fd877]::sys::backtrace::BacktraceLock>::print::DisplayBacktrace as core[a373ad73a504971]::fmt::Display>::fmt
[INFO] [stdout]    1:     0x5d5520a58daa - core[a373ad73a504971]::fmt::write
[INFO] [stdout]    2:     0x5d5520a4672c - <alloc[2e1b2a31b91974c5]::vec::Vec<u8> as core[a373ad73a504971]::io::write::Write>::write_fmt
[INFO] [stdout]    3:     0x5d5520a1de66 - std[617be2ca0a6fd877]::panicking::default_hook::{closure#0}
[INFO] [stdout]    4:     0x5d5520a3a349 - std[617be2ca0a6fd877]::panicking::default_hook
[INFO] [stdout]    5:     0x5d55209cf250 - test[aada8e7e76ba119b]::test_main_inner::{closure#0}
[INFO] [stdout]    6:     0x5d5520a3a502 - std[617be2ca0a6fd877]::panicking::panic_with_hook
[INFO] [stdout]    7:     0x5d5520a1df12 - std[617be2ca0a6fd877]::panicking::panic_handler::{closure#0}
[INFO] [stdout]    8:     0x5d5520a169f9 - std[617be2ca0a6fd877]::sys::backtrace::__rust_end_short_backtrace::<std[617be2ca0a6fd877]::panicking::panic_handler::{closure#0}, !>
[INFO] [stdout]    9:     0x5d5520a1eb1d - __rustc[ea4f61d10b84890b]::rust_begin_unwind
[INFO] [stdout]   10:     0x5d5520a5950c - core[a373ad73a504971]::panicking::panic_fmt
[INFO] [stdout]   11:     0x5d5520963249 - gotemplate[ac62c69e5bf1c3a1]::go_parity::fixture::{closure#0}
[INFO] [stdout]   12:     0x5d55209658eb - gotemplate[ac62c69e5bf1c3a1]::go_parity::fixture
[INFO] [stdout]   13:     0x5d5520968373 - <gotemplate[ac62c69e5bf1c3a1]::go_parity::html_unescape_string::{closure#0} as core[a373ad73a504971]::ops::function::FnOnce<()>>::call_once
[INFO] [stdout]   14:     0x5d55209c269b - test[aada8e7e76ba119b]::__rust_begin_short_backtrace::<core[a373ad73a504971]::result::Result<(), alloc[2e1b2a31b91974c5]::string::String>, fn() -> core[a373ad73a504971]::result::Result<(), alloc[2e1b2a31b91974c5]::string::String>>
[INFO] [stdout]   15:     0x5d55209cf875 - test[aada8e7e76ba119b]::run_test::{closure#0}
[INFO] [stdout]   16:     0x5d55209c9164 - std[617be2ca0a6fd877]::sys::backtrace::__rust_begin_short_backtrace::<test[aada8e7e76ba119b]::run_test::{closure#1}, ()>
[INFO] [stdout]   17:     0x5d55209d2902 - <std[617be2ca0a6fd877]::thread::lifecycle::spawn_unchecked<test[aada8e7e76ba119b]::run_test::{closure#1}, ()>::{closure#1} as core[a373ad73a504971]::ops::function::FnOnce<()>>::call_once::{shim:vtable#0}
[INFO] [stdout]   18:     0x5d5520a4171f - <std[617be2ca0a6fd877]::sys::thread::unix::Thread>::new::thread_start
[INFO] [stdout]   19:     0x71fbfdd7fdfa - <unknown>
[INFO] [stdout]   20:     0x71fbfde133d4 - clone
[INFO] [stdout]   21:                0x0 - <unknown>
[INFO] [stdout] 
[INFO] [stdout] 
[INFO] [stdout] failures:
[INFO] [stdout]     go_parity::fixture_is_populated
[INFO] [stdout]     go_parity::html_escaper_corpus
[INFO] [stdout]     go_parity::html_unescape_string
[INFO] [stdout]     go_parity::mattermost_templates
[INFO] [stdout]     go_parity::text_corpus
[INFO] [stdout]     go_parity::text_corpus_through_html_template
[INFO] [stdout] 
[INFO] [stdout] test result: FAILED. 47 passed; 6 failed; 0 ignored; 0 measured; 0 filtered out; finished in 0.02s
[INFO] [stdout] 
[INFO] [stderr] error: test failed, to rerun pass `--lib`
[INFO] running `Command { std: "docker" "inspect" "c4b07c987ad4bafa515137fd09defae2e471159cd9b198deea02e9bdb1e6dceb", kill_on_drop: false }`
[INFO] running `Command { std: "docker" "rm" "-f" "c4b07c987ad4bafa515137fd09defae2e471159cd9b198deea02e9bdb1e6dceb", kill_on_drop: false }`
[INFO] [stdout] c4b07c987ad4bafa515137fd09defae2e471159cd9b198deea02e9bdb1e6dceb
