[INFO] fetching crate gopro-controller 0.10.2...
[INFO] testing gopro-controller-0.10.2 against 1.99.0-beta.8+cargoflags=--release for beta-release-1.100-2
[INFO] extracting crate gopro-controller 0.10.2 into /workspace/builds/worker-4-tc1/source
[INFO] started tweaking crates.io crate gopro-controller 0.10.2
[INFO] finished tweaking crates.io crate gopro-controller 0.10.2
[INFO] tweaked toml for crates.io crate gopro-controller 0.10.2 written to /workspace/builds/worker-4-tc1/source/Cargo.toml
[INFO] validating manifest of crates.io crate gopro-controller 0.10.2 on toolchain 1.99.0-beta.8
[INFO] running `Command { std: CARGO_HOME="/workspace/cargo-home" RUSTUP_HOME="/workspace/rustup-home" "/workspace/cargo-home/bin/cargo" "+1.99.0-beta.8" "metadata" "--manifest-path" "Cargo.toml" "--no-deps", kill_on_drop: false }`
[INFO] running `Command { std: CARGO_HOME="/workspace/cargo-home" RUSTUP_HOME="/workspace/rustup-home" "/workspace/cargo-home/bin/cargo" "+1.99.0-beta.8" "generate-lockfile" "--manifest-path" "Cargo.toml", kill_on_drop: false }`
[INFO] [stderr]     Updating crates.io index
[INFO] [stderr]      Locking 99 packages to highest compatible versions
[INFO] [stderr]       Adding btleplug v0.11.8 (available: v0.13.5)
[INFO] running `Command { std: CARGO_HOME="/workspace/cargo-home" RUSTUP_HOME="/workspace/rustup-home" "/workspace/cargo-home/bin/cargo" "+1.99.0-beta.8" "fetch" "--manifest-path" "Cargo.toml", kill_on_drop: false }`
[INFO] [stderr]  Downloading crates ...
[INFO] [stderr]   Downloaded jni-utils v0.1.1
[INFO] [stderr]   Downloaded objc2-core-bluetooth v0.2.2
[INFO] [stderr]   Downloaded dbus v0.9.12
[INFO] [stderr]   Downloaded bluez-generated v0.4.0
[INFO] [stderr]   Downloaded dbus-tokio v0.7.6
[INFO] [stderr]   Downloaded bluez-async v0.8.2
[INFO] [stderr]   Downloaded xml v1.4.0
[INFO] [stderr]   Downloaded serde-xml-rs v0.8.2
[INFO] [stderr]   Downloaded btleplug v0.11.8
[INFO] [stderr]   Downloaded libdbus-sys v0.2.7
[INFO] running `Command { std: "docker" "create" "-v" "/var/lib/crater-agent-workspace/builds/worker-4-tc1/source:/opt/rustwide/workdir:ro,Z" "-v" "/var/lib/crater-agent-workspace/builds/worker-4-tc1/target:/opt/rustwide/target:rw,Z" "-v" "/var/lib/crater-agent-workspace/cargo-home:/opt/rustwide/cargo-home:ro,Z" "-v" "/var/lib/crater-agent-workspace/rustup-home:/opt/rustwide/rustup-home:ro,Z" "-m" "1610612736" "--network" "none" "ghcr.io/rust-lang/crates-build-env/linux@sha256:77db811e55d90add9212f6832c23229e3de5f1c1f9905e8cb07319ea15df73ac" "sleep" "infinity", kill_on_drop: false }`
[INFO] [stdout] 2e49ee7eca8918f020dfdee0d5f157ec613c6fe08e1e7e22f2ae6b20eb1abf64
[INFO] running `Command { std: "docker" "start" "2e49ee7eca8918f020dfdee0d5f157ec613c6fe08e1e7e22f2ae6b20eb1abf64", kill_on_drop: false }`
[INFO] running `Command { std: "docker" "inspect" "2e49ee7eca8918f020dfdee0d5f157ec613c6fe08e1e7e22f2ae6b20eb1abf64", kill_on_drop: false }`
[INFO] running `Command { std: "docker" "exec" "-e" "SOURCE_DIR=/opt/rustwide/workdir" "-e" "CARGO_HOME=/opt/rustwide/cargo-home" "-e" "RUSTUP_HOME=/opt/rustwide/rustup-home" "-e" "CARGO_TARGET_DIR=/opt/rustwide/target" "-w" "/opt/rustwide/workdir" "--user" "0:0" "2e49ee7eca8918f020dfdee0d5f157ec613c6fe08e1e7e22f2ae6b20eb1abf64" "/opt/rustwide/cargo-home/bin/cargo" "+1.99.0-beta.8" "metadata" "--no-deps" "--format-version=1", kill_on_drop: false }`
[INFO] running `Command { std: "docker" "inspect" "2e49ee7eca8918f020dfdee0d5f157ec613c6fe08e1e7e22f2ae6b20eb1abf64", kill_on_drop: false }`
[INFO] running `Command { std: "docker" "exec" "-e" "SOURCE_DIR=/opt/rustwide/workdir" "-e" "CARGO_HOME=/opt/rustwide/cargo-home" "-e" "RUSTUP_HOME=/opt/rustwide/rustup-home" "-e" "CARGO_TARGET_DIR=/opt/rustwide/target" "-e" "CARGO_INCREMENTAL=0" "-e" "RUST_BACKTRACE=full" "-e" "RUSTFLAGS=--cap-lints=warn" "-e" "RUSTDOCFLAGS=--cap-lints=warn" "-w" "/opt/rustwide/workdir" "--user" "0:0" "2e49ee7eca8918f020dfdee0d5f157ec613c6fe08e1e7e22f2ae6b20eb1abf64" "/opt/rustwide/cargo-home/bin/cargo" "+1.99.0-beta.8" "build" "--frozen" "--message-format=json" "--release", kill_on_drop: false }`
[INFO] [stderr]    Compiling syn v3.0.9
[INFO] [stderr]    Compiling smallvec v1.16.3
[INFO] [stderr]    Compiling libdbus-sys v0.2.7
[INFO] [stderr]    Compiling xml v1.4.0
[INFO] [stderr]    Compiling errno v0.3.14
[INFO] [stderr]    Compiling itertools v0.14.0
[INFO] [stderr]    Compiling uuid v1.28.0
[INFO] [stderr]    Compiling signal-hook-registry v1.4.8
[INFO] [stderr]    Compiling parking_lot_core v0.9.12
[INFO] [stderr]    Compiling parking_lot v0.12.5
[INFO] [stderr]    Compiling dashmap v6.2.1
[INFO] [stderr]    Compiling futures-macro v0.3.34
[INFO] [stderr]    Compiling tokio-macros v2.7.2
[INFO] [stderr]    Compiling serde_derive v1.0.229
[INFO] [stderr]    Compiling thiserror-impl v2.0.21
[INFO] [stderr]    Compiling async-trait v0.1.92
[INFO] [stderr]    Compiling tokio v1.53.3
[INFO] [stderr]    Compiling futures-util v0.3.34
[INFO] [stderr]    Compiling thiserror v2.0.21
[INFO] [stderr]    Compiling serde v1.0.229
[INFO] [stderr]    Compiling serde-xml-rs v0.8.2
[INFO] [stderr]    Compiling dbus v0.9.12
[INFO] [stderr]    Compiling futures-executor v0.3.34
[INFO] [stderr]    Compiling futures v0.3.34
[INFO] [stderr]    Compiling tokio-util v0.7.20
[INFO] [stderr]    Compiling tokio-stream v0.1.19
[INFO] [stderr]    Compiling bluez-generated v0.4.0
[INFO] [stderr]    Compiling dbus-tokio v0.7.6
[INFO] [stderr]    Compiling bluez-async v0.8.2
[INFO] [stderr]    Compiling btleplug v0.11.8
[INFO] [stderr]    Compiling gopro-controller v0.10.2 (/opt/rustwide/workdir)
[INFO] [stderr]     Finished `release` profile [optimized] target(s) in 38.28s
[INFO] running `Command { std: "docker" "inspect" "2e49ee7eca8918f020dfdee0d5f157ec613c6fe08e1e7e22f2ae6b20eb1abf64", kill_on_drop: false }`
[INFO] running `Command { std: "docker" "exec" "-e" "SOURCE_DIR=/opt/rustwide/workdir" "-e" "CARGO_HOME=/opt/rustwide/cargo-home" "-e" "RUSTUP_HOME=/opt/rustwide/rustup-home" "-e" "CARGO_TARGET_DIR=/opt/rustwide/target" "-e" "CARGO_INCREMENTAL=0" "-e" "RUST_BACKTRACE=full" "-e" "RUSTFLAGS=--cap-lints=warn" "-e" "RUSTDOCFLAGS=--cap-lints=warn" "-w" "/opt/rustwide/workdir" "--user" "0:0" "2e49ee7eca8918f020dfdee0d5f157ec613c6fe08e1e7e22f2ae6b20eb1abf64" "/opt/rustwide/cargo-home/bin/cargo" "+1.99.0-beta.8" "test" "--frozen" "--no-run" "--message-format=json" "--release", kill_on_drop: false }`
[INFO] [stderr]    Compiling gopro-controller v0.10.2 (/opt/rustwide/workdir)
[INFO] [stderr]     Finished `release` profile [optimized] target(s) in 2.35s
[INFO] running `Command { std: "docker" "inspect" "2e49ee7eca8918f020dfdee0d5f157ec613c6fe08e1e7e22f2ae6b20eb1abf64", kill_on_drop: false }`
[INFO] running `Command { std: "docker" "exec" "-e" "SOURCE_DIR=/opt/rustwide/workdir" "-e" "CARGO_HOME=/opt/rustwide/cargo-home" "-e" "RUSTUP_HOME=/opt/rustwide/rustup-home" "-e" "CARGO_TARGET_DIR=/opt/rustwide/target" "-e" "CARGO_INCREMENTAL=0" "-e" "RUST_BACKTRACE=full" "-e" "RUSTFLAGS=--cap-lints=warn" "-e" "RUSTDOCFLAGS=--cap-lints=warn" "-w" "/opt/rustwide/workdir" "--user" "0:0" "2e49ee7eca8918f020dfdee0d5f157ec613c6fe08e1e7e22f2ae6b20eb1abf64" "/opt/rustwide/cargo-home/bin/cargo" "+1.99.0-beta.8" "test" "--frozen" "--release", kill_on_drop: false }`
[INFO] [stderr]     Finished `release` profile [optimized] target(s) in 0.07s
[INFO] [stderr]      Running unittests src/lib.rs (/opt/rustwide/target/release/deps/gopro_controller-46a4d3ef4d0eb3de)
[INFO] [stdout] 
[INFO] [stdout] running 6 tests
[INFO] [stdout] test query::test_query_builder ... ok
[INFO] [stdout] test services::test_macro ... ok
[INFO] [stdout] test tests::test_queryies ... FAILED
[INFO] [stdout] test tests::test_whole_lifecycle ... FAILED
[INFO] [stdout] test tests::test_some_settings ... FAILED
[INFO] [stdout] test tests::reset_testing ... FAILED
[INFO] [stdout] 
[INFO] [stdout] failures:
[INFO] [stdout] 
[INFO] [stdout] ---- tests::test_queryies stdout ----
[INFO] [stdout] 
[INFO] [stdout] thread 'tests::test_queryies' (742) panicked at src/lib.rs:189:40:
[INFO] [stdout] called `Result::unwrap()` on an `Err` value: Other(DbusError(D-Bus error: Failed to connect to socket /run/dbus/system_bus_socket: No such file or directory (org.freedesktop.DBus.Error.FileNotFound)))
[INFO] [stdout] stack backtrace:
[INFO] [stdout]    0:     0x556eb2423361 - <<std[70759c8f55707aa4]::sys::backtrace::BacktraceLock>::print::DisplayBacktrace as core[df12db4294e9bfd3]::fmt::Display>::fmt
[INFO] [stdout]    1:     0x556eb243866a - core[df12db4294e9bfd3]::fmt::write
[INFO] [stdout]    2:     0x556eb2427a9c - <alloc[2182bb758b4b3781]::vec::Vec<u8> as core[df12db4294e9bfd3]::io::write::Write>::write_fmt
[INFO] [stdout]    3:     0x556eb23fee96 - std[70759c8f55707aa4]::panicking::default_hook::{closure#0}
[INFO] [stdout]    4:     0x556eb241b2d9 - std[70759c8f55707aa4]::panicking::default_hook
[INFO] [stdout]    5:     0x556eb22c5420 - test[9d35eded1c95d3be]::test_main_inner::<test[9d35eded1c95d3be]::test_main_static::{closure#0}>::{closure#0}
[INFO] [stdout]    6:     0x556eb241b602 - std[70759c8f55707aa4]::panicking::panic_with_hook
[INFO] [stdout]    7:     0x556eb23fef42 - std[70759c8f55707aa4]::panicking::panic_handler::{closure#0}
[INFO] [stdout]    8:     0x556eb23f7c99 - std[70759c8f55707aa4]::sys::backtrace::__rust_end_short_backtrace::<std[70759c8f55707aa4]::panicking::panic_handler::{closure#0}, !>
[INFO] [stdout]    9:     0x556eb23ffb3d - __rustc[8fa7c3cbc660c2b3]::rust_begin_unwind
[INFO] [stdout]   10:     0x556eb2438dcc - core[df12db4294e9bfd3]::panicking::panic_fmt
[INFO] [stdout]   11:     0x556eb2438ba2 - core[df12db4294e9bfd3]::result::unwrap_failed
[INFO] [stdout]   12:     0x556eb22a2191 - gopro_controller[7f7c9cc489375d5e]::init::{closure#0}
[INFO] [stdout]   13:     0x556eb22a5f3e - gopro_controller[7f7c9cc489375d5e]::tests::test_queryies::{closure#0}
[INFO] [stdout]   14:     0x556eb22a9333 - <tokio[7e1442d19c2cb6f2]::runtime::scheduler::current_thread::Context>::enter::<core[df12db4294e9bfd3]::task::poll::Poll<()>, <tokio[7e1442d19c2cb6f2]::runtime::scheduler::current_thread::CoreGuard>::block_on<core[df12db4294e9bfd3]::pin::Pin<&mut core[df12db4294e9bfd3]::pin::Pin<&mut dyn core[df12db4294e9bfd3]::future::future::Future<Output = ()>>>>::{closure#0}::{closure#0}>
[INFO] [stdout]   15:     0x556eb22b08bc - <tokio[7e1442d19c2cb6f2]::runtime::context::scoped::Scoped<tokio[7e1442d19c2cb6f2]::runtime::scheduler::Context>>::set::<<tokio[7e1442d19c2cb6f2]::runtime::scheduler::current_thread::CoreGuard>::enter<<tokio[7e1442d19c2cb6f2]::runtime::scheduler::current_thread::CoreGuard>::block_on<core[df12db4294e9bfd3]::pin::Pin<&mut core[df12db4294e9bfd3]::pin::Pin<&mut dyn core[df12db4294e9bfd3]::future::future::Future<Output = ()>>>>::{closure#0}, core[df12db4294e9bfd3]::option::Option<()>>::{closure#0}, (alloc[2182bb758b4b3781]::boxed::Box<tokio[7e1442d19c2cb6f2]::runtime::scheduler::current_thread::Core>, core[df12db4294e9bfd3]::option::Option<()>)>
[INFO] [stdout]   16:     0x556eb22a95d7 - <tokio[7e1442d19c2cb6f2]::runtime::scheduler::current_thread::CoreGuard>::block_on::<core[df12db4294e9bfd3]::pin::Pin<&mut core[df12db4294e9bfd3]::pin::Pin<&mut dyn core[df12db4294e9bfd3]::future::future::Future<Output = ()>>>>
[INFO] [stdout]   17:     0x556eb22b5cab - tokio[7e1442d19c2cb6f2]::runtime::context::runtime::enter_runtime::<<tokio[7e1442d19c2cb6f2]::runtime::scheduler::current_thread::CurrentThread>::block_on<core[df12db4294e9bfd3]::pin::Pin<&mut dyn core[df12db4294e9bfd3]::future::future::Future<Output = ()>>>::{closure#0}, ()>
[INFO] [stdout]   18:     0x556eb22b6c55 - <tokio[7e1442d19c2cb6f2]::runtime::runtime::Runtime>::block_on::<core[df12db4294e9bfd3]::pin::Pin<&mut dyn core[df12db4294e9bfd3]::future::future::Future<Output = ()>>>
[INFO] [stdout]   19:     0x556eb22a8cbb - gopro_controller[7f7c9cc489375d5e]::tests::test_queryies
[INFO] [stdout]   20:     0x556eb22b8409 - <gopro_controller[7f7c9cc489375d5e]::tests::test_queryies::{closure#0} as core[df12db4294e9bfd3]::ops::function::FnOnce<()>>::call_once
[INFO] [stdout]   21:     0x556eb22b870b - test[9d35eded1c95d3be]::__rust_begin_short_backtrace::<core[df12db4294e9bfd3]::result::Result<(), alloc[2182bb758b4b3781]::string::String>, fn() -> core[df12db4294e9bfd3]::result::Result<(), alloc[2182bb758b4b3781]::string::String>>
[INFO] [stdout]   22:     0x556eb22c5d75 - test[9d35eded1c95d3be]::run_test::{closure#0}
[INFO] [stdout]   23:     0x556eb22bf634 - std[70759c8f55707aa4]::sys::backtrace::__rust_begin_short_backtrace::<test[9d35eded1c95d3be]::run_test::{closure#1}, ()>
[INFO] [stdout]   24:     0x556eb22c8ed2 - <std[70759c8f55707aa4]::thread::lifecycle::spawn_unchecked<test[9d35eded1c95d3be]::run_test::{closure#1}, ()>::{closure#1} as core[df12db4294e9bfd3]::ops::function::FnOnce<()>>::call_once::{shim:vtable#0}
[INFO] [stdout]   25:     0x556eb2422c29 - <std[70759c8f55707aa4]::sys::thread::unix::Thread>::new::thread_start
[INFO] [stdout]   26:     0x7e149c40ddfa - <unknown>
[INFO] [stdout]   27:     0x7e149c4a13d4 - clone
[INFO] [stdout]   28:                0x0 - <unknown>
[INFO] [stdout] 
[INFO] [stdout] ---- tests::test_whole_lifecycle stdout ----
[INFO] [stdout] 
[INFO] [stdout] thread 'tests::test_whole_lifecycle' (744) panicked at src/lib.rs:189:40:
[INFO] [stdout] called `Result::unwrap()` on an `Err` value: Other(DbusError(D-Bus error: Failed to connect to socket /run/dbus/system_bus_socket: No such file or directory (org.freedesktop.DBus.Error.FileNotFound)))
[INFO] [stdout] stack backtrace:
[INFO] [stdout]    0:     0x556eb2423361 - <<std[70759c8f55707aa4]::sys::backtrace::BacktraceLock>::print::DisplayBacktrace as core[df12db4294e9bfd3]::fmt::Display>::fmt
[INFO] [stdout]    1:     0x556eb243866a - core[df12db4294e9bfd3]::fmt::write
[INFO] [stdout]    2:     0x556eb2427a9c - <alloc[2182bb758b4b3781]::vec::Vec<u8> as core[df12db4294e9bfd3]::io::write::Write>::write_fmt
[INFO] [stdout]    3:     0x556eb23fee96 - std[70759c8f55707aa4]::panicking::default_hook::{closure#0}
[INFO] [stdout]    4:     0x556eb241b2d9 - std[70759c8f55707aa4]::panicking::default_hook
[INFO] [stdout]    5:     0x556eb22c5420 - test[9d35eded1c95d3be]::test_main_inner::<test[9d35eded1c95d3be]::test_main_static::{closure#0}>::{closure#0}
[INFO] [stdout]    6:     0x556eb241b602 - std[70759c8f55707aa4]::panicking::panic_with_hook
[INFO] [stdout]    7:     0x556eb23fef42 - std[70759c8f55707aa4]::panicking::panic_handler::{closure#0}
[INFO] [stdout]    8:     0x556eb23f7c99 - std[70759c8f55707aa4]::sys::backtrace::__rust_end_short_backtrace::<std[70759c8f55707aa4]::panicking::panic_handler::{closure#0}, !>
[INFO] [stdout]    9:     0x556eb23ffb3d - __rustc[8fa7c3cbc660c2b3]::rust_begin_unwind
[INFO] [stdout]   10:     0x556eb2438dcc - core[df12db4294e9bfd3]::panicking::panic_fmt
[INFO] [stdout]   11:     0x556eb2438ba2 - core[df12db4294e9bfd3]::result::unwrap_failed
[INFO] [stdout]   12:     0x556eb22a2191 - gopro_controller[7f7c9cc489375d5e]::init::{closure#0}
[INFO] [stdout]   13:     0x556eb22a7b00 - gopro_controller[7f7c9cc489375d5e]::tests::test_whole_lifecycle::{closure#0}
[INFO] [stdout]   14:     0x556eb22a9333 - <tokio[7e1442d19c2cb6f2]::runtime::scheduler::current_thread::Context>::enter::<core[df12db4294e9bfd3]::task::poll::Poll<()>, <tokio[7e1442d19c2cb6f2]::runtime::scheduler::current_thread::CoreGuard>::block_on<core[df12db4294e9bfd3]::pin::Pin<&mut core[df12db4294e9bfd3]::pin::Pin<&mut dyn core[df12db4294e9bfd3]::future::future::Future<Output = ()>>>>::{closure#0}::{closure#0}>
[INFO] [stdout]   15:     0x556eb22b08bc - <tokio[7e1442d19c2cb6f2]::runtime::context::scoped::Scoped<tokio[7e1442d19c2cb6f2]::runtime::scheduler::Context>>::set::<<tokio[7e1442d19c2cb6f2]::runtime::scheduler::current_thread::CoreGuard>::enter<<tokio[7e1442d19c2cb6f2]::runtime::scheduler::current_thread::CoreGuard>::block_on<core[df12db4294e9bfd3]::pin::Pin<&mut core[df12db4294e9bfd3]::pin::Pin<&mut dyn core[df12db4294e9bfd3]::future::future::Future<Output = ()>>>>::{closure#0}, core[df12db4294e9bfd3]::option::Option<()>>::{closure#0}, (alloc[2182bb758b4b3781]::boxed::Box<tokio[7e1442d19c2cb6f2]::runtime::scheduler::current_thread::Core>, core[df12db4294e9bfd3]::option::Option<()>)>
[INFO] [stdout]   16:     0x556eb22a95d7 - <tokio[7e1442d19c2cb6f2]::runtime::scheduler::current_thread::CoreGuard>::block_on::<core[df12db4294e9bfd3]::pin::Pin<&mut core[df12db4294e9bfd3]::pin::Pin<&mut dyn core[df12db4294e9bfd3]::future::future::Future<Output = ()>>>>
[INFO] [stdout]   17:     0x556eb22b5cab - tokio[7e1442d19c2cb6f2]::runtime::context::runtime::enter_runtime::<<tokio[7e1442d19c2cb6f2]::runtime::scheduler::current_thread::CurrentThread>::block_on<core[df12db4294e9bfd3]::pin::Pin<&mut dyn core[df12db4294e9bfd3]::future::future::Future<Output = ()>>>::{closure#0}, ()>
[INFO] [stdout]   18:     0x556eb22b6c55 - <tokio[7e1442d19c2cb6f2]::runtime::runtime::Runtime>::block_on::<core[df12db4294e9bfd3]::pin::Pin<&mut dyn core[df12db4294e9bfd3]::future::future::Future<Output = ()>>>
[INFO] [stdout]   19:     0x556eb22a8f5b - gopro_controller[7f7c9cc489375d5e]::tests::test_whole_lifecycle
[INFO] [stdout]   20:     0x556eb22b8449 - <gopro_controller[7f7c9cc489375d5e]::tests::test_whole_lifecycle::{closure#0} as core[df12db4294e9bfd3]::ops::function::FnOnce<()>>::call_once
[INFO] [stdout]   21:     0x556eb22b870b - test[9d35eded1c95d3be]::__rust_begin_short_backtrace::<core[df12db4294e9bfd3]::result::Result<(), alloc[2182bb758b4b3781]::string::String>, fn() -> core[df12db4294e9bfd3]::result::Result<(), alloc[2182bb758b4b3781]::string::String>>
[INFO] [stdout]   22:     0x556eb22c5d75 - test[9d35eded1c95d3be]::run_test::{closure#0}
[INFO] [stdout]   23:     0x556eb22bf634 - std[70759c8f55707aa4]::sys::backtrace::__rust_begin_short_backtrace::<test[9d35eded1c95d3be]::run_test::{closure#1}, ()>
[INFO] [stdout]   24:     0x556eb22c8ed2 - <std[70759c8f55707aa4]::thread::lifecycle::spawn_unchecked<test[9d35eded1c95d3be]::run_test::{closure#1}, ()>::{closure#1} as core[df12db4294e9bfd3]::ops::function::FnOnce<()>>::call_once::{shim:vtable#0}
[INFO] [stdout]   25:     0x556eb2422c29 - <std[70759c8f55707aa4]::sys::thread::unix::Thread>::new::thread_start
[INFO] [stdout]   26:     0x7e149c40ddfa - <unknown>
[INFO] [stdout]   27:     0x7e149c4a13d4 - clone
[INFO] [stdout]   28:                0x0 - <unknown>
[INFO] [stdout] 
[INFO] [stdout] ---- tests::test_some_settings stdout ----
[INFO] [stdout] 
[INFO] [stdout] thread 'tests::test_some_settings' (743) panicked at src/lib.rs:189:40:
[INFO] [stdout] called `Result::unwrap()` on an `Err` value: Other(DbusError(D-Bus error: Failed to connect to socket /run/dbus/system_bus_socket: No such file or directory (org.freedesktop.DBus.Error.FileNotFound)))
[INFO] [stdout] stack backtrace:
[INFO] [stdout]    0:     0x556eb2423361 - <<std[70759c8f55707aa4]::sys::backtrace::BacktraceLock>::print::DisplayBacktrace as core[df12db4294e9bfd3]::fmt::Display>::fmt
[INFO] [stdout]    1:     0x556eb243866a - core[df12db4294e9bfd3]::fmt::write
[INFO] [stdout]    2:     0x556eb2427a9c - <alloc[2182bb758b4b3781]::vec::Vec<u8> as core[df12db4294e9bfd3]::io::write::Write>::write_fmt
[INFO] [stdout]    3:     0x556eb23fee96 - std[70759c8f55707aa4]::panicking::default_hook::{closure#0}
[INFO] [stdout]    4:     0x556eb241b2d9 - std[70759c8f55707aa4]::panicking::default_hook
[INFO] [stdout]    5:     0x556eb22c5420 - test[9d35eded1c95d3be]::test_main_inner::<test[9d35eded1c95d3be]::test_main_static::{closure#0}>::{closure#0}
[INFO] [stdout]    6:     0x556eb241b602 - std[70759c8f55707aa4]::panicking::panic_with_hook
[INFO] [stdout]    7:     0x556eb23fef42 - std[70759c8f55707aa4]::panicking::panic_handler::{closure#0}
[INFO] [stdout]    8:     0x556eb23f7c99 - std[70759c8f55707aa4]::sys::backtrace::__rust_end_short_backtrace::<std[70759c8f55707aa4]::panicking::panic_handler::{closure#0}, !>
[INFO] [stdout]    9:     0x556eb23ffb3d - __rustc[8fa7c3cbc660c2b3]::rust_begin_unwind
[INFO] [stdout]   10:     0x556eb2438dcc - core[df12db4294e9bfd3]::panicking::panic_fmt
[INFO] [stdout]   11:     0x556eb2438ba2 - core[df12db4294e9bfd3]::result::unwrap_failed
[INFO] [stdout]   12:     0x556eb22a2191 - gopro_controller[7f7c9cc489375d5e]::init::{closure#0}
[INFO] [stdout]   13:     0x556eb22a7092 - gopro_controller[7f7c9cc489375d5e]::tests::test_some_settings::{closure#0}
[INFO] [stdout]   14:     0x556eb22a9333 - <tokio[7e1442d19c2cb6f2]::runtime::scheduler::current_thread::Context>::enter::<core[df12db4294e9bfd3]::task::poll::Poll<()>, <tokio[7e1442d19c2cb6f2]::runtime::scheduler::current_thread::CoreGuard>::block_on<core[df12db4294e9bfd3]::pin::Pin<&mut core[df12db4294e9bfd3]::pin::Pin<&mut dyn core[df12db4294e9bfd3]::future::future::Future<Output = ()>>>>::{closure#0}::{closure#0}>
[INFO] [stdout]   15:     0x556eb22b08bc - <tokio[7e1442d19c2cb6f2]::runtime::context::scoped::Scoped<tokio[7e1442d19c2cb6f2]::runtime::scheduler::Context>>::set::<<tokio[7e1442d19c2cb6f2]::runtime::scheduler::current_thread::CoreGuard>::enter<<tokio[7e1442d19c2cb6f2]::runtime::scheduler::current_thread::CoreGuard>::block_on<core[df12db4294e9bfd3]::pin::Pin<&mut core[df12db4294e9bfd3]::pin::Pin<&mut dyn core[df12db4294e9bfd3]::future::future::Future<Output = ()>>>>::{closure#0}, core[df12db4294e9bfd3]::option::Option<()>>::{closure#0}, (alloc[2182bb758b4b3781]::boxed::Box<tokio[7e1442d19c2cb6f2]::runtime::scheduler::current_thread::Core>, core[df12db4294e9bfd3]::option::Option<()>)>
[INFO] [stdout]   16:     0x556eb22a95d7 - <tokio[7e1442d19c2cb6f2]::runtime::scheduler::current_thread::CoreGuard>::block_on::<core[df12db4294e9bfd3]::pin::Pin<&mut core[df12db4294e9bfd3]::pin::Pin<&mut dyn core[df12db4294e9bfd3]::future::future::Future<Output = ()>>>>
[INFO] [stdout]   17:     0x556eb22b5cab - tokio[7e1442d19c2cb6f2]::runtime::context::runtime::enter_runtime::<<tokio[7e1442d19c2cb6f2]::runtime::scheduler::current_thread::CurrentThread>::block_on<core[df12db4294e9bfd3]::pin::Pin<&mut dyn core[df12db4294e9bfd3]::future::future::Future<Output = ()>>>::{closure#0}, ()>
[INFO] [stdout]   18:     0x556eb22b6c55 - <tokio[7e1442d19c2cb6f2]::runtime::runtime::Runtime>::block_on::<core[df12db4294e9bfd3]::pin::Pin<&mut dyn core[df12db4294e9bfd3]::future::future::Future<Output = ()>>>
[INFO] [stdout]   19:     0x556eb22a8e0b - gopro_controller[7f7c9cc489375d5e]::tests::test_some_settings
[INFO] [stdout]   20:     0x556eb22b8429 - <gopro_controller[7f7c9cc489375d5e]::tests::test_some_settings::{closure#0} as core[df12db4294e9bfd3]::ops::function::FnOnce<()>>::call_once
[INFO] [stdout]   21:     0x556eb22b870b - test[9d35eded1c95d3be]::__rust_begin_short_backtrace::<core[df12db4294e9bfd3]::result::Result<(), alloc[2182bb758b4b3781]::string::String>, fn() -> core[df12db4294e9bfd3]::result::Result<(), alloc[2182bb758b4b3781]::string::String>>
[INFO] [stdout]   22:     0x556eb22c5d75 - test[9d35eded1c95d3be]::run_test::{closure#0}
[INFO] [stdout]   23:     0x556eb22bf634 - std[70759c8f55707aa4]::sys::backtrace::__rust_begin_short_backtrace::<test[9d35eded1c95d3be]::run_test::{closure#1}, ()>
[INFO] [stdout]   24:     0x556eb22c8ed2 - <std[70759c8f55707aa4]::thread::lifecycle::spawn_unchecked<test[9d35eded1c95d3be]::run_test::{closure#1}, ()>::{closure#1} as core[df12db4294e9bfd3]::ops::function::FnOnce<()>>::call_once::{shim:vtable#0}
[INFO] [stdout]   25:     0x556eb2422c29 - <std[70759c8f55707aa4]::sys::thread::unix::Thread>::new::thread_start
[INFO] [stdout]   26:     0x7e149c40ddfa - <unknown>
[INFO] [stdout]   27:     0x7e149c4a13d4 - clone
[INFO] [stdout]   28:                0x0 - <unknown>
[INFO] [stdout] 
[INFO] [stdout] ---- tests::reset_testing stdout ----
[INFO] [stdout] 
[INFO] [stdout] thread 'tests::reset_testing' (741) panicked at src/lib.rs:189:40:
[INFO] [stdout] called `Result::unwrap()` on an `Err` value: Other(DbusError(D-Bus error: Failed to connect to socket /run/dbus/system_bus_socket: No such file or directory (org.freedesktop.DBus.Error.FileNotFound)))
[INFO] [stdout] stack backtrace:
[INFO] [stdout]    0:     0x556eb2423361 - <<std[70759c8f55707aa4]::sys::backtrace::BacktraceLock>::print::DisplayBacktrace as core[df12db4294e9bfd3]::fmt::Display>::fmt
[INFO] [stdout]    1:     0x556eb243866a - core[df12db4294e9bfd3]::fmt::write
[INFO] [stdout]    2:     0x556eb2427a9c - <alloc[2182bb758b4b3781]::vec::Vec<u8> as core[df12db4294e9bfd3]::io::write::Write>::write_fmt
[INFO] [stdout]    3:     0x556eb23fee96 - std[70759c8f55707aa4]::panicking::default_hook::{closure#0}
[INFO] [stdout]    4:     0x556eb241b2d9 - std[70759c8f55707aa4]::panicking::default_hook
[INFO] [stdout]    5:     0x556eb22c5420 - test[9d35eded1c95d3be]::test_main_inner::<test[9d35eded1c95d3be]::test_main_static::{closure#0}>::{closure#0}
[INFO] [stdout]    6:     0x556eb241b602 - std[70759c8f55707aa4]::panicking::panic_with_hook
[INFO] [stdout]    7:     0x556eb23fef42 - std[70759c8f55707aa4]::panicking::panic_handler::{closure#0}
[INFO] [stdout]    8:     0x556eb23f7c99 - std[70759c8f55707aa4]::sys::backtrace::__rust_end_short_backtrace::<std[70759c8f55707aa4]::panicking::panic_handler::{closure#0}, !>
[INFO] [stdout]    9:     0x556eb23ffb3d - __rustc[8fa7c3cbc660c2b3]::rust_begin_unwind
[INFO] [stdout]   10:     0x556eb2438dcc - core[df12db4294e9bfd3]::panicking::panic_fmt
[INFO] [stdout]   11:     0x556eb2438ba2 - core[df12db4294e9bfd3]::result::unwrap_failed
[INFO] [stdout]   12:     0x556eb22a2191 - gopro_controller[7f7c9cc489375d5e]::init::{closure#0}
[INFO] [stdout]   13:     0x556eb22a5a78 - gopro_controller[7f7c9cc489375d5e]::tests::reset_testing::{closure#0}
[INFO] [stdout]   14:     0x556eb22a9333 - <tokio[7e1442d19c2cb6f2]::runtime::scheduler::current_thread::Context>::enter::<core[df12db4294e9bfd3]::task::poll::Poll<()>, <tokio[7e1442d19c2cb6f2]::runtime::scheduler::current_thread::CoreGuard>::block_on<core[df12db4294e9bfd3]::pin::Pin<&mut core[df12db4294e9bfd3]::pin::Pin<&mut dyn core[df12db4294e9bfd3]::future::future::Future<Output = ()>>>>::{closure#0}::{closure#0}>
[INFO] [stdout]   15:     0x556eb22b08bc - <tokio[7e1442d19c2cb6f2]::runtime::context::scoped::Scoped<tokio[7e1442d19c2cb6f2]::runtime::scheduler::Context>>::set::<<tokio[7e1442d19c2cb6f2]::runtime::scheduler::current_thread::CoreGuard>::enter<<tokio[7e1442d19c2cb6f2]::runtime::scheduler::current_thread::CoreGuard>::block_on<core[df12db4294e9bfd3]::pin::Pin<&mut core[df12db4294e9bfd3]::pin::Pin<&mut dyn core[df12db4294e9bfd3]::future::future::Future<Output = ()>>>>::{closure#0}, core[df12db4294e9bfd3]::option::Option<()>>::{closure#0}, (alloc[2182bb758b4b3781]::boxed::Box<tokio[7e1442d19c2cb6f2]::runtime::scheduler::current_thread::Core>, core[df12db4294e9bfd3]::option::Option<()>)>
[INFO] [stdout]   16:     0x556eb22a95d7 - <tokio[7e1442d19c2cb6f2]::runtime::scheduler::current_thread::CoreGuard>::block_on::<core[df12db4294e9bfd3]::pin::Pin<&mut core[df12db4294e9bfd3]::pin::Pin<&mut dyn core[df12db4294e9bfd3]::future::future::Future<Output = ()>>>>
[INFO] [stdout]   17:     0x556eb22b5cab - tokio[7e1442d19c2cb6f2]::runtime::context::runtime::enter_runtime::<<tokio[7e1442d19c2cb6f2]::runtime::scheduler::current_thread::CurrentThread>::block_on<core[df12db4294e9bfd3]::pin::Pin<&mut dyn core[df12db4294e9bfd3]::future::future::Future<Output = ()>>>::{closure#0}, ()>
[INFO] [stdout]   18:     0x556eb22b6c55 - <tokio[7e1442d19c2cb6f2]::runtime::runtime::Runtime>::block_on::<core[df12db4294e9bfd3]::pin::Pin<&mut dyn core[df12db4294e9bfd3]::future::future::Future<Output = ()>>>
[INFO] [stdout]   19:     0x556eb22a8b6b - gopro_controller[7f7c9cc489375d5e]::tests::reset_testing
[INFO] [stdout]   20:     0x556eb22b83e9 - <gopro_controller[7f7c9cc489375d5e]::tests::reset_testing::{closure#0} as core[df12db4294e9bfd3]::ops::function::FnOnce<()>>::call_once
[INFO] [stdout]   21:     0x556eb22b870b - test[9d35eded1c95d3be]::__rust_begin_short_backtrace::<core[df12db4294e9bfd3]::result::Result<(), alloc[2182bb758b4b3781]::string::String>, fn() -> core[df12db4294e9bfd3]::result::Result<(), alloc[2182bb758b4b3781]::string::String>>
[INFO] [stdout]   22:     0x556eb22c5d75 - test[9d35eded1c95d3be]::run_test::{closure#0}
[INFO] [stdout]   23:     0x556eb22bf634 - std[70759c8f55707aa4]::sys::backtrace::__rust_begin_short_backtrace::<test[9d35eded1c95d3be]::run_test::{closure#1}, ()>
[INFO] [stdout]   24:     0x556eb22c8ed2 - <std[70759c8f55707aa4]::thread::lifecycle::spawn_unchecked<test[9d35eded1c95d3be]::run_test::{closure#1}, ()>::{closure#1} as core[df12db4294e9bfd3]::ops::function::FnOnce<()>>::call_once::{shim:vtable#0}
[INFO] [stdout]   25:     0x556eb2422c29 - <std[70759c8f55707aa4]::sys::thread::unix::Thread>::new::thread_start
[INFO] [stdout]   26:     0x7e149c40ddfa - <unknown>
[INFO] [stdout]   27:     0x7e149c4a13d4 - clone
[INFO] [stdout]   28:                0x0 - <unknown>
[INFO] [stdout] 
[INFO] [stdout] 
[INFO] [stdout] failures:
[INFO] [stdout]     tests::reset_testing
[INFO] [stdout]     tests::test_queryies
[INFO] [stdout]     tests::test_some_settings
[INFO] [stdout]     tests::test_whole_lifecycle
[INFO] [stdout] 
[INFO] [stdout] test result: FAILED. 2 passed; 4 failed; 0 ignored; 0 measured; 0 filtered out; finished in 0.01s
[INFO] [stdout] 
[INFO] [stderr] error: test failed, to rerun pass `--lib`
[INFO] running `Command { std: "docker" "inspect" "2e49ee7eca8918f020dfdee0d5f157ec613c6fe08e1e7e22f2ae6b20eb1abf64", kill_on_drop: false }`
[INFO] running `Command { std: "docker" "rm" "-f" "2e49ee7eca8918f020dfdee0d5f157ec613c6fe08e1e7e22f2ae6b20eb1abf64", kill_on_drop: false }`
[INFO] [stdout] 2e49ee7eca8918f020dfdee0d5f157ec613c6fe08e1e7e22f2ae6b20eb1abf64
