[INFO] fetching crate gopro-chaptered-video-assembler 0.5.3...
[INFO] testing gopro-chaptered-video-assembler-0.5.3 against 1.100.0-beta.1+cargoflags=--release for beta-release-1.100-2
[INFO] extracting crate gopro-chaptered-video-assembler 0.5.3 into /workspace/builds/worker-3-tc2/source
[INFO] started tweaking crates.io crate gopro-chaptered-video-assembler 0.5.3
[INFO] removed 0 missing tests
[INFO] finished tweaking crates.io crate gopro-chaptered-video-assembler 0.5.3
[INFO] tweaked toml for crates.io crate gopro-chaptered-video-assembler 0.5.3 written to /workspace/builds/worker-3-tc2/source/Cargo.toml
[INFO] validating manifest of crates.io crate gopro-chaptered-video-assembler 0.5.3 on toolchain 1.100.0-beta.1
[INFO] running `Command { std: CARGO_HOME="/workspace/cargo-home" RUSTUP_HOME="/workspace/rustup-home" "/workspace/cargo-home/bin/cargo" "+1.100.0-beta.1" "metadata" "--manifest-path" "Cargo.toml" "--no-deps", kill_on_drop: false }`
[INFO] crate crates.io crate gopro-chaptered-video-assembler 0.5.3 already has a lockfile, it will not be regenerated
[INFO] running `Command { std: CARGO_HOME="/workspace/cargo-home" RUSTUP_HOME="/workspace/rustup-home" "/workspace/cargo-home/bin/cargo" "+1.100.0-beta.1" "fetch" "--manifest-path" "Cargo.toml", kill_on_drop: false }`
[INFO] [stderr] warning: `package.homepage` is redundant with `package.repository`
[INFO] [stderr]   --> Cargo.toml:57:12
[INFO] [stderr]    |
[INFO] [stderr] 57 | homepage = "https://github.com/alichtman/gopro-chaptered-video-assembler"
[INFO] [stderr]    |            ^^^^^^^^^^^^^^^^^^^^^^^^^^^^^^^^^^^^^^^^^^^^^^^^^^^^^^^^^^^^^^
[INFO] [stderr] ...
[INFO] [stderr] 62 | repository = "https://github.com/alichtman/gopro-chaptered-video-assembler"
[INFO] [stderr]    |              --------------------------------------------------------------
[INFO] [stderr]    |
[INFO] [stderr]    = note: `cargo::redundant_homepage` is set to `warn` by default
[INFO] [stderr] help: consider removing `package.homepage`
[INFO] [stderr] warning: `gopro-chaptered-video-assembler` (manifest) generated 1 warning
[INFO] running `Command { std: "docker" "create" "-v" "/var/lib/crater-agent-workspace/builds/worker-3-tc2/source:/opt/rustwide/workdir:ro,Z" "-v" "/var/lib/crater-agent-workspace/builds/worker-3-tc2/target:/opt/rustwide/target:rw,Z" "-v" "/var/lib/crater-agent-workspace/cargo-home:/opt/rustwide/cargo-home:ro,Z" "-v" "/var/lib/crater-agent-workspace/rustup-home:/opt/rustwide/rustup-home:ro,Z" "-m" "1610612736" "--network" "none" "ghcr.io/rust-lang/crates-build-env/linux@sha256:77db811e55d90add9212f6832c23229e3de5f1c1f9905e8cb07319ea15df73ac" "sleep" "infinity", kill_on_drop: false }`
[INFO] [stdout] 2899f64f76eb4da36420ed85c6632c31338e4d28f0b19376affe6b4ce342c5ef
[INFO] running `Command { std: "docker" "start" "2899f64f76eb4da36420ed85c6632c31338e4d28f0b19376affe6b4ce342c5ef", kill_on_drop: false }`
[INFO] running `Command { std: "docker" "inspect" "2899f64f76eb4da36420ed85c6632c31338e4d28f0b19376affe6b4ce342c5ef", kill_on_drop: false }`
[INFO] running `Command { std: "docker" "exec" "-e" "SOURCE_DIR=/opt/rustwide/workdir" "-e" "CARGO_HOME=/opt/rustwide/cargo-home" "-e" "RUSTUP_HOME=/opt/rustwide/rustup-home" "-e" "CARGO_TARGET_DIR=/opt/rustwide/target" "-w" "/opt/rustwide/workdir" "--user" "0:0" "2899f64f76eb4da36420ed85c6632c31338e4d28f0b19376affe6b4ce342c5ef" "/opt/rustwide/cargo-home/bin/cargo" "+1.100.0-beta.1" "metadata" "--no-deps" "--format-version=1", kill_on_drop: false }`
[INFO] running `Command { std: "docker" "inspect" "2899f64f76eb4da36420ed85c6632c31338e4d28f0b19376affe6b4ce342c5ef", kill_on_drop: false }`
[INFO] running `Command { std: "docker" "exec" "-e" "SOURCE_DIR=/opt/rustwide/workdir" "-e" "CARGO_HOME=/opt/rustwide/cargo-home" "-e" "RUSTUP_HOME=/opt/rustwide/rustup-home" "-e" "CARGO_TARGET_DIR=/opt/rustwide/target" "-e" "CARGO_INCREMENTAL=0" "-e" "RUST_BACKTRACE=full" "-e" "RUSTFLAGS=--cap-lints=warn" "-e" "RUSTDOCFLAGS=--cap-lints=warn" "-w" "/opt/rustwide/workdir" "--user" "0:0" "2899f64f76eb4da36420ed85c6632c31338e4d28f0b19376affe6b4ce342c5ef" "/opt/rustwide/cargo-home/bin/cargo" "+1.100.0-beta.1" "build" "--frozen" "--message-format=json" "--release", kill_on_drop: false }`
[INFO] [stderr] warning: `package.homepage` is redundant with `package.repository`
[INFO] [stderr]   --> Cargo.toml:57:12
[INFO] [stderr]    |
[INFO] [stderr] 57 | homepage = "https://github.com/alichtman/gopro-chaptered-video-assembler"
[INFO] [stderr]    |            ^^^^^^^^^^^^^^^^^^^^^^^^^^^^^^^^^^^^^^^^^^^^^^^^^^^^^^^^^^^^^^
[INFO] [stderr] ...
[INFO] [stderr] 62 | repository = "https://github.com/alichtman/gopro-chaptered-video-assembler"
[INFO] [stderr]    |              --------------------------------------------------------------
[INFO] [stderr]    |
[INFO] [stderr]    = note: `cargo::redundant_homepage` is set to `warn` by default
[INFO] [stderr] help: consider removing `package.homepage`
[INFO] [stderr] warning: `gopro-chaptered-video-assembler` (manifest) generated 1 warning
[INFO] [stderr]    Compiling libc v0.2.177
[INFO] [stderr]    Compiling proc-macro2 v1.0.103
[INFO] [stderr]    Compiling find-msvc-tools v0.1.4
[INFO] [stderr]    Compiling camino v1.2.1
[INFO] [stderr]    Compiling anstream v0.6.21
[INFO] [stderr]    Compiling deranged v0.5.5
[INFO] [stderr]    Compiling clap_lex v0.7.6
[INFO] [stderr]    Compiling constant_time_eq v0.3.1
[INFO] [stderr]    Compiling fs_extra v1.3.0
[INFO] [stderr]    Compiling cc v1.2.44
[INFO] [stderr]    Compiling clap_builder v4.5.51
[INFO] [stderr]    Compiling normpath v1.5.0
[INFO] [stderr]    Compiling xdg v2.5.2
[INFO] [stderr]    Compiling quote v1.0.41
[INFO] [stderr]    Compiling syn v2.0.109
[INFO] [stderr]    Compiling blake3 v1.8.2
[INFO] [stderr]    Compiling filetime v0.2.26
[INFO] [stderr]    Compiling getrandom v0.3.4
[INFO] [stderr]    Compiling time v0.3.44
[INFO] [stderr]    Compiling filetime_creation v0.2.0
[INFO] [stderr]    Compiling uuid v1.18.1
[INFO] [stderr]    Compiling mp4-merge v0.1.11
[INFO] [stderr]    Compiling merkle_hash v3.8.0
[INFO] [stderr]    Compiling simplelog v0.12.2
[INFO] [stderr]    Compiling clap_derive v4.5.49
[INFO] [stderr]    Compiling clap v4.5.51
[INFO] [stderr]    Compiling gopro-chaptered-video-assembler v0.5.3 (/opt/rustwide/workdir)
[INFO] [stderr] warning: unused dependency `fs_extra`
[INFO] [stderr]   --> Cargo.toml:15:15
[INFO] [stderr]    |
[INFO] [stderr] 15 | [dependencies.fs_extra]
[INFO] [stderr]    |               ^^^^^^^^^
[INFO] [stderr]    |
[INFO] [stderr]    = note: `cargo::unused_dependencies` is set to `warn` by default
[INFO] [stderr] help: consider removing the dependency on `fs_extra`
[INFO] [stderr] warning: unused dependency `merkle_hash`
[INFO] [stderr]   --> Cargo.toml:21:15
[INFO] [stderr]    |
[INFO] [stderr] 21 | [dependencies.merkle_hash]
[INFO] [stderr]    |               ^^^^^^^^^^^^
[INFO] [stderr]    |
[INFO] [stderr] help: consider removing the dependency on `merkle_hash`
[INFO] [stderr] warning: unused dependency `uuid`
[INFO] [stderr]   --> Cargo.toml:33:15
[INFO] [stderr]    |
[INFO] [stderr] 33 | [dependencies.uuid]
[INFO] [stderr]    |               ^^^^^
[INFO] [stderr]    |
[INFO] [stderr] help: consider removing the dependency on `uuid`
[INFO] [stderr] warning: `gopro-chaptered-video-assembler` (manifest) generated 3 warnings
[INFO] [stderr]     Finished `release` profile [optimized] target(s) in 40.72s
[INFO] running `Command { std: "docker" "inspect" "2899f64f76eb4da36420ed85c6632c31338e4d28f0b19376affe6b4ce342c5ef", kill_on_drop: false }`
[INFO] running `Command { std: "docker" "exec" "-e" "SOURCE_DIR=/opt/rustwide/workdir" "-e" "CARGO_HOME=/opt/rustwide/cargo-home" "-e" "RUSTUP_HOME=/opt/rustwide/rustup-home" "-e" "CARGO_TARGET_DIR=/opt/rustwide/target" "-e" "CARGO_INCREMENTAL=0" "-e" "RUST_BACKTRACE=full" "-e" "RUSTFLAGS=--cap-lints=warn" "-e" "RUSTDOCFLAGS=--cap-lints=warn" "-w" "/opt/rustwide/workdir" "--user" "0:0" "2899f64f76eb4da36420ed85c6632c31338e4d28f0b19376affe6b4ce342c5ef" "/opt/rustwide/cargo-home/bin/cargo" "+1.100.0-beta.1" "test" "--frozen" "--no-run" "--message-format=json" "--release", kill_on_drop: false }`
[INFO] [stderr] warning: `package.homepage` is redundant with `package.repository`
[INFO] [stderr]   --> Cargo.toml:57:12
[INFO] [stderr]    |
[INFO] [stderr] 57 | homepage = "https://github.com/alichtman/gopro-chaptered-video-assembler"
[INFO] [stderr]    |            ^^^^^^^^^^^^^^^^^^^^^^^^^^^^^^^^^^^^^^^^^^^^^^^^^^^^^^^^^^^^^^
[INFO] [stderr] ...
[INFO] [stderr] 62 | repository = "https://github.com/alichtman/gopro-chaptered-video-assembler"
[INFO] [stderr]    |              --------------------------------------------------------------
[INFO] [stderr]    |
[INFO] [stderr]    = note: `cargo::redundant_homepage` is set to `warn` by default
[INFO] [stderr] help: consider removing `package.homepage`
[INFO] [stderr] warning: `gopro-chaptered-video-assembler` (manifest) generated 1 warning
[INFO] [stderr]    Compiling assert_cmd v2.1.1
[INFO] [stderr]    Compiling wait-timeout v0.2.1
[INFO] [stderr]    Compiling gopro-chaptered-video-assembler v0.5.3 (/opt/rustwide/workdir)
[INFO] [stderr]     Finished `release` profile [optimized] target(s) in 3.67s
[INFO] running `Command { std: "docker" "inspect" "2899f64f76eb4da36420ed85c6632c31338e4d28f0b19376affe6b4ce342c5ef", kill_on_drop: false }`
[INFO] running `Command { std: "docker" "exec" "-e" "SOURCE_DIR=/opt/rustwide/workdir" "-e" "CARGO_HOME=/opt/rustwide/cargo-home" "-e" "RUSTUP_HOME=/opt/rustwide/rustup-home" "-e" "CARGO_TARGET_DIR=/opt/rustwide/target" "-e" "CARGO_INCREMENTAL=0" "-e" "RUST_BACKTRACE=full" "-e" "RUSTFLAGS=--cap-lints=warn" "-e" "RUSTDOCFLAGS=--cap-lints=warn" "-w" "/opt/rustwide/workdir" "--user" "0:0" "2899f64f76eb4da36420ed85c6632c31338e4d28f0b19376affe6b4ce342c5ef" "/opt/rustwide/cargo-home/bin/cargo" "+1.100.0-beta.1" "test" "--frozen" "--release", kill_on_drop: false }`
[INFO] [stderr] warning: `package.homepage` is redundant with `package.repository`
[INFO] [stderr]   --> Cargo.toml:57:12
[INFO] [stderr]    |
[INFO] [stderr] 57 | homepage = "https://github.com/alichtman/gopro-chaptered-video-assembler"
[INFO] [stderr]    |            ^^^^^^^^^^^^^^^^^^^^^^^^^^^^^^^^^^^^^^^^^^^^^^^^^^^^^^^^^^^^^^
[INFO] [stderr] ...
[INFO] [stderr] 62 | repository = "https://github.com/alichtman/gopro-chaptered-video-assembler"
[INFO] [stderr]    |              --------------------------------------------------------------
[INFO] [stderr]    |
[INFO] [stderr]    = note: `cargo::redundant_homepage` is set to `warn` by default
[INFO] [stderr] help: consider removing `package.homepage`
[INFO] [stderr] warning: `gopro-chaptered-video-assembler` (manifest) generated 1 warning
[INFO] [stderr]     Finished `release` profile [optimized] target(s) in 0.22s
[INFO] [stderr]      Running unittests src/main.rs (/opt/rustwide/target/release/build/gopro-chaptered-video-assembler/0d4e38e30a53e678/out/gopro_chaptered_video_assembler-0d4e38e30a53e678)
[INFO] [stdout] 
[INFO] [stdout] running 0 tests
[INFO] [stdout] 
[INFO] [stdout] test result: ok. 0 passed; 0 failed; 0 ignored; 0 measured; 0 filtered out; finished in 0.00s
[INFO] [stdout] 
[INFO] [stderr]      Running tests/integration_test.rs (/opt/rustwide/target/release/build/gopro-chaptered-video-assembler/d40e030caa3c4a32/out/integration_test-d40e030caa3c4a32)
[INFO] [stdout] 
[INFO] [stdout] running 1 test
[INFO] [stdout] test test_run_on_dir ... FAILED
[INFO] [stdout] 
[INFO] [stdout] failures:
[INFO] [stdout] 
[INFO] [stdout] ---- test_run_on_dir stdout ----
[INFO] [stdout] 
[INFO] [stdout] thread 'test_run_on_dir' (718) panicked at /opt/rustwide/cargo-home/registry/src/index.crates.io-1949cf8c6b5b557f/assert_cmd-2.1.1/src/output.rs:65:25:
[INFO] [stdout] command="/opt/rustwide/target/release/gopro-chaptered-video-assembler" "--input" "/opt/rustwide/workdir/tests/data/real_videos" "--output" "/opt/rustwide/workdir/tests/data/actual_output" "--yes" "--copy-single-chapter-instead-of-rename"
[INFO] [stdout] code=101
[INFO] [stdout] stdout=```
[INFO] [stdout] ╔═══════════════════════════════════════╗
[INFO] [stdout] ║ gopro-chaptered-video-assembler 0.5.3 ║
[INFO] [stdout] ╚═══════════════════════════════════════╝
[INFO] [stdout] ```
[INFO] [stdout] 
[INFO] [stdout] stderr=```
[INFO] [stdout] 
[INFO] [stderr] error: test failed, to rerun pass `--test integration_test`
[INFO] [stdout] thread \'main\' (719) panicked at src/main.rs:35:10:
[INFO] [stdout] Could not canonicalize input dir path. Does it exist?: Os { code: 2, kind: NotFound, message: \"No such file or directory\" }
[INFO] [stdout] stack backtrace:
[INFO] [stdout]    0:     0x5f1720a36411 - <<std[617be2ca0a6fd877]::sys::backtrace::BacktraceLock>::print::DisplayBacktrace as core[a373ad73a504971]::fmt::Display>::fmt
[INFO] [stdout]    1:     0x5f1720a4b9fa - core[a373ad73a504971]::fmt::write
[INFO] [stdout]    2:     0x5f1720a3ba0c - <std[617be2ca0a6fd877]::sys::stdio::unix::Stderr as core[a373ad73a504971]::io::write::Write>::write_fmt
[INFO] [stdout]    3:     0x5f1720a1c736 - std[617be2ca0a6fd877]::panicking::default_hook::{closure#0}
[INFO] [stdout]    4:     0x5f1720a30e51 - std[617be2ca0a6fd877]::panicking::default_hook
[INFO] [stdout]    5:     0x5f1720a3100b - std[617be2ca0a6fd877]::panicking::panic_with_hook
[INFO] [stdout]    6:     0x5f1720a1c7e2 - std[617be2ca0a6fd877]::panicking::panic_handler::{closure#0}
[INFO] [stdout]    7:     0x5f1720a154a9 - std[617be2ca0a6fd877]::sys::backtrace::__rust_end_short_backtrace::<std[617be2ca0a6fd877]::panicking::panic_handler::{closure#0}, !>
[INFO] [stdout]    8:     0x5f1720a1d18d - __rustc[ea4f61d10b84890b]::rust_begin_unwind
[INFO] [stdout]    9:     0x5f1720a4c12c - core[a373ad73a504971]::panicking::panic_fmt
[INFO] [stdout]   10:     0x5f1720a4bf02 - core[a373ad73a504971]::result::unwrap_failed
[INFO] [stdout]   11:     0x5f1720998942 - gopro_chaptered_video_assembler[c3d5cf102c77ec18]::main
[INFO] [stdout]   12:     0x5f17209a287b - std[617be2ca0a6fd877]::sys::backtrace::__rust_begin_short_backtrace::<fn(), ()>
[INFO] [stdout]   13:     0x5f172099d8d9 - std[617be2ca0a6fd877]::rt::lang_start::<()>::{closure#0}
[INFO] [stdout]   14:     0x5f1720a30138 - std[617be2ca0a6fd877]::rt::lang_start_internal
[INFO] [stdout]   15:     0x5f1720998c45 - main
[INFO] [stdout]   16:     0x7c63a3c07601 - <unknown>
[INFO] [stdout]   17:     0x7c63a3c07718 - __libc_start_main
[INFO] [stdout]   18:     0x5f172098bdc5 - _start
[INFO] [stdout]   19:                0x0 - <unknown>
[INFO] [stdout] ```
[INFO] [stdout] 
[INFO] [stdout] 
[INFO] [stdout] stack backtrace:
[INFO] [stdout]    0:     0x562941242dd1 - <<std[617be2ca0a6fd877]::sys::backtrace::BacktraceLock>::print::DisplayBacktrace as core[a373ad73a504971]::fmt::Display>::fmt
[INFO] [stdout]    1:     0x56294125933a - core[a373ad73a504971]::fmt::write
[INFO] [stdout]    2:     0x5629412487dc - <alloc[2e1b2a31b91974c5]::vec::Vec<u8> as core[a373ad73a504971]::io::write::Write>::write_fmt
[INFO] [stdout]    3:     0x56294121d646 - std[617be2ca0a6fd877]::panicking::default_hook::{closure#0}
[INFO] [stdout]    4:     0x56294123a669 - std[617be2ca0a6fd877]::panicking::default_hook
[INFO] [stdout]    5:     0x5629411ad8f0 - test[aada8e7e76ba119b]::test_main_inner::{closure#0}
[INFO] [stdout]    6:     0x56294123a992 - std[617be2ca0a6fd877]::panicking::panic_with_hook
[INFO] [stdout]    7:     0x56294121d6f2 - std[617be2ca0a6fd877]::panicking::panic_handler::{closure#0}
[INFO] [stdout]    8:     0x5629412160b9 - std[617be2ca0a6fd877]::sys::backtrace::__rust_end_short_backtrace::<std[617be2ca0a6fd877]::panicking::panic_handler::{closure#0}, !>
[INFO] [stdout]    9:     0x56294121e2fd - __rustc[ea4f61d10b84890b]::rust_begin_unwind
[INFO] [stdout]   10:     0x562941259aec - core[a373ad73a504971]::panicking::panic_fmt
[INFO] [stdout]   11:     0x5629411a0ab8 - <integration_test[6d0069a53fbbc98e]::test_run_on_dir::{closure#0} as core[a373ad73a504971]::ops::function::FnOnce<()>>::call_once
[INFO] [stdout]   12:     0x5629411a0d3b - test[aada8e7e76ba119b]::__rust_begin_short_backtrace::<core[a373ad73a504971]::result::Result<(), alloc[2e1b2a31b91974c5]::string::String>, fn() -> core[a373ad73a504971]::result::Result<(), alloc[2e1b2a31b91974c5]::string::String>>
[INFO] [stdout]   13:     0x5629411adf15 - test[aada8e7e76ba119b]::run_test::{closure#0}
[INFO] [stdout]   14:     0x5629411a7804 - std[617be2ca0a6fd877]::sys::backtrace::__rust_begin_short_backtrace::<test[aada8e7e76ba119b]::run_test::{closure#1}, ()>
[INFO] [stdout]   15:     0x5629411b0fa2 - <std[617be2ca0a6fd877]::thread::lifecycle::spawn_unchecked<test[aada8e7e76ba119b]::run_test::{closure#1}, ()>::{closure#1} as core[a373ad73a504971]::ops::function::FnOnce<()>>::call_once::{shim:vtable#0}
[INFO] [stdout]   16:     0x56294124228f - <std[617be2ca0a6fd877]::sys::thread::unix::Thread>::new::thread_start
[INFO] [stdout]   17:     0x77c14d0d4dfa - <unknown>
[INFO] [stdout]   18:     0x77c14d1683d4 - clone
[INFO] [stdout]   19:                0x0 - <unknown>
[INFO] [stdout] 
[INFO] [stdout] 
[INFO] [stdout] failures:
[INFO] [stdout]     test_run_on_dir
[INFO] [stdout] 
[INFO] [stdout] test result: FAILED. 0 passed; 1 failed; 0 ignored; 0 measured; 0 filtered out; finished in 0.01s
[INFO] [stdout] 
[INFO] running `Command { std: "docker" "inspect" "2899f64f76eb4da36420ed85c6632c31338e4d28f0b19376affe6b4ce342c5ef", kill_on_drop: false }`
[INFO] running `Command { std: "docker" "rm" "-f" "2899f64f76eb4da36420ed85c6632c31338e4d28f0b19376affe6b4ce342c5ef", kill_on_drop: false }`
[INFO] [stdout] 2899f64f76eb4da36420ed85c6632c31338e4d28f0b19376affe6b4ce342c5ef
