[INFO] fetching crate google-fonts-sources 0.11.2...
[INFO] testing google-fonts-sources-0.11.2 against 1.99.0-beta.8+cargoflags=--release for beta-release-1.100-2
[INFO] extracting crate google-fonts-sources 0.11.2 into /workspace/builds/worker-6-tc1/source
[INFO] started tweaking crates.io crate google-fonts-sources 0.11.2
[INFO] finished tweaking crates.io crate google-fonts-sources 0.11.2
[INFO] tweaked toml for crates.io crate google-fonts-sources 0.11.2 written to /workspace/builds/worker-6-tc1/source/Cargo.toml
[INFO] validating manifest of crates.io crate google-fonts-sources 0.11.2 on toolchain 1.99.0-beta.8
[INFO] running `Command { std: CARGO_HOME="/workspace/cargo-home" RUSTUP_HOME="/workspace/rustup-home" "/workspace/cargo-home/bin/cargo" "+1.99.0-beta.8" "metadata" "--manifest-path" "Cargo.toml" "--no-deps", kill_on_drop: false }`
[INFO] crate crates.io crate google-fonts-sources 0.11.2 already has a lockfile, it will not be regenerated
[INFO] running `Command { std: CARGO_HOME="/workspace/cargo-home" RUSTUP_HOME="/workspace/rustup-home" "/workspace/cargo-home/bin/cargo" "+1.99.0-beta.8" "fetch" "--manifest-path" "Cargo.toml", kill_on_drop: false }`
[INFO] [stderr]  Downloading crates ...
[INFO] [stderr]   Downloaded jiff-static v0.2.27
[INFO] [stderr]   Downloaded jiff v0.2.27
[INFO] running `Command { std: "docker" "create" "-v" "/var/lib/crater-agent-workspace/builds/worker-6-tc1/source:/opt/rustwide/workdir:ro,Z" "-v" "/var/lib/crater-agent-workspace/builds/worker-6-tc1/target:/opt/rustwide/target:rw,Z" "-v" "/var/lib/crater-agent-workspace/cargo-home:/opt/rustwide/cargo-home:ro,Z" "-v" "/var/lib/crater-agent-workspace/rustup-home:/opt/rustwide/rustup-home:ro,Z" "-m" "1610612736" "--network" "none" "ghcr.io/rust-lang/crates-build-env/linux@sha256:77db811e55d90add9212f6832c23229e3de5f1c1f9905e8cb07319ea15df73ac" "sleep" "infinity", kill_on_drop: false }`
[INFO] [stdout] 60c03d00fc2ad512265a0af1a3e8af335a77445a9b07f213d5e5f2df00d7e810
[INFO] running `Command { std: "docker" "start" "60c03d00fc2ad512265a0af1a3e8af335a77445a9b07f213d5e5f2df00d7e810", kill_on_drop: false }`
[INFO] running `Command { std: "docker" "inspect" "60c03d00fc2ad512265a0af1a3e8af335a77445a9b07f213d5e5f2df00d7e810", kill_on_drop: false }`
[INFO] running `Command { std: "docker" "exec" "-e" "SOURCE_DIR=/opt/rustwide/workdir" "-e" "CARGO_HOME=/opt/rustwide/cargo-home" "-e" "RUSTUP_HOME=/opt/rustwide/rustup-home" "-e" "CARGO_TARGET_DIR=/opt/rustwide/target" "-w" "/opt/rustwide/workdir" "--user" "0:0" "60c03d00fc2ad512265a0af1a3e8af335a77445a9b07f213d5e5f2df00d7e810" "/opt/rustwide/cargo-home/bin/cargo" "+1.99.0-beta.8" "metadata" "--no-deps" "--format-version=1", kill_on_drop: false }`
[INFO] running `Command { std: "docker" "inspect" "60c03d00fc2ad512265a0af1a3e8af335a77445a9b07f213d5e5f2df00d7e810", kill_on_drop: false }`
[INFO] running `Command { std: "docker" "exec" "-e" "SOURCE_DIR=/opt/rustwide/workdir" "-e" "CARGO_HOME=/opt/rustwide/cargo-home" "-e" "RUSTUP_HOME=/opt/rustwide/rustup-home" "-e" "CARGO_TARGET_DIR=/opt/rustwide/target" "-e" "CARGO_INCREMENTAL=0" "-e" "RUST_BACKTRACE=full" "-e" "RUSTFLAGS=--cap-lints=warn" "-e" "RUSTDOCFLAGS=--cap-lints=warn" "-w" "/opt/rustwide/workdir" "--user" "0:0" "60c03d00fc2ad512265a0af1a3e8af335a77445a9b07f213d5e5f2df00d7e810" "/opt/rustwide/cargo-home/bin/cargo" "+1.99.0-beta.8" "build" "--frozen" "--message-format=json" "--release", kill_on_drop: false }`
[INFO] [stderr]    Compiling memchr v2.8.1
[INFO] [stderr]    Compiling cc v1.2.62
[INFO] [stderr]    Compiling log v0.4.30
[INFO] [stderr]    Compiling rustls-pki-types v1.14.1
[INFO] [stderr]    Compiling simd-adler32 v0.3.9
[INFO] [stderr]    Compiling rustls v0.23.40
[INFO] [stderr]    Compiling http v1.4.1
[INFO] [stderr]    Compiling clap_derive v4.6.1
[INFO] [stderr]    Compiling getrandom v0.4.2
[INFO] [stderr]    Compiling xattr v1.6.1
[INFO] [stderr]    Compiling miniz_oxide v0.8.9
[INFO] [stderr]    Compiling aho-corasick v1.1.4
[INFO] [stderr]    Compiling flate2 v1.1.9
[INFO] [stderr]    Compiling ureq-proto v0.6.0
[INFO] [stderr]    Compiling ring v0.17.14
[INFO] [stderr]    Compiling webpki-roots v1.0.7
[INFO] [stderr]    Compiling filetime v0.2.29
[INFO] [stderr]    Compiling jiff v0.2.27
[INFO] [stderr]    Compiling either v1.16.0
[INFO] [stderr]    Compiling serde_yaml v0.9.34+deprecated
[INFO] [stderr]    Compiling clap v4.6.1
[INFO] [stderr]    Compiling tempfile v3.27.0
[INFO] [stderr]    Compiling regex-automata v0.4.14
[INFO] [stderr]    Compiling rayon v1.12.0
[INFO] [stderr]    Compiling tar v0.4.46
[INFO] [stderr]    Compiling serde_json v1.0.150
[INFO] [stderr]    Compiling regex v1.12.3
[INFO] [stderr]    Compiling env_filter v1.0.1
[INFO] [stderr]    Compiling font-types v0.11.3
[INFO] [stderr]    Compiling env_logger v0.11.10
[INFO] [stderr]    Compiling rustls-webpki v0.103.13
[INFO] [stderr]    Compiling ureq v3.3.0
[INFO] [stderr]    Compiling google-fonts-sources v0.11.2 (/opt/rustwide/workdir)
[INFO] [stderr]     Finished `release` profile [optimized] target(s) in 2m 03s
[INFO] running `Command { std: "docker" "inspect" "60c03d00fc2ad512265a0af1a3e8af335a77445a9b07f213d5e5f2df00d7e810", kill_on_drop: false }`
[INFO] running `Command { std: "docker" "exec" "-e" "SOURCE_DIR=/opt/rustwide/workdir" "-e" "CARGO_HOME=/opt/rustwide/cargo-home" "-e" "RUSTUP_HOME=/opt/rustwide/rustup-home" "-e" "CARGO_TARGET_DIR=/opt/rustwide/target" "-e" "CARGO_INCREMENTAL=0" "-e" "RUST_BACKTRACE=full" "-e" "RUSTFLAGS=--cap-lints=warn" "-e" "RUSTDOCFLAGS=--cap-lints=warn" "-w" "/opt/rustwide/workdir" "--user" "0:0" "60c03d00fc2ad512265a0af1a3e8af335a77445a9b07f213d5e5f2df00d7e810" "/opt/rustwide/cargo-home/bin/cargo" "+1.99.0-beta.8" "test" "--frozen" "--no-run" "--message-format=json" "--release", kill_on_drop: false }`
[INFO] [stderr]    Compiling google-fonts-sources v0.11.2 (/opt/rustwide/workdir)
[INFO] [stderr]     Finished `release` profile [optimized] target(s) in 5.96s
[INFO] running `Command { std: "docker" "inspect" "60c03d00fc2ad512265a0af1a3e8af335a77445a9b07f213d5e5f2df00d7e810", kill_on_drop: false }`
[INFO] running `Command { std: "docker" "exec" "-e" "SOURCE_DIR=/opt/rustwide/workdir" "-e" "CARGO_HOME=/opt/rustwide/cargo-home" "-e" "RUSTUP_HOME=/opt/rustwide/rustup-home" "-e" "CARGO_TARGET_DIR=/opt/rustwide/target" "-e" "CARGO_INCREMENTAL=0" "-e" "RUST_BACKTRACE=full" "-e" "RUSTFLAGS=--cap-lints=warn" "-e" "RUSTDOCFLAGS=--cap-lints=warn" "-w" "/opt/rustwide/workdir" "--user" "0:0" "60c03d00fc2ad512265a0af1a3e8af335a77445a9b07f213d5e5f2df00d7e810" "/opt/rustwide/cargo-home/bin/cargo" "+1.99.0-beta.8" "test" "--frozen" "--release", kill_on_drop: false }`
[INFO] [stderr]     Finished `release` profile [optimized] target(s) in 0.13s
[INFO] [stderr]      Running unittests src/lib.rs (/opt/rustwide/target/release/deps/google_fonts_sources-9ff80d7b51e7e7dd)
[INFO] [stdout] 
[INFO] [stdout] running 7 tests
[INFO] [stdout] test metadata::tests::metadata_urls ... ok
[INFO] [stdout] test tests::roundtrip ... ok
[INFO] [stdout] test font_source::tests::org_and_name_from_url ... ok
[INFO] [stdout] test metadata::tests::extract_str ... ok
[INFO] [stdout] test tests::mark_conflicts ... ok
[INFO] [stdout] test tests::deny_unknown_version - should panic ... ok
[INFO] [stdout] test font_source::tests::test_non_sources_config ... FAILED
[INFO] [stdout] 
[INFO] [stdout] failures:
[INFO] [stdout] 
[INFO] [stdout] ---- font_source::tests::test_non_sources_config stdout ----
[INFO] [stdout] 
[INFO] [stdout] thread 'font_source::tests::test_non_sources_config' (990) panicked at src/font_source.rs:348:14:
[INFO] [stdout] should be able to get sources: FetchFailed { error: Io(Custom { kind: Uncategorized, error: "failed to lookup address information: Temporary failure in name resolution" }) }
[INFO] [stdout] stack backtrace:
[INFO] [stdout]    0:     0x5aef6dd6a091 - <<std[70759c8f55707aa4]::sys::backtrace::BacktraceLock>::print::DisplayBacktrace as core[df12db4294e9bfd3]::fmt::Display>::fmt
[INFO] [stdout]    1:     0x5aef6dd8127a - core[df12db4294e9bfd3]::fmt::write
[INFO] [stdout]    2:     0x5aef6dd6ec7c - <alloc[2182bb758b4b3781]::vec::Vec<u8> as core[df12db4294e9bfd3]::io::write::Write>::write_fmt
[INFO] [stdout]    3:     0x5aef6dd428d6 - std[70759c8f55707aa4]::panicking::default_hook::{closure#0}
[INFO] [stdout]    4:     0x5aef6dd60f09 - std[70759c8f55707aa4]::panicking::default_hook
[INFO] [stdout]    5:     0x5aef6dbb59c0 - test[9d35eded1c95d3be]::test_main_inner::<test[9d35eded1c95d3be]::test_main_static::{closure#0}>::{closure#0}
[INFO] [stdout]    6:     0x5aef6dd610c2 - std[70759c8f55707aa4]::panicking::panic_with_hook
[INFO] [stdout]    7:     0x5aef6dd42982 - std[70759c8f55707aa4]::panicking::panic_handler::{closure#0}
[INFO] [stdout]    8:     0x5aef6dd3b279 - std[70759c8f55707aa4]::sys::backtrace::__rust_end_short_backtrace::<std[70759c8f55707aa4]::panicking::panic_handler::{closure#0}, !>
[INFO] [stdout]    9:     0x5aef6dd43afd - __rustc[8fa7c3cbc660c2b3]::rust_begin_unwind
[INFO] [stdout]   10:     0x5aef6dd819ac - core[df12db4294e9bfd3]::panicking::panic_fmt
[INFO] [stdout]   11:     0x5aef6dd81782 - core[df12db4294e9bfd3]::result::unwrap_failed
[INFO] [stdout]   12:     0x5aef6db72280 - google_fonts_sources[2d53fe63ed2ba29]::font_source::tests::test_non_sources_config
[INFO] [stdout]   13:     0x5aef6db81689 - <google_fonts_sources[2d53fe63ed2ba29]::font_source::tests::test_non_sources_config::{closure#0} as core[df12db4294e9bfd3]::ops::function::FnOnce<()>>::call_once
[INFO] [stdout]   14:     0x5aef6dba8cab - test[9d35eded1c95d3be]::__rust_begin_short_backtrace::<core[df12db4294e9bfd3]::result::Result<(), alloc[2182bb758b4b3781]::string::String>, fn() -> core[df12db4294e9bfd3]::result::Result<(), alloc[2182bb758b4b3781]::string::String>>
[INFO] [stdout]   15:     0x5aef6dbb6315 - test[9d35eded1c95d3be]::run_test::{closure#0}
[INFO] [stdout]   16:     0x5aef6dbafbd4 - std[70759c8f55707aa4]::sys::backtrace::__rust_begin_short_backtrace::<test[9d35eded1c95d3be]::run_test::{closure#1}, ()>
[INFO] [stdout]   17:     0x5aef6dbb9472 - <std[70759c8f55707aa4]::thread::lifecycle::spawn_unchecked<test[9d35eded1c95d3be]::run_test::{closure#1}, ()>::{closure#1} as core[df12db4294e9bfd3]::ops::function::FnOnce<()>>::call_once::{shim:vtable#0}
[INFO] [stdout]   18:     0x5aef6dd690d9 - <std[70759c8f55707aa4]::sys::thread::unix::Thread>::new::thread_start
[INFO] [stdout]   19:     0x7985458d2dfa - <unknown>
[INFO] [stdout]   20:     0x7985459663d4 - clone
[INFO] [stdout]   21:                0x0 - <unknown>
[INFO] [stdout] 
[INFO] [stdout] 
[INFO] [stdout] failures:
[INFO] [stdout]     font_source::tests::test_non_sources_config
[INFO] [stdout] 
[INFO] [stdout] test result: FAILED. 6 passed; 1 failed; 0 ignored; 0 measured; 0 filtered out; finished in 0.01s
[INFO] [stdout] 
[INFO] [stderr] error: test failed, to rerun pass `--lib`
[INFO] running `Command { std: "docker" "inspect" "60c03d00fc2ad512265a0af1a3e8af335a77445a9b07f213d5e5f2df00d7e810", kill_on_drop: false }`
[INFO] running `Command { std: "docker" "rm" "-f" "60c03d00fc2ad512265a0af1a3e8af335a77445a9b07f213d5e5f2df00d7e810", kill_on_drop: false }`
[INFO] [stdout] 60c03d00fc2ad512265a0af1a3e8af335a77445a9b07f213d5e5f2df00d7e810
