[INFO] fetching crate goodreads-metadata-scraper 0.2.5...
[INFO] testing goodreads-metadata-scraper-0.2.5 against 1.100.0-beta.1+cargoflags=--release for beta-release-1.100-2
[INFO] extracting crate goodreads-metadata-scraper 0.2.5 into /workspace/builds/worker-2-tc2/source
[INFO] started tweaking crates.io crate goodreads-metadata-scraper 0.2.5
[INFO] removed 0 missing tests
[INFO] finished tweaking crates.io crate goodreads-metadata-scraper 0.2.5
[INFO] tweaked toml for crates.io crate goodreads-metadata-scraper 0.2.5 written to /workspace/builds/worker-2-tc2/source/Cargo.toml
[INFO] validating manifest of crates.io crate goodreads-metadata-scraper 0.2.5 on toolchain 1.100.0-beta.1
[INFO] running `Command { std: CARGO_HOME="/workspace/cargo-home" RUSTUP_HOME="/workspace/rustup-home" "/workspace/cargo-home/bin/cargo" "+1.100.0-beta.1" "metadata" "--manifest-path" "Cargo.toml" "--no-deps", kill_on_drop: false }`
[INFO] crate crates.io crate goodreads-metadata-scraper 0.2.5 already has a lockfile, it will not be regenerated
[INFO] running `Command { std: CARGO_HOME="/workspace/cargo-home" RUSTUP_HOME="/workspace/rustup-home" "/workspace/cargo-home/bin/cargo" "+1.100.0-beta.1" "fetch" "--manifest-path" "Cargo.toml", kill_on_drop: false }`
[INFO] [stderr] warning: `package.homepage` is redundant with `package.repository`
[INFO] [stderr]   --> Cargo.toml:46:12
[INFO] [stderr]    |
[INFO] [stderr] 46 | homepage = "https://github.com/tiago-cos/goodreads-metadata-scraper"
[INFO] [stderr]    |            ^^^^^^^^^^^^^^^^^^^^^^^^^^^^^^^^^^^^^^^^^^^^^^^^^^^^^^^^^
[INFO] [stderr] ...
[INFO] [stderr] 51 | repository = "https://github.com/tiago-cos/goodreads-metadata-scraper"
[INFO] [stderr]    |              ---------------------------------------------------------
[INFO] [stderr]    |
[INFO] [stderr]    = note: `cargo::redundant_homepage` is set to `warn` by default
[INFO] [stderr] help: consider removing `package.homepage`
[INFO] [stderr] warning: `goodreads-metadata-scraper` (manifest) generated 1 warning
[INFO] running `Command { std: "docker" "create" "-v" "/var/lib/crater-agent-workspace/builds/worker-2-tc2/source:/opt/rustwide/workdir:ro,Z" "-v" "/var/lib/crater-agent-workspace/builds/worker-2-tc2/target:/opt/rustwide/target:rw,Z" "-v" "/var/lib/crater-agent-workspace/cargo-home:/opt/rustwide/cargo-home:ro,Z" "-v" "/var/lib/crater-agent-workspace/rustup-home:/opt/rustwide/rustup-home:ro,Z" "-m" "1610612736" "--network" "none" "ghcr.io/rust-lang/crates-build-env/linux@sha256:77db811e55d90add9212f6832c23229e3de5f1c1f9905e8cb07319ea15df73ac" "sleep" "infinity", kill_on_drop: false }`
[INFO] [stdout] c2b317060c89cd47394d90d5acc59a033c21c4357c10254b4b486f72a82fb23f
[INFO] running `Command { std: "docker" "start" "c2b317060c89cd47394d90d5acc59a033c21c4357c10254b4b486f72a82fb23f", kill_on_drop: false }`
[INFO] running `Command { std: "docker" "inspect" "c2b317060c89cd47394d90d5acc59a033c21c4357c10254b4b486f72a82fb23f", kill_on_drop: false }`
[INFO] running `Command { std: "docker" "exec" "-e" "SOURCE_DIR=/opt/rustwide/workdir" "-e" "CARGO_HOME=/opt/rustwide/cargo-home" "-e" "RUSTUP_HOME=/opt/rustwide/rustup-home" "-e" "CARGO_TARGET_DIR=/opt/rustwide/target" "-w" "/opt/rustwide/workdir" "--user" "0:0" "c2b317060c89cd47394d90d5acc59a033c21c4357c10254b4b486f72a82fb23f" "/opt/rustwide/cargo-home/bin/cargo" "+1.100.0-beta.1" "metadata" "--no-deps" "--format-version=1", kill_on_drop: false }`
[INFO] running `Command { std: "docker" "inspect" "c2b317060c89cd47394d90d5acc59a033c21c4357c10254b4b486f72a82fb23f", kill_on_drop: false }`
[INFO] running `Command { std: "docker" "exec" "-e" "SOURCE_DIR=/opt/rustwide/workdir" "-e" "CARGO_HOME=/opt/rustwide/cargo-home" "-e" "RUSTUP_HOME=/opt/rustwide/rustup-home" "-e" "CARGO_TARGET_DIR=/opt/rustwide/target" "-e" "CARGO_INCREMENTAL=0" "-e" "RUST_BACKTRACE=full" "-e" "RUSTFLAGS=--cap-lints=warn" "-e" "RUSTDOCFLAGS=--cap-lints=warn" "-w" "/opt/rustwide/workdir" "--user" "0:0" "c2b317060c89cd47394d90d5acc59a033c21c4357c10254b4b486f72a82fb23f" "/opt/rustwide/cargo-home/bin/cargo" "+1.100.0-beta.1" "build" "--frozen" "--message-format=json" "--release", kill_on_drop: false }`
[INFO] [stderr] warning: `package.homepage` is redundant with `package.repository`
[INFO] [stderr]   --> Cargo.toml:46:12
[INFO] [stderr]    |
[INFO] [stderr] 46 | homepage = "https://github.com/tiago-cos/goodreads-metadata-scraper"
[INFO] [stderr]    |            ^^^^^^^^^^^^^^^^^^^^^^^^^^^^^^^^^^^^^^^^^^^^^^^^^^^^^^^^^
[INFO] [stderr] ...
[INFO] [stderr] 51 | repository = "https://github.com/tiago-cos/goodreads-metadata-scraper"
[INFO] [stderr]    |              ---------------------------------------------------------
[INFO] [stderr]    |
[INFO] [stderr]    = note: `cargo::redundant_homepage` is set to `warn` by default
[INFO] [stderr] help: consider removing `package.homepage`
[INFO] [stderr] warning: `goodreads-metadata-scraper` (manifest) generated 1 warning
[INFO] [stderr]    Compiling libc v0.2.183
[INFO] [stderr]    Compiling syn v2.0.117
[INFO] [stderr]    Compiling stable_deref_trait v1.2.1
[INFO] [stderr]    Compiling siphasher v1.0.2
[INFO] [stderr]    Compiling fastrand v2.3.0
[INFO] [stderr]    Compiling aws-lc-rs v1.16.2
[INFO] [stderr]    Compiling rustls-pki-types v1.14.0
[INFO] [stderr]    Compiling new_debug_unreachable v1.0.6
[INFO] [stderr]    Compiling http-body v1.0.1
[INFO] [stderr]    Compiling futures-task v0.3.32
[INFO] [stderr]    Compiling slab v0.4.12
[INFO] [stderr]    Compiling precomputed-hash v0.1.1
[INFO] [stderr]    Compiling rustls v0.23.37
[INFO] [stderr]    Compiling futures-channel v0.3.32
[INFO] [stderr]    Compiling dtoa v1.0.11
[INFO] [stderr]    Compiling tendril v0.5.0
[INFO] [stderr]    Compiling sync_wrapper v1.0.2
[INFO] [stderr]    Compiling ipnet v2.12.0
[INFO] [stderr]    Compiling servo_arc v0.4.3
[INFO] [stderr]    Compiling rustc-hash v2.1.2
[INFO] [stderr]    Compiling phf_shared v0.13.1
[INFO] [stderr]    Compiling iri-string v0.7.11
[INFO] [stderr]    Compiling futures-util v0.3.32
[INFO] [stderr]    Compiling dtoa-short v0.3.5
[INFO] [stderr]    Compiling http-body-util v0.1.3
[INFO] [stderr]    Compiling serde_json v1.0.149
[INFO] [stderr]    Compiling ego-tree v0.11.0
[INFO] [stderr]    Compiling chrono v0.4.44
[INFO] [stderr]    Compiling phf_generator v0.13.1
[INFO] [stderr]    Compiling phf_codegen v0.13.1
[INFO] [stderr]    Compiling string_cache_codegen v0.6.1
[INFO] [stderr]    Compiling rustls-native-certs v0.8.3
[INFO] [stderr]    Compiling selectors v0.36.1
[INFO] [stderr]    Compiling web_atoms v0.2.3
[INFO] [stderr]    Compiling mio v1.2.0
[INFO] [stderr]    Compiling socket2 v0.6.3
[INFO] [stderr]    Compiling parking_lot_core v0.9.12
[INFO] [stderr]    Compiling parking_lot v0.12.5
[INFO] [stderr]    Compiling string_cache v0.9.0
[INFO] [stderr]    Compiling tokio v1.50.0
[INFO] [stderr]    Compiling jobserver v0.1.34
[INFO] [stderr]    Compiling cc v1.2.58
[INFO] [stderr]    Compiling cmake v0.1.58
[INFO] [stderr]    Compiling aws-lc-sys v0.39.1
[INFO] [stderr]    Compiling synstructure v0.13.2
[INFO] [stderr]    Compiling zerovec-derive v0.11.2
[INFO] [stderr]    Compiling displaydoc v0.2.5
[INFO] [stderr]    Compiling phf_macros v0.13.1
[INFO] [stderr]    Compiling cssparser-macros v0.6.1
[INFO] [stderr]    Compiling derive_more-impl v2.1.1
[INFO] [stderr]    Compiling derive-new v0.7.0
[INFO] [stderr]    Compiling zerofrom-derive v0.1.6
[INFO] [stderr]    Compiling yoke-derive v0.8.1
[INFO] [stderr]    Compiling phf v0.13.1
[INFO] [stderr]    Compiling cssparser v0.36.0
[INFO] [stderr]    Compiling zerofrom v0.1.6
[INFO] [stderr]    Compiling yoke v0.8.1
[INFO] [stderr]    Compiling zerovec v0.11.5
[INFO] [stderr]    Compiling zerotrie v0.2.3
[INFO] [stderr]    Compiling derive_more v2.1.1
[INFO] [stderr]    Compiling markup5ever v0.39.0
[INFO] [stderr]    Compiling html5ever v0.39.0
[INFO] [stderr]    Compiling tinystr v0.8.2
[INFO] [stderr]    Compiling potential_utf v0.1.4
[INFO] [stderr]    Compiling icu_collections v2.1.1
[INFO] [stderr]    Compiling icu_locale_core v2.1.1
[INFO] [stderr]    Compiling hyper v1.8.1
[INFO] [stderr]    Compiling tower v0.5.3
[INFO] [stderr]    Compiling scraper v0.26.0
[INFO] [stderr]    Compiling icu_provider v2.1.1
[INFO] [stderr]    Compiling tower-http v0.6.8
[INFO] [stderr]    Compiling icu_normalizer v2.1.1
[INFO] [stderr]    Compiling icu_properties v2.1.2
[INFO] [stderr]    Compiling hyper-util v0.1.20
[INFO] [stderr]    Compiling idna_adapter v1.2.1
[INFO] [stderr]    Compiling idna v1.1.0
[INFO] [stderr]    Compiling url v2.5.8
[INFO] [stderr]    Compiling rustls-webpki v0.103.10
[INFO] [stderr]    Compiling tokio-rustls v0.26.4
[INFO] [stderr]    Compiling rustls-platform-verifier v0.6.2
[INFO] [stderr]    Compiling hyper-rustls v0.27.7
[INFO] [stderr]    Compiling reqwest v0.13.2
[INFO] [stderr]    Compiling goodreads-metadata-scraper v0.2.5 (/opt/rustwide/workdir)
[INFO] [stderr]     Finished `release` profile [optimized] target(s) in 1m 58s
[INFO] running `Command { std: "docker" "inspect" "c2b317060c89cd47394d90d5acc59a033c21c4357c10254b4b486f72a82fb23f", kill_on_drop: false }`
[INFO] running `Command { std: "docker" "exec" "-e" "SOURCE_DIR=/opt/rustwide/workdir" "-e" "CARGO_HOME=/opt/rustwide/cargo-home" "-e" "RUSTUP_HOME=/opt/rustwide/rustup-home" "-e" "CARGO_TARGET_DIR=/opt/rustwide/target" "-e" "CARGO_INCREMENTAL=0" "-e" "RUST_BACKTRACE=full" "-e" "RUSTFLAGS=--cap-lints=warn" "-e" "RUSTDOCFLAGS=--cap-lints=warn" "-w" "/opt/rustwide/workdir" "--user" "0:0" "c2b317060c89cd47394d90d5acc59a033c21c4357c10254b4b486f72a82fb23f" "/opt/rustwide/cargo-home/bin/cargo" "+1.100.0-beta.1" "test" "--frozen" "--no-run" "--message-format=json" "--release", kill_on_drop: false }`
[INFO] [stderr] warning: `package.homepage` is redundant with `package.repository`
[INFO] [stderr]   --> Cargo.toml:46:12
[INFO] [stderr]    |
[INFO] [stderr] 46 | homepage = "https://github.com/tiago-cos/goodreads-metadata-scraper"
[INFO] [stderr]    |            ^^^^^^^^^^^^^^^^^^^^^^^^^^^^^^^^^^^^^^^^^^^^^^^^^^^^^^^^^
[INFO] [stderr] ...
[INFO] [stderr] 51 | repository = "https://github.com/tiago-cos/goodreads-metadata-scraper"
[INFO] [stderr]    |              ---------------------------------------------------------
[INFO] [stderr]    |
[INFO] [stderr]    = note: `cargo::redundant_homepage` is set to `warn` by default
[INFO] [stderr] help: consider removing `package.homepage`
[INFO] [stderr] warning: `goodreads-metadata-scraper` (manifest) generated 1 warning
[INFO] [stderr]    Compiling errno v0.3.14
[INFO] [stderr]    Compiling tokio-macros v2.6.1
[INFO] [stderr]    Compiling signal-hook-registry v1.4.8
[INFO] [stderr]    Compiling tokio v1.50.0
[INFO] [stderr]    Compiling hyper v1.8.1
[INFO] [stderr]    Compiling tokio-rustls v0.26.4
[INFO] [stderr]    Compiling tower v0.5.3
[INFO] [stderr]    Compiling tower-http v0.6.8
[INFO] [stderr]    Compiling hyper-util v0.1.20
[INFO] [stderr]    Compiling hyper-rustls v0.27.7
[INFO] [stderr]    Compiling reqwest v0.13.2
[INFO] [stderr]    Compiling goodreads-metadata-scraper v0.2.5 (/opt/rustwide/workdir)
[INFO] [stderr]     Finished `release` profile [optimized] target(s) in 21.66s
[INFO] running `Command { std: "docker" "inspect" "c2b317060c89cd47394d90d5acc59a033c21c4357c10254b4b486f72a82fb23f", kill_on_drop: false }`
[INFO] running `Command { std: "docker" "exec" "-e" "SOURCE_DIR=/opt/rustwide/workdir" "-e" "CARGO_HOME=/opt/rustwide/cargo-home" "-e" "RUSTUP_HOME=/opt/rustwide/rustup-home" "-e" "CARGO_TARGET_DIR=/opt/rustwide/target" "-e" "CARGO_INCREMENTAL=0" "-e" "RUST_BACKTRACE=full" "-e" "RUSTFLAGS=--cap-lints=warn" "-e" "RUSTDOCFLAGS=--cap-lints=warn" "-w" "/opt/rustwide/workdir" "--user" "0:0" "c2b317060c89cd47394d90d5acc59a033c21c4357c10254b4b486f72a82fb23f" "/opt/rustwide/cargo-home/bin/cargo" "+1.100.0-beta.1" "test" "--frozen" "--release", kill_on_drop: false }`
[INFO] [stderr] warning: `package.homepage` is redundant with `package.repository`
[INFO] [stderr]   --> Cargo.toml:46:12
[INFO] [stderr]    |
[INFO] [stderr] 46 | homepage = "https://github.com/tiago-cos/goodreads-metadata-scraper"
[INFO] [stderr]    |            ^^^^^^^^^^^^^^^^^^^^^^^^^^^^^^^^^^^^^^^^^^^^^^^^^^^^^^^^^
[INFO] [stderr] ...
[INFO] [stderr] 51 | repository = "https://github.com/tiago-cos/goodreads-metadata-scraper"
[INFO] [stderr]    |              ---------------------------------------------------------
[INFO] [stderr]    |
[INFO] [stderr]    = note: `cargo::redundant_homepage` is set to `warn` by default
[INFO] [stderr] help: consider removing `package.homepage`
[INFO] [stderr] warning: `goodreads-metadata-scraper` (manifest) generated 1 warning
[INFO] [stderr]     Finished `release` profile [optimized] target(s) in 0.19s
[INFO] [stderr]      Running unittests src/lib.rs (/opt/rustwide/target/release/build/goodreads-metadata-scraper/ba0cc20a79047e2b/out/grscraper-ba0cc20a79047e2b)
[INFO] [stdout] 
[INFO] [stdout] running 9 tests
[INFO] [stdout] test goodreads_id_fetcher::tests::fetch_id_from_isbn_not_found_test ... FAILED
[INFO] [stdout] test metadata_fetcher::tests::fetch_metadata_test ... FAILED
[INFO] [stdout] test goodreads_id_fetcher::tests::fetch_id_from_title_and_author_not_found_test ... FAILED
[INFO] [stdout] test goodreads_id_fetcher::tests::fetch_id_from_title_test ... FAILED
[INFO] [stdout] test goodreads_id_fetcher::tests::verify_id_exists_test ... FAILED
[INFO] [stdout] test goodreads_id_fetcher::tests::fetch_id_from_title_and_author_test ... FAILED
[INFO] [stdout] test goodreads_id_fetcher::tests::fetch_id_from_isbn_test ... FAILED
[INFO] [stdout] test goodreads_id_fetcher::tests::verify_id_not_found_test ... FAILED
[INFO] [stdout] test goodreads_id_fetcher::tests::fetch_id_from_title_not_found_test ... FAILED
[INFO] [stdout] 
[INFO] [stdout] failures:
[INFO] [stdout] 
[INFO] [stdout] ---- goodreads_id_fetcher::tests::fetch_id_from_isbn_not_found_test stdout ----
[INFO] [stdout] 
[INFO] [stdout] thread 'goodreads_id_fetcher::tests::fetch_id_from_isbn_not_found_test' (3001) panicked at src/goodreads_id_fetcher.rs:188:51:
[INFO] [stdout] called `Result::unwrap()` on an `Err` value: FetchError(reqwest::Error { kind: Request, url: "https://www.goodreads.com/search?q=1234001592323", source: hyper_util::client::legacy::Error(Connect, ConnectError("dns error", Custom { kind: Uncategorized, error: "failed to lookup address information: Temporary failure in name resolution" })) })
[INFO] [stdout] stack backtrace:
[INFO] [stdout]    0:     0x58b7d258a711 - <<std[617be2ca0a6fd877]::sys::backtrace::BacktraceLock>::print::DisplayBacktrace as core[a373ad73a504971]::fmt::Display>::fmt
[INFO] [stdout]    1:     0x58b7d25a2c7a - core[a373ad73a504971]::fmt::write
[INFO] [stdout]    2:     0x58b7d258f37c - <alloc[2e1b2a31b91974c5]::vec::Vec<u8> as core[a373ad73a504971]::io::write::Write>::write_fmt
[INFO] [stdout]    3:     0x58b7d2565426 - std[617be2ca0a6fd877]::panicking::default_hook::{closure#0}
[INFO] [stdout]    4:     0x58b7d25823f9 - std[617be2ca0a6fd877]::panicking::default_hook
[INFO] [stdout]    5:     0x58b7d2063d30 - test[aada8e7e76ba119b]::test_main_inner::{closure#0}
[INFO] [stdout]    6:     0x58b7d2582722 - std[617be2ca0a6fd877]::panicking::panic_with_hook
[INFO] [stdout]    7:     0x58b7d25654d2 - std[617be2ca0a6fd877]::panicking::panic_handler::{closure#0}
[INFO] [stdout]    8:     0x58b7d255e069 - std[617be2ca0a6fd877]::sys::backtrace::__rust_end_short_backtrace::<std[617be2ca0a6fd877]::panicking::panic_handler::{closure#0}, !>
[INFO] [stdout]    9:     0x58b7d25662cd - __rustc[ea4f61d10b84890b]::rust_begin_unwind
[INFO] [stdout]   10:     0x58b7d25a345c - core[a373ad73a504971]::panicking::panic_fmt
[INFO] [stdout]   11:     0x58b7d25a3232 - core[a373ad73a504971]::result::unwrap_failed
[INFO] [stdout]   12:     0x58b7d203a72a - grscraper[2f6cf431b0b0074b]::goodreads_id_fetcher::tests::fetch_id_from_isbn_not_found_test::{closure#0}
[INFO] [stdout]   13:     0x58b7d2049803 - <tokio[824b68d1b527cd39]::runtime::scheduler::current_thread::Context>::enter::<core[a373ad73a504971]::task::poll::Poll<()>, <tokio[824b68d1b527cd39]::runtime::scheduler::current_thread::CoreGuard>::block_on<core[a373ad73a504971]::pin::Pin<&mut core[a373ad73a504971]::pin::Pin<&mut dyn core[a373ad73a504971]::future::future::Future<Output = ()>>>>::{closure#0}::{closure#0}>
[INFO] [stdout]   14:     0x58b7d204df69 - <std[617be2ca0a6fd877]::thread::local::LocalKey<tokio[824b68d1b527cd39]::runtime::context::Context>>::with::<tokio[824b68d1b527cd39]::runtime::context::set_scheduler<(alloc[2e1b2a31b91974c5]::boxed::Box<tokio[824b68d1b527cd39]::runtime::scheduler::current_thread::Core>, core[a373ad73a504971]::option::Option<()>), <tokio[824b68d1b527cd39]::runtime::scheduler::current_thread::CoreGuard>::enter<<tokio[824b68d1b527cd39]::runtime::scheduler::current_thread::CoreGuard>::block_on<core[a373ad73a504971]::pin::Pin<&mut core[a373ad73a504971]::pin::Pin<&mut dyn core[a373ad73a504971]::future::future::Future<Output = ()>>>>::{closure#0}, core[a373ad73a504971]::option::Option<()>>::{closure#0}>::{closure#0}, (alloc[2e1b2a31b91974c5]::boxed::Box<tokio[824b68d1b527cd39]::runtime::scheduler::current_thread::Core>, core[a373ad73a504971]::option::Option<()>)>
[INFO] [stdout]   15:     0x58b7d2049b37 - <tokio[824b68d1b527cd39]::runtime::scheduler::current_thread::CoreGuard>::block_on::<core[a373ad73a504971]::pin::Pin<&mut core[a373ad73a504971]::pin::Pin<&mut dyn core[a373ad73a504971]::future::future::Future<Output = ()>>>>
[INFO] [stdout]   16:     0x58b7d204dcfd - tokio[824b68d1b527cd39]::runtime::context::runtime::enter_runtime::<<tokio[824b68d1b527cd39]::runtime::scheduler::current_thread::CurrentThread>::block_on<core[a373ad73a504971]::pin::Pin<&mut dyn core[a373ad73a504971]::future::future::Future<Output = ()>>>::{closure#0}, ()>
[INFO] [stdout]   17:     0x58b7d204ce3e - <tokio[824b68d1b527cd39]::runtime::runtime::Runtime>::block_on::<core[a373ad73a504971]::pin::Pin<&mut dyn core[a373ad73a504971]::future::future::Future<Output = ()>>>
[INFO] [stdout]   18:     0x58b7d203b55e - <grscraper[2f6cf431b0b0074b]::goodreads_id_fetcher::tests::fetch_id_from_isbn_not_found_test::{closure#0} as core[a373ad73a504971]::ops::function::FnOnce<()>>::call_once
[INFO] [stdout]   19:     0x58b7d205717b - test[aada8e7e76ba119b]::__rust_begin_short_backtrace::<core[a373ad73a504971]::result::Result<(), alloc[2e1b2a31b91974c5]::string::String>, fn() -> core[a373ad73a504971]::result::Result<(), alloc[2e1b2a31b91974c5]::string::String>>
[INFO] [stdout]   20:     0x58b7d2064355 - test[aada8e7e76ba119b]::run_test::{closure#0}
[INFO] [stdout]   21:     0x58b7d205dc44 - std[617be2ca0a6fd877]::sys::backtrace::__rust_begin_short_backtrace::<test[aada8e7e76ba119b]::run_test::{closure#1}, ()>
[INFO] [stdout]   22:     0x58b7d20673e2 - <std[617be2ca0a6fd877]::thread::lifecycle::spawn_unchecked<test[aada8e7e76ba119b]::run_test::{closure#1}, ()>::{closure#1} as core[a373ad73a504971]::ops::function::FnOnce<()>>::call_once::{shim:vtable#0}
[INFO] [stdout]   23:     0x58b7d2589bbf - <std[617be2ca0a6fd877]::sys::thread::unix::Thread>::new::thread_start
[INFO] [stdout]   24:     0x74d100e5ddfa - <unknown>
[INFO] [stdout]   25:     0x74d100ef13d4 - clone
[INFO] [stdout]   26:                0x0 - <unknown>
[INFO] [stdout] 
[INFO] [stdout] ---- metadata_fetcher::tests::fetch_metadata_test stdout ----
[INFO] [stdout] 
[INFO] [stdout] thread 'metadata_fetcher::tests::fetch_metadata_test' (3009) panicked at src/metadata_fetcher.rs:366:56:
[INFO] [stdout] called `Result::unwrap()` on an `Err` value: FetchError(reqwest::Error { kind: Request, url: "https://www.goodreads.com/book/show/4556058", source: hyper_util::client::legacy::Error(Connect, ConnectError("dns error", Custom { kind: Uncategorized, error: "failed to lookup address information: Temporary failure in name resolution" })) })
[INFO] [stdout] stack backtrace:
[INFO] [stdout]    0:     0x58b7d258a711 - <<std[617be2ca0a6fd877]::sys::backtrace::BacktraceLock>::print::DisplayBacktrace as core[a373ad73a504971]::fmt::Display>::fmt
[INFO] [stdout]    1:     0x58b7d25a2c7a - core[a373ad73a504971]::fmt::write
[INFO] [stdout]    2:     0x58b7d258f37c - <alloc[2e1b2a31b91974c5]::vec::Vec<u8> as core[a373ad73a504971]::io::write::Write>::write_fmt
[INFO] [stdout]    3:     0x58b7d2565426 - std[617be2ca0a6fd877]::panicking::default_hook::{closure#0}
[INFO] [stdout]    4:     0x58b7d25823f9 - std[617be2ca0a6fd877]::panicking::default_hook
[INFO] [stdout]    5:     0x58b7d2063d30 - test[aada8e7e76ba119b]::test_main_inner::{closure#0}
[INFO] [stdout]    6:     0x58b7d2582722 - std[617be2ca0a6fd877]::panicking::panic_with_hook
[INFO] [stdout]    7:     0x58b7d25654d2 - std[617be2ca0a6fd877]::panicking::panic_handler::{closure#0}
[INFO] [stdout]    8:     0x58b7d255e069 - std[617be2ca0a6fd877]::sys::backtrace::__rust_end_short_backtrace::<std[617be2ca0a6fd877]::panicking::panic_handler::{closure#0}, !>
[INFO] [stdout]    9:     0x58b7d25662cd - __rustc[ea4f61d10b84890b]::rust_begin_unwind
[INFO] [stdout]   10:     0x58b7d25a345c - core[a373ad73a504971]::panicking::panic_fmt
[INFO] [stdout]   11:     0x58b7d25a3232 - core[a373ad73a504971]::result::unwrap_failed
[INFO] [stdout]   12:     0x58b7d2045749 - grscraper[2f6cf431b0b0074b]::metadata_fetcher::tests::fetch_metadata_test::{closure#0}
[INFO] [stdout]   13:     0x58b7d2049803 - <tokio[824b68d1b527cd39]::runtime::scheduler::current_thread::Context>::enter::<core[a373ad73a504971]::task::poll::Poll<()>, <tokio[824b68d1b527cd39]::runtime::scheduler::current_thread::CoreGuard>::block_on<core[a373ad73a504971]::pin::Pin<&mut core[a373ad73a504971]::pin::Pin<&mut dyn core[a373ad73a504971]::future::future::Future<Output = ()>>>>::{closure#0}::{closure#0}>
[INFO] [stdout]   14:     0x58b7d204df69 - <std[617be2ca0a6fd877]::thread::local::LocalKey<tokio[824b68d1b527cd39]::runtime::context::Context>>::with::<tokio[824b68d1b527cd39]::runtime::context::set_scheduler<(alloc[2e1b2a31b91974c5]::boxed::Box<tokio[824b68d1b527cd39]::runtime::scheduler::current_thread::Core>, core[a373ad73a504971]::option::Option<()>), <tokio[824b68d1b527cd39]::runtime::scheduler::current_thread::CoreGuard>::enter<<tokio[824b68d1b527cd39]::runtime::scheduler::current_thread::CoreGuard>::block_on<core[a373ad73a504971]::pin::Pin<&mut core[a373ad73a504971]::pin::Pin<&mut dyn core[a373ad73a504971]::future::future::Future<Output = ()>>>>::{closure#0}, core[a373ad73a504971]::option::Option<()>>::{closure#0}>::{closure#0}, (alloc[2e1b2a31b91974c5]::boxed::Box<tokio[824b68d1b527cd39]::runtime::scheduler::current_thread::Core>, core[a373ad73a504971]::option::Option<()>)>
[INFO] [stdout]   15:     0x58b7d2049b37 - <tokio[824b68d1b527cd39]::runtime::scheduler::current_thread::CoreGuard>::block_on::<core[a373ad73a504971]::pin::Pin<&mut core[a373ad73a504971]::pin::Pin<&mut dyn core[a373ad73a504971]::future::future::Future<Output = ()>>>>
[INFO] [stdout]   16:     0x58b7d204dcfd - tokio[824b68d1b527cd39]::runtime::context::runtime::enter_runtime::<<tokio[824b68d1b527cd39]::runtime::scheduler::current_thread::CurrentThread>::block_on<core[a373ad73a504971]::pin::Pin<&mut dyn core[a373ad73a504971]::future::future::Future<Output = ()>>>::{closure#0}, ()>
[INFO] [stdout]   17:     0x58b7d204ce3e - <tokio[824b68d1b527cd39]::runtime::runtime::Runtime>::block_on::<core[a373ad73a504971]::pin::Pin<&mut dyn core[a373ad73a504971]::future::future::Future<Output = ()>>>
[INFO] [stdout]   18:     0x58b7d204645e - <grscraper[2f6cf431b0b0074b]::metadata_fetcher::tests::fetch_metadata_test::{closure#0} as core[a373ad73a504971]::ops::function::FnOnce<()>>::call_once
[INFO] [stdout]   19:     0x58b7d205717b - test[aada8e7e76ba119b]::__rust_begin_short_backtrace::<core[a373ad73a504971]::result::Result<(), alloc[2e1b2a31b91974c5]::string::String>, fn() -> core[a373ad73a504971]::result::Result<(), alloc[2e1b2a31b91974c5]::string::String>>
[INFO] [stdout]   20:     0x58b7d2064355 - test[aada8e7e76ba119b]::run_test::{closure#0}
[INFO] [stdout]   21:     0x58b7d205dc44 - std[617be2ca0a6fd877]::sys::backtrace::__rust_begin_short_backtrace::<test[aada8e7e76ba119b]::run_test::{closure#1}, ()>
[INFO] [stdout]   22:     0x58b7d20673e2 - <std[617be2ca0a6fd877]::thread::lifecycle::spawn_unchecked<test[aada8e7e76ba119b]::run_test::{closure#1}, ()>::{closure#1} as core[a373ad73a504971]::ops::function::FnOnce<()>>::call_once::{shim:vtable#0}
[INFO] [stdout]   23:     0x58b7d2589bbf - <std[617be2ca0a6fd877]::sys::thread::unix::Thread>::new::thread_start
[INFO] [stdout]   24:     0x74d100e5ddfa - <unknown>
[INFO] [stdout]   25:     0x74d100ef13d4 - clone
[INFO] [stdout]   26:                0x0 - <unknown>
[INFO] [stdout] 
[INFO] [stdout] ---- goodreads_id_fetcher::tests::fetch_id_from_title_and_author_not_found_test stdout ----
[INFO] [stdout] 
[INFO] [stdout] thread 'goodreads_id_fetcher::tests::fetch_id_from_title_and_author_not_found_test' (3003) panicked at src/goodreads_id_fetcher.rs:171:18:
[INFO] [stdout] called `Result::unwrap()` on an `Err` value: FetchError(reqwest::Error { kind: Request, url: "https://www.goodreads.com/search?q=thistitledoesnotexist", source: hyper_util::client::legacy::Error(Connect, ConnectError("dns error", Custom { kind: Uncategorized, error: "failed to lookup address information: Temporary failure in name resolution" })) })
[INFO] [stdout] stack backtrace:
[INFO] [stdout]    0:     0x58b7d258a711 - <<std[617be2ca0a6fd877]::sys::backtrace::BacktraceLock>::print::DisplayBacktrace as core[a373ad73a504971]::fmt::Display>::fmt
[INFO] [stdout]    1:     0x58b7d25a2c7a - core[a373ad73a504971]::fmt::write
[INFO] [stdout]    2:     0x58b7d258f37c - <alloc[2e1b2a31b91974c5]::vec::Vec<u8> as core[a373ad73a504971]::io::write::Write>::write_fmt
[INFO] [stdout]    3:     0x58b7d2565426 - std[617be2ca0a6fd877]::panicking::default_hook::{closure#0}
[INFO] [stdout]    4:     0x58b7d25823f9 - std[617be2ca0a6fd877]::panicking::default_hook
[INFO] [stdout]    5:     0x58b7d2063d30 - test[aada8e7e76ba119b]::test_main_inner::{closure#0}
[INFO] [stdout]    6:     0x58b7d2582722 - std[617be2ca0a6fd877]::panicking::panic_with_hook
[INFO] [stdout]    7:     0x58b7d25654d2 - std[617be2ca0a6fd877]::panicking::panic_handler::{closure#0}
[INFO] [stdout]    8:     0x58b7d255e069 - std[617be2ca0a6fd877]::sys::backtrace::__rust_end_short_backtrace::<std[617be2ca0a6fd877]::panicking::panic_handler::{closure#0}, !>
[INFO] [stdout]    9:     0x58b7d25662cd - __rustc[ea4f61d10b84890b]::rust_begin_unwind
[INFO] [stdout]   10:     0x58b7d25a345c - core[a373ad73a504971]::panicking::panic_fmt
[INFO] [stdout]   11:     0x58b7d25a3232 - core[a373ad73a504971]::result::unwrap_failed
[INFO] [stdout]   12:     0x58b7d203ad84 - grscraper[2f6cf431b0b0074b]::goodreads_id_fetcher::tests::fetch_id_from_title_and_author_not_found_test::{closure#0}
[INFO] [stdout]   13:     0x58b7d2049803 - <tokio[824b68d1b527cd39]::runtime::scheduler::current_thread::Context>::enter::<core[a373ad73a504971]::task::poll::Poll<()>, <tokio[824b68d1b527cd39]::runtime::scheduler::current_thread::CoreGuard>::block_on<core[a373ad73a504971]::pin::Pin<&mut core[a373ad73a504971]::pin::Pin<&mut dyn core[a373ad73a504971]::future::future::Future<Output = ()>>>>::{closure#0}::{closure#0}>
[INFO] [stdout]   14:     0x58b7d204df69 - <std[617be2ca0a6fd877]::thread::local::LocalKey<tokio[824b68d1b527cd39]::runtime::context::Context>>::with::<tokio[824b68d1b527cd39]::runtime::context::set_scheduler<(alloc[2e1b2a31b91974c5]::boxed::Box<tokio[824b68d1b527cd39]::runtime::scheduler::current_thread::Core>, core[a373ad73a504971]::option::Option<()>), <tokio[824b68d1b527cd39]::runtime::scheduler::current_thread::CoreGuard>::enter<<tokio[824b68d1b527cd39]::runtime::scheduler::current_thread::CoreGuard>::block_on<core[a373ad73a504971]::pin::Pin<&mut core[a373ad73a504971]::pin::Pin<&mut dyn core[a373ad73a504971]::future::future::Future<Output = ()>>>>::{closure#0}, core[a373ad73a504971]::option::Option<()>>::{closure#0}>::{closure#0}, (alloc[2e1b2a31b91974c5]::boxed::Box<tokio[824b68d1b527cd39]::runtime::scheduler::current_thread::Core>, core[a373ad73a504971]::option::Option<()>)>
[INFO] [stdout]   15:     0x58b7d2049b37 - <tokio[824b68d1b527cd39]::runtime::scheduler::current_thread::CoreGuard>::block_on::<core[a373ad73a504971]::pin::Pin<&mut core[a373ad73a504971]::pin::Pin<&mut dyn core[a373ad73a504971]::future::future::Future<Output = ()>>>>
[INFO] [stdout]   16:     0x58b7d204dcfd - tokio[824b68d1b527cd39]::runtime::context::runtime::enter_runtime::<<tokio[824b68d1b527cd39]::runtime::scheduler::current_thread::CurrentThread>::block_on<core[a373ad73a504971]::pin::Pin<&mut dyn core[a373ad73a504971]::future::future::Future<Output = ()>>>::{closure#0}, ()>
[INFO] [stdout]   17:     0x58b7d204ce3e - <tokio[824b68d1b527cd39]::runtime::runtime::Runtime>::block_on::<core[a373ad73a504971]::pin::Pin<&mut dyn core[a373ad73a504971]::future::future::Future<Output = ()>>>
[INFO] [stdout]   18:     0x58b7d203ba2e - <grscraper[2f6cf431b0b0074b]::goodreads_id_fetcher::tests::fetch_id_from_title_and_author_not_found_test::{closure#0} as core[a373ad73a504971]::ops::function::FnOnce<()>>::call_once
[INFO] [stdout]   19:     0x58b7d205717b - test[aada8e7e76ba119b]::__rust_begin_short_backtrace::<core[a373ad73a504971]::result::Result<(), alloc[2e1b2a31b91974c5]::string::String>, fn() -> core[a373ad73a504971]::result::Result<(), alloc[2e1b2a31b91974c5]::string::String>>
[INFO] [stdout]   20:     0x58b7d2064355 - test[aada8e7e76ba119b]::run_test::{closure#0}
[INFO] [stdout]   21:     0x58b7d205dc44 - std[617be2ca0a6fd877]::sys::backtrace::__rust_begin_short_backtrace::<test[aada8e7e76ba119b]::run_test::{closure#1}, ()>
[INFO] [stdout]   22:     0x58b7d20673e2 - <std[617be2ca0a6fd877]::thread::lifecycle::spawn_unchecked<test[aada8e7e76ba119b]::run_test::{closure#1}, ()>::{closure#1} as core[a373ad73a504971]::ops::function::FnOnce<()>>::call_once::{shim:vtable#0}
[INFO] [stdout]   23:     0x58b7d2589bbf - <std[617be2ca0a6fd877]::sys::thread::unix::Thread>::new::thread_start
[INFO] [stdout]   24:     0x74d100e5ddfa - <unknown>
[INFO] [stdout]   25:     0x74d100ef13d4 - clone
[INFO] [stdout]   26:                0x0 - <unknown>
[INFO] [stdout] 
[INFO] [stdout] ---- goodreads_id_fetcher::tests::fetch_id_from_title_test stdout ----
[INFO] [stdout] 
[INFO] [stdout] thread 'goodreads_id_fetcher::tests::fetch_id_from_title_test' (3006) panicked at src/goodreads_id_fetcher.rs:141:51:
[INFO] [stdout] called `Result::unwrap()` on an `Err` value: FetchError(reqwest::Error { kind: Request, url: "https://www.goodreads.com/search?q=The%20Last%20Magician", source: hyper_util::client::legacy::Error(Connect, ConnectError("dns error", Custom { kind: Uncategorized, error: "failed to lookup address information: Temporary failure in name resolution" })) })
[INFO] [stdout] stack backtrace:
[INFO] [stdout]    0:     0x58b7d258a711 - <<std[617be2ca0a6fd877]::sys::backtrace::BacktraceLock>::print::DisplayBacktrace as core[a373ad73a504971]::fmt::Display>::fmt
[INFO] [stdout]    1:     0x58b7d25a2c7a - core[a373ad73a504971]::fmt::write
[INFO] [stdout]    2:     0x58b7d258f37c - <alloc[2e1b2a31b91974c5]::vec::Vec<u8> as core[a373ad73a504971]::io::write::Write>::write_fmt
[INFO] [stdout]    3:     0x58b7d2565426 - std[617be2ca0a6fd877]::panicking::default_hook::{closure#0}
[INFO] [stdout]    4:     0x58b7d25823f9 - std[617be2ca0a6fd877]::panicking::default_hook
[INFO] [stdout]    5:     0x58b7d2063d30 - test[aada8e7e76ba119b]::test_main_inner::{closure#0}
[INFO] [stdout]    6:     0x58b7d2582722 - std[617be2ca0a6fd877]::panicking::panic_with_hook
[INFO] [stdout]    7:     0x58b7d25654d2 - std[617be2ca0a6fd877]::panicking::panic_handler::{closure#0}
[INFO] [stdout]    8:     0x58b7d255e069 - std[617be2ca0a6fd877]::sys::backtrace::__rust_end_short_backtrace::<std[617be2ca0a6fd877]::panicking::panic_handler::{closure#0}, !>
[INFO] [stdout]    9:     0x58b7d25662cd - __rustc[ea4f61d10b84890b]::rust_begin_unwind
[INFO] [stdout]   10:     0x58b7d25a345c - core[a373ad73a504971]::panicking::panic_fmt
[INFO] [stdout]   11:     0x58b7d25a3232 - core[a373ad73a504971]::result::unwrap_failed
[INFO] [stdout]   12:     0x58b7d203a4aa - grscraper[2f6cf431b0b0074b]::goodreads_id_fetcher::tests::fetch_id_from_title_test::{closure#0}
[INFO] [stdout]   13:     0x58b7d2049803 - <tokio[824b68d1b527cd39]::runtime::scheduler::current_thread::Context>::enter::<core[a373ad73a504971]::task::poll::Poll<()>, <tokio[824b68d1b527cd39]::runtime::scheduler::current_thread::CoreGuard>::block_on<core[a373ad73a504971]::pin::Pin<&mut core[a373ad73a504971]::pin::Pin<&mut dyn core[a373ad73a504971]::future::future::Future<Output = ()>>>>::{closure#0}::{closure#0}>
[INFO] [stdout]   14:     0x58b7d204df69 - <std[617be2ca0a6fd877]::thread::local::LocalKey<tokio[824b68d1b527cd39]::runtime::context::Context>>::with::<tokio[824b68d1b527cd39]::runtime::context::set_scheduler<(alloc[2e1b2a31b91974c5]::boxed::Box<tokio[824b68d1b527cd39]::runtime::scheduler::current_thread::Core>, core[a373ad73a504971]::option::Option<()>), <tokio[824b68d1b527cd39]::runtime::scheduler::current_thread::CoreGuard>::enter<<tokio[824b68d1b527cd39]::runtime::scheduler::current_thread::CoreGuard>::block_on<core[a373ad73a504971]::pin::Pin<&mut core[a373ad73a504971]::pin::Pin<&mut dyn core[a373ad73a504971]::future::future::Future<Output = ()>>>>::{closure#0}, core[a373ad73a504971]::option::Option<()>>::{closure#0}>::{closure#0}, (alloc[2e1b2a31b91974c5]::boxed::Box<tokio[824b68d1b527cd39]::runtime::scheduler::current_thread::Core>, core[a373ad73a504971]::option::Option<()>)>
[INFO] [stdout]   15:     0x58b7d2049b37 - <tokio[824b68d1b527cd39]::runtime::scheduler::current_thread::CoreGuard>::block_on::<core[a373ad73a504971]::pin::Pin<&mut core[a373ad73a504971]::pin::Pin<&mut dyn core[a373ad73a504971]::future::future::Future<Output = ()>>>>
[INFO] [stdout]   16:     0x58b7d204dcfd - tokio[824b68d1b527cd39]::runtime::context::runtime::enter_runtime::<<tokio[824b68d1b527cd39]::runtime::scheduler::current_thread::CurrentThread>::block_on<core[a373ad73a504971]::pin::Pin<&mut dyn core[a373ad73a504971]::future::future::Future<Output = ()>>>::{closure#0}, ()>
[INFO] [stdout]   17:     0x58b7d204ce3e - <tokio[824b68d1b527cd39]::runtime::runtime::Runtime>::block_on::<core[a373ad73a504971]::pin::Pin<&mut dyn core[a373ad73a504971]::future::future::Future<Output = ()>>>
[INFO] [stdout]   18:     0x58b7d203b26e - <grscraper[2f6cf431b0b0074b]::goodreads_id_fetcher::tests::fetch_id_from_title_test::{closure#0} as core[a373ad73a504971]::ops::function::FnOnce<()>>::call_once
[INFO] [stdout]   19:     0x58b7d205717b - test[aada8e7e76ba119b]::__rust_begin_short_backtrace::<core[a373ad73a504971]::result::Result<(), alloc[2e1b2a31b91974c5]::string::String>, fn() -> core[a373ad73a504971]::result::Result<(), alloc[2e1b2a31b91974c5]::string::String>>
[INFO] [stdout]   20:     0x58b7d2064355 - test[aada8e7e76ba119b]::run_test::{closure#0}
[INFO] [stdout]   21:     0x58b7d205dc44 - std[617be2ca0a6fd877]::sys::backtrace::__rust_begin_short_backtrace::<test[aada8e7e76ba119b]::run_test::{closure#1}, ()>
[INFO] [stdout]   22:     0x58b7d20673e2 - <std[617be2ca0a6fd877]::thread::lifecycle::spawn_unchecked<test[aada8e7e76ba119b]::run_test::{closure#1}, ()>::{closure#1} as core[a373ad73a504971]::ops::function::FnOnce<()>>::call_once::{shim:vtable#0}
[INFO] [stdout]   23:     0x58b7d2589bbf - <std[617be2ca0a6fd877]::sys::thread::unix::Thread>::new::thread_start
[INFO] [stdout]   24:     0x74d100e5ddfa - <unknown>
[INFO] [stdout]   25:     0x74d100ef13d4 - clone
[INFO] [stdout]   26:                0x0 - <unknown>
[INFO] [stdout] 
[INFO] [stdout] ---- goodreads_id_fetcher::tests::verify_id_exists_test stdout ----
[INFO] [stdout] 
[INFO] [stdout] thread 'goodreads_id_fetcher::tests::verify_id_exists_test' (3007) panicked at src/goodreads_id_fetcher.rs:9:36:
[INFO] [stdout] Failed to fetch book page: reqwest::Error { kind: Request, url: "https://www.goodreads.com/book/show/57945316", source: hyper_util::client::legacy::Error(Connect, ConnectError("dns error", Custom { kind: Uncategorized, error: "failed to lookup address information: Temporary failure in name resolution" })) }
[INFO] [stdout] stack backtrace:
[INFO] [stdout]    0:     0x58b7d258a711 - <<std[617be2ca0a6fd877]::sys::backtrace::BacktraceLock>::print::DisplayBacktrace as core[a373ad73a504971]::fmt::Display>::fmt
[INFO] [stdout]    1:     0x58b7d25a2c7a - core[a373ad73a504971]::fmt::write
[INFO] [stdout]    2:     0x58b7d258f37c - <alloc[2e1b2a31b91974c5]::vec::Vec<u8> as core[a373ad73a504971]::io::write::Write>::write_fmt
[INFO] [stdout]    3:     0x58b7d2565426 - std[617be2ca0a6fd877]::panicking::default_hook::{closure#0}
[INFO] [stdout]    4:     0x58b7d25823f9 - std[617be2ca0a6fd877]::panicking::default_hook
[INFO] [stdout]    5:     0x58b7d2063d30 - test[aada8e7e76ba119b]::test_main_inner::{closure#0}
[INFO] [stdout]    6:     0x58b7d2582722 - std[617be2ca0a6fd877]::panicking::panic_with_hook
[INFO] [stdout]    7:     0x58b7d25654d2 - std[617be2ca0a6fd877]::panicking::panic_handler::{closure#0}
[INFO] [stdout]    8:     0x58b7d255e069 - std[617be2ca0a6fd877]::sys::backtrace::__rust_end_short_backtrace::<std[617be2ca0a6fd877]::panicking::panic_handler::{closure#0}, !>
[INFO] [stdout]    9:     0x58b7d25662cd - __rustc[ea4f61d10b84890b]::rust_begin_unwind
[INFO] [stdout]   10:     0x58b7d25a345c - core[a373ad73a504971]::panicking::panic_fmt
[INFO] [stdout]   11:     0x58b7d25a3232 - core[a373ad73a504971]::result::unwrap_failed
[INFO] [stdout]   12:     0x58b7d2038a7d - grscraper[2f6cf431b0b0074b]::goodreads_id_fetcher::verify_id_exists::{closure#0}
[INFO] [stdout]   13:     0x58b7d203a019 - grscraper[2f6cf431b0b0074b]::goodreads_id_fetcher::tests::verify_id_exists_test::{closure#0}
[INFO] [stdout]   14:     0x58b7d2049803 - <tokio[824b68d1b527cd39]::runtime::scheduler::current_thread::Context>::enter::<core[a373ad73a504971]::task::poll::Poll<()>, <tokio[824b68d1b527cd39]::runtime::scheduler::current_thread::CoreGuard>::block_on<core[a373ad73a504971]::pin::Pin<&mut core[a373ad73a504971]::pin::Pin<&mut dyn core[a373ad73a504971]::future::future::Future<Output = ()>>>>::{closure#0}::{closure#0}>
[INFO] [stdout]   15:     0x58b7d204df69 - <std[617be2ca0a6fd877]::thread::local::LocalKey<tokio[824b68d1b527cd39]::runtime::context::Context>>::with::<tokio[824b68d1b527cd39]::runtime::context::set_scheduler<(alloc[2e1b2a31b91974c5]::boxed::Box<tokio[824b68d1b527cd39]::runtime::scheduler::current_thread::Core>, core[a373ad73a504971]::option::Option<()>), <tokio[824b68d1b527cd39]::runtime::scheduler::current_thread::CoreGuard>::enter<<tokio[824b68d1b527cd39]::runtime::scheduler::current_thread::CoreGuard>::block_on<core[a373ad73a504971]::pin::Pin<&mut core[a373ad73a504971]::pin::Pin<&mut dyn core[a373ad73a504971]::future::future::Future<Output = ()>>>>::{closure#0}, core[a373ad73a504971]::option::Option<()>>::{closure#0}>::{closure#0}, (alloc[2e1b2a31b91974c5]::boxed::Box<tokio[824b68d1b527cd39]::runtime::scheduler::current_thread::Core>, core[a373ad73a504971]::option::Option<()>)>
[INFO] [stdout]   16:     0x58b7d2049b37 - <tokio[824b68d1b527cd39]::runtime::scheduler::current_thread::CoreGuard>::block_on::<core[a373ad73a504971]::pin::Pin<&mut core[a373ad73a504971]::pin::Pin<&mut dyn core[a373ad73a504971]::future::future::Future<Output = ()>>>>
[INFO] [stdout]   17:     0x58b7d204dcfd - tokio[824b68d1b527cd39]::runtime::context::runtime::enter_runtime::<<tokio[824b68d1b527cd39]::runtime::scheduler::current_thread::CurrentThread>::block_on<core[a373ad73a504971]::pin::Pin<&mut dyn core[a373ad73a504971]::future::future::Future<Output = ()>>>::{closure#0}, ()>
[INFO] [stdout]   18:     0x58b7d204ce3e - <tokio[824b68d1b527cd39]::runtime::runtime::Runtime>::block_on::<core[a373ad73a504971]::pin::Pin<&mut dyn core[a373ad73a504971]::future::future::Future<Output = ()>>>
[INFO] [stdout]   19:     0x58b7d203af8e - <grscraper[2f6cf431b0b0074b]::goodreads_id_fetcher::tests::verify_id_exists_test::{closure#0} as core[a373ad73a504971]::ops::function::FnOnce<()>>::call_once
[INFO] [stdout]   20:     0x58b7d205717b - test[aada8e7e76ba119b]::__rust_begin_short_backtrace::<core[a373ad73a504971]::result::Result<(), alloc[2e1b2a31b91974c5]::string::String>, fn() -> core[a373ad73a504971]::result::Result<(), alloc[2e1b2a31b91974c5]::string::String>>
[INFO] [stdout]   21:     0x58b7d2064355 - test[aada8e7e76ba119b]::run_test::{closure#0}
[INFO] [stdout]   22:     0x58b7d205dc44 - std[617be2ca0a6fd877]::sys::backtrace::__rust_begin_short_backtrace::<test[aada8e7e76ba119b]::run_test::{closure#1}, ()>
[INFO] [stdout]   23:     0x58b7d20673e2 - <std[617be2ca0a6fd877]::thread::lifecycle::spawn_unchecked<test[aada8e7e76ba119b]::run_test::{closure#1}, ()>::{closure#1} as core[a373ad73a504971]::ops::function::FnOnce<()>>::call_once::{shim:vtable#0}
[INFO] [stdout]   24:     0x58b7d2589bbf - <std[617be2ca0a6fd877]::sys::thread::unix::Thread>::new::thread_start
[INFO] [stdout]   25:     0x74d100e5ddfa - <unknown>
[INFO] [stdout]   26:     0x74d100ef13d4 - clone
[INFO] [stdout]   27:                0x0 - <unknown>
[INFO] [stdout] 
[INFO] [stdout] ---- goodreads_id_fetcher::tests::fetch_id_from_title_and_author_test stdout ----
[INFO] [stdout] 
[INFO] [stdout] thread 'goodreads_id_fetcher::tests::fetch_id_from_title_and_author_test' (3004) panicked at src/goodreads_id_fetcher.rs:159:18:
[INFO] [stdout] called `Result::unwrap()` on an `Err` value: FetchError(reqwest::Error { kind: Request, url: "https://www.goodreads.com/search?q=Fire", source: hyper_util::client::legacy::Error(Connect, ConnectError("dns error", Custom { kind: Uncategorized, error: "failed to lookup address information: Temporary failure in name resolution" })) })
[INFO] [stdout] stack backtrace:
[INFO] [stdout]    0:     0x58b7d258a711 - <<std[617be2ca0a6fd877]::sys::backtrace::BacktraceLock>::print::DisplayBacktrace as core[a373ad73a504971]::fmt::Display>::fmt
[INFO] [stdout]    1:     0x58b7d25a2c7a - core[a373ad73a504971]::fmt::write
[INFO] [stdout]    2:     0x58b7d258f37c - <alloc[2e1b2a31b91974c5]::vec::Vec<u8> as core[a373ad73a504971]::io::write::Write>::write_fmt
[INFO] [stdout]    3:     0x58b7d2565426 - std[617be2ca0a6fd877]::panicking::default_hook::{closure#0}
[INFO] [stdout]    4:     0x58b7d25823f9 - std[617be2ca0a6fd877]::panicking::default_hook
[INFO] [stdout]    5:     0x58b7d2063d30 - test[aada8e7e76ba119b]::test_main_inner::{closure#0}
[INFO] [stdout]    6:     0x58b7d2582722 - std[617be2ca0a6fd877]::panicking::panic_with_hook
[INFO] [stdout]    7:     0x58b7d25654d2 - std[617be2ca0a6fd877]::panicking::panic_handler::{closure#0}
[INFO] [stdout]    8:     0x58b7d255e069 - std[617be2ca0a6fd877]::sys::backtrace::__rust_end_short_backtrace::<std[617be2ca0a6fd877]::panicking::panic_handler::{closure#0}, !>
[INFO] [stdout]    9:     0x58b7d25662cd - __rustc[ea4f61d10b84890b]::rust_begin_unwind
[INFO] [stdout]   10:     0x58b7d25a345c - core[a373ad73a504971]::panicking::panic_fmt
[INFO] [stdout]   11:     0x58b7d25a3232 - core[a373ad73a504971]::result::unwrap_failed
[INFO] [stdout]   12:     0x58b7d203ab81 - grscraper[2f6cf431b0b0074b]::goodreads_id_fetcher::tests::fetch_id_from_title_and_author_test::{closure#0}
[INFO] [stdout]   13:     0x58b7d2049803 - <tokio[824b68d1b527cd39]::runtime::scheduler::current_thread::Context>::enter::<core[a373ad73a504971]::task::poll::Poll<()>, <tokio[824b68d1b527cd39]::runtime::scheduler::current_thread::CoreGuard>::block_on<core[a373ad73a504971]::pin::Pin<&mut core[a373ad73a504971]::pin::Pin<&mut dyn core[a373ad73a504971]::future::future::Future<Output = ()>>>>::{closure#0}::{closure#0}>
[INFO] [stdout]   14:     0x58b7d204df69 - <std[617be2ca0a6fd877]::thread::local::LocalKey<tokio[824b68d1b527cd39]::runtime::context::Context>>::with::<tokio[824b68d1b527cd39]::runtime::context::set_scheduler<(alloc[2e1b2a31b91974c5]::boxed::Box<tokio[824b68d1b527cd39]::runtime::scheduler::current_thread::Core>, core[a373ad73a504971]::option::Option<()>), <tokio[824b68d1b527cd39]::runtime::scheduler::current_thread::CoreGuard>::enter<<tokio[824b68d1b527cd39]::runtime::scheduler::current_thread::CoreGuard>::block_on<core[a373ad73a504971]::pin::Pin<&mut core[a373ad73a504971]::pin::Pin<&mut dyn core[a373ad73a504971]::future::future::Future<Output = ()>>>>::{closure#0}, core[a373ad73a504971]::option::Option<()>>::{closure#0}>::{closure#0}, (alloc[2e1b2a31b91974c5]::boxed::Box<tokio[824b68d1b527cd39]::runtime::scheduler::current_thread::Core>, core[a373ad73a504971]::option::Option<()>)>
[INFO] [stdout]   15:     0x58b7d2049b37 - <tokio[824b68d1b527cd39]::runtime::scheduler::current_thread::CoreGuard>::block_on::<core[a373ad73a504971]::pin::Pin<&mut core[a373ad73a504971]::pin::Pin<&mut dyn core[a373ad73a504971]::future::future::Future<Output = ()>>>>
[INFO] [stdout]   16:     0x58b7d204dcfd - tokio[824b68d1b527cd39]::runtime::context::runtime::enter_runtime::<<tokio[824b68d1b527cd39]::runtime::scheduler::current_thread::CurrentThread>::block_on<core[a373ad73a504971]::pin::Pin<&mut dyn core[a373ad73a504971]::future::future::Future<Output = ()>>>::{closure#0}, ()>
[INFO] [stdout]   17:     0x58b7d204ce3e - <tokio[824b68d1b527cd39]::runtime::runtime::Runtime>::block_on::<core[a373ad73a504971]::pin::Pin<&mut dyn core[a373ad73a504971]::future::future::Future<Output = ()>>>
[INFO] [stdout]   18:     0x58b7d203b84e - <grscraper[2f6cf431b0b0074b]::goodreads_id_fetcher::tests::fetch_id_from_title_and_author_test::{closure#0} as core[a373ad73a504971]::ops::function::FnOnce<()>>::call_once
[INFO] [stdout]   19:     0x58b7d205717b - test[aada8e7e76ba119b]::__rust_begin_short_backtrace::<core[a373ad73a504971]::result::Result<(), alloc[2e1b2a31b91974c5]::string::String>, fn() -> core[a373ad73a504971]::result::Result<(), alloc[2e1b2a31b91974c5]::string::String>>
[INFO] [stdout]   20:     0x58b7d2064355 - test[aada8e7e76ba119b]::run_test::{closure#0}
[INFO] [stdout]   21:     0x58b7d205dc44 - std[617be2ca0a6fd877]::sys::backtrace::__rust_begin_short_backtrace::<test[aada8e7e76ba119b]::run_test::{closure#1}, ()>
[INFO] [stdout]   22:     0x58b7d20673e2 - <std[617be2ca0a6fd877]::thread::lifecycle::spawn_unchecked<test[aada8e7e76ba119b]::run_test::{closure#1}, ()>::{closure#1} as core[a373ad73a504971]::ops::function::FnOnce<()>>::call_once::{shim:vtable#0}
[INFO] [stdout]   23:     0x58b7d2589bbf - <std[617be2ca0a6fd877]::sys::thread::unix::Thread>::new::thread_start
[INFO] [stdout]   24:     0x74d100e5ddfa - <unknown>
[INFO] [stdout]   25:     0x74d100ef13d4 - clone
[INFO] [stdout]   26:                0x0 - <unknown>
[INFO] [stdout] 
[INFO] [stdout] ---- goodreads_id_fetcher::tests::fetch_id_from_isbn_test stdout ----
[INFO] [stdout] 
[INFO] [stdout] thread 'goodreads_id_fetcher::tests::fetch_id_from_isbn_test' (3002) panicked at src/goodreads_id_fetcher.rs:180:44:
[INFO] [stdout] called `Result::unwrap()` on an `Err` value: FetchError(reqwest::Error { kind: Request, url: "https://www.goodreads.com/search?q=9780063021426", source: hyper_util::client::legacy::Error(Connect, ConnectError("dns error", Custom { kind: Uncategorized, error: "failed to lookup address information: Temporary failure in name resolution" })) })
[INFO] [stdout] stack backtrace:
[INFO] [stdout]    0:     0x58b7d258a711 - <<std[617be2ca0a6fd877]::sys::backtrace::BacktraceLock>::print::DisplayBacktrace as core[a373ad73a504971]::fmt::Display>::fmt
[INFO] [stdout]    1:     0x58b7d25a2c7a - core[a373ad73a504971]::fmt::write
[INFO] [stdout]    2:     0x58b7d258f37c - <alloc[2e1b2a31b91974c5]::vec::Vec<u8> as core[a373ad73a504971]::io::write::Write>::write_fmt
[INFO] [stdout]    3:     0x58b7d2565426 - std[617be2ca0a6fd877]::panicking::default_hook::{closure#0}
[INFO] [stdout]    4:     0x58b7d25823f9 - std[617be2ca0a6fd877]::panicking::default_hook
[INFO] [stdout]    5:     0x58b7d2063d30 - test[aada8e7e76ba119b]::test_main_inner::{closure#0}
[INFO] [stdout]    6:     0x58b7d2582722 - std[617be2ca0a6fd877]::panicking::panic_with_hook
[INFO] [stdout]    7:     0x58b7d25654d2 - std[617be2ca0a6fd877]::panicking::panic_handler::{closure#0}
[INFO] [stdout]    8:     0x58b7d255e069 - std[617be2ca0a6fd877]::sys::backtrace::__rust_end_short_backtrace::<std[617be2ca0a6fd877]::panicking::panic_handler::{closure#0}, !>
[INFO] [stdout]    9:     0x58b7d25662cd - __rustc[ea4f61d10b84890b]::rust_begin_unwind
[INFO] [stdout]   10:     0x58b7d25a345c - core[a373ad73a504971]::panicking::panic_fmt
[INFO] [stdout]   11:     0x58b7d25a3232 - core[a373ad73a504971]::result::unwrap_failed
[INFO] [stdout]   12:     0x58b7d203a24d - grscraper[2f6cf431b0b0074b]::goodreads_id_fetcher::tests::fetch_id_from_isbn_test::{closure#0}
[INFO] [stdout]   13:     0x58b7d2049803 - <tokio[824b68d1b527cd39]::runtime::scheduler::current_thread::Context>::enter::<core[a373ad73a504971]::task::poll::Poll<()>, <tokio[824b68d1b527cd39]::runtime::scheduler::current_thread::CoreGuard>::block_on<core[a373ad73a504971]::pin::Pin<&mut core[a373ad73a504971]::pin::Pin<&mut dyn core[a373ad73a504971]::future::future::Future<Output = ()>>>>::{closure#0}::{closure#0}>
[INFO] [stdout]   14:     0x58b7d204df69 - <std[617be2ca0a6fd877]::thread::local::LocalKey<tokio[824b68d1b527cd39]::runtime::context::Context>>::with::<tokio[824b68d1b527cd39]::runtime::context::set_scheduler<(alloc[2e1b2a31b91974c5]::boxed::Box<tokio[824b68d1b527cd39]::runtime::scheduler::current_thread::Core>, core[a373ad73a504971]::option::Option<()>), <tokio[824b68d1b527cd39]::runtime::scheduler::current_thread::CoreGuard>::enter<<tokio[824b68d1b527cd39]::runtime::scheduler::current_thread::CoreGuard>::block_on<core[a373ad73a504971]::pin::Pin<&mut core[a373ad73a504971]::pin::Pin<&mut dyn core[a373ad73a504971]::future::future::Future<Output = ()>>>>::{closure#0}, core[a373ad73a504971]::option::Option<()>>::{closure#0}>::{closure#0}, (alloc[2e1b2a31b91974c5]::boxed::Box<tokio[824b68d1b527cd39]::runtime::scheduler::current_thread::Core>, core[a373ad73a504971]::option::Option<()>)>
[INFO] [stdout]   15:     0x58b7d2049b37 - <tokio[824b68d1b527cd39]::runtime::scheduler::current_thread::CoreGuard>::block_on::<core[a373ad73a504971]::pin::Pin<&mut core[a373ad73a504971]::pin::Pin<&mut dyn core[a373ad73a504971]::future::future::Future<Output = ()>>>>
[INFO] [stdout]   16:     0x58b7d204dcfd - tokio[824b68d1b527cd39]::runtime::context::runtime::enter_runtime::<<tokio[824b68d1b527cd39]::runtime::scheduler::current_thread::CurrentThread>::block_on<core[a373ad73a504971]::pin::Pin<&mut dyn core[a373ad73a504971]::future::future::Future<Output = ()>>>::{closure#0}, ()>
[INFO] [stdout]   17:     0x58b7d204ce3e - <tokio[824b68d1b527cd39]::runtime::runtime::Runtime>::block_on::<core[a373ad73a504971]::pin::Pin<&mut dyn core[a373ad73a504971]::future::future::Future<Output = ()>>>
[INFO] [stdout]   18:     0x58b7d203b0fe - <grscraper[2f6cf431b0b0074b]::goodreads_id_fetcher::tests::fetch_id_from_isbn_test::{closure#0} as core[a373ad73a504971]::ops::function::FnOnce<()>>::call_once
[INFO] [stdout]   19:     0x58b7d205717b - test[aada8e7e76ba119b]::__rust_begin_short_backtrace::<core[a373ad73a504971]::result::Result<(), alloc[2e1b2a31b91974c5]::string::String>, fn() -> core[a373ad73a504971]::result::Result<(), alloc[2e1b2a31b91974c5]::string::String>>
[INFO] [stdout]   20:     0x58b7d2064355 - test[aada8e7e76ba119b]::run_test::{closure#0}
[INFO] [stdout]   21:     0x58b7d205dc44 - std[617be2ca0a6fd877]::sys::backtrace::__rust_begin_short_backtrace::<test[aada8e7e76ba119b]::run_test::{closure#1}, ()>
[INFO] [stdout]   22:     0x58b7d20673e2 - <std[617be2ca0a6fd877]::thread::lifecycle::spawn_unchecked<test[aada8e7e76ba119b]::run_test::{closure#1}, ()>::{closure#1} as core[a373ad73a504971]::ops::function::FnOnce<()>>::call_once::{shim:vtable#0}
[INFO] [stdout]   23:     0x58b7d2589bbf - <std[617be2ca0a6fd877]::sys::thread::unix::Thread>::new::thread_start
[INFO] [stdout]   24:     0x74d100e5ddfa - <unknown>
[INFO] [stdout]   25:     0x74d100ef13d4 - clone
[INFO] [stdout]   26:                0x0 - <unknown>
[INFO] [stdout] 
[INFO] [stdout] ---- goodreads_id_fetcher::tests::verify_id_not_found_test stdout ----
[INFO] [stdout] 
[INFO] [stdout] thread 'goodreads_id_fetcher::tests::verify_id_not_found_test' (3008) panicked at src/goodreads_id_fetcher.rs:9:36:
[INFO] [stdout] Failed to fetch book page: reqwest::Error { kind: Request, url: "https://www.goodreads.com/book/show/bad_id", source: hyper_util::client::legacy::Error(Connect, ConnectError("dns error", Custom { kind: Uncategorized, error: "failed to lookup address information: Temporary failure in name resolution" })) }
[INFO] [stdout] stack backtrace:
[INFO] [stdout]    0:     0x58b7d258a711 - <<std[617be2ca0a6fd877]::sys::backtrace::BacktraceLock>::print::DisplayBacktrace as core[a373ad73a504971]::fmt::Display>::fmt
[INFO] [stdout]    1:     0x58b7d25a2c7a - core[a373ad73a504971]::fmt::write
[INFO] [stdout]    2:     0x58b7d258f37c - <alloc[2e1b2a31b91974c5]::vec::Vec<u8> as core[a373ad73a504971]::io::write::Write>::write_fmt
[INFO] [stdout]    3:     0x58b7d2565426 - std[617be2ca0a6fd877]::panicking::default_hook::{closure#0}
[INFO] [stdout]    4:     0x58b7d25823f9 - std[617be2ca0a6fd877]::panicking::default_hook
[INFO] [stdout]    5:     0x58b7d2063d30 - test[aada8e7e76ba119b]::test_main_inner::{closure#0}
[INFO] [stdout]    6:     0x58b7d2582722 - std[617be2ca0a6fd877]::panicking::panic_with_hook
[INFO] [stdout]    7:     0x58b7d25654d2 - std[617be2ca0a6fd877]::panicking::panic_handler::{closure#0}
[INFO] [stdout]    8:     0x58b7d255e069 - std[617be2ca0a6fd877]::sys::backtrace::__rust_end_short_backtrace::<std[617be2ca0a6fd877]::panicking::panic_handler::{closure#0}, !>
[INFO] [stdout]    9:     0x58b7d25662cd - __rustc[ea4f61d10b84890b]::rust_begin_unwind
[INFO] [stdout]   10:     0x58b7d25a345c - core[a373ad73a504971]::panicking::panic_fmt
[INFO] [stdout]   11:     0x58b7d25a3232 - core[a373ad73a504971]::result::unwrap_failed
[INFO] [stdout]   12:     0x58b7d2038a7d - grscraper[2f6cf431b0b0074b]::goodreads_id_fetcher::verify_id_exists::{closure#0}
[INFO] [stdout]   13:     0x58b7d203a5a9 - grscraper[2f6cf431b0b0074b]::goodreads_id_fetcher::tests::verify_id_not_found_test::{closure#0}
[INFO] [stdout]   14:     0x58b7d2049803 - <tokio[824b68d1b527cd39]::runtime::scheduler::current_thread::Context>::enter::<core[a373ad73a504971]::task::poll::Poll<()>, <tokio[824b68d1b527cd39]::runtime::scheduler::current_thread::CoreGuard>::block_on<core[a373ad73a504971]::pin::Pin<&mut core[a373ad73a504971]::pin::Pin<&mut dyn core[a373ad73a504971]::future::future::Future<Output = ()>>>>::{closure#0}::{closure#0}>
[INFO] [stdout]   15:     0x58b7d204df69 - <std[617be2ca0a6fd877]::thread::local::LocalKey<tokio[824b68d1b527cd39]::runtime::context::Context>>::with::<tokio[824b68d1b527cd39]::runtime::context::set_scheduler<(alloc[2e1b2a31b91974c5]::boxed::Box<tokio[824b68d1b527cd39]::runtime::scheduler::current_thread::Core>, core[a373ad73a504971]::option::Option<()>), <tokio[824b68d1b527cd39]::runtime::scheduler::current_thread::CoreGuard>::enter<<tokio[824b68d1b527cd39]::runtime::scheduler::current_thread::CoreGuard>::block_on<core[a373ad73a504971]::pin::Pin<&mut core[a373ad73a504971]::pin::Pin<&mut dyn core[a373ad73a504971]::future::future::Future<Output = ()>>>>::{closure#0}, core[a373ad73a504971]::option::Option<()>>::{closure#0}>::{closure#0}, (alloc[2e1b2a31b91974c5]::boxed::Box<tokio[824b68d1b527cd39]::runtime::scheduler::current_thread::Core>, core[a373ad73a504971]::option::Option<()>)>
[INFO] [stdout]   16:     0x58b7d2049b37 - <tokio[824b68d1b527cd39]::runtime::scheduler::current_thread::CoreGuard>::block_on::<core[a373ad73a504971]::pin::Pin<&mut core[a373ad73a504971]::pin::Pin<&mut dyn core[a373ad73a504971]::future::future::Future<Output = ()>>>>
[INFO] [stdout]   17:     0x58b7d204dcfd - tokio[824b68d1b527cd39]::runtime::context::runtime::enter_runtime::<<tokio[824b68d1b527cd39]::runtime::scheduler::current_thread::CurrentThread>::block_on<core[a373ad73a504971]::pin::Pin<&mut dyn core[a373ad73a504971]::future::future::Future<Output = ()>>>::{closure#0}, ()>
[INFO] [stdout]   18:     0x58b7d204ce3e - <tokio[824b68d1b527cd39]::runtime::runtime::Runtime>::block_on::<core[a373ad73a504971]::pin::Pin<&mut dyn core[a373ad73a504971]::future::future::Future<Output = ()>>>
[INFO] [stdout]   19:     0x58b7d203b3ee - <grscraper[2f6cf431b0b0074b]::goodreads_id_fetcher::tests::verify_id_not_found_test::{closure#0} as core[a373ad73a504971]::ops::function::FnOnce<()>>::call_once
[INFO] [stdout]   20:     0x58b7d205717b - test[aada8e7e76ba119b]::__rust_begin_short_backtrace::<core[a373ad73a504971]::result::Result<(), alloc[2e1b2a31b91974c5]::string::String>, fn() -> core[a373ad73a504971]::result::Result<(), alloc[2e1b2a31b91974c5]::string::String>>
[INFO] [stdout]   21:     0x58b7d2064355 - test[aada8e7e76ba119b]::run_test::{closure#0}
[INFO] [stdout]   22:     0x58b7d205dc44 - std[617be2ca0a6fd877]::sys::backtrace::__rust_begin_short_backtrace::<test[aada8e7e76ba119b]::run_test::{closure#1}, ()>
[INFO] [stdout]   23:     0x58b7d20673e2 - <std[617be2ca0a6fd877]::thread::lifecycle::spawn_unchecked<test[aada8e7e76ba119b]::run_test::{closure#1}, ()>::{closure#1} as core[a373ad73a504971]::ops::function::FnOnce<()>>::call_once::{shim:vtable#0}
[INFO] [stdout]   24:     0x58b7d2589bbf - <std[617be2ca0a6fd877]::sys::thread::unix::Thread>::new::thread_start
[INFO] [stdout]   25:     0x74d100e5ddfa - <unknown>
[INFO] [stdout]   26:     0x74d100ef13d4 - clone
[INFO] [stdout]   27:                0x0 - <unknown>
[INFO] [stdout] 
[INFO] [stdout] ---- goodreads_id_fetcher::tests::fetch_id_from_title_not_found_test stdout ----
[INFO] [stdout] 
[INFO] [stdout] thread 'goodreads_id_fetcher::tests::fetch_id_from_title_not_found_test' (3005) panicked at src/goodreads_id_fetcher.rs:149:58:
[INFO] [stdout] called `Result::unwrap()` on an `Err` value: FetchError(reqwest::Error { kind: Request, url: "https://www.goodreads.com/search?q=thistitledoesnotexist", source: hyper_util::client::legacy::Error(Connect, ConnectError("dns error", Custom { kind: Uncategorized, error: "failed to lookup address information: Temporary failure in name resolution" })) })
[INFO] [stdout] stack backtrace:
[INFO] [stdout]    0:     0x58b7d258a711 - <<std[617be2ca0a6fd877]::sys::backtrace::BacktraceLock>::print::DisplayBacktrace as core[a373ad73a504971]::fmt::Display>::fmt
[INFO] [stdout]    1:     0x58b7d25a2c7a - core[a373ad73a504971]::fmt::write
[INFO] [stdout]    2:     0x58b7d258f37c - <alloc[2e1b2a31b91974c5]::vec::Vec<u8> as core[a373ad73a504971]::io::write::Write>::write_fmt
[INFO] [stdout]    3:     0x58b7d2565426 - std[617be2ca0a6fd877]::panicking::default_hook::{closure#0}
[INFO] [stdout]    4:     0x58b7d25823f9 - std[617be2ca0a6fd877]::panicking::default_hook
[INFO] [stdout]    5:     0x58b7d2063d30 - test[aada8e7e76ba119b]::test_main_inner::{closure#0}
[INFO] [stdout]    6:     0x58b7d2582722 - std[617be2ca0a6fd877]::panicking::panic_with_hook
[INFO] [stdout]    7:     0x58b7d25654d2 - std[617be2ca0a6fd877]::panicking::panic_handler::{closure#0}
[INFO] [stdout]    8:     0x58b7d255e069 - std[617be2ca0a6fd877]::sys::backtrace::__rust_end_short_backtrace::<std[617be2ca0a6fd877]::panicking::panic_handler::{closure#0}, !>
[INFO] [stdout]    9:     0x58b7d25662cd - __rustc[ea4f61d10b84890b]::rust_begin_unwind
[INFO] [stdout]   10:     0x58b7d25a345c - core[a373ad73a504971]::panicking::panic_fmt
[INFO] [stdout]   11:     0x58b7d25a3232 - core[a373ad73a504971]::result::unwrap_failed
[INFO] [stdout]   12:     0x58b7d203a8d7 - grscraper[2f6cf431b0b0074b]::goodreads_id_fetcher::tests::fetch_id_from_title_not_found_test::{closure#0}
[INFO] [stdout]   13:     0x58b7d2049803 - <tokio[824b68d1b527cd39]::runtime::scheduler::current_thread::Context>::enter::<core[a373ad73a504971]::task::poll::Poll<()>, <tokio[824b68d1b527cd39]::runtime::scheduler::current_thread::CoreGuard>::block_on<core[a373ad73a504971]::pin::Pin<&mut core[a373ad73a504971]::pin::Pin<&mut dyn core[a373ad73a504971]::future::future::Future<Output = ()>>>>::{closure#0}::{closure#0}>
[INFO] [stdout]   14:     0x58b7d204df69 - <std[617be2ca0a6fd877]::thread::local::LocalKey<tokio[824b68d1b527cd39]::runtime::context::Context>>::with::<tokio[824b68d1b527cd39]::runtime::context::set_scheduler<(alloc[2e1b2a31b91974c5]::boxed::Box<tokio[824b68d1b527cd39]::runtime::scheduler::current_thread::Core>, core[a373ad73a504971]::option::Option<()>), <tokio[824b68d1b527cd39]::runtime::scheduler::current_thread::CoreGuard>::enter<<tokio[824b68d1b527cd39]::runtime::scheduler::current_thread::CoreGuard>::block_on<core[a373ad73a504971]::pin::Pin<&mut core[a373ad73a504971]::pin::Pin<&mut dyn core[a373ad73a504971]::future::future::Future<Output = ()>>>>::{closure#0}, core[a373ad73a504971]::option::Option<()>>::{closure#0}>::{closure#0}, (alloc[2e1b2a31b91974c5]::boxed::Box<tokio[824b68d1b527cd39]::runtime::scheduler::current_thread::Core>, core[a373ad73a504971]::option::Option<()>)>
[INFO] [stdout]   15:     0x58b7d2049b37 - <tokio[824b68d1b527cd39]::runtime::scheduler::current_thread::CoreGuard>::block_on::<core[a373ad73a504971]::pin::Pin<&mut core[a373ad73a504971]::pin::Pin<&mut dyn core[a373ad73a504971]::future::future::Future<Output = ()>>>>
[INFO] [stdout]   16:     0x58b7d204dcfd - tokio[824b68d1b527cd39]::runtime::context::runtime::enter_runtime::<<tokio[824b68d1b527cd39]::runtime::scheduler::current_thread::CurrentThread>::block_on<core[a373ad73a504971]::pin::Pin<&mut dyn core[a373ad73a504971]::future::future::Future<Output = ()>>>::{closure#0}, ()>
[INFO] [stdout]   17:     0x58b7d204ce3e - <tokio[824b68d1b527cd39]::runtime::runtime::Runtime>::block_on::<core[a373ad73a504971]::pin::Pin<&mut dyn core[a373ad73a504971]::future::future::Future<Output = ()>>>
[INFO] [stdout]   18:     0x58b7d203b6ce - <grscraper[2f6cf431b0b0074b]::goodreads_id_fetcher::tests::fetch_id_from_title_not_found_test::{closure#0} as core[a373ad73a504971]::ops::function::FnOnce<()>>::call_once
[INFO] [stdout]   19:     0x58b7d205717b - test[aada8e7e76ba119b]::__rust_begin_short_backtrace::<core[a373ad73a504971]::result::Result<(), alloc[2e1b2a31b91974c5]::string::String>, fn() -> core[a373ad73a504971]::result::Result<(), alloc[2e1b2a31b91974c5]::string::String>>
[INFO] [stdout]   20:     0x58b7d2064355 - test[aada8e7e76ba119b]::run_test::{closure#0}
[INFO] [stdout]   21:     0x58b7d205dc44 - std[617be2ca0a6fd877]::sys::backtrace::__rust_begin_short_backtrace::<test[aada8e7e76ba119b]::run_test::{closure#1}, ()>
[INFO] [stdout]   22:     0x58b7d20673e2 - <std[617be2ca0a6fd877]::thread::lifecycle::spawn_unchecked<test[aada8e7e76ba119b]::run_test::{closure#1}, ()>::{closure#1} as core[a373ad73a504971]::ops::function::FnOnce<()>>::call_once::{shim:vtable#0}
[INFO] [stdout]   23:     0x58b7d2589bbf - <std[617be2ca0a6fd877]::sys::thread::unix::Thread>::new::thread_start
[INFO] [stdout]   24:     0x74d100e5ddfa - <unknown>
[INFO] [stdout]   25:     0x74d100ef13d4 - clone
[INFO] [stdout]   26:                0x0 - <unknown>
[INFO] [stdout] 
[INFO] [stdout] 
[INFO] [stdout] failures:
[INFO] [stdout]     goodreads_id_fetcher::tests::fetch_id_from_isbn_not_found_test
[INFO] [stdout]     goodreads_id_fetcher::tests::fetch_id_from_isbn_test
[INFO] [stdout]     goodreads_id_fetcher::tests::fetch_id_from_title_and_author_not_found_test
[INFO] [stdout]     goodreads_id_fetcher::tests::fetch_id_from_title_and_author_test
[INFO] [stdout]     goodreads_id_fetcher::tests::fetch_id_from_title_not_found_test
[INFO] [stdout]     goodreads_id_fetcher::tests::fetch_id_from_title_test
[INFO] [stdout]     goodreads_id_fetcher::tests::verify_id_exists_test
[INFO] [stdout]     goodreads_id_fetcher::tests::verify_id_not_found_test
[INFO] [stdout]     metadata_fetcher::tests::fetch_metadata_test
[INFO] [stdout] 
[INFO] [stdout] test result: FAILED. 0 passed; 9 failed; 0 ignored; 0 measured; 0 filtered out; finished in 0.10s
[INFO] [stderr] error: test failed, to rerun pass `--lib`
[INFO] [stdout] 
[INFO] running `Command { std: "docker" "inspect" "c2b317060c89cd47394d90d5acc59a033c21c4357c10254b4b486f72a82fb23f", kill_on_drop: false }`
[INFO] running `Command { std: "docker" "rm" "-f" "c2b317060c89cd47394d90d5acc59a033c21c4357c10254b4b486f72a82fb23f", kill_on_drop: false }`
[INFO] [stdout] c2b317060c89cd47394d90d5acc59a033c21c4357c10254b4b486f72a82fb23f
