[INFO] fetching crate goodpod 0.1.2...
[INFO] testing goodpod-0.1.2 against 1.99.0-beta.8+cargoflags=--release for beta-release-1.100-2
[INFO] extracting crate goodpod 0.1.2 into /workspace/builds/worker-7-tc1/source
[INFO] started tweaking crates.io crate goodpod 0.1.2
[INFO] removed 0 missing tests
[INFO] finished tweaking crates.io crate goodpod 0.1.2
[INFO] tweaked toml for crates.io crate goodpod 0.1.2 written to /workspace/builds/worker-7-tc1/source/Cargo.toml
[INFO] validating manifest of crates.io crate goodpod 0.1.2 on toolchain 1.99.0-beta.8
[INFO] running `Command { std: CARGO_HOME="/workspace/cargo-home" RUSTUP_HOME="/workspace/rustup-home" "/workspace/cargo-home/bin/cargo" "+1.99.0-beta.8" "metadata" "--manifest-path" "Cargo.toml" "--no-deps", kill_on_drop: false }`
[INFO] running `Command { std: CARGO_HOME="/workspace/cargo-home" RUSTUP_HOME="/workspace/rustup-home" "/workspace/cargo-home/bin/cargo" "+1.99.0-beta.8" "generate-lockfile" "--manifest-path" "Cargo.toml", kill_on_drop: false }`
[INFO] [stderr]     Updating crates.io index
[INFO] [stderr]      Locking 81 packages to highest compatible versions
[INFO] [stderr]       Adding strum v0.26.3 (available: v0.28.0)
[INFO] [stderr]       Adding xml v0.8.20 (available: v1.4.0)
[INFO] [stderr]       Adding yaserde v0.10.1 (available: v0.12.0)
[INFO] [stderr]       Adding yaserde_derive v0.10.1 (available: v0.12.0)
[INFO] running `Command { std: CARGO_HOME="/workspace/cargo-home" RUSTUP_HOME="/workspace/rustup-home" "/workspace/cargo-home/bin/cargo" "+1.99.0-beta.8" "fetch" "--manifest-path" "Cargo.toml", kill_on_drop: false }`
[INFO] [stderr]  Downloading crates ...
[INFO] [stderr]   Downloaded yaserde_derive v0.10.1
[INFO] [stderr]   Downloaded yaserde v0.10.1
[INFO] [stderr]   Downloaded xml v0.8.20
[INFO] running `Command { std: "docker" "create" "-v" "/var/lib/crater-agent-workspace/builds/worker-7-tc1/source:/opt/rustwide/workdir:ro,Z" "-v" "/var/lib/crater-agent-workspace/builds/worker-7-tc1/target:/opt/rustwide/target:rw,Z" "-v" "/var/lib/crater-agent-workspace/cargo-home:/opt/rustwide/cargo-home:ro,Z" "-v" "/var/lib/crater-agent-workspace/rustup-home:/opt/rustwide/rustup-home:ro,Z" "-m" "1610612736" "--network" "none" "ghcr.io/rust-lang/crates-build-env/linux@sha256:77db811e55d90add9212f6832c23229e3de5f1c1f9905e8cb07319ea15df73ac" "sleep" "infinity", kill_on_drop: false }`
[INFO] [stdout] 1754a0554e49503466fe0c7e9641a3e60bbf4fdec5e77cb4242f063dd114209a
[INFO] running `Command { std: "docker" "start" "1754a0554e49503466fe0c7e9641a3e60bbf4fdec5e77cb4242f063dd114209a", kill_on_drop: false }`
[INFO] running `Command { std: "docker" "inspect" "1754a0554e49503466fe0c7e9641a3e60bbf4fdec5e77cb4242f063dd114209a", kill_on_drop: false }`
[INFO] running `Command { std: "docker" "exec" "-e" "SOURCE_DIR=/opt/rustwide/workdir" "-e" "CARGO_HOME=/opt/rustwide/cargo-home" "-e" "RUSTUP_HOME=/opt/rustwide/rustup-home" "-e" "CARGO_TARGET_DIR=/opt/rustwide/target" "-w" "/opt/rustwide/workdir" "--user" "0:0" "1754a0554e49503466fe0c7e9641a3e60bbf4fdec5e77cb4242f063dd114209a" "/opt/rustwide/cargo-home/bin/cargo" "+1.99.0-beta.8" "metadata" "--no-deps" "--format-version=1", kill_on_drop: false }`
[INFO] running `Command { std: "docker" "inspect" "1754a0554e49503466fe0c7e9641a3e60bbf4fdec5e77cb4242f063dd114209a", kill_on_drop: false }`
[INFO] running `Command { std: "docker" "exec" "-e" "SOURCE_DIR=/opt/rustwide/workdir" "-e" "CARGO_HOME=/opt/rustwide/cargo-home" "-e" "RUSTUP_HOME=/opt/rustwide/rustup-home" "-e" "CARGO_TARGET_DIR=/opt/rustwide/target" "-e" "CARGO_INCREMENTAL=0" "-e" "RUST_BACKTRACE=full" "-e" "RUSTFLAGS=--cap-lints=warn" "-e" "RUSTDOCFLAGS=--cap-lints=warn" "-w" "/opt/rustwide/workdir" "--user" "0:0" "1754a0554e49503466fe0c7e9641a3e60bbf4fdec5e77cb4242f063dd114209a" "/opt/rustwide/cargo-home/bin/cargo" "+1.99.0-beta.8" "build" "--frozen" "--message-format=json" "--release", kill_on_drop: false }`
[INFO] [stderr]    Compiling syn v1.0.109
[INFO] [stderr]    Compiling num-traits v0.2.19
[INFO] [stderr]    Compiling xml-rs v0.8.29
[INFO] [stderr]    Compiling syn v2.0.119
[INFO] [stderr]    Compiling uuid v1.28.0
[INFO] [stderr]    Compiling xml v0.8.20
[INFO] [stderr]    Compiling yaserde v0.10.1
[INFO] [stderr]    Compiling chrono v0.4.45
[INFO] [stderr]    Compiling strum_macros v0.26.4
[INFO] [stderr]    Compiling yaserde_derive v0.10.1
[INFO] [stderr]    Compiling strum v0.26.3
[INFO] [stderr]    Compiling goodpod v0.1.2 (/opt/rustwide/workdir)
[INFO] [stderr]     Finished `release` profile [optimized] target(s) in 12.00s
[INFO] running `Command { std: "docker" "inspect" "1754a0554e49503466fe0c7e9641a3e60bbf4fdec5e77cb4242f063dd114209a", kill_on_drop: false }`
[INFO] running `Command { std: "docker" "exec" "-e" "SOURCE_DIR=/opt/rustwide/workdir" "-e" "CARGO_HOME=/opt/rustwide/cargo-home" "-e" "RUSTUP_HOME=/opt/rustwide/rustup-home" "-e" "CARGO_TARGET_DIR=/opt/rustwide/target" "-e" "CARGO_INCREMENTAL=0" "-e" "RUST_BACKTRACE=full" "-e" "RUSTFLAGS=--cap-lints=warn" "-e" "RUSTDOCFLAGS=--cap-lints=warn" "-w" "/opt/rustwide/workdir" "--user" "0:0" "1754a0554e49503466fe0c7e9641a3e60bbf4fdec5e77cb4242f063dd114209a" "/opt/rustwide/cargo-home/bin/cargo" "+1.99.0-beta.8" "test" "--frozen" "--no-run" "--message-format=json" "--release", kill_on_drop: false }`
[INFO] [stderr]    Compiling goodpod v0.1.2 (/opt/rustwide/workdir)
[INFO] [stderr]     Finished `release` profile [optimized] target(s) in 1.93s
[INFO] running `Command { std: "docker" "inspect" "1754a0554e49503466fe0c7e9641a3e60bbf4fdec5e77cb4242f063dd114209a", kill_on_drop: false }`
[INFO] running `Command { std: "docker" "exec" "-e" "SOURCE_DIR=/opt/rustwide/workdir" "-e" "CARGO_HOME=/opt/rustwide/cargo-home" "-e" "RUSTUP_HOME=/opt/rustwide/rustup-home" "-e" "CARGO_TARGET_DIR=/opt/rustwide/target" "-e" "CARGO_INCREMENTAL=0" "-e" "RUST_BACKTRACE=full" "-e" "RUSTFLAGS=--cap-lints=warn" "-e" "RUSTDOCFLAGS=--cap-lints=warn" "-w" "/opt/rustwide/workdir" "--user" "0:0" "1754a0554e49503466fe0c7e9641a3e60bbf4fdec5e77cb4242f063dd114209a" "/opt/rustwide/cargo-home/bin/cargo" "+1.99.0-beta.8" "test" "--frozen" "--release", kill_on_drop: false }`
[INFO] [stderr]     Finished `release` profile [optimized] target(s) in 0.09s
[INFO] [stderr]      Running unittests src/lib.rs (/opt/rustwide/target/release/deps/goodpod-e1798332a7d1c5dd)
[INFO] [stdout] 
[INFO] [stdout] running 2 tests
[INFO] [stdout] test language::tests::test_from_str ... ok
[INFO] [stdout] test language::tests::test_fmt ... ok
[INFO] [stdout] 
[INFO] [stdout] test result: ok. 2 passed; 0 failed; 0 ignored; 0 measured; 0 filtered out; finished in 0.00s
[INFO] [stdout] 
[INFO] [stderr]      Running tests/tests.rs (/opt/rustwide/target/release/deps/tests-f34186fcb15363f7)
[INFO] [stdout] 
[INFO] [stdout] running 3 tests
[INFO] [stdout] test serialize_simple_feed ... FAILED
[INFO] [stdout] test serialize_complex_feed ... FAILED
[INFO] [stdout] test serialize_publisher_feed ... FAILED
[INFO] [stdout] 
[INFO] [stdout] failures:
[INFO] [stdout] 
[INFO] [stdout] ---- serialize_simple_feed stdout ----
[INFO] [stdout] 
[INFO] [stdout] thread 'serialize_simple_feed' (494) panicked at tests/tests.rs:30:5:
[INFO] [stdout] assertion failed: `(left == right)`
[INFO] [stdout] 
[INFO] [stdout] [1mDiff[0m [31m< left[0m / [32mright >[0m :
[INFO] [stderr] error: test failed, to rerun pass `--test tests`
[INFO] [stdout] [31m<<?xml version="1.0" encoding="[0m[1;48;5;52;31mutf[0m[31m-8"?>[0m
[INFO] [stdout] [32m><?xml version="1.0" encoding="[0m[1;48;5;22;32mUTF[0m[32m-8"?>[0m
[INFO] [stdout]  <rss version="2.0">
[INFO] [stdout]    <channel>
[INFO] [stdout]      <description>My description</description>
[INFO] [stdout]      <generator>RSS Blue v1.0</generator>
[INFO] [stdout]      <language>en-us</language>
[INFO] [stdout]      <title>My title</title>
[INFO] [stdout]    </channel>
[INFO] [stdout]  </rss>
[INFO] [stdout] 
[INFO] [stdout] 
[INFO] [stdout] stack backtrace:
[INFO] [stdout]    0:     0x6329b61a9af1 - <<std[70759c8f55707aa4]::sys::backtrace::BacktraceLock>::print::DisplayBacktrace as core[df12db4294e9bfd3]::fmt::Display>::fmt
[INFO] [stdout]    1:     0x6329b61bdf1a - core[df12db4294e9bfd3]::fmt::write
[INFO] [stdout]    2:     0x6329b61adf8c - <alloc[2182bb758b4b3781]::vec::Vec<u8> as core[df12db4294e9bfd3]::io::write::Write>::write_fmt
[INFO] [stdout]    3:     0x6329b61860e6 - std[70759c8f55707aa4]::panicking::default_hook::{closure#0}
[INFO] [stdout]    4:     0x6329b61a2259 - std[70759c8f55707aa4]::panicking::default_hook
[INFO] [stdout]    5:     0x6329b611c590 - test[9d35eded1c95d3be]::test_main_inner::<test[9d35eded1c95d3be]::test_main_static::{closure#0}>::{closure#0}
[INFO] [stdout]    6:     0x6329b61a2412 - std[70759c8f55707aa4]::panicking::panic_with_hook
[INFO] [stdout]    7:     0x6329b6186192 - std[70759c8f55707aa4]::panicking::panic_handler::{closure#0}
[INFO] [stdout]    8:     0x6329b617ef19 - std[70759c8f55707aa4]::sys::backtrace::__rust_end_short_backtrace::<std[70759c8f55707aa4]::panicking::panic_handler::{closure#0}, !>
[INFO] [stdout]    9:     0x6329b6186d8d - __rustc[8fa7c3cbc660c2b3]::rust_begin_unwind
[INFO] [stdout]   10:     0x6329b61be64c - core[df12db4294e9bfd3]::panicking::panic_fmt
[INFO] [stdout]   11:     0x6329b610e419 - <tests[362cdea7d0fea933]::serialize_simple_feed::{closure#0} as core[df12db4294e9bfd3]::ops::function::FnOnce<()>>::call_once
[INFO] [stdout]   12:     0x6329b610f87b - test[9d35eded1c95d3be]::__rust_begin_short_backtrace::<core[df12db4294e9bfd3]::result::Result<(), alloc[2182bb758b4b3781]::string::String>, fn() -> core[df12db4294e9bfd3]::result::Result<(), alloc[2182bb758b4b3781]::string::String>>
[INFO] [stdout]   13:     0x6329b611cee5 - test[9d35eded1c95d3be]::run_test::{closure#0}
[INFO] [stdout]   14:     0x6329b61167a4 - std[70759c8f55707aa4]::sys::backtrace::__rust_begin_short_backtrace::<test[9d35eded1c95d3be]::run_test::{closure#1}, ()>
[INFO] [stdout]   15:     0x6329b6120042 - <std[70759c8f55707aa4]::thread::lifecycle::spawn_unchecked<test[9d35eded1c95d3be]::run_test::{closure#1}, ()>::{closure#1} as core[df12db4294e9bfd3]::ops::function::FnOnce<()>>::call_once::{shim:vtable#0}
[INFO] [stdout]   16:     0x6329b61a93c9 - <std[70759c8f55707aa4]::sys::thread::unix::Thread>::new::thread_start
[INFO] [stdout]   17:     0x762319dd2dfa - <unknown>
[INFO] [stdout]   18:     0x762319e663d4 - clone
[INFO] [stdout]   19:                0x0 - <unknown>
[INFO] [stdout] 
[INFO] [stdout] ---- serialize_complex_feed stdout ----
[INFO] [stdout] 
[INFO] [stdout] thread 'serialize_complex_feed' (492) panicked at tests/tests.rs:124:5:
[INFO] [stdout] assertion failed: `(left == right)`
[INFO] [stdout] 
[INFO] [stdout] [1mDiff[0m [31m< left[0m / [32mright >[0m :
[INFO] [stdout] [31m<<?xml version="1.0" encoding="[0m[1;48;5;52;31mutf[0m[31m-8"?>[0m
[INFO] [stdout] [32m><?xml version="1.0" encoding="[0m[1;48;5;22;32mUTF[0m[32m-8"?>[0m
[INFO] [stdout]  <rss xmlns:podcast="https://podcastindex.org/namespace/1.0" version="2.0">
[INFO] [stdout]    <channel>
[INFO] [stdout]      <description>My description</description>
[INFO] [stdout]      <generator>RSS Blue v1.0</generator>
[INFO] [stdout]      <title>My &lt;strong&gt;title&lt;/strong&gt;</title>
[INFO] [stdout]      <link>https://example.com</link>
[INFO] [stdout]      <podcast:funding url="https://www.example.com/donations">Support the show!</podcast:funding>
[INFO] [stdout]      <podcast:funding url="https://www.example.com/members">Become a member!</podcast:funding>
[INFO] [stdout]      <podcast:locked owner="john@example.com">no</podcast:locked>
[INFO] [stdout]    </channel>
[INFO] [stdout]  </rss>
[INFO] [stdout] 
[INFO] [stdout] 
[INFO] [stdout] stack backtrace:
[INFO] [stdout]    0:     0x6329b61a9af1 - <<std[70759c8f55707aa4]::sys::backtrace::BacktraceLock>::print::DisplayBacktrace as core[df12db4294e9bfd3]::fmt::Display>::fmt
[INFO] [stdout]    1:     0x6329b61bdf1a - core[df12db4294e9bfd3]::fmt::write
[INFO] [stdout]    2:     0x6329b61adf8c - <alloc[2182bb758b4b3781]::vec::Vec<u8> as core[df12db4294e9bfd3]::io::write::Write>::write_fmt
[INFO] [stdout]    3:     0x6329b61860e6 - std[70759c8f55707aa4]::panicking::default_hook::{closure#0}
[INFO] [stdout]    4:     0x6329b61a2259 - std[70759c8f55707aa4]::panicking::default_hook
[INFO] [stdout]    5:     0x6329b611c590 - test[9d35eded1c95d3be]::test_main_inner::<test[9d35eded1c95d3be]::test_main_static::{closure#0}>::{closure#0}
[INFO] [stdout]    6:     0x6329b61a2412 - std[70759c8f55707aa4]::panicking::panic_with_hook
[INFO] [stdout]    7:     0x6329b6186192 - std[70759c8f55707aa4]::panicking::panic_handler::{closure#0}
[INFO] [stdout]    8:     0x6329b617ef19 - std[70759c8f55707aa4]::sys::backtrace::__rust_end_short_backtrace::<std[70759c8f55707aa4]::panicking::panic_handler::{closure#0}, !>
[INFO] [stdout]    9:     0x6329b6186d8d - __rustc[8fa7c3cbc660c2b3]::rust_begin_unwind
[INFO] [stdout]   10:     0x6329b61be64c - core[df12db4294e9bfd3]::panicking::panic_fmt
[INFO] [stdout]   11:     0x6329b610ecbb - <tests[362cdea7d0fea933]::serialize_complex_feed::{closure#0} as core[df12db4294e9bfd3]::ops::function::FnOnce<()>>::call_once
[INFO] [stdout]   12:     0x6329b610f87b - test[9d35eded1c95d3be]::__rust_begin_short_backtrace::<core[df12db4294e9bfd3]::result::Result<(), alloc[2182bb758b4b3781]::string::String>, fn() -> core[df12db4294e9bfd3]::result::Result<(), alloc[2182bb758b4b3781]::string::String>>
[INFO] [stdout]   13:     0x6329b611cee5 - test[9d35eded1c95d3be]::run_test::{closure#0}
[INFO] [stdout]   14:     0x6329b61167a4 - std[70759c8f55707aa4]::sys::backtrace::__rust_begin_short_backtrace::<test[9d35eded1c95d3be]::run_test::{closure#1}, ()>
[INFO] [stdout]   15:     0x6329b6120042 - <std[70759c8f55707aa4]::thread::lifecycle::spawn_unchecked<test[9d35eded1c95d3be]::run_test::{closure#1}, ()>::{closure#1} as core[df12db4294e9bfd3]::ops::function::FnOnce<()>>::call_once::{shim:vtable#0}
[INFO] [stdout]   16:     0x6329b61a93c9 - <std[70759c8f55707aa4]::sys::thread::unix::Thread>::new::thread_start
[INFO] [stdout]   17:     0x762319dd2dfa - <unknown>
[INFO] [stdout]   18:     0x762319e663d4 - clone
[INFO] [stdout]   19:                0x0 - <unknown>
[INFO] [stdout] 
[INFO] [stdout] ---- serialize_publisher_feed stdout ----
[INFO] [stdout] 
[INFO] [stdout] thread 'serialize_publisher_feed' (493) panicked at tests/tests.rs:82:5:
[INFO] [stdout] assertion failed: `(left == right)`
[INFO] [stdout] 
[INFO] [stdout] [1mDiff[0m [31m< left[0m / [32mright >[0m :
[INFO] [stdout] [31m<<?xml version="1.0" encoding="[0m[1;48;5;52;31mutf[0m[31m-8"?>[0m
[INFO] [stdout] [32m><?xml version="1.0" encoding="[0m[1;48;5;22;32mUTF[0m[32m-8"?>[0m
[INFO] [stdout]  <rss xmlns:itunes="http://www.itunes.com/dtds/podcast-1.0.dtd" xmlns:podcast="https://podcastindex.org/namespace/1.0" version="2.0">
[INFO] [stdout]    <channel>
[INFO] [stdout]      <description>John Doe is a fictional artist.</description>
[INFO] [stdout]      <lastBuildDate>Sat, 20 Apr 2024 00:05:50 GMT</lastBuildDate>
[INFO] [stdout]      <title>John Doe</title>
[INFO] [stdout]      <itunes:image href="https://example.com/john-doe.jpg" />
[INFO] [stdout]      <podcast:guid>4136005d-a5b9-534d-b32a-e88894e1ae4a</podcast:guid>
[INFO] [stdout]      <podcast:medium>publisher</podcast:medium>
[INFO] [stdout]      <podcast:remoteItem feedGuid="b9f0b2e5-6a56-5e73-83e4-af1c33769e73" medium="music" />
[INFO] [stdout]      <podcast:remoteItem feedGuid="cb6e27c5-6d11-54a1-bf60-40537c0336e3" feedUrl="https://www.example.com/feed.xml" medium="music" />
[INFO] [stdout]    </channel>
[INFO] [stdout]  </rss>
[INFO] [stdout] 
[INFO] [stdout] 
[INFO] [stdout] stack backtrace:
[INFO] [stdout]    0:     0x6329b61a9af1 - <<std[70759c8f55707aa4]::sys::backtrace::BacktraceLock>::print::DisplayBacktrace as core[df12db4294e9bfd3]::fmt::Display>::fmt
[INFO] [stdout]    1:     0x6329b61bdf1a - core[df12db4294e9bfd3]::fmt::write
[INFO] [stdout]    2:     0x6329b61adf8c - <alloc[2182bb758b4b3781]::vec::Vec<u8> as core[df12db4294e9bfd3]::io::write::Write>::write_fmt
[INFO] [stdout]    3:     0x6329b61860e6 - std[70759c8f55707aa4]::panicking::default_hook::{closure#0}
[INFO] [stdout]    4:     0x6329b61a2259 - std[70759c8f55707aa4]::panicking::default_hook
[INFO] [stdout]    5:     0x6329b611c590 - test[9d35eded1c95d3be]::test_main_inner::<test[9d35eded1c95d3be]::test_main_static::{closure#0}>::{closure#0}
[INFO] [stdout]    6:     0x6329b61a2412 - std[70759c8f55707aa4]::panicking::panic_with_hook
[INFO] [stdout]    7:     0x6329b6186192 - std[70759c8f55707aa4]::panicking::panic_handler::{closure#0}
[INFO] [stdout]    8:     0x6329b617ef19 - std[70759c8f55707aa4]::sys::backtrace::__rust_end_short_backtrace::<std[70759c8f55707aa4]::panicking::panic_handler::{closure#0}, !>
[INFO] [stdout]    9:     0x6329b6186d8d - __rustc[8fa7c3cbc660c2b3]::rust_begin_unwind
[INFO] [stdout]   10:     0x6329b61be64c - core[df12db4294e9bfd3]::panicking::panic_fmt
[INFO] [stdout]   11:     0x6329b610f559 - <tests[362cdea7d0fea933]::serialize_publisher_feed::{closure#0} as core[df12db4294e9bfd3]::ops::function::FnOnce<()>>::call_once
[INFO] [stdout]   12:     0x6329b610f87b - test[9d35eded1c95d3be]::__rust_begin_short_backtrace::<core[df12db4294e9bfd3]::result::Result<(), alloc[2182bb758b4b3781]::string::String>, fn() -> core[df12db4294e9bfd3]::result::Result<(), alloc[2182bb758b4b3781]::string::String>>
[INFO] [stdout]   13:     0x6329b611cee5 - test[9d35eded1c95d3be]::run_test::{closure#0}
[INFO] [stdout]   14:     0x6329b61167a4 - std[70759c8f55707aa4]::sys::backtrace::__rust_begin_short_backtrace::<test[9d35eded1c95d3be]::run_test::{closure#1}, ()>
[INFO] [stdout]   15:     0x6329b6120042 - <std[70759c8f55707aa4]::thread::lifecycle::spawn_unchecked<test[9d35eded1c95d3be]::run_test::{closure#1}, ()>::{closure#1} as core[df12db4294e9bfd3]::ops::function::FnOnce<()>>::call_once::{shim:vtable#0}
[INFO] [stdout]   16:     0x6329b61a93c9 - <std[70759c8f55707aa4]::sys::thread::unix::Thread>::new::thread_start
[INFO] [stdout]   17:     0x762319dd2dfa - <unknown>
[INFO] [stdout]   18:     0x762319e663d4 - clone
[INFO] [stdout]   19:                0x0 - <unknown>
[INFO] [stdout] 
[INFO] [stdout] 
[INFO] [stdout] failures:
[INFO] [stdout]     serialize_complex_feed
[INFO] [stdout]     serialize_publisher_feed
[INFO] [stdout]     serialize_simple_feed
[INFO] [stdout] 
[INFO] [stdout] test result: FAILED. 0 passed; 3 failed; 0 ignored; 0 measured; 0 filtered out; finished in 0.00s
[INFO] [stdout] 
[INFO] running `Command { std: "docker" "inspect" "1754a0554e49503466fe0c7e9641a3e60bbf4fdec5e77cb4242f063dd114209a", kill_on_drop: false }`
[INFO] running `Command { std: "docker" "rm" "-f" "1754a0554e49503466fe0c7e9641a3e60bbf4fdec5e77cb4242f063dd114209a", kill_on_drop: false }`
[INFO] [stdout] 1754a0554e49503466fe0c7e9641a3e60bbf4fdec5e77cb4242f063dd114209a
