[INFO] fetching crate gommage-core 0.19.1-alpha.1...
[INFO] testing gommage-core-0.19.1-alpha.1 against 1.99.0-beta.8+cargoflags=--release for beta-release-1.100-2
[INFO] extracting crate gommage-core 0.19.1-alpha.1 into /workspace/builds/worker-7-tc1/source
[INFO] started tweaking crates.io crate gommage-core 0.19.1-alpha.1
[INFO] removed 0 missing tests
[INFO] finished tweaking crates.io crate gommage-core 0.19.1-alpha.1
[INFO] tweaked toml for crates.io crate gommage-core 0.19.1-alpha.1 written to /workspace/builds/worker-7-tc1/source/Cargo.toml
[INFO] validating manifest of crates.io crate gommage-core 0.19.1-alpha.1 on toolchain 1.99.0-beta.8
[INFO] running `Command { std: CARGO_HOME="/workspace/cargo-home" RUSTUP_HOME="/workspace/rustup-home" "/workspace/cargo-home/bin/cargo" "+1.99.0-beta.8" "metadata" "--manifest-path" "Cargo.toml" "--no-deps", kill_on_drop: false }`
[INFO] crate crates.io crate gommage-core 0.19.1-alpha.1 already has a lockfile, it will not be regenerated
[INFO] running `Command { std: CARGO_HOME="/workspace/cargo-home" RUSTUP_HOME="/workspace/rustup-home" "/workspace/cargo-home/bin/cargo" "+1.99.0-beta.8" "fetch" "--manifest-path" "Cargo.toml", kill_on_drop: false }`
[INFO] [stderr]     Updating crates.io index
[INFO] [stderr]  Downloading crates ...
[INFO] [stderr]   Downloaded block-buffer v0.12.0
[INFO] [stderr]   Downloaded digest v0.11.2
[INFO] [stderr]   Downloaded crypto-common v0.2.1
[INFO] [stderr]   Downloaded rsqlite-vfs v0.1.0
[INFO] [stderr]   Downloaded hashlink v0.12.0
[INFO] [stderr]   Downloaded gommage-stdlib v0.14.2-alpha.1
[INFO] [stderr]   Downloaded rusqlite v0.40.1
[INFO] [stderr]   Downloaded libsqlite3-sys v0.38.1
[INFO] [stderr]   Downloaded sqlite-wasm-rs v0.5.3
[INFO] running `Command { std: "docker" "create" "-v" "/var/lib/crater-agent-workspace/builds/worker-7-tc1/source:/opt/rustwide/workdir:ro,Z" "-v" "/var/lib/crater-agent-workspace/builds/worker-7-tc1/target:/opt/rustwide/target:rw,Z" "-v" "/var/lib/crater-agent-workspace/cargo-home:/opt/rustwide/cargo-home:ro,Z" "-v" "/var/lib/crater-agent-workspace/rustup-home:/opt/rustwide/rustup-home:ro,Z" "-m" "1610612736" "--network" "none" "ghcr.io/rust-lang/crates-build-env/linux@sha256:77db811e55d90add9212f6832c23229e3de5f1c1f9905e8cb07319ea15df73ac" "sleep" "infinity", kill_on_drop: false }`
[INFO] [stdout] 82f077177326ec03e4adb72719c9d17998a37150e42b572097348cf85f252a6a
[INFO] running `Command { std: "docker" "start" "82f077177326ec03e4adb72719c9d17998a37150e42b572097348cf85f252a6a", kill_on_drop: false }`
[INFO] running `Command { std: "docker" "inspect" "82f077177326ec03e4adb72719c9d17998a37150e42b572097348cf85f252a6a", kill_on_drop: false }`
[INFO] running `Command { std: "docker" "exec" "-e" "SOURCE_DIR=/opt/rustwide/workdir" "-e" "CARGO_HOME=/opt/rustwide/cargo-home" "-e" "RUSTUP_HOME=/opt/rustwide/rustup-home" "-e" "CARGO_TARGET_DIR=/opt/rustwide/target" "-w" "/opt/rustwide/workdir" "--user" "0:0" "82f077177326ec03e4adb72719c9d17998a37150e42b572097348cf85f252a6a" "/opt/rustwide/cargo-home/bin/cargo" "+1.99.0-beta.8" "metadata" "--no-deps" "--format-version=1", kill_on_drop: false }`
[INFO] running `Command { std: "docker" "inspect" "82f077177326ec03e4adb72719c9d17998a37150e42b572097348cf85f252a6a", kill_on_drop: false }`
[INFO] running `Command { std: "docker" "exec" "-e" "SOURCE_DIR=/opt/rustwide/workdir" "-e" "CARGO_HOME=/opt/rustwide/cargo-home" "-e" "RUSTUP_HOME=/opt/rustwide/rustup-home" "-e" "CARGO_TARGET_DIR=/opt/rustwide/target" "-e" "CARGO_INCREMENTAL=0" "-e" "RUST_BACKTRACE=full" "-e" "RUSTFLAGS=--cap-lints=warn" "-e" "RUSTDOCFLAGS=--cap-lints=warn" "-w" "/opt/rustwide/workdir" "--user" "0:0" "82f077177326ec03e4adb72719c9d17998a37150e42b572097348cf85f252a6a" "/opt/rustwide/cargo-home/bin/cargo" "+1.99.0-beta.8" "build" "--frozen" "--message-format=json" "--release", kill_on_drop: false }`
[INFO] [stderr]    Compiling typenum v1.20.0
[INFO] [stderr]    Compiling syn v2.0.117
[INFO] [stderr]    Compiling libc v0.2.185
[INFO] [stderr]    Compiling hashbrown v0.17.0
[INFO] [stderr]    Compiling cc v1.2.60
[INFO] [stderr]    Compiling curve25519-dalek v4.1.3
[INFO] [stderr]    Compiling regex-automata v0.4.14
[INFO] [stderr]    Compiling serde_json v1.0.150
[INFO] [stderr]    Compiling time-macros v0.2.30
[INFO] [stderr]    Compiling ed25519 v2.2.3
[INFO] [stderr]    Compiling deranged v0.5.8
[INFO] [stderr]    Compiling indexmap v2.14.0
[INFO] [stderr]    Compiling generic-array v0.14.7
[INFO] [stderr]    Compiling hybrid-array v0.4.10
[INFO] [stderr]    Compiling libsqlite3-sys v0.38.1
[INFO] [stderr]    Compiling getrandom v0.2.17
[INFO] [stderr]    Compiling block-buffer v0.10.4
[INFO] [stderr]    Compiling crypto-common v0.1.7
[INFO] [stderr]    Compiling rand_core v0.6.4
[INFO] [stderr]    Compiling dirs-sys v0.5.0
[INFO] [stderr]    Compiling digest v0.10.7
[INFO] [stderr]    Compiling crypto-common v0.2.1
[INFO] [stderr]    Compiling block-buffer v0.12.0
[INFO] [stderr]    Compiling getrandom v0.4.2
[INFO] [stderr]    Compiling hashlink v0.12.0
[INFO] [stderr]    Compiling sha2 v0.10.9
[INFO] [stderr]    Compiling bitflags v2.13.0
[INFO] [stderr]    Compiling fallible-iterator v0.3.0
[INFO] [stderr]    Compiling time v0.3.51
[INFO] [stderr]    Compiling uuid v1.23.4
[INFO] [stderr]    Compiling dirs v6.0.0
[INFO] [stderr]    Compiling digest v0.11.2
[INFO] [stderr]    Compiling sha2 v0.11.0
[INFO] [stderr]    Compiling globset v0.4.18
[INFO] [stderr]    Compiling regex v1.12.4
[INFO] [stderr]    Compiling serde_derive v1.0.228
[INFO] [stderr]    Compiling curve25519-dalek-derive v0.1.1
[INFO] [stderr]    Compiling tracing-attributes v0.1.31
[INFO] [stderr]    Compiling thiserror-impl v2.0.18
[INFO] [stderr]    Compiling tracing v0.1.44
[INFO] [stderr]    Compiling thiserror v2.0.18
[INFO] [stderr]    Compiling ed25519-dalek v2.2.0
[INFO] [stderr]    Compiling serde v1.0.228
[INFO] [stderr]    Compiling serde_yaml_ng v0.10.0
[INFO] [stderr]    Compiling rusqlite v0.40.1
[INFO] [stderr]    Compiling gommage-core v0.19.1-alpha.1 (/opt/rustwide/workdir)
[INFO] [stderr]     Finished `release` profile [optimized] target(s) in 2m 48s
[INFO] running `Command { std: "docker" "inspect" "82f077177326ec03e4adb72719c9d17998a37150e42b572097348cf85f252a6a", kill_on_drop: false }`
[INFO] running `Command { std: "docker" "exec" "-e" "SOURCE_DIR=/opt/rustwide/workdir" "-e" "CARGO_HOME=/opt/rustwide/cargo-home" "-e" "RUSTUP_HOME=/opt/rustwide/rustup-home" "-e" "CARGO_TARGET_DIR=/opt/rustwide/target" "-e" "CARGO_INCREMENTAL=0" "-e" "RUST_BACKTRACE=full" "-e" "RUSTFLAGS=--cap-lints=warn" "-e" "RUSTDOCFLAGS=--cap-lints=warn" "-w" "/opt/rustwide/workdir" "--user" "0:0" "82f077177326ec03e4adb72719c9d17998a37150e42b572097348cf85f252a6a" "/opt/rustwide/cargo-home/bin/cargo" "+1.99.0-beta.8" "test" "--frozen" "--no-run" "--message-format=json" "--release", kill_on_drop: false }`
[INFO] [stderr]    Compiling bitflags v2.13.0
[INFO] [stderr]    Compiling getrandom v0.3.4
[INFO] [stderr]    Compiling num-traits v0.2.19
[INFO] [stderr]    Compiling ppv-lite86 v0.2.21
[INFO] [stderr]    Compiling wait-timeout v0.2.1
[INFO] [stderr]    Compiling bit-vec v0.8.0
[INFO] [stderr]    Compiling quick-error v1.2.3
[INFO] [stderr]    Compiling unarray v0.1.4
[INFO] [stderr]    Compiling rand_core v0.9.5
[INFO] [stderr]    Compiling gommage-stdlib v0.14.2-alpha.1
[INFO] [stderr]    Compiling rustix v1.1.4
[INFO] [stderr]    Compiling rusqlite v0.40.1
[INFO] [stderr]    Compiling bit-set v0.8.0
[INFO] [stderr]    Compiling rand_xorshift v0.4.0
[INFO] [stderr]    Compiling rand_chacha v0.9.0
[INFO] [stderr]    Compiling rand v0.9.4
[INFO] [stderr]    Compiling gommage-core v0.19.1-alpha.1 (/opt/rustwide/workdir)
[INFO] [stderr]    Compiling tempfile v3.27.0
[INFO] [stderr]    Compiling rusty-fork v0.3.1
[INFO] [stderr]    Compiling proptest v1.11.0
[INFO] [stderr]     Finished `release` profile [optimized] target(s) in 1m 02s
[INFO] running `Command { std: "docker" "inspect" "82f077177326ec03e4adb72719c9d17998a37150e42b572097348cf85f252a6a", kill_on_drop: false }`
[INFO] running `Command { std: "docker" "exec" "-e" "SOURCE_DIR=/opt/rustwide/workdir" "-e" "CARGO_HOME=/opt/rustwide/cargo-home" "-e" "RUSTUP_HOME=/opt/rustwide/rustup-home" "-e" "CARGO_TARGET_DIR=/opt/rustwide/target" "-e" "CARGO_INCREMENTAL=0" "-e" "RUST_BACKTRACE=full" "-e" "RUSTFLAGS=--cap-lints=warn" "-e" "RUSTDOCFLAGS=--cap-lints=warn" "-w" "/opt/rustwide/workdir" "--user" "0:0" "82f077177326ec03e4adb72719c9d17998a37150e42b572097348cf85f252a6a" "/opt/rustwide/cargo-home/bin/cargo" "+1.99.0-beta.8" "test" "--frozen" "--release", kill_on_drop: false }`
[INFO] [stderr]     Finished `release` profile [optimized] target(s) in 0.22s
[INFO] [stderr]      Running unittests src/lib.rs (/opt/rustwide/target/release/deps/gommage_core-ba38b510100497d2)
[INFO] [stdout] 
[INFO] [stdout] running 135 tests
[INFO] [stdout] test approval::tests::request_ids_are_deterministic_for_same_decision ... ok
[INFO] [stdout] test approval::tests::repeated_pending_requests_do_not_duplicate_state ... ok
[INFO] [stdout] test approval::tests::resolving_pending_request_updates_state ... ok
[INFO] [stdout] test approval::tests::input_bound_requests_have_a_distinct_identity ... ok
[INFO] [stdout] test approval::tests::approval_timestamps_serialize_as_rfc3339_and_read_legacy_tuple ... ok
[INFO] [stdout] test capability::tests::namespace_without_colon ... ok
[INFO] [stdout] test approval::tests::resolved_requests_can_be_reopened_without_spamming_pending_requests ... ok
[INFO] [stdout] test evaluator::tests::bypass_allows_when_no_hardstop ... ok
[INFO] [stdout] test evaluator::tests::bypass_still_denies_compiled_hardstop ... ok
[INFO] [stdout] test evaluator::tests::fail_closed_without_capabilities_names_the_missing_mapper ... ok
[INFO] [stdout] test evaluator::tests::ask_picto_surfaces_input_binding ... ok
[INFO] [stdout] test evaluator::tests::ask_picto_surfaces_scope ... ok
[INFO] [stdout] test capability::tests::namespace_and_payload ... ok
[INFO] [stdout] test evaluator::tests::fail_closed_on_no_match ... ok
[INFO] [stdout] test hardstop::tests::bash_c_legitimate_non_rm_passes ... ok
[INFO] [stdout] test hardstop::tests::bash_c_wrapper_rm_rf_root_caught ... ok
[INFO] [stdout] test hardstop::tests::benign_ls_is_not_caught ... ok
[INFO] [stdout] test hardstop::tests::bash_c_echoing_fixture_data_is_not_hardstopped ... ok
[INFO] [stdout] test hardstop::tests::command_substitution_rm_rf_root_is_caught ... ok
[INFO] [stdout] test hardstop::tests::compound_dd_to_device_is_caught ... ok
[INFO] [stdout] test evaluator::tests::hardstop_wins_over_allow ... ok
[INFO] [stdout] test evaluator::tests::first_match_wins ... ok
[INFO] [stdout] test hardstop::tests::escaped_backtick_in_double_quotes_is_not_hardstopped ... ok
[INFO] [stdout] test hardstop::tests::quoted_fixture_data_is_not_hardstopped ... ok
[INFO] [stdout] test hardstop::tests::quoted_dd_fixture_data_is_not_hardstopped ... ok
[INFO] [stdout] test hardstop::tests::rm_rf_root_is_caught ... ok
[INFO] [stdout] test hardstop::tests::sh_c_wrapper_rm_rf_root_caught ... ok
[INFO] [stdout] test hardstop::tests::relative_rm_rf_is_not_hardstopped ... ok
[INFO] [stdout] test hardstop::tests::compound_rm_rf_root_is_caught ... ok
[INFO] [stdout] test hardstop::tests::xargs_rm_rf_caught ... ok
[INFO] [stdout] test hardstop::tests::sudo_wrapper_rm_rf_caught ... ok
[INFO] [stdout] test hardstop::tests::dd_of_device_is_caught ... ok
[INFO] [stdout] test hardstop::tests::fork_bomb_caught ... ok
[INFO] [stdout] test hardstop::tests::env_prefix_rm_rf_caught ... ok
[INFO] [stdout] test hardstop::tests::newline_rm_rf_root_is_caught ... ok
[INFO] [stdout] test hardstop::tests::unescaped_command_substitution_rm_rf_still_caught ... ok
[INFO] [stdout] test mapper::tests::anchored_mapper_still_sees_compound_commands_under_an_alias ... ok
[INFO] [stdout] test mapper::tests::absolute_path_git_push_main_emits_git_push ... ok
[INFO] [stdout] test mapper::tests::command_substitution_git_push_main_emits_git_push ... ok
[INFO] [stdout] test mapper::tests::compound_redirected_git_push_main_emits_real_refspec ... ok
[INFO] [stdout] test mapper::tests::cd_prefix_compound_git_push_main_emits_git_push ... ok
[INFO] [stdout] test mapper::tests::bash_c_git_push_main_emits_git_push ... ok
[INFO] [stdout] test mapper::tests::compound_git_push_main_emits_git_push ... ok
[INFO] [stdout] test mapper::tests::compound_git_reset_hard_emits_reset ... ok
[INFO] [stdout] test mapper::tests::compound_git_force_push_emits_force ... ok
[INFO] [stdout] test mapper::tests::non_matching_tool_emits_nothing ... ok
[INFO] [stdout] test mapper::tests::mapper_rule_requires_one_tool_matcher ... ok
[INFO] [stdout] test mapper::tests::fs_write_template_from_input ... ok
[INFO] [stdout] test mapper::tests::multiple_rules_fire_in_order ... ok
[INFO] [stdout] test mapper::tests::documenting_a_command_in_a_quoted_heredoc_body_emits_nothing ... ok
[INFO] [stdout] test mapper::tests::git_push_to_main ... ok
[INFO] [stdout] test mapper::tests::non_shell_tools_do_not_match_the_bash_mapper ... ok
[INFO] [stdout] test mapper::tests::env_sudo_prefix_git_push_main_emits_git_push ... ok
[INFO] [stdout] test mapper::tests::redirected_git_push_main_still_emits_real_refspec ... ok
[INFO] [stdout] test mapper::tests::shell_alias_preserves_the_original_tool_name_in_emits ... ok
[INFO] [stdout] test mapper::tests::quoted_git_push_does_not_emit_git_push ... ok
[INFO] [stdout] test mapper::tests::shell_mapper_fires_for_every_harness_tool_name ... ok
[INFO] [stdout] test mapper::tests::timeout_wrapper_git_push_main_emits_git_push ... ok
[INFO] [stdout] test mapper::tests::tool_pattern_emits_actual_tool_name_and_captures ... ok
[INFO] [stdout] test mapper::tests::whole_command_proc_exec_uses_original_input_not_candidate ... ok
[INFO] [stdout] test picto::tests::input_bound_picto_matches_only_the_approved_input ... ok
[INFO] [stdout] test mapper::tests::non_shell_tool_is_unaffected_by_candidate_expansion ... ok
[INFO] [stdout] test picto::tests::input_binding_tampering_rejects_the_picto_signature ... ok
[INFO] [stdout] test picto::tests::create_find_consume ... ok
[INFO] [stdout] test mapper::tests::emissions_are_order_stable_and_deduped ... ok
[INFO] [stdout] test mapper::tests::the_real_bulk_stage_still_emits ... ok
[INFO] [stdout] test picto::tests::scope_only_picto_cannot_satisfy_an_input_bound_lookup ... ok
[INFO] [stdout] test picto::tests::signature_verifies_roundtrip ... ok
[INFO] [stdout] test picto::tests::pending_confirmation_not_usable ... ok
[INFO] [stdout] test picto::tests::revoke_blocks_match ... ok
[INFO] [stdout] test picto::tests::verified_consume_rejects_tampered_scope ... ok
[INFO] [stdout] test picto::tests::verified_consume_updates_uses_and_status ... ok
[INFO] [stdout] test policy::tests::ask_picto_can_require_an_exact_input_binding ... ok
[INFO] [stdout] test policy::tests::ask_picto_requires_scope ... ok
[INFO] [stdout] test picto::tests::verified_lookup_rejects_tampered_scope ... ok
[INFO] [stdout] test policy::tests::dotdot_glob_matches_shell_verb_write_paths ... ok
[INFO] [stdout] test policy::tests::env_substitution ... ok
[INFO] [stdout] test policy::tests::match_semantics ... ok
[INFO] [stdout] test policy::tests::env_substitution_with_default ... ok
[INFO] [stdout] test policy::tests::input_binding_is_rejected_for_non_picto_rules ... ok
[INFO] [stdout] test picto::tests::read_store_never_migrates_or_creates_sidecars ... ok
[INFO] [stdout] test policy::tests::policy_hash_changes_when_substituted_policy_changes ... ok
[INFO] [stdout] test policy::tests::layered_policy_preserves_layer_order ... ok
[INFO] [stdout] test policy::tests::layered_policy_hash_includes_layer_name ... ok
[INFO] [stdout] test shell::heredoc_mask_tests::backticks_in_a_quoted_heredoc_body_are_prose ... ok
[INFO] [stdout] test shell::heredoc_mask_tests::bare_delimiter_heredoc_still_exposes_substitutions ... ok
[INFO] [stdout] test shell::heredoc_mask_tests::commands_after_a_heredoc_terminator_are_still_seen ... ok
[INFO] [stdout] test shell::heredoc_mask_tests::dash_form_and_indented_terminator ... ok
[INFO] [stdout] test shell::heredoc_mask_tests::here_string_is_not_a_heredoc ... ok
[INFO] [stdout] test runtime::tests::ensure_creates_layout_and_key ... ok
[INFO] [stdout] test runtime::tests::active_policy_layers_include_project_before_user ... ok
[INFO] [stdout] test runtime::tests::expedition_roundtrip ... ok
[INFO] [stdout] test runtime::tests::policy_read_model_never_initializes_layout ... ok
[INFO] [stdout] test policy::tests::policy_hash_is_independent_of_root_path ... ok
[INFO] [stdout] test shell::heredoc_mask_tests::quoted_heredoc_body_is_not_parsed_as_commands ... ok
[INFO] [stdout] test shell::heredoc_mask_tests::quoted_heredoc_operator_opens_nothing ... ok
[INFO] [stdout] test shell::heredoc_mask_tests::interpreter_heredoc_body_is_still_scanned ... ok
[INFO] [stdout] test shell::heredoc_mask_tests::stacked_heredocs_are_consumed_in_order ... ok
[INFO] [stdout] test shell::heredoc_mask_tests::masking_preserves_line_structure_and_length ... ok
[INFO] [stdout] test shell::heredoc_mask_tests::redirect_inside_a_quoted_heredoc_body_is_not_a_redirect ... ok
[INFO] [stdout] test shell::heredoc_mask_tests::unknown_consumer_keeps_previous_behaviour ... ok
[INFO] [stdout] test shell::heredoc_mask_tests::unterminated_heredoc_is_left_untouched ... ok
[INFO] [stdout] test shell::heredoc_mask_tests::write_target_extraction_survives_masking ... ok
[INFO] [stdout] test shell::tests::basename_of_absolute_head ... ok
[INFO] [stdout] test shell::tests::extracts_backtick_substitution ... ok
[INFO] [stdout] test shell::tests::extracts_dollar_paren_substitution ... ok
[INFO] [stdout] test shell::tests::redirect_targets_unquoted ... ok
[INFO] [stdout] test shell::tests::shell_c_payload_is_extracted ... ok
[INFO] [stdout] test shell::tests::redirect_targets_ignores_quoted_operator ... ok
[INFO] [stdout] test shell::tests::single_quoted_substitution_is_data ... ok
[INFO] [stdout] test shell::tests::splits_on_operators ... ok
[INFO] [stdout] test shell::tests::strip_redirections_drops_glued_and_spaced_targets ... ok
[INFO] [stdout] test shell::tests::strip_redirections_drops_glued_fd_dup ... ok
[INFO] [stdout] test shell::tests::strip_redirections_drops_trailing_background ... ok
[INFO] [stdout] test shell::tests::strip_redirections_keeps_real_arguments ... ok
[INFO] [stdout] test shell::tests::strips_env_and_sudo_prefix ... ok
[INFO] [stdout] test shell::tests::strips_nice_nohup_stdbuf ... ok
[INFO] [stdout] test shell::tests::backslash_escaped_delimiters_are_data ... ok
[INFO] [stdout] test shell::tests::quotes_protect_operators ... ok
[INFO] [stdout] test shell::tests::strips_timeout_prefix_with_duration ... ok
[INFO] [stdout] test shell::tests::strips_timeout_with_signal_option ... ok
[INFO] [stdout] test shell::tests::unescaped_substitution_still_extracted_with_escape_support ... ok
[INFO] [stdout] test shell::write_target_tests::extracts_write_verb_targets ... ok
[INFO] [stdout] test shell::write_target_tests::ignores_quoted_redirect_data ... ok
[INFO] [stdout] test shell::write_target_tests::moving_verb_destination_survives_a_cd_chain ... ok
[INFO] [stdout] test shell::write_target_tests::multi_source_move_uses_the_last_argument ... ok
[INFO] [stdout] test toolcall::tests::input_hash_differs_for_different_content ... ok
[INFO] [stdout] test toolcall::tests::input_hash_is_key_order_independent ... ok
[INFO] [stdout] test webhook_signature::tests::hmac_matches_rfc_4231_test_vector ... ok
[INFO] [stdout] test webhook_signature::tests::signature_changes_when_body_changes ... ok
[INFO] [stdout] test webhook_signature::tests::verification_accepts_current_matching_signature ... ok
[INFO] [stdout] test shell::write_target_tests::extracts_moving_verb_destinations ... ok
[INFO] [stdout] test shell::write_target_tests::extracts_redirect_and_heredoc_write_targets ... ok
[INFO] [stdout] test picto::tests::opening_a_legacy_store_adds_the_input_hash_column ... ok
[INFO] [stdout] test picto::tests::expired_ignored ... ok
[INFO] [stdout] 
[INFO] [stdout] test result: ok. 135 passed; 0 failed; 0 ignored; 0 measured; 0 filtered out; finished in 2.07s
[INFO] [stdout] 
[INFO] [stderr]      Running tests/determinism.rs (/opt/rustwide/target/release/deps/determinism-ca1849530cd3461b)
[INFO] [stdout] 
[INFO] [stdout] running 2 tests
[INFO] [stdout] test fixtures_match_expected_decisions ... FAILED
[INFO] [stdout] test results_are_order_independent ... FAILED
[INFO] [stdout] 
[INFO] [stdout] failures:
[INFO] [stdout] 
[INFO] [stdout] ---- fixtures_match_expected_decisions stdout ----
[INFO] [stdout] 
[INFO] [stdout] thread 'fixtures_match_expected_decisions' (1455) panicked at tests/determinism.rs:56:10:
[INFO] [stdout] reading fixtures dir: Os { code: 2, kind: NotFound, message: "No such file or directory" }
[INFO] [stdout] stack backtrace:
[INFO] [stdout]    0:     0x5cd46340d801 - <<std[70759c8f55707aa4]::sys::backtrace::BacktraceLock>::print::DisplayBacktrace as core[df12db4294e9bfd3]::fmt::Display>::fmt
[INFO] [stdout]    1:     0x5cd46342403a - core[df12db4294e9bfd3]::fmt::write
[INFO] [stdout]    2:     0x5cd463411f8c - <alloc[2182bb758b4b3781]::vec::Vec<u8> as core[df12db4294e9bfd3]::io::write::Write>::write_fmt
[INFO] [stdout]    3:     0x5cd4633e7c16 - std[70759c8f55707aa4]::panicking::default_hook::{closure#0}
[INFO] [stdout]    4:     0x5cd463405049 - std[70759c8f55707aa4]::panicking::default_hook
[INFO] [stdout]    5:     0x5cd463284000 - test[9d35eded1c95d3be]::test_main_inner::<test[9d35eded1c95d3be]::test_main_static::{closure#0}>::{closure#0}
[INFO] [stdout]    6:     0x5cd463405202 - std[70759c8f55707aa4]::panicking::panic_with_hook
[INFO] [stdout]    7:     0x5cd4633e7cc2 - std[70759c8f55707aa4]::panicking::panic_handler::{closure#0}
[INFO] [stdout]    8:     0x5cd4633e06f9 - std[70759c8f55707aa4]::sys::backtrace::__rust_end_short_backtrace::<std[70759c8f55707aa4]::panicking::panic_handler::{closure#0}, !>
[INFO] [stdout]    9:     0x5cd4633e88bd - __rustc[8fa7c3cbc660c2b3]::rust_begin_unwind
[INFO] [stdout]   10:     0x5cd46342481c - core[df12db4294e9bfd3]::panicking::panic_fmt
[INFO] [stdout]   11:     0x5cd4634245f2 - core[df12db4294e9bfd3]::result::unwrap_failed
[INFO] [stdout]   12:     0x5cd4632662e6 - determinism[545042b011817ce9]::load_fixtures
[INFO] [stdout]   13:     0x5cd4632679be - <determinism[545042b011817ce9]::fixtures_match_expected_decisions::{closure#0} as core[df12db4294e9bfd3]::ops::function::FnOnce<()>>::call_once
[INFO] [stdout]   14:     0x5cd4632772eb - test[9d35eded1c95d3be]::__rust_begin_short_backtrace::<core[df12db4294e9bfd3]::result::Result<(), alloc[2182bb758b4b3781]::string::String>, fn() -> core[df12db4294e9bfd3]::result::Result<(), alloc[2182bb758b4b3781]::string::String>>
[INFO] [stdout]   15:     0x5cd463284955 - test[9d35eded1c95d3be]::run_test::{closure#0}
[INFO] [stdout]   16:     0x5cd46327e214 - std[70759c8f55707aa4]::sys::backtrace::__rust_begin_short_backtrace::<test[9d35eded1c95d3be]::run_test::{closure#1}, ()>
[INFO] [stdout]   17:     0x5cd463287ab2 - <std[70759c8f55707aa4]::thread::lifecycle::spawn_unchecked<test[9d35eded1c95d3be]::run_test::{closure#1}, ()>::{closure#1} as core[df12db4294e9bfd3]::ops::function::FnOnce<()>>::call_once::{shim:vtable#0}
[INFO] [stdout]   18:     0x5cd46340cb79 - <std[70759c8f55707aa4]::sys::thread::unix::Thread>::new::thread_start
[INFO] [stdout]   19:     0x71434cfb4dfa - <unknown>
[INFO] [stdout]   20:     0x71434d0483d4 - clone
[INFO] [stdout]   21:                0x0 - <unknown>
[INFO] [stdout] 
[INFO] [stdout] ---- results_are_order_independent stdout ----
[INFO] [stdout] 
[INFO] [stdout] thread 'results_are_order_independent' (1456) panicked at tests/determinism.rs:56:10:
[INFO] [stdout] reading fixtures dir: Os { code: 2, kind: NotFound, message: "No such file or directory" }
[INFO] [stdout] stack backtrace:
[INFO] [stdout]    0:     0x5cd46340d801 - <<std[70759c8f55707aa4]::sys::backtrace::BacktraceLock>::print::DisplayBacktrace as core[df12db4294e9bfd3]::fmt::Display>::fmt
[INFO] [stdout]    1:     0x5cd46342403a - core[df12db4294e9bfd3]::fmt::write
[INFO] [stdout]    2:     0x5cd463411f8c - <alloc[2182bb758b4b3781]::vec::Vec<u8> as core[df12db4294e9bfd3]::io::write::Write>::write_fmt
[INFO] [stdout]    3:     0x5cd4633e7c16 - std[70759c8f55707aa4]::panicking::default_hook::{closure#0}
[INFO] [stdout]    4:     0x5cd463405049 - std[70759c8f55707aa4]::panicking::default_hook
[INFO] [stdout]    5:     0x5cd463284000 - test[9d35eded1c95d3be]::test_main_inner::<test[9d35eded1c95d3be]::test_main_static::{closure#0}>::{closure#0}
[INFO] [stdout]    6:     0x5cd463405202 - std[70759c8f55707aa4]::panicking::panic_with_hook
[INFO] [stdout]    7:     0x5cd4633e7cc2 - std[70759c8f55707aa4]::panicking::panic_handler::{closure#0}
[INFO] [stdout]    8:     0x5cd4633e06f9 - std[70759c8f55707aa4]::sys::backtrace::__rust_end_short_backtrace::<std[70759c8f55707aa4]::panicking::panic_handler::{closure#0}, !>
[INFO] [stdout]    9:     0x5cd4633e88bd - __rustc[8fa7c3cbc660c2b3]::rust_begin_unwind
[INFO] [stdout]   10:     0x5cd46342481c - core[df12db4294e9bfd3]::panicking::panic_fmt
[INFO] [stdout]   11:     0x5cd4634245f2 - core[df12db4294e9bfd3]::result::unwrap_failed
[INFO] [stdout]   12:     0x5cd4632662e6 - determinism[545042b011817ce9]::load_fixtures
[INFO] [stdout]   13:     0x5cd463267003 - <determinism[545042b011817ce9]::results_are_order_independent::{closure#0} as core[df12db4294e9bfd3]::ops::function::FnOnce<()>>::call_once
[INFO] [stdout]   14:     0x5cd4632772eb - test[9d35eded1c95d3be]::__rust_begin_short_backtrace::<core[df12db4294e9bfd3]::result::Result<(), alloc[2182bb758b4b3781]::string::String>, fn() -> core[df12db4294e9bfd3]::result::Result<(), alloc[2182bb758b4b3781]::string::String>>
[INFO] [stdout]   15:     0x5cd463284955 - test[9d35eded1c95d3be]::run_test::{closure#0}
[INFO] [stdout]   16:     0x5cd46327e214 - std[70759c8f55707aa4]::sys::backtrace::__rust_begin_short_backtrace::<test[9d35eded1c95d3be]::run_test::{closure#1}, ()>
[INFO] [stdout]   17:     0x5cd463287ab2 - <std[70759c8f55707aa4]::thread::lifecycle::spawn_unchecked<test[9d35eded1c95d3be]::run_test::{closure#1}, ()>::{closure#1} as core[df12db4294e9bfd3]::ops::function::FnOnce<()>>::call_once::{shim:vtable#0}
[INFO] [stdout]   18:     0x5cd46340cb79 - <std[70759c8f55707aa4]::sys::thread::unix::Thread>::new::thread_start
[INFO] [stdout]   19:     0x71434cfb4dfa - <unknown>
[INFO] [stdout]   20:     0x71434d0483d4 - clone
[INFO] [stdout]   21:                0x0 - <unknown>
[INFO] [stdout] 
[INFO] [stdout] 
[INFO] [stdout] failures:
[INFO] [stdout]     fixtures_match_expected_decisions
[INFO] [stdout]     results_are_order_independent
[INFO] [stdout] 
[INFO] [stdout] test result: FAILED. 0 passed; 2 failed; 0 ignored; 0 measured; 0 filtered out; finished in 0.01s
[INFO] [stdout] 
[INFO] [stderr] error: test failed, to rerun pass `--test determinism`
[INFO] running `Command { std: "docker" "inspect" "82f077177326ec03e4adb72719c9d17998a37150e42b572097348cf85f252a6a", kill_on_drop: false }`
[INFO] running `Command { std: "docker" "rm" "-f" "82f077177326ec03e4adb72719c9d17998a37150e42b572097348cf85f252a6a", kill_on_drop: false }`
[INFO] [stdout] 82f077177326ec03e4adb72719c9d17998a37150e42b572097348cf85f252a6a
