[INFO] fetching crate goldenscript-macros 0.8.0...
[INFO] testing goldenscript-macros-0.8.0 against 1.100.0-beta.1+cargoflags=--release for beta-release-1.100-2
[INFO] extracting crate goldenscript-macros 0.8.0 into /workspace/builds/worker-5-tc2/source
[INFO] started tweaking crates.io crate goldenscript-macros 0.8.0
[INFO] removed 0 missing tests
[INFO] finished tweaking crates.io crate goldenscript-macros 0.8.0
[INFO] tweaked toml for crates.io crate goldenscript-macros 0.8.0 written to /workspace/builds/worker-5-tc2/source/Cargo.toml
[INFO] validating manifest of crates.io crate goldenscript-macros 0.8.0 on toolchain 1.100.0-beta.1
[INFO] running `Command { std: CARGO_HOME="/workspace/cargo-home" RUSTUP_HOME="/workspace/rustup-home" "/workspace/cargo-home/bin/cargo" "+1.100.0-beta.1" "metadata" "--manifest-path" "Cargo.toml" "--no-deps", kill_on_drop: false }`
[INFO] crate crates.io crate goldenscript-macros 0.8.0 already has a lockfile, it will not be regenerated
[INFO] running `Command { std: CARGO_HOME="/workspace/cargo-home" RUSTUP_HOME="/workspace/rustup-home" "/workspace/cargo-home/bin/cargo" "+1.100.0-beta.1" "fetch" "--manifest-path" "Cargo.toml", kill_on_drop: false }`
[INFO] [stderr] warning: `package.homepage` is redundant with `package.repository`
[INFO] [stderr]   --> Cargo.toml:34:12
[INFO] [stderr]    |
[INFO] [stderr] 34 | homepage = "https://github.com/erikgrinaker/goldenscript"
[INFO] [stderr]    |            ^^^^^^^^^^^^^^^^^^^^^^^^^^^^^^^^^^^^^^^^^^^^^^
[INFO] [stderr] ...
[INFO] [stderr] 38 | repository = "https://github.com/erikgrinaker/goldenscript"
[INFO] [stderr]    |              ----------------------------------------------
[INFO] [stderr]    |
[INFO] [stderr]    = note: `cargo::redundant_homepage` is set to `warn` by default
[INFO] [stderr] help: consider removing `package.homepage`
[INFO] [stderr] warning: `goldenscript-macros` (manifest) generated 1 warning
[INFO] running `Command { std: "docker" "create" "-v" "/var/lib/crater-agent-workspace/builds/worker-5-tc2/source:/opt/rustwide/workdir:ro,Z" "-v" "/var/lib/crater-agent-workspace/builds/worker-5-tc2/target:/opt/rustwide/target:rw,Z" "-v" "/var/lib/crater-agent-workspace/cargo-home:/opt/rustwide/cargo-home:ro,Z" "-v" "/var/lib/crater-agent-workspace/rustup-home:/opt/rustwide/rustup-home:ro,Z" "-m" "1610612736" "--network" "none" "ghcr.io/rust-lang/crates-build-env/linux@sha256:77db811e55d90add9212f6832c23229e3de5f1c1f9905e8cb07319ea15df73ac" "sleep" "infinity", kill_on_drop: false }`
[INFO] [stdout] ecffa732028354b246254fdb94ba078daf28e322389b636a21676eba91612954
[INFO] running `Command { std: "docker" "start" "ecffa732028354b246254fdb94ba078daf28e322389b636a21676eba91612954", kill_on_drop: false }`
[INFO] running `Command { std: "docker" "inspect" "ecffa732028354b246254fdb94ba078daf28e322389b636a21676eba91612954", kill_on_drop: false }`
[INFO] running `Command { std: "docker" "exec" "-e" "SOURCE_DIR=/opt/rustwide/workdir" "-e" "CARGO_HOME=/opt/rustwide/cargo-home" "-e" "RUSTUP_HOME=/opt/rustwide/rustup-home" "-e" "CARGO_TARGET_DIR=/opt/rustwide/target" "-w" "/opt/rustwide/workdir" "--user" "0:0" "ecffa732028354b246254fdb94ba078daf28e322389b636a21676eba91612954" "/opt/rustwide/cargo-home/bin/cargo" "+1.100.0-beta.1" "metadata" "--no-deps" "--format-version=1", kill_on_drop: false }`
[INFO] running `Command { std: "docker" "inspect" "ecffa732028354b246254fdb94ba078daf28e322389b636a21676eba91612954", kill_on_drop: false }`
[INFO] running `Command { std: "docker" "exec" "-e" "SOURCE_DIR=/opt/rustwide/workdir" "-e" "CARGO_HOME=/opt/rustwide/cargo-home" "-e" "RUSTUP_HOME=/opt/rustwide/rustup-home" "-e" "CARGO_TARGET_DIR=/opt/rustwide/target" "-e" "CARGO_INCREMENTAL=0" "-e" "RUST_BACKTRACE=full" "-e" "RUSTFLAGS=--cap-lints=warn" "-e" "RUSTDOCFLAGS=--cap-lints=warn" "-w" "/opt/rustwide/workdir" "--user" "0:0" "ecffa732028354b246254fdb94ba078daf28e322389b636a21676eba91612954" "/opt/rustwide/cargo-home/bin/cargo" "+1.100.0-beta.1" "build" "--frozen" "--message-format=json" "--release", kill_on_drop: false }`
[INFO] [stderr] warning: `package.homepage` is redundant with `package.repository`
[INFO] [stderr]   --> Cargo.toml:34:12
[INFO] [stderr]    |
[INFO] [stderr] 34 | homepage = "https://github.com/erikgrinaker/goldenscript"
[INFO] [stderr]    |            ^^^^^^^^^^^^^^^^^^^^^^^^^^^^^^^^^^^^^^^^^^^^^^
[INFO] [stderr] ...
[INFO] [stderr] 38 | repository = "https://github.com/erikgrinaker/goldenscript"
[INFO] [stderr]    |              ----------------------------------------------
[INFO] [stderr]    |
[INFO] [stderr]    = note: `cargo::redundant_homepage` is set to `warn` by default
[INFO] [stderr] help: consider removing `package.homepage`
[INFO] [stderr] warning: `goldenscript-macros` (manifest) generated 1 warning
[INFO] [stderr]    Compiling goldenscript-macros v0.8.0 (/opt/rustwide/workdir)
[INFO] [stderr]     Finished `release` profile [optimized] target(s) in 2.32s
[INFO] running `Command { std: "docker" "inspect" "ecffa732028354b246254fdb94ba078daf28e322389b636a21676eba91612954", kill_on_drop: false }`
[INFO] running `Command { std: "docker" "exec" "-e" "SOURCE_DIR=/opt/rustwide/workdir" "-e" "CARGO_HOME=/opt/rustwide/cargo-home" "-e" "RUSTUP_HOME=/opt/rustwide/rustup-home" "-e" "CARGO_TARGET_DIR=/opt/rustwide/target" "-e" "CARGO_INCREMENTAL=0" "-e" "RUST_BACKTRACE=full" "-e" "RUSTFLAGS=--cap-lints=warn" "-e" "RUSTDOCFLAGS=--cap-lints=warn" "-w" "/opt/rustwide/workdir" "--user" "0:0" "ecffa732028354b246254fdb94ba078daf28e322389b636a21676eba91612954" "/opt/rustwide/cargo-home/bin/cargo" "+1.100.0-beta.1" "test" "--frozen" "--no-run" "--message-format=json" "--release", kill_on_drop: false }`
[INFO] [stderr] warning: `package.homepage` is redundant with `package.repository`
[INFO] [stderr]   --> Cargo.toml:34:12
[INFO] [stderr]    |
[INFO] [stderr] 34 | homepage = "https://github.com/erikgrinaker/goldenscript"
[INFO] [stderr]    |            ^^^^^^^^^^^^^^^^^^^^^^^^^^^^^^^^^^^^^^^^^^^^^^
[INFO] [stderr] ...
[INFO] [stderr] 38 | repository = "https://github.com/erikgrinaker/goldenscript"
[INFO] [stderr]    |              ----------------------------------------------
[INFO] [stderr]    |
[INFO] [stderr]    = note: `cargo::redundant_homepage` is set to `warn` by default
[INFO] [stderr] help: consider removing `package.homepage`
[INFO] [stderr] warning: `goldenscript-macros` (manifest) generated 1 warning
[INFO] [stderr]    Compiling target-triple v1.0.1
[INFO] [stderr]    Compiling serde_core v1.0.229
[INFO] [stderr]    Compiling winnow v1.0.4
[INFO] [stderr]    Compiling zmij v1.0.23
[INFO] [stderr]    Compiling rustix v1.1.4
[INFO] [stderr]    Compiling bitflags v2.13.1
[INFO] [stderr]    Compiling linux-raw-sys v0.12.1
[INFO] [stderr]    Compiling similar v2.7.0
[INFO] [stderr]    Compiling console v0.15.11
[INFO] [stderr]    Compiling getrandom v0.4.3
[INFO] [stderr]    Compiling serde v1.0.229
[INFO] [stderr]    Compiling serde_json v1.0.151
[INFO] [stderr]    Compiling toml_writer v1.1.2+spec-1.1.0
[INFO] [stderr]    Compiling fastrand v2.5.0
[INFO] [stderr]    Compiling tempfile v3.27.0
[INFO] [stderr]    Compiling toml v1.1.3+spec-1.1.0
[INFO] [stderr]    Compiling goldenscript-macros v0.8.0 (/opt/rustwide/workdir)
[INFO] [stderr]    Compiling yansi v1.0.1
[INFO] [stderr]    Compiling glob v0.3.4
[INFO] [stderr]    Compiling termcolor v1.4.1
[INFO] [stderr]    Compiling scopeguard v1.2.0
[INFO] [stderr]    Compiling toml_parser v1.1.3+spec-1.1.0
[INFO] [stderr]    Compiling syn v3.0.3
[INFO] [stderr]    Compiling similar-asserts v1.7.0
[INFO] [stderr]    Compiling goldenfile v1.11.0
[INFO] [stderr]    Compiling trybuild v1.0.118
[INFO] [stderr]    Compiling toml_datetime v1.1.1+spec-1.1.0
[INFO] [stderr]    Compiling serde_spanned v1.1.1
[INFO] [stderr]     Finished `release` profile [optimized] target(s) in 28.71s
[INFO] running `Command { std: "docker" "inspect" "ecffa732028354b246254fdb94ba078daf28e322389b636a21676eba91612954", kill_on_drop: false }`
[INFO] running `Command { std: "docker" "exec" "-e" "SOURCE_DIR=/opt/rustwide/workdir" "-e" "CARGO_HOME=/opt/rustwide/cargo-home" "-e" "RUSTUP_HOME=/opt/rustwide/rustup-home" "-e" "CARGO_TARGET_DIR=/opt/rustwide/target" "-e" "CARGO_INCREMENTAL=0" "-e" "RUST_BACKTRACE=full" "-e" "RUSTFLAGS=--cap-lints=warn" "-e" "RUSTDOCFLAGS=--cap-lints=warn" "-w" "/opt/rustwide/workdir" "--user" "0:0" "ecffa732028354b246254fdb94ba078daf28e322389b636a21676eba91612954" "/opt/rustwide/cargo-home/bin/cargo" "+1.100.0-beta.1" "test" "--frozen" "--release", kill_on_drop: false }`
[INFO] [stderr] warning: `package.homepage` is redundant with `package.repository`
[INFO] [stderr]   --> Cargo.toml:34:12
[INFO] [stderr]    |
[INFO] [stderr] 34 | homepage = "https://github.com/erikgrinaker/goldenscript"
[INFO] [stderr]    |            ^^^^^^^^^^^^^^^^^^^^^^^^^^^^^^^^^^^^^^^^^^^^^^
[INFO] [stderr] ...
[INFO] [stderr] 38 | repository = "https://github.com/erikgrinaker/goldenscript"
[INFO] [stderr]    |              ----------------------------------------------
[INFO] [stderr]    |
[INFO] [stderr]    = note: `cargo::redundant_homepage` is set to `warn` by default
[INFO] [stderr] help: consider removing `package.homepage`
[INFO] [stderr] warning: `goldenscript-macros` (manifest) generated 1 warning
[INFO] [stderr]     Finished `release` profile [optimized] target(s) in 0.12s
[INFO] [stderr]      Running unittests src/lib.rs (/opt/rustwide/target/release/build/goldenscript-macros/093493c6b2c3f53a/out/goldenscript_macros-093493c6b2c3f53a)
[INFO] [stdout] 
[INFO] [stdout] running 0 tests
[INFO] [stdout] 
[INFO] [stdout] test result: ok. 0 passed; 0 failed; 0 ignored; 0 measured; 0 filtered out; finished in 0.00s
[INFO] [stdout] 
[INFO] [stderr]      Running tests/errors.rs (/opt/rustwide/target/release/build/goldenscript-macros/1523dd6a543eb1e3/out/errors-1523dd6a543eb1e3)
[INFO] [stdout] 
[INFO] [stdout] running 1 test
[INFO] [stderr] warning: `package.homepage` is redundant with `package.repository`
[INFO] [stderr]   --> /opt/rustwide/workdir/Cargo.toml:34:12
[INFO] [stderr]    |
[INFO] [stderr] 34 | homepage = "https://github.com/erikgrinaker/goldenscript"
[INFO] [stderr]    |            ^^^^^^^^^^^^^^^^^^^^^^^^^^^^^^^^^^^^^^^^^^^^^^
[INFO] [stderr] ...
[INFO] [stderr] 38 | repository = "https://github.com/erikgrinaker/goldenscript"
[INFO] [stderr]    |              ----------------------------------------------
[INFO] [stderr]    |
[INFO] [stderr]    = note: `cargo::redundant_homepage` is set to `warn` by default
[INFO] [stderr] help: consider removing `package.homepage`
[INFO] [stderr] warning: `goldenscript-macros` (manifest) generated 1 warning
[INFO] [stderr]    Compiling proc-macro2 v1.0.107
[INFO] [stderr]    Compiling libc v0.2.189
[INFO] [stderr]    Compiling quote v1.0.47
[INFO] [stderr]    Compiling getrandom v0.4.3
[INFO] [stderr]    Compiling unicode-ident v1.0.24
[INFO] [stderr]     Checking once_cell v1.21.4
[INFO] [stderr]    Compiling rustix v1.1.4
[INFO] [stderr]     Checking bitflags v2.13.1
[INFO] [stderr]     Checking cfg-if v1.0.4
[INFO] [stderr]     Checking unicode-segmentation v1.13.3
[INFO] [stderr]     Checking linux-raw-sys v0.12.1
[INFO] [stderr]     Checking fastrand v2.5.0
[INFO] [stderr]     Checking static_assertions v1.1.0
[INFO] [stderr]     Checking yansi v1.0.1
[INFO] [stderr]    Compiling heck v0.5.0
[INFO] [stderr]     Checking scopeguard v1.2.0
[INFO] [stderr]     Checking similar v2.7.0
[INFO] [stderr]     Checking syn v3.0.3
[INFO] [stderr]     Checking console v0.15.11
[INFO] [stderr]     Checking similar-asserts v1.7.0
[INFO] [stderr]     Checking tempfile v3.27.0
[INFO] [stderr]     Checking goldenfile v1.11.0
[INFO] [stderr]    Compiling goldenscript-macros v0.8.0 (/opt/rustwide/workdir)
[INFO] [stderr]     Checking goldenscript-macros-tests v0.0.0 (/opt/rustwide/target/tests/trybuild/goldenscript-macros)
[INFO] [stderr]     Finished `dev` profile [unoptimized + debuginfo] target(s) in 9.03s
[INFO] [stderr] 
[INFO] [stderr] 
[INFO] [stderr] test tests/errors/argument_layout.rs ... ok
[INFO] [stderr] test tests/errors/argument_shapes.rs ... ok
[INFO] [stderr] test tests/errors/command_attributes.rs ... ok
[INFO] [stderr] test tests/errors/derive_targets.rs ... ok
[INFO] [stderr] test tests/errors/field_attributes.rs ... ok
[INFO] [stderr] test tests/errors/other_command.rs ... ok
[INFO] [stderr] 
[INFO] [stdout] test derive_errors ... ok
[INFO] [stderr] 
[INFO] [stdout] 
[INFO] [stdout] test result: ok. 1 passed; 0 failed; 0 ignored; 0 measured; 0 filtered out; finished in 13.52s
[INFO] [stdout] 
[INFO] [stderr]      Running tests/expand.rs (/opt/rustwide/target/release/build/goldenscript-macros/c799fc662457a0c8/out/expand-c799fc662457a0c8)
[INFO] [stdout] 
[INFO] [stdout] running 6 tests
[INFO] [stdout] test variant_shapes ... FAILED
[INFO] [stdout] test command_names ... FAILED
[INFO] [stdout] test other_command ... FAILED
[INFO] [stdout] test argument_kinds ... FAILED
[INFO] [stdout] test data_types ... FAILED
[INFO] [stdout] test argument_options ... FAILED
[INFO] [stderr] error: test failed, to rerun pass `--test expand`
[INFO] [stdout] 
[INFO] [stdout] failures:
[INFO] [stdout] 
[INFO] [stdout] ---- variant_shapes stdout ----
[INFO] [stdout] Error: Error("error: 'rustfmt' is not installed for the toolchain '1.100.0-beta.1-x86_64-unknown-linux-gnu'.\nhelp: run `rustup component add --toolchain 1.100.0-beta.1-x86_64-unknown-linux-gnu rustfmt` to install it\n")
[INFO] [stdout] 
[INFO] [stdout] ---- command_names stdout ----
[INFO] [stdout] Error: Error("error: 'rustfmt' is not installed for the toolchain '1.100.0-beta.1-x86_64-unknown-linux-gnu'.\nhelp: run `rustup component add --toolchain 1.100.0-beta.1-x86_64-unknown-linux-gnu rustfmt` to install it\n")
[INFO] [stdout] 
[INFO] [stdout] ---- other_command stdout ----
[INFO] [stdout] Error: Error("error: 'rustfmt' is not installed for the toolchain '1.100.0-beta.1-x86_64-unknown-linux-gnu'.\nhelp: run `rustup component add --toolchain 1.100.0-beta.1-x86_64-unknown-linux-gnu rustfmt` to install it\n")
[INFO] [stdout] 
[INFO] [stdout] ---- argument_kinds stdout ----
[INFO] [stdout] Error: Error("error: 'rustfmt' is not installed for the toolchain '1.100.0-beta.1-x86_64-unknown-linux-gnu'.\nhelp: run `rustup component add --toolchain 1.100.0-beta.1-x86_64-unknown-linux-gnu rustfmt` to install it\n")
[INFO] [stdout] 
[INFO] [stdout] ---- data_types stdout ----
[INFO] [stdout] Error: Error("error: 'rustfmt' is not installed for the toolchain '1.100.0-beta.1-x86_64-unknown-linux-gnu'.\nhelp: run `rustup component add --toolchain 1.100.0-beta.1-x86_64-unknown-linux-gnu rustfmt` to install it\n")
[INFO] [stdout] 
[INFO] [stdout] ---- argument_options stdout ----
[INFO] [stdout] Error: Error("error: 'rustfmt' is not installed for the toolchain '1.100.0-beta.1-x86_64-unknown-linux-gnu'.\nhelp: run `rustup component add --toolchain 1.100.0-beta.1-x86_64-unknown-linux-gnu rustfmt` to install it\n")
[INFO] [stdout] 
[INFO] [stdout] 
[INFO] [stdout] failures:
[INFO] [stdout]     argument_kinds
[INFO] [stdout]     argument_options
[INFO] [stdout]     command_names
[INFO] [stdout]     data_types
[INFO] [stdout]     other_command
[INFO] [stdout]     variant_shapes
[INFO] [stdout] 
[INFO] [stdout] test result: FAILED. 0 passed; 6 failed; 0 ignored; 0 measured; 0 filtered out; finished in 0.86s
[INFO] [stdout] 
[INFO] running `Command { std: "docker" "inspect" "ecffa732028354b246254fdb94ba078daf28e322389b636a21676eba91612954", kill_on_drop: false }`
[INFO] running `Command { std: "docker" "rm" "-f" "ecffa732028354b246254fdb94ba078daf28e322389b636a21676eba91612954", kill_on_drop: false }`
[INFO] [stdout] ecffa732028354b246254fdb94ba078daf28e322389b636a21676eba91612954
