[INFO] fetching crate golden-magic 0.1.2...
[INFO] testing golden-magic-0.1.2 against 1.99.0-beta.8+cargoflags=--release for beta-release-1.100-2
[INFO] extracting crate golden-magic 0.1.2 into /workspace/builds/worker-2-tc1/source
[INFO] started tweaking crates.io crate golden-magic 0.1.2
[INFO] removed 0 missing tests
[INFO] finished tweaking crates.io crate golden-magic 0.1.2
[INFO] tweaked toml for crates.io crate golden-magic 0.1.2 written to /workspace/builds/worker-2-tc1/source/Cargo.toml
[INFO] validating manifest of crates.io crate golden-magic 0.1.2 on toolchain 1.99.0-beta.8
[INFO] running `Command { std: CARGO_HOME="/workspace/cargo-home" RUSTUP_HOME="/workspace/rustup-home" "/workspace/cargo-home/bin/cargo" "+1.99.0-beta.8" "metadata" "--manifest-path" "Cargo.toml" "--no-deps", kill_on_drop: false }`
[INFO] crate crates.io crate golden-magic 0.1.2 already has a lockfile, it will not be regenerated
[INFO] running `Command { std: CARGO_HOME="/workspace/cargo-home" RUSTUP_HOME="/workspace/rustup-home" "/workspace/cargo-home/bin/cargo" "+1.99.0-beta.8" "fetch" "--manifest-path" "Cargo.toml", kill_on_drop: false }`
[INFO] [stderr]     Updating crates.io index
[INFO] [stderr]  Downloading crates ...
[INFO] [stderr]   Downloaded wat v1.252.0
[INFO] [stderr]   Downloaded wasmi_ir v2.0.0-beta.2
[INFO] [stderr]   Downloaded tree-sitter-language v0.1.7
[INFO] [stderr]   Downloaded predicates-core v1.0.10
[INFO] [stderr]   Downloaded typetag-impl v0.2.22
[INFO] [stderr]   Downloaded string-interner v0.19.0
[INFO] [stderr]   Downloaded predicates v3.1.4
[INFO] [stderr]   Downloaded wasmi_collections v2.0.0-beta.2
[INFO] [stderr]   Downloaded os_pipe v1.2.3
[INFO] [stderr]   Downloaded strip-ansi-escapes v0.2.1
[INFO] [stderr]   Downloaded typetag v0.2.22
[INFO] [stderr]   Downloaded buf-trait v0.4.1
[INFO] [stderr]   Downloaded wild v2.2.1
[INFO] [stderr]   Downloaded lscolors v0.21.0
[INFO] [stderr]   Downloaded wasmi_core v2.0.0-beta.2
[INFO] [stderr]   Downloaded uucore_procs v0.9.0
[INFO] [stderr]   Downloaded unic-langid v0.9.6
[INFO] [stderr]   Downloaded byteyarn v0.5.1
[INFO] [stderr]   Downloaded lean_string v0.6.0
[INFO] [stderr]   Downloaded nu-utils v0.114.0
[INFO] [stderr]   Downloaded vte v0.14.1
[INFO] [stderr]   Downloaded nu-system v0.114.0
[INFO] [stderr]   Downloaded intl-memoizer v0.5.3
[INFO] [stderr]   Downloaded fluent-langneg v0.13.1
[INFO] [stderr]   Downloaded wast v252.0.0
[INFO] [stderr]   Downloaded os_display v0.1.4
[INFO] [stderr]   Downloaded fluent-syntax v0.12.0
[INFO] [stderr]   Downloaded fluent v0.17.0
[INFO] [stderr]   Downloaded fluent-bundle v0.16.0
[INFO] [stderr]   Downloaded intl_pluralrules v7.0.2
[INFO] [stderr]   Downloaded unic-langid-impl v0.9.6
[INFO] [stderr]   Downloaded tree-sitter v0.26.9
[INFO] [stderr]   Downloaded wasmi v2.0.0-beta.2
[INFO] [stderr]   Downloaded wasmparser v0.228.0
[INFO] [stderr]   Downloaded procfs-core v0.18.0
[INFO] [stderr]   Downloaded procfs v0.18.0
[INFO] [stderr]   Downloaded nu-protocol v0.114.0
[INFO] [stderr]   Downloaded uucore v0.9.0
[INFO] [stderr]   Downloaded sysinfo v0.39.5
[INFO] [stderr]   Downloaded pwd v1.4.0
[INFO] [stderr]   Downloaded omnipath v0.1.6
[INFO] [stderr]   Downloaded nu-derive-value v0.114.0
[INFO] [stderr]   Downloaded tree-sitter-rust v0.24.2
[INFO] [stderr]   Downloaded libproc v0.14.11
[INFO] [stderr]   Downloaded nu-path v0.114.0
[INFO] [stderr]   Downloaded nu-glob v0.114.0
[INFO] [stderr]   Downloaded nu-experimental v0.114.0
[INFO] [stderr]   Downloaded doctest-file v1.1.1
[INFO] [stderr]   Downloaded criterion v0.7.0
[INFO] [stderr]   Downloaded nu-plugin v0.114.0
[INFO] [stderr]   Downloaded nu-plugin-protocol v0.114.0
[INFO] [stderr]   Downloaded nu-plugin-core v0.114.0
[INFO] [stderr]   Downloaded interprocess v2.4.2
[INFO] [stderr]   Downloaded nu-engine v0.114.0
[INFO] [stderr]   Downloaded web-sys v0.3.102
[INFO] [stderr]   Downloaded predicates-tree v1.0.13
[INFO] [stderr]   Downloaded criterion-plot v0.6.0
[INFO] [stderr]   Downloaded assert_cmd v2.2.2
[INFO] running `Command { std: "docker" "create" "-v" "/var/lib/crater-agent-workspace/builds/worker-2-tc1/source:/opt/rustwide/workdir:ro,Z" "-v" "/var/lib/crater-agent-workspace/builds/worker-2-tc1/target:/opt/rustwide/target:rw,Z" "-v" "/var/lib/crater-agent-workspace/cargo-home:/opt/rustwide/cargo-home:ro,Z" "-v" "/var/lib/crater-agent-workspace/rustup-home:/opt/rustwide/rustup-home:ro,Z" "-m" "1610612736" "--network" "none" "ghcr.io/rust-lang/crates-build-env/linux@sha256:77db811e55d90add9212f6832c23229e3de5f1c1f9905e8cb07319ea15df73ac" "sleep" "infinity", kill_on_drop: false }`
[INFO] [stdout] 5caeab08f8d405950790d452b19caf1cecc057b7a35fc4060be0b00cac1559b9
[INFO] running `Command { std: "docker" "start" "5caeab08f8d405950790d452b19caf1cecc057b7a35fc4060be0b00cac1559b9", kill_on_drop: false }`
[INFO] running `Command { std: "docker" "inspect" "5caeab08f8d405950790d452b19caf1cecc057b7a35fc4060be0b00cac1559b9", kill_on_drop: false }`
[INFO] running `Command { std: "docker" "exec" "-e" "SOURCE_DIR=/opt/rustwide/workdir" "-e" "CARGO_HOME=/opt/rustwide/cargo-home" "-e" "RUSTUP_HOME=/opt/rustwide/rustup-home" "-e" "CARGO_TARGET_DIR=/opt/rustwide/target" "-w" "/opt/rustwide/workdir" "--user" "0:0" "5caeab08f8d405950790d452b19caf1cecc057b7a35fc4060be0b00cac1559b9" "/opt/rustwide/cargo-home/bin/cargo" "+1.99.0-beta.8" "metadata" "--no-deps" "--format-version=1", kill_on_drop: false }`
[INFO] running `Command { std: "docker" "inspect" "5caeab08f8d405950790d452b19caf1cecc057b7a35fc4060be0b00cac1559b9", kill_on_drop: false }`
[INFO] running `Command { std: "docker" "exec" "-e" "SOURCE_DIR=/opt/rustwide/workdir" "-e" "CARGO_HOME=/opt/rustwide/cargo-home" "-e" "RUSTUP_HOME=/opt/rustwide/rustup-home" "-e" "CARGO_TARGET_DIR=/opt/rustwide/target" "-e" "CARGO_INCREMENTAL=0" "-e" "RUST_BACKTRACE=full" "-e" "RUSTFLAGS=--cap-lints=warn" "-e" "RUSTDOCFLAGS=--cap-lints=warn" "-w" "/opt/rustwide/workdir" "--user" "0:0" "5caeab08f8d405950790d452b19caf1cecc057b7a35fc4060be0b00cac1559b9" "/opt/rustwide/cargo-home/bin/cargo" "+1.99.0-beta.8" "build" "--frozen" "--message-format=json" "--release", kill_on_drop: false }`
[INFO] [stderr]    Compiling memchr v2.8.2
[INFO] [stderr]    Compiling tree-sitter-language v0.1.7
[INFO] [stderr]    Compiling hashbrown v0.17.1
[INFO] [stderr]    Compiling libm v0.2.16
[INFO] [stderr]    Compiling serde_json v1.0.150
[INFO] [stderr]    Compiling leb128fmt v0.1.0
[INFO] [stderr]    Compiling cc v1.2.64
[INFO] [stderr]    Compiling wasmi_ir v2.0.0-beta.2
[INFO] [stderr]    Compiling anstyle-parse v1.0.0
[INFO] [stderr]    Compiling bumpalo v3.20.3
[INFO] [stderr]    Compiling wasmparser v0.228.0
[INFO] [stderr]    Compiling regex-syntax v0.8.11
[INFO] [stderr]    Compiling colorchoice v1.0.5
[INFO] [stderr]    Compiling anstyle v1.0.14
[INFO] [stderr]    Compiling syn v2.0.117
[INFO] [stderr]    Compiling winnow v1.0.3
[INFO] [stderr]    Compiling clap_lex v1.1.0
[INFO] [stderr]    Compiling toml_datetime v0.7.5+spec-1.1.0
[INFO] [stderr]    Compiling spin v0.9.8
[INFO] [stderr]    Compiling anstream v1.0.0
[INFO] [stderr]    Compiling winnow v0.7.15
[INFO] [stderr]    Compiling toml_writer v1.1.1+spec-1.1.0
[INFO] [stderr]    Compiling wasm-encoder v0.252.0
[INFO] [stderr]    Compiling clap_builder v4.6.0
[INFO] [stderr]    Compiling wasmi_collections v2.0.0-beta.2
[INFO] [stderr]    Compiling toml_parser v1.1.2+spec-1.1.0
[INFO] [stderr]    Compiling aho-corasick v1.1.4
[INFO] [stderr]    Compiling indexmap v2.14.0
[INFO] [stderr]    Compiling tree-sitter-rust v0.24.2
[INFO] [stderr]    Compiling wast v252.0.0
[INFO] [stderr]    Compiling wasmi_core v2.0.0-beta.2
[INFO] [stderr]    Compiling regex-automata v0.4.14
[INFO] [stderr]    Compiling toml v0.9.12+spec-1.1.0
[INFO] [stderr]    Compiling tree-sitter v0.26.9
[INFO] [stderr]    Compiling clap_derive v4.6.1
[INFO] [stderr]    Compiling serde_derive v1.0.228
[INFO] [stderr]    Compiling regex v1.12.4
[INFO] [stderr]    Compiling clap v4.6.1
[INFO] [stderr]    Compiling serde v1.0.228
[INFO] [stderr]    Compiling wat v1.252.0
[INFO] [stderr]    Compiling wasmi v2.0.0-beta.2
[INFO] [stderr]    Compiling golden-magic v0.1.2 (/opt/rustwide/workdir)
[INFO] [stderr]     Finished `release` profile [optimized] target(s) in 1m 31s
[INFO] running `Command { std: "docker" "inspect" "5caeab08f8d405950790d452b19caf1cecc057b7a35fc4060be0b00cac1559b9", kill_on_drop: false }`
[INFO] running `Command { std: "docker" "exec" "-e" "SOURCE_DIR=/opt/rustwide/workdir" "-e" "CARGO_HOME=/opt/rustwide/cargo-home" "-e" "RUSTUP_HOME=/opt/rustwide/rustup-home" "-e" "CARGO_TARGET_DIR=/opt/rustwide/target" "-e" "CARGO_INCREMENTAL=0" "-e" "RUST_BACKTRACE=full" "-e" "RUSTFLAGS=--cap-lints=warn" "-e" "RUSTDOCFLAGS=--cap-lints=warn" "-w" "/opt/rustwide/workdir" "--user" "0:0" "5caeab08f8d405950790d452b19caf1cecc057b7a35fc4060be0b00cac1559b9" "/opt/rustwide/cargo-home/bin/cargo" "+1.99.0-beta.8" "test" "--frozen" "--no-run" "--message-format=json" "--release", kill_on_drop: false }`
[INFO] [stderr]    Compiling regex-automata v0.4.14
[INFO] [stderr]    Compiling bitflags v2.13.0
[INFO] [stderr]    Compiling serde v1.0.228
[INFO] [stderr]    Compiling zerocopy v0.8.52
[INFO] [stderr]    Compiling zerocopy-derive v0.8.52
[INFO] [stderr]    Compiling wait-timeout v0.2.1
[INFO] [stderr]    Compiling predicates-core v1.0.10
[INFO] [stderr]    Compiling getrandom v0.3.4
[INFO] [stderr]    Compiling getrandom v0.4.2
[INFO] [stderr]    Compiling float-cmp v0.10.0
[INFO] [stderr]    Compiling itertools v0.13.0
[INFO] [stderr]    Compiling normalize-line-endings v0.3.0
[INFO] [stderr]    Compiling difflib v0.4.0
[INFO] [stderr]    Compiling assert_cmd v2.2.2
[INFO] [stderr]    Compiling termtree v0.5.1
[INFO] [stderr]    Compiling rayon v1.12.0
[INFO] [stderr]    Compiling plotters v0.3.7
[INFO] [stderr]    Compiling predicates-tree v1.0.13
[INFO] [stderr]    Compiling wasmparser v0.228.0
[INFO] [stderr]    Compiling rustix v1.1.4
[INFO] [stderr]    Compiling rand_core v0.9.5
[INFO] [stderr]    Compiling rand v0.9.4
[INFO] [stderr]    Compiling rand_xorshift v0.4.0
[INFO] [stderr]    Compiling tinytemplate v1.2.1
[INFO] [stderr]    Compiling tempfile v3.27.0
[INFO] [stderr]    Compiling criterion-plot v0.6.0
[INFO] [stderr]    Compiling rusty-fork v0.3.1
[INFO] [stderr]    Compiling regex v1.12.4
[INFO] [stderr]    Compiling bstr v1.12.1
[INFO] [stderr]    Compiling wasmi v2.0.0-beta.2
[INFO] [stderr]    Compiling tree-sitter v0.26.9
[INFO] [stderr]    Compiling predicates v3.1.4
[INFO] [stderr]    Compiling half v2.7.1
[INFO] [stderr]    Compiling ppv-lite86 v0.2.21
[INFO] [stderr]    Compiling ciborium-ll v0.2.2
[INFO] [stderr]    Compiling ciborium v0.2.2
[INFO] [stderr]    Compiling rand_chacha v0.9.0
[INFO] [stderr]    Compiling proptest v1.11.0
[INFO] [stderr]    Compiling criterion v0.7.0
[INFO] [stderr]    Compiling golden-magic v0.1.2 (/opt/rustwide/workdir)
[INFO] [stderr]     Finished `release` profile [optimized] target(s) in 1m 36s
[INFO] running `Command { std: "docker" "inspect" "5caeab08f8d405950790d452b19caf1cecc057b7a35fc4060be0b00cac1559b9", kill_on_drop: false }`
[INFO] running `Command { std: "docker" "exec" "-e" "SOURCE_DIR=/opt/rustwide/workdir" "-e" "CARGO_HOME=/opt/rustwide/cargo-home" "-e" "RUSTUP_HOME=/opt/rustwide/rustup-home" "-e" "CARGO_TARGET_DIR=/opt/rustwide/target" "-e" "CARGO_INCREMENTAL=0" "-e" "RUST_BACKTRACE=full" "-e" "RUSTFLAGS=--cap-lints=warn" "-e" "RUSTDOCFLAGS=--cap-lints=warn" "-w" "/opt/rustwide/workdir" "--user" "0:0" "5caeab08f8d405950790d452b19caf1cecc057b7a35fc4060be0b00cac1559b9" "/opt/rustwide/cargo-home/bin/cargo" "+1.99.0-beta.8" "test" "--frozen" "--release", kill_on_drop: false }`
[INFO] [stderr]     Finished `release` profile [optimized] target(s) in 0.19s
[INFO] [stderr]      Running unittests src/lib.rs (/opt/rustwide/target/release/deps/golden_magic-df0526660ff045b6)
[INFO] [stdout] 
[INFO] [stdout] running 22 tests
[INFO] [stdout] test descriptors::tests::detects_duplicate_descriptor_ids ... ok
[INFO] [stdout] test config::tests::rejects_unknown_fields ... ok
[INFO] [stdout] test tests::only_rule_limits_parser_selection ... ok
[INFO] [stdout] test tests::parses_fixed_width_text ... ok
[INFO] [stdout] test tests::parses_tab_delimited_text ... ok
[INFO] [stdout] test tests::explicit_heuristic_backend_traces_backend_selection ... ok
[INFO] [stdout] test descriptors::tests::selects_matching_descriptors ... ok
[INFO] [stdout] test tests::sections_backend_parses_sectioned_key_values ... ok
[INFO] [stdout] test descriptors::tests::loads_toml_descriptors_sorted_by_priority ... ok
[INFO] [stdout] test tests::sections_backend_reports_malformed_input ... ok
[INFO] [stdout] test tests::disabled_rule_forces_next_safe_parser ... ok
[INFO] [stdout] test tests::can_use_first_row_as_headers ... ok
[INFO] [stdout] test tests::unsupported_backend_reports_diagnostic_without_parsing ... ok
[INFO] [stdout] test tool_packs::tests::rejects_unknown_tool_pack_fields ... ok
[INFO] [stdout] test descriptors::tests::ignores_nix_fixture_manifests_in_descriptor_dirs ... ok
[INFO] [stdout] test tool_packs::tests::loads_tool_pack_as_data ... ok
[INFO] [stdout] test tool_packs::tests::rejects_duplicate_tool_pack_ids ... ok
[INFO] [stdout] test tests::tree_sitter_rust_backend_extracts_declarations ... ok
[INFO] [stdout] test tests::falls_back_to_lines ... ok
[INFO] [stdout] test config::tests::loads_config_dirs_from_toml ... ok
[INFO] [stdout] test tests::sections_backend_preserves_section_count ... ok
[INFO] [stdout] test tests::tabular_rows_preserve_rectangular_shape ... ok
[INFO] [stderr]      Running unittests src/bin/gold.rs (/opt/rustwide/target/release/deps/gold-6165bfa5b70dff57)
[INFO] [stdout] 
[INFO] [stdout] test result: ok. 22 passed; 0 failed; 0 ignored; 0 measured; 0 filtered out; finished in 0.11s
[INFO] [stdout] 
[INFO] [stderr]      Running unittests src/bin/golden.rs (/opt/rustwide/target/release/deps/golden-4c137b0edf0fc041)
[INFO] [stdout] 
[INFO] [stdout] running 0 tests
[INFO] [stdout] 
[INFO] [stdout] test result: ok. 0 passed; 0 failed; 0 ignored; 0 measured; 0 filtered out; finished in 0.00s
[INFO] [stdout] 
[INFO] [stdout] 
[INFO] [stdout] running 0 tests
[INFO] [stderr]      Running unittests src/main.rs (/opt/rustwide/target/release/deps/golden_magic-4856ff6f232a9f85)
[INFO] [stdout] 
[INFO] [stdout] test result: ok. 0 passed; 0 failed; 0 ignored; 0 measured; 0 filtered out; finished in 0.00s
[INFO] [stdout] 
[INFO] [stdout] 
[INFO] [stderr]      Running unittests src/bin/magia.rs (/opt/rustwide/target/release/deps/magia-f1b40ebec2a95702)
[INFO] [stdout] running 0 tests
[INFO] [stdout] 
[INFO] [stdout] test result: ok. 0 passed; 0 failed; 0 ignored; 0 measured; 0 filtered out; finished in 0.00s
[INFO] [stdout] 
[INFO] [stdout] 
[INFO] [stdout] running 0 tests
[INFO] [stdout] 
[INFO] [stdout] test result: ok. 0 passed; 0 failed; 0 ignored; 0 measured; 0 filtered out; finished in 0.00s
[INFO] [stdout] 
[INFO] [stderr]      Running unittests src/bin/magic.rs (/opt/rustwide/target/release/deps/magic-7000d95ade159d6f)
[INFO] [stdout] 
[INFO] [stdout] running 0 tests
[INFO] [stdout] 
[INFO] [stdout] test result: ok. 0 passed; 0 failed; 0 ignored; 0 measured; 0 filtered out; finished in 0.00s
[INFO] [stdout] 
[INFO] [stderr]      Running tests/cli.rs (/opt/rustwide/target/release/deps/cli-4456481e787f7368)
[INFO] [stdout] 
[INFO] [stdout] running 30 tests
[INFO] [stdout] test cli_lists_known_backend_ids ... ok
[INFO] [stdout] test cli_lists_tool_packs_from_configured_dirs ... ok
[INFO] [stdout] test cli_applies_tree_sitter_descriptor_backend_with_rust_grammar ... ok
[INFO] [stdout] test cli_config_descriptor_dirs_override_default_descriptor_dir ... ok
[INFO] [stdout] test cli_parses_tabular_stdin_as_json_report ... ok
[INFO] [stdout] test cli_applies_selected_descriptor_backend ... ok
[INFO] [stdout] test cli_can_emit_rows_only_for_nushell_friendly_pipelines ... ok
[INFO] [stdout] test cli_can_use_first_row_as_headers ... ok
[INFO] [stdout] test cli_loads_default_xdg_descriptor_dir ... ok
[INFO] [stdout] test cli_applies_tree_sitter_rust_descriptor_backend ... ok
[INFO] [stdout] test cli_rejects_tree_sitter_backend_without_grammar ... ok
[INFO] [stdout] test cli_rejects_tool_pack_missing_descriptor_reference ... ok
[INFO] [stdout] test cli_rejects_executable_json_descriptor_without_executable ... ok
[INFO] [stdout] test cli_can_emit_trace_only ... ok
[INFO] [stdout] test cli_applies_sections_descriptor_backend ... ok
[INFO] [stdout] test cli_lists_known_rule_ids ... ok
[INFO] [stdout] test cli_rejects_unsupported_descriptor_backend ... ok
[INFO] [stdout] test cli_descriptor_validation_rejects_unknown_rule_ids ... ok
[INFO] [stdout] test cli_rejects_wasm_json_descriptor_without_module ... ok
[INFO] [stdout] test cli_rejects_unknown_tree_sitter_grammar ... ok
[INFO] [stdout] test cli_validates_tool_pack_descriptor_references ... ok
[INFO] [stdout] test cli_validates_descriptor_dir_without_stdin ... ok
[INFO] [stdout] test cli_rejects_unknown_descriptor_rule_ids ... ok
[INFO] [stdout] test cli_rejects_unknown_rule_ids ... ok
[INFO] [stdout] test cli_applies_selected_descriptor_parser_hints ... ok
[INFO] [stdout] test cli_runs_descriptor_selected_executable_json_backend ... ok
[INFO] [stdout] test cli_alias_binaries_parse_rows ... ok
[INFO] [stdout] test cli_runs_descriptor_selected_wasm_json_backend ... ok
[INFO] [stdout] test cli_executable_json_backend_reports_stdout_limit ... ok
[INFO] [stderr]      Running tests/corpus_manifest.rs (/opt/rustwide/target/release/deps/corpus_manifest-49a1b4c27521dd43)
[INFO] [stdout] test cli_executable_json_backend_reports_timeout ... ok
[INFO] [stdout] 
[INFO] [stdout] test result: ok. 30 passed; 0 failed; 0 ignored; 0 measured; 0 filtered out; finished in 5.09s
[INFO] [stdout] 
[INFO] [stdout] 
[INFO] [stdout] running 9 tests
[INFO] [stdout] test corpus_fetcher_has_resumable_partition_cache_controls ... ok
[INFO] [stdout] test corpus_query_partitions_are_broad_enough_to_scale_discovery ... ok
[INFO] [stdout] test corpus_query_partitions_match_generator ... ok
[INFO] [stdout] test generated_executable_fixture_seed_is_synced_to_modeling_and_agentic_manifests ... ok
[INFO] [stdout] test seed_corpus_contains_at_least_ten_thousand_ranked_entries ... ok
[INFO] [stdout] test seed_corpus_manifest_has_unique_repositories_and_required_fields ... ok
[INFO] [stdout] test modeling_seed_backs_advanced_corpus_entries_with_fixtures ... ok
[INFO] [stdout] test seed_corpus_lifecycle_counts_are_explicitly_incomplete ... ok
[INFO] [stdout] test agentic_run_manifest_backs_agentic_corpus_claims ... ok
[INFO] [stderr]      Running tests/descriptor_fixtures.rs (/opt/rustwide/target/release/deps/descriptor_fixtures-cb4220962b5b823f)
[INFO] [stdout] 
[INFO] [stdout] test result: ok. 9 passed; 0 failed; 0 ignored; 0 measured; 0 filtered out; finished in 0.24s
[INFO] [stdout] 
[INFO] [stdout] 
[INFO] [stdout] running 8 tests
[INFO] [stdout] test descriptor_fixture_matrix_reports_measurable_coverage ... ok
[INFO] [stdout] test descriptor_fixture_utility_loads_each_fixture_in_isolation ... ok
[INFO] [stdout] test descriptor_fixture_matrix_requires_core_fixture_files ... ok
[INFO] [stdout] test descriptor_fixture_matrix_tracks_plugin_backend_coverage ... ok
[INFO] [stdout] test full_registry_rejects_duplicate_fixture_ids ... ok
[INFO] [stdout] test descriptor_fixtures_apply_parser_backend_hints has been running for over 60 seconds
[INFO] [stdout] test descriptor_fixtures_include_negative_inputs has been running for over 60 seconds
[INFO] [stdout] test descriptor_fixtures_match_expected_rows has been running for over 60 seconds
[INFO] [stdout] test descriptor_fixtures_match_expected_rows ... ok
[INFO] [stdout] test descriptor_fixtures_apply_parser_backend_hints ... ok
[INFO] [stdout] test descriptor_fixtures_include_negative_inputs ... ok
[INFO] [stdout] 
[INFO] [stdout] test result: ok. 8 passed; 0 failed; 0 ignored; 0 measured; 0 filtered out; finished in 99.91s
[INFO] [stdout] 
[INFO] [stderr]      Running tests/generated_matrix.rs (/opt/rustwide/target/release/deps/generated_matrix-5e399d595e44d274)
[INFO] [stdout] 
[INFO] [stdout] running 1 test
[INFO] [stderr]      Running tests/nix_fixture.rs (/opt/rustwide/target/release/deps/nix_fixture-fdb43c7e17046592)
[INFO] [stdout] test generated_parser_matrix_runs_more_than_two_thousand_cases ... ok
[INFO] [stdout] 
[INFO] [stdout] test result: ok. 1 passed; 0 failed; 0 ignored; 0 measured; 0 filtered out; finished in 0.18s
[INFO] [stdout] 
[INFO] [stdout] 
[INFO] [stdout] running 1 test
[INFO] [stdout] test nix_manifest_fixtures_run_cli_without_system_installs_when_enabled ... ok
[INFO] [stderr]      Running tests/nu_plugin.rs (/opt/rustwide/target/release/deps/nu_plugin-adeee829b1bb3f65)
[INFO] [stdout] 
[INFO] [stdout] test result: ok. 1 passed; 0 failed; 0 ignored; 0 measured; 0 filtered out; finished in 0.00s
[INFO] [stdout] 
[INFO] [stdout] 
[INFO] [stdout] running 0 tests
[INFO] [stdout] 
[INFO] [stdout] test result: ok. 0 passed; 0 failed; 0 ignored; 0 measured; 0 filtered out; finished in 0.00s
[INFO] [stdout] 
[INFO] [stderr]      Running tests/nu_wrapper.rs (/opt/rustwide/target/release/deps/nu_wrapper-12f4c01b521436bf)
[INFO] [stdout] 
[INFO] [stdout] running 1 test
[INFO] [stdout] test nu_wrapper_exports_all_from_aliases ... FAILED
[INFO] [stdout] 
[INFO] [stdout] failures:
[INFO] [stdout] 
[INFO] [stdout] ---- nu_wrapper_exports_all_from_aliases stdout ----
[INFO] [stdout] 
[INFO] [stdout] thread 'nu_wrapper_exports_all_from_aliases' (7241) panicked at tests/nu_wrapper.rs:23:14:
[INFO] [stdout] nu executable is available: Os { code: 2, kind: NotFound, message: "No such file or directory" }
[INFO] [stdout] stack backtrace:
[INFO] [stdout]    0:     0x5d5299c72f81 - <<std[70759c8f55707aa4]::sys::backtrace::BacktraceLock>::print::DisplayBacktrace as core[df12db4294e9bfd3]::fmt::Display>::fmt
[INFO] [stdout]    1:     0x5d5299c871ea - core[df12db4294e9bfd3]::fmt::write
[INFO] [stdout]    2:     0x5d5299c774ac - <alloc[2182bb758b4b3781]::vec::Vec<u8> as core[df12db4294e9bfd3]::io::write::Write>::write_fmt
[INFO] [stdout]    3:     0x5d5299c4f0f6 - std[70759c8f55707aa4]::panicking::default_hook::{closure#0}
[INFO] [stdout]    4:     0x5d5299c6b6e9 - std[70759c8f55707aa4]::panicking::default_hook
[INFO] [stdout]    5:     0x5d5299c064e0 - test[9d35eded1c95d3be]::test_main_inner::<test[9d35eded1c95d3be]::test_main_static::{closure#0}>::{closure#0}
[INFO] [stdout]    6:     0x5d5299c6b8a2 - std[70759c8f55707aa4]::panicking::panic_with_hook
[INFO] [stdout]    7:     0x5d5299c4f1a2 - std[70759c8f55707aa4]::panicking::panic_handler::{closure#0}
[INFO] [stdout]    8:     0x5d5299c47f29 - std[70759c8f55707aa4]::sys::backtrace::__rust_end_short_backtrace::<std[70759c8f55707aa4]::panicking::panic_handler::{closure#0}, !>
[INFO] [stdout]    9:     0x5d5299c4fd9d - __rustc[8fa7c3cbc660c2b3]::rust_begin_unwind
[INFO] [stdout]   10:     0x5d5299c8791c - core[df12db4294e9bfd3]::panicking::panic_fmt
[INFO] [stdout]   11:     0x5d5299c876f2 - core[df12db4294e9bfd3]::result::unwrap_failed
[INFO] [stdout]   12:     0x5d5299bf95c8 - <nu_wrapper[67fb5c3ae5cfadd]::nu_wrapper_exports_all_from_aliases::{closure#0} as core[df12db4294e9bfd3]::ops::function::FnOnce<()>>::call_once
[INFO] [stdout]   13:     0x5d5299bf97cb - test[9d35eded1c95d3be]::__rust_begin_short_backtrace::<core[df12db4294e9bfd3]::result::Result<(), alloc[2182bb758b4b3781]::string::String>, fn() -> core[df12db4294e9bfd3]::result::Result<(), alloc[2182bb758b4b3781]::string::String>>
[INFO] [stdout]   14:     0x5d5299c06e35 - test[9d35eded1c95d3be]::run_test::{closure#0}
[INFO] [stdout]   15:     0x5d5299c006f4 - std[70759c8f55707aa4]::sys::backtrace::__rust_begin_short_backtrace::<test[9d35eded1c95d3be]::run_test::{closure#1}, ()>
[INFO] [stdout]   16:     0x5d5299c09f92 - <std[70759c8f55707aa4]::thread::lifecycle::spawn_unchecked<test[9d35eded1c95d3be]::run_test::{closure#1}, ()>::{closure#1} as core[df12db4294e9bfd3]::ops::function::FnOnce<()>>::call_once::{shim:vtable#0}
[INFO] [stdout]   17:     0x5d5299c72859 - <std[70759c8f55707aa4]::sys::thread::unix::Thread>::new::thread_start
[INFO] [stdout]   18:     0x726d3bb5bdfa - <unknown>
[INFO] [stdout]   19:     0x726d3bbef3d4 - clone
[INFO] [stdout]   20:                0x0 - <unknown>
[INFO] [stdout] 
[INFO] [stdout] 
[INFO] [stdout] failures:
[INFO] [stdout]     nu_wrapper_exports_all_from_aliases
[INFO] [stdout] 
[INFO] [stdout] test result: FAILED. 0 passed; 1 failed; 0 ignored; 0 measured; 0 filtered out; finished in 0.01s
[INFO] [stdout] 
[INFO] [stderr] error: test failed, to rerun pass `--test nu_wrapper`
[INFO] running `Command { std: "docker" "inspect" "5caeab08f8d405950790d452b19caf1cecc057b7a35fc4060be0b00cac1559b9", kill_on_drop: false }`
[INFO] running `Command { std: "docker" "rm" "-f" "5caeab08f8d405950790d452b19caf1cecc057b7a35fc4060be0b00cac1559b9", kill_on_drop: false }`
[INFO] [stdout] 5caeab08f8d405950790d452b19caf1cecc057b7a35fc4060be0b00cac1559b9
