[INFO] fetching crate godot-macros 0.5.5...
[INFO] testing godot-macros-0.5.5 against 1.100.0-beta.1+cargoflags=--release for beta-release-1.100-2
[INFO] extracting crate godot-macros 0.5.5 into /workspace/builds/worker-5-tc2/source
[INFO] started tweaking crates.io crate godot-macros 0.5.5
[INFO] finished tweaking crates.io crate godot-macros 0.5.5
[INFO] tweaked toml for crates.io crate godot-macros 0.5.5 written to /workspace/builds/worker-5-tc2/source/Cargo.toml
[INFO] validating manifest of crates.io crate godot-macros 0.5.5 on toolchain 1.100.0-beta.1
[INFO] running `Command { std: CARGO_HOME="/workspace/cargo-home" RUSTUP_HOME="/workspace/rustup-home" "/workspace/cargo-home/bin/cargo" "+1.100.0-beta.1" "metadata" "--manifest-path" "Cargo.toml" "--no-deps", kill_on_drop: false }`
[INFO] crate crates.io crate godot-macros 0.5.5 already has a lockfile, it will not be regenerated
[INFO] running `Command { std: CARGO_HOME="/workspace/cargo-home" RUSTUP_HOME="/workspace/rustup-home" "/workspace/cargo-home/bin/cargo" "+1.100.0-beta.1" "fetch" "--manifest-path" "Cargo.toml", kill_on_drop: false }`
[INFO] running `Command { std: "docker" "create" "-v" "/var/lib/crater-agent-workspace/builds/worker-5-tc2/source:/opt/rustwide/workdir:ro,Z" "-v" "/var/lib/crater-agent-workspace/builds/worker-5-tc2/target:/opt/rustwide/target:rw,Z" "-v" "/var/lib/crater-agent-workspace/cargo-home:/opt/rustwide/cargo-home:ro,Z" "-v" "/var/lib/crater-agent-workspace/rustup-home:/opt/rustwide/rustup-home:ro,Z" "-m" "1610612736" "--network" "none" "ghcr.io/rust-lang/crates-build-env/linux@sha256:77db811e55d90add9212f6832c23229e3de5f1c1f9905e8cb07319ea15df73ac" "sleep" "infinity", kill_on_drop: false }`
[INFO] [stdout] 82e7e47b9a5a531ba9079f9225b529799721c8a6a2434198c9932e67ad6c6ce3
[INFO] running `Command { std: "docker" "start" "82e7e47b9a5a531ba9079f9225b529799721c8a6a2434198c9932e67ad6c6ce3", kill_on_drop: false }`
[INFO] running `Command { std: "docker" "inspect" "82e7e47b9a5a531ba9079f9225b529799721c8a6a2434198c9932e67ad6c6ce3", kill_on_drop: false }`
[INFO] running `Command { std: "docker" "exec" "-e" "SOURCE_DIR=/opt/rustwide/workdir" "-e" "CARGO_HOME=/opt/rustwide/cargo-home" "-e" "RUSTUP_HOME=/opt/rustwide/rustup-home" "-e" "CARGO_TARGET_DIR=/opt/rustwide/target" "-w" "/opt/rustwide/workdir" "--user" "0:0" "82e7e47b9a5a531ba9079f9225b529799721c8a6a2434198c9932e67ad6c6ce3" "/opt/rustwide/cargo-home/bin/cargo" "+1.100.0-beta.1" "metadata" "--no-deps" "--format-version=1", kill_on_drop: false }`
[INFO] running `Command { std: "docker" "inspect" "82e7e47b9a5a531ba9079f9225b529799721c8a6a2434198c9932e67ad6c6ce3", kill_on_drop: false }`
[INFO] running `Command { std: "docker" "exec" "-e" "SOURCE_DIR=/opt/rustwide/workdir" "-e" "CARGO_HOME=/opt/rustwide/cargo-home" "-e" "RUSTUP_HOME=/opt/rustwide/rustup-home" "-e" "CARGO_TARGET_DIR=/opt/rustwide/target" "-e" "CARGO_INCREMENTAL=0" "-e" "RUST_BACKTRACE=full" "-e" "RUSTFLAGS=--cap-lints=warn" "-e" "RUSTDOCFLAGS=--cap-lints=warn" "-w" "/opt/rustwide/workdir" "--user" "0:0" "82e7e47b9a5a531ba9079f9225b529799721c8a6a2434198c9932e67ad6c6ce3" "/opt/rustwide/cargo-home/bin/cargo" "+1.100.0-beta.1" "build" "--frozen" "--message-format=json" "--release", kill_on_drop: false }`
[INFO] [stderr]    Compiling godot-bindings v0.5.5
[INFO] [stderr]    Compiling gdextension-api v0.5.1
[INFO] [stderr]    Compiling venial v0.6.1
[INFO] [stderr]    Compiling godot-macros v0.5.5 (/opt/rustwide/workdir)
[INFO] [stderr]     Finished `release` profile [optimized] target(s) in 12.61s
[INFO] running `Command { std: "docker" "inspect" "82e7e47b9a5a531ba9079f9225b529799721c8a6a2434198c9932e67ad6c6ce3", kill_on_drop: false }`
[INFO] running `Command { std: "docker" "exec" "-e" "SOURCE_DIR=/opt/rustwide/workdir" "-e" "CARGO_HOME=/opt/rustwide/cargo-home" "-e" "RUSTUP_HOME=/opt/rustwide/rustup-home" "-e" "CARGO_TARGET_DIR=/opt/rustwide/target" "-e" "CARGO_INCREMENTAL=0" "-e" "RUST_BACKTRACE=full" "-e" "RUSTFLAGS=--cap-lints=warn" "-e" "RUSTDOCFLAGS=--cap-lints=warn" "-w" "/opt/rustwide/workdir" "--user" "0:0" "82e7e47b9a5a531ba9079f9225b529799721c8a6a2434198c9932e67ad6c6ce3" "/opt/rustwide/cargo-home/bin/cargo" "+1.100.0-beta.1" "test" "--frozen" "--no-run" "--message-format=json" "--release", kill_on_drop: false }`
[INFO] [stderr]    Compiling godot-macros v0.5.5 (/opt/rustwide/workdir)
[INFO] [stderr]     Finished `release` profile [optimized] target(s) in 3.87s
[INFO] running `Command { std: "docker" "inspect" "82e7e47b9a5a531ba9079f9225b529799721c8a6a2434198c9932e67ad6c6ce3", kill_on_drop: false }`
[INFO] running `Command { std: "docker" "exec" "-e" "SOURCE_DIR=/opt/rustwide/workdir" "-e" "CARGO_HOME=/opt/rustwide/cargo-home" "-e" "RUSTUP_HOME=/opt/rustwide/rustup-home" "-e" "CARGO_TARGET_DIR=/opt/rustwide/target" "-e" "CARGO_INCREMENTAL=0" "-e" "RUST_BACKTRACE=full" "-e" "RUSTFLAGS=--cap-lints=warn" "-e" "RUSTDOCFLAGS=--cap-lints=warn" "-w" "/opt/rustwide/workdir" "--user" "0:0" "82e7e47b9a5a531ba9079f9225b529799721c8a6a2434198c9932e67ad6c6ce3" "/opt/rustwide/cargo-home/bin/cargo" "+1.100.0-beta.1" "test" "--frozen" "--release", kill_on_drop: false }`
[INFO] [stderr]     Finished `release` profile [optimized] target(s) in 0.03s
[INFO] [stderr]      Running unittests src/lib.rs (/opt/rustwide/target/release/build/godot-macros/41aa750dfb70e705/out/godot_macros-41aa750dfb70e705)
[INFO] [stdout] 
[INFO] [stdout] running 8 tests
[INFO] [stdout] test util::kv_parser::tests::test_parse_kv_just_key ... ok
[INFO] [stdout] test util::kv_parser::tests::test_parse_kv_trailing_comma ... ok
[INFO] [stdout] test class::data_models::signal::tests::parse_signal_visibility ... ok
[INFO] [stdout] test util::kv_parser::tests::test_parse_kv_first_last_alone ... ok
[INFO] [stdout] test util::kv_parser::tests::test_parse_kv_exprs ... ok
[INFO] [stdout] test util::kv_parser::tests::test_parse_kv_ident ... ok
[INFO] [stdout] test util::kv_parser::tests::test_parse_kv_first_last_expr ... ok
[INFO] [stdout] test class::data_models::signal::tests::signal_visibility_order ... ok
[INFO] [stdout] 
[INFO] [stdout] test result: ok. 8 passed; 0 failed; 0 ignored; 0 measured; 0 filtered out; finished in 0.00s
[INFO] [stdout] 
[INFO] [stderr]    Doc-tests godot_macros
[INFO] [stdout] 
[INFO] [stdout] running 56 tests
[INFO] [stdout] test src/lib.rs - derive_godot_class (line 317) - compile ... FAILED
[INFO] [stdout] test src/lib.rs - derive_godot_class (line 444) - compile ... FAILED
[INFO] [stdout] test src/lib.rs - derive_godot_class (line 475) - compile fail ... ok
[INFO] [stdout] test src/lib.rs - derive_godot_class (line 398) - compile ... FAILED
[INFO] [stdout] test src/lib.rs - derive_godot_class (line 106) - compile ... FAILED
[INFO] [stdout] test src/lib.rs - derive_godot_class (line 237) - compile ... FAILED
[INFO] [stdout] test src/lib.rs - derive_godot_class (line 216) - compile ... FAILED
[INFO] [stdout] test src/lib.rs - derive_godot_class (line 141) - compile ... FAILED
[INFO] [stdout] test src/lib.rs - derive_godot_class (line 118) - compile ... FAILED
[INFO] [stdout] test src/lib.rs - derive_godot_class (line 346) - compile ... FAILED
[INFO] [stdout] test src/lib.rs - derive_godot_class (line 487) - compile fail ... ok
[INFO] [stdout] test src/lib.rs - derive_godot_class (line 642) - compile ... FAILED
[INFO] [stdout] test src/lib.rs - derive_godot_class (line 629) ... FAILED
[INFO] [stdout] test src/lib.rs - derive_godot_class (line 266) - compile ... FAILED
[INFO] [stdout] test src/lib.rs - derive_godot_class (line 156) - compile ... FAILED
[INFO] [stdout] test src/lib.rs - derive_godot_class (line 174) - compile ... FAILED
[INFO] [stdout] test src/lib.rs - derive_godot_class (line 606) - compile ... FAILED
[INFO] [stdout] test src/lib.rs - derive_godot_class (line 717) - compile ... FAILED
[INFO] [stdout] test src/lib.rs - derive_godot_class (line 688) - compile ... FAILED
[INFO] [stdout] test src/lib.rs - derive_godot_convert (line 1438) - compile fail ... ok
[INFO] [stdout] test src/lib.rs - derive_godot_class (line 507) - compile ... FAILED
[INFO] [stdout] test src/lib.rs - derive_godot_class (line 665) - compile fail ... ok
[INFO] [stdout] test src/lib.rs - derive_godot_convert (line 1413) - compile fail ... ok
[INFO] [stdout] test src/lib.rs - derive_godot_convert (line 1427) - compile fail ... ok
[INFO] [stdout] test src/lib.rs - derive_godot_convert (line 1381) - compile ... FAILED
[INFO] [stdout] test src/lib.rs - godot_api (line 1177) - compile ... FAILED
[INFO] [stdout] test src/lib.rs - derive_godot_convert (line 1477) - compile ... FAILED
[INFO] [stdout] test src/lib.rs - derive_godot_convert (line 1453) - compile fail ... ok
[INFO] [stdout] test src/lib.rs - godot_api (line 1158) - compile fail ... ok
[INFO] [stdout] test src/lib.rs - derive_godot_convert (line 1399) - compile ... FAILED
[INFO] [stdout] test src/lib.rs - derive_godot_convert (line 1509) - compile ... FAILED
[INFO] [stdout] test src/lib.rs - godot_api (line 1059) - compile ... FAILED
[INFO] [stdout] test src/lib.rs - godot_api (line 1273) - compile fail ... ok
[INFO] [stdout] test src/lib.rs - godot_api (line 1125) - compile ... FAILED
[INFO] [stdout] test src/lib.rs - godot_api (line 1141) - compile fail ... ok
[INFO] [stdout] test src/lib.rs - godot_api (line 782) - compile ... FAILED
[INFO] [stdout] test src/lib.rs - derive_godot_convert (line 1369) - compile ... FAILED
[INFO] [stdout] test src/lib.rs - derive_godot_convert (line 1492) - compile ... FAILED
[INFO] [stdout] test src/lib.rs - derive_godot_class (line 45) - compile ... FAILED
[INFO] [stdout] test src/lib.rs - godot_api (line 816) - compile ... FAILED
[INFO] [stdout] test src/lib.rs - godot_api (line 1235) - compile ... FAILED
[INFO] [stdout] test src/lib.rs - godot_api (line 1258) - compile fail ... ok
[INFO] [stdout] test src/lib.rs - godot_api (line 891) - compile ... FAILED
[INFO] [stdout] test src/lib.rs - godot_api (line 834) - compile ... FAILED
[INFO] [stdout] test src/lib.rs - godot_api (line 1016) - compile ... FAILED
[INFO] [stdout] test src/lib.rs - derive_godot_class (line 57) - compile ... FAILED
[INFO] [stdout] test src/lib.rs - godot_api (line 851) - compile ... FAILED
[INFO] [stdout] test src/lib.rs - godot_api (line 957) - compile ... FAILED
[INFO] [stdout] test src/lib.rs - godot_api (line 978) - compile ... FAILED
[INFO] [stdout] test src/lib.rs - godot_api (line 1202) - compile ... FAILED
[INFO] [stdout] test src/lib.rs - godot_api (line 928) - compile ... FAILED
[INFO] [stdout] test src/lib.rs - derive_godot_class (line 73) - compile ... FAILED
[INFO] [stdout] test src/lib.rs - godot_dyn (line 1316) - compile ... FAILED
[INFO] [stdout] test src/lib.rs - derive_godot_class (line 88) - compile ... FAILED
[INFO] [stdout] test src/lib.rs - godot_dyn (line 1329) - compile ... FAILED
[INFO] [stdout] test src/lib.rs - godot_api (line 867) - compile fail ... ok
[INFO] [stdout] 
[INFO] [stdout] failures:
[INFO] [stdout] 
[INFO] [stdout] ---- src/lib.rs - derive_godot_class (line 317) stdout ----
[INFO] [stdout] error[E0433]: cannot find module or crate `godot` in this scope
[INFO] [stdout]    --> src/lib.rs:318:5
[INFO] [stdout]     |
[INFO] [stdout] 318 | use godot::prelude::*;
[INFO] [stdout]     |     ^^^^^ use of unresolved module or unlinked crate `godot`
[INFO] [stdout]     |
[INFO] [stdout]     = help: if you wanted to use a crate named `godot`, use `cargo add godot` to add it to your `Cargo.toml`
[INFO] [stdout] 
[INFO] [stdout] error: cannot find derive macro `GodotClass` in this scope
[INFO] [stdout]    --> src/lib.rs:321:10
[INFO] [stdout]     |
[INFO] [stdout] 321 | #[derive(GodotClass)]
[INFO] [stdout]     |          ^^^^^^^^^^
[INFO] [stdout] 
[INFO] [stdout] error: cannot find attribute `class` in this scope
[INFO] [stdout]    --> src/lib.rs:322:3
[INFO] [stdout]     |
[INFO] [stdout] 322 | #[class(init)]
[INFO] [stdout]     |   ^^^^^
[INFO] [stdout] 
[INFO] [stdout] error: cannot find attribute `export` in this scope
[INFO] [stdout]    --> src/lib.rs:324:7
[INFO] [stdout]     |
[INFO] [stdout] 324 |     #[export(range = (0.0, MAX_HEALTH))]
[INFO] [stdout]     |       ^^^^^^
[INFO] [stdout]     |
[INFO] [stdout] help: a built-in attribute with a similar name exists
[INFO] [stdout]     |
[INFO] [stdout] 324 -     #[export(range = (0.0, MAX_HEALTH))]
[INFO] [stdout] 324 +     #[expect(range = (0.0, MAX_HEALTH))]
[INFO] [stdout]     |
[INFO] [stdout] 
[INFO] [stdout] error: cannot find attribute `export` in this scope
[INFO] [stdout]    --> src/lib.rs:327:7
[INFO] [stdout]     |
[INFO] [stdout] 327 |     #[export(flags = (A = 0b0001, B = 0b0010, C = 0b0100, D = 0b1000))]
[INFO] [stdout]     |       ^^^^^^
[INFO] [stdout]     |
[INFO] [stdout] help: a built-in attribute with a similar name exists
[INFO] [stdout]     |
[INFO] [stdout] 327 -     #[export(flags = (A = 0b0001, B = 0b0010, C = 0b0100, D = 0b1000))]
[INFO] [stdout] 327 +     #[expect(flags = (A = 0b0001, B = 0b0010, C = 0b0100, D = 0b1000))]
[INFO] [stdout]     |
[INFO] [stdout] 
[INFO] [stdout] error: aborting due to 5 previous errors
[INFO] [stdout] 
[INFO] [stdout] For more information about this error, try `rustc --explain E0433`.
[INFO] [stdout] Couldn't compile the test.
[INFO] [stdout] ---- src/lib.rs - derive_godot_class (line 444) stdout ----
[INFO] [stdout] error[E0433]: cannot find module or crate `godot` in this scope
[INFO] [stdout]    --> src/lib.rs:445:5
[INFO] [stdout]     |
[INFO] [stdout] 445 | use godot::prelude::*;
[INFO] [stdout]     |     ^^^^^ use of unresolved module or unlinked crate `godot`
[INFO] [stdout]     |
[INFO] [stdout]     = help: if you wanted to use a crate named `godot`, use `cargo add godot` to add it to your `Cargo.toml`
[INFO] [stdout] 
[INFO] [stdout] error[E0433]: cannot find module or crate `godot` in this scope
[INFO] [stdout]    --> src/lib.rs:446:5
[INFO] [stdout]     |
[INFO] [stdout] 446 | use godot::obj::WithBaseField;
[INFO] [stdout]     |     ^^^^^ use of unresolved module or unlinked crate `godot`
[INFO] [stdout]     |
[INFO] [stdout]     = help: if you wanted to use a crate named `godot`, use `cargo add godot` to add it to your `Cargo.toml`
[INFO] [stdout] 
[INFO] [stdout] error[E0432]: unresolved import `godot::obj::WithBaseField`
[INFO] [stdout]    --> src/lib.rs:446:5
[INFO] [stdout]     |
[INFO] [stdout] 446 | use godot::obj::WithBaseField;
[INFO] [stdout]     |     ^^^^^^^^^^^^^^^^^^^^^^^^^
[INFO] [stdout] 
[INFO] [stdout] error: cannot find attribute `godot_api` in this scope
[INFO] [stdout]    --> src/lib.rs:460:3
[INFO] [stdout]     |
[INFO] [stdout] 460 | #[godot_api]
[INFO] [stdout]     |   ^^^^^^^^^
[INFO] [stdout] 
[INFO] [stdout] error: cannot find derive macro `GodotClass` in this scope
[INFO] [stdout]    --> src/lib.rs:448:10
[INFO] [stdout]     |
[INFO] [stdout] 448 | #[derive(GodotClass)]
[INFO] [stdout]     |          ^^^^^^^^^^
[INFO] [stdout] 
[INFO] [stdout] error: cannot find attribute `class` in this scope
[INFO] [stdout]    --> src/lib.rs:449:3
[INFO] [stdout]     |
[INFO] [stdout] 449 | #[class(init, tool, base = Node)]
[INFO] [stdout]     |   ^^^^^
[INFO] [stdout] 
[INFO] [stdout] error: cannot find attribute `export_tool_button` in this scope
[INFO] [stdout]    --> src/lib.rs:451:7
[INFO] [stdout]     |
[INFO] [stdout] 451 |     #[export_tool_button(fn = Self::my_method, icon = "2DNodes")]
[INFO] [stdout]     |       ^^^^^^^^^^^^^^^^^^
[INFO] [stdout] 
[INFO] [stdout] error: cannot find attribute `export_tool_button` in this scope
[INFO] [stdout]    --> src/lib.rs:454:7
[INFO] [stdout]     |
[INFO] [stdout] 454 |     #[export_tool_button(fn = generic_fn, name = "My custom name for tool button")]
[INFO] [stdout]     |       ^^^^^^^^^^^^^^^^^^
[INFO] [stdout] 
[INFO] [stdout] error[E0425]: cannot find type `PhantomVar` in this scope
[INFO] [stdout]    --> src/lib.rs:452:18
[INFO] [stdout]     |
[INFO] [stdout] 452 |     tool_button: PhantomVar<Callable>,
[INFO] [stdout]     |                  ^^^^^^^^^^ not found in this scope
[INFO] [stdout] 
[INFO] [stdout] error[E0425]: cannot find type `Callable` in this scope
[INFO] [stdout]    --> src/lib.rs:452:29
[INFO] [stdout]     |
[INFO] [stdout] 452 |     tool_button: PhantomVar<Callable>,
[INFO] [stdout]     |                             ^^^^^^^^ not found in this scope
[INFO] [stdout]     |
[INFO] [stdout] help: you might be missing a type parameter
[INFO] [stdout]     |
[INFO] [stdout] 450 | struct MyStruct<Callable> {
[INFO] [stdout]     |                ++++++++++
[INFO] [stdout] 
[INFO] [stdout] error[E0425]: cannot find type `PhantomVar` in this scope
[INFO] [stdout]    --> src/lib.rs:455:27
[INFO] [stdout]     |
[INFO] [stdout] 455 |     my_other_tool_button: PhantomVar<Callable>,
[INFO] [stdout]     |                           ^^^^^^^^^^ not found in this scope
[INFO] [stdout] 
[INFO] [stdout] error[E0425]: cannot find type `Callable` in this scope
[INFO] [stdout]    --> src/lib.rs:455:38
[INFO] [stdout]     |
[INFO] [stdout] 455 |     my_other_tool_button: PhantomVar<Callable>,
[INFO] [stdout]     |                                      ^^^^^^^^ not found in this scope
[INFO] [stdout]     |
[INFO] [stdout] help: you might be missing a type parameter
[INFO] [stdout]     |
[INFO] [stdout] 450 | struct MyStruct<Callable> {
[INFO] [stdout]     |                ++++++++++
[INFO] [stdout] 
[INFO] [stdout] error[E0425]: cannot find type `Base` in this scope
[INFO] [stdout]    --> src/lib.rs:457:11
[INFO] [stdout]     |
[INFO] [stdout] 457 |     base: Base<Node>,
[INFO] [stdout]     |           ^^^^ not found in this scope
[INFO] [stdout] 
[INFO] [stdout] error[E0425]: cannot find type `Node` in this scope
[INFO] [stdout]    --> src/lib.rs:457:16
[INFO] [stdout]     |
[INFO] [stdout] 457 |     base: Base<Node>,
[INFO] [stdout]     |                ^^^^ not found in this scope
[INFO] [stdout]     |
[INFO] [stdout] help: you might be missing a type parameter
[INFO] [stdout]     |
[INFO] [stdout] 450 | struct MyStruct<Node> {
[INFO] [stdout]     |                ++++++
[INFO] [stdout] 
[INFO] [stdout] error[E0405]: cannot find trait `GodotClass` in this scope
[INFO] [stdout]    --> src/lib.rs:465:18
[INFO] [stdout]     |
[INFO] [stdout] 465 | fn generic_fn<T: GodotClass<Base=Node> + WithBaseField>(this: &mut T) {
[INFO] [stdout]     |                  ^^^^^^^^^^ not found in this scope
[INFO] [stdout] 
[INFO] [stdout] error[E0425]: cannot find type `Node` in this scope
[INFO] [stdout]    --> src/lib.rs:465:34
[INFO] [stdout]     |
[INFO] [stdout] 465 | fn generic_fn<T: GodotClass<Base=Node> + WithBaseField>(this: &mut T) {
[INFO] [stdout]     |                                  ^^^^ not found in this scope
[INFO] [stdout] 
[INFO] [stdout] error[E0433]: cannot find type `Node` in this scope
[INFO] [stdout]    --> src/lib.rs:466:20
[INFO] [stdout]     |
[INFO] [stdout] 466 |     let mut node = Node::new_alloc();
[INFO] [stdout]     |                    ^^^^ use of undeclared type `Node`
[INFO] [stdout] 
[INFO] [stdout] error: aborting due to 17 previous errors
[INFO] [stdout] 
[INFO] [stdout] Some errors have detailed explanations: E0405, E0425, E0432, E0433.
[INFO] [stdout] For more information about an error, try `rustc --explain E0405`.
[INFO] [stdout] Couldn't compile the test.
[INFO] [stdout] ---- src/lib.rs - derive_godot_class (line 398) stdout ----
[INFO] [stdout] error[E0433]: cannot find module or crate `godot` in this scope
[INFO] [stdout]    --> src/lib.rs:399:5
[INFO] [stdout]     |
[INFO] [stdout] 399 | use godot::prelude::*;
[INFO] [stdout]     |     ^^^^^ use of unresolved module or unlinked crate `godot`
[INFO] [stdout]     |
[INFO] [stdout]     = help: if you wanted to use a crate named `godot`, use `cargo add godot` to add it to your `Cargo.toml`
[INFO] [stdout] 
[INFO] [stdout] error: cannot find derive macro `GodotClass` in this scope
[INFO] [stdout]    --> src/lib.rs:400:10
[INFO] [stdout]     |
[INFO] [stdout] 400 | #[derive(GodotClass)]
[INFO] [stdout]     |          ^^^^^^^^^^
[INFO] [stdout] 
[INFO] [stdout] error: cannot find attribute `class` in this scope
[INFO] [stdout]    --> src/lib.rs:401:3
[INFO] [stdout]     |
[INFO] [stdout] 401 | #[class(init)]
[INFO] [stdout]     |   ^^^^^
[INFO] [stdout] 
[INFO] [stdout] error: cannot find attribute `var` in this scope
[INFO] [stdout]    --> src/lib.rs:406:7
[INFO] [stdout]     |
[INFO] [stdout] 406 |     #[var(
[INFO] [stdout]     |       ^^^
[INFO] [stdout] 
[INFO] [stdout] error: aborting due to 4 previous errors
[INFO] [stdout] 
[INFO] [stdout] For more information about this error, try `rustc --explain E0433`.
[INFO] [stdout] Couldn't compile the test.
[INFO] [stdout] ---- src/lib.rs - derive_godot_class (line 106) stdout ----
[INFO] [stdout] error[E0433]: cannot find module or crate `godot` in this scope
[INFO] [stdout]    --> src/lib.rs:107:5
[INFO] [stdout]     |
[INFO] [stdout] 107 | use godot::prelude::*;
[INFO] [stdout]     |     ^^^^^ use of unresolved module or unlinked crate `godot`
[INFO] [stdout]     |
[INFO] [stdout]     = help: if you wanted to use a crate named `godot`, use `cargo add godot` to add it to your `Cargo.toml`
[INFO] [stdout] 
[INFO] [stdout] error: cannot find derive macro `GodotClass` in this scope
[INFO] [stdout]    --> src/lib.rs:108:10
[INFO] [stdout]     |
[INFO] [stdout] 108 | #[derive(GodotClass)]
[INFO] [stdout]     |          ^^^^^^^^^^
[INFO] [stdout] 
[INFO] [stdout] error: cannot find attribute `class` in this scope
[INFO] [stdout]    --> src/lib.rs:109:3
[INFO] [stdout]     |
[INFO] [stdout] 109 | #[class(init, base=Node2D)]
[INFO] [stdout]     |   ^^^^^
[INFO] [stdout] 
[INFO] [stdout] error: aborting due to 3 previous errors
[INFO] [stdout] 
[INFO] [stdout] For more information about this error, try `rustc --explain E0433`.
[INFO] [stdout] Couldn't compile the test.
[INFO] [stdout] ---- src/lib.rs - derive_godot_class (line 237) stdout ----
[INFO] [stdout] error[E0433]: cannot find module or crate `godot` in this scope
[INFO] [stdout]    --> src/lib.rs:238:5
[INFO] [stdout]     |
[INFO] [stdout] 238 | use godot::prelude::{GodotClass, Node3D, Gd, OnEditor};
[INFO] [stdout]     |     ^^^^^ use of unresolved module or unlinked crate `godot`
[INFO] [stdout]     |
[INFO] [stdout]     = help: if you wanted to use a crate named `godot`, use `cargo add godot` to add it to your `Cargo.toml`
[INFO] [stdout] 
[INFO] [stdout] error: cannot find attribute `class` in this scope
[INFO] [stdout]    --> src/lib.rs:240:3
[INFO] [stdout]     |
[INFO] [stdout] 240 | #[class(init)]
[INFO] [stdout]     |   ^^^^^
[INFO] [stdout] 
[INFO] [stdout] error: cannot find attribute `export` in this scope
[INFO] [stdout]    --> src/lib.rs:242:7
[INFO] [stdout]     |
[INFO] [stdout] 242 |     #[export]
[INFO] [stdout]     |       ^^^^^^
[INFO] [stdout]     |
[INFO] [stdout] help: a built-in attribute with a similar name exists
[INFO] [stdout]     |
[INFO] [stdout] 242 -     #[export]
[INFO] [stdout] 242 +     #[expect]
[INFO] [stdout]     |
[INFO] [stdout] 
[INFO] [stdout] error: cannot find attribute `export` in this scope
[INFO] [stdout]    --> src/lib.rs:245:7
[INFO] [stdout]     |
[INFO] [stdout] 245 |     #[export]
[INFO] [stdout]     |       ^^^^^^
[INFO] [stdout]     |
[INFO] [stdout] help: a built-in attribute with a similar name exists
[INFO] [stdout]     |
[INFO] [stdout] 245 -     #[export]
[INFO] [stdout] 245 +     #[expect]
[INFO] [stdout]     |
[INFO] [stdout] 
[INFO] [stdout] error: aborting due to 4 previous errors
[INFO] [stdout] 
[INFO] [stdout] For more information about this error, try `rustc --explain E0433`.
[INFO] [stdout] Couldn't compile the test.
[INFO] [stdout] ---- src/lib.rs - derive_godot_class (line 216) stdout ----
[INFO] [stdout] error[E0433]: cannot find module or crate `godot` in this scope
[INFO] [stdout]    --> src/lib.rs:217:5
[INFO] [stdout]     |
[INFO] [stdout] 217 | use godot::prelude::*;
[INFO] [stdout]     |     ^^^^^ use of unresolved module or unlinked crate `godot`
[INFO] [stdout]     |
[INFO] [stdout]     = help: if you wanted to use a crate named `godot`, use `cargo add godot` to add it to your `Cargo.toml`
[INFO] [stdout] 
[INFO] [stdout] error: cannot find derive macro `GodotClass` in this scope
[INFO] [stdout]    --> src/lib.rs:218:10
[INFO] [stdout]     |
[INFO] [stdout] 218 | #[derive(GodotClass)]
[INFO] [stdout]     |          ^^^^^^^^^^
[INFO] [stdout] 
[INFO] [stdout] error: cannot find attribute `class` in this scope
[INFO] [stdout]    --> src/lib.rs:219:3
[INFO] [stdout]     |
[INFO] [stdout] 219 | #[class(init)]
[INFO] [stdout]     |   ^^^^^
[INFO] [stdout] 
[INFO] [stdout] error: cannot find attribute `var` in this scope
[INFO] [stdout]    --> src/lib.rs:221:7
[INFO] [stdout]     |
[INFO] [stdout] 221 |     #[var(rename = my_godot_field)]
[INFO] [stdout]     |       ^^^
[INFO] [stdout] 
[INFO] [stdout] error: aborting due to 4 previous errors
[INFO] [stdout] 
[INFO] [stdout] For more information about this error, try `rustc --explain E0433`.
[INFO] [stdout] Couldn't compile the test.
[INFO] [stdout] ---- src/lib.rs - derive_godot_class (line 141) stdout ----
[INFO] [stdout] error[E0433]: cannot find module or crate `godot` in this scope
[INFO] [stdout]    --> src/lib.rs:142:5
[INFO] [stdout]     |
[INFO] [stdout] 142 | use godot::prelude::*;
[INFO] [stdout]     |     ^^^^^ use of unresolved module or unlinked crate `godot`
[INFO] [stdout]     |
[INFO] [stdout]     = help: if you wanted to use a crate named `godot`, use `cargo add godot` to add it to your `Cargo.toml`
[INFO] [stdout] 
[INFO] [stdout] error: cannot find derive macro `GodotClass` in this scope
[INFO] [stdout]    --> src/lib.rs:143:10
[INFO] [stdout]     |
[INFO] [stdout] 143 | #[derive(GodotClass)]
[INFO] [stdout]     |          ^^^^^^^^^^
[INFO] [stdout] 
[INFO] [stdout] error: cannot find attribute `class` in this scope
[INFO] [stdout]    --> src/lib.rs:144:3
[INFO] [stdout]     |
[INFO] [stdout] 144 | #[class(init)]
[INFO] [stdout]     |   ^^^^^
[INFO] [stdout] 
[INFO] [stdout] error: cannot find attribute `var` in this scope
[INFO] [stdout]    --> src/lib.rs:146:7
[INFO] [stdout]     |
[INFO] [stdout] 146 |     #[var]
[INFO] [stdout]     |       ^^^
[INFO] [stdout] 
[INFO] [stdout] error: aborting due to 4 previous errors
[INFO] [stdout] 
[INFO] [stdout] For more information about this error, try `rustc --explain E0433`.
[INFO] [stdout] Couldn't compile the test.
[INFO] [stdout] ---- src/lib.rs - derive_godot_class (line 118) stdout ----
[INFO] [stdout] error[E0433]: cannot find module or crate `godot` in this scope
[INFO] [stdout]    --> src/lib.rs:119:5
[INFO] [stdout]     |
[INFO] [stdout] 119 | use godot::prelude::*;
[INFO] [stdout]     |     ^^^^^ use of unresolved module or unlinked crate `godot`
[INFO] [stdout]     |
[INFO] [stdout]     = help: if you wanted to use a crate named `godot`, use `cargo add godot` to add it to your `Cargo.toml`
[INFO] [stdout] 
[INFO] [stdout] error: cannot find derive macro `GodotClass` in this scope
[INFO] [stdout]    --> src/lib.rs:120:10
[INFO] [stdout]     |
[INFO] [stdout] 120 | #[derive(GodotClass)]
[INFO] [stdout]     |          ^^^^^^^^^^
[INFO] [stdout] 
[INFO] [stdout] error: cannot find attribute `class` in this scope
[INFO] [stdout]    --> src/lib.rs:121:3
[INFO] [stdout]     |
[INFO] [stdout] 121 | #[class(init, base=Node2D)]
[INFO] [stdout]     |   ^^^^^
[INFO] [stdout] 
[INFO] [stdout] error[E0425]: cannot find type `Base` in this scope
[INFO] [stdout]    --> src/lib.rs:123:11
[INFO] [stdout]     |
[INFO] [stdout] 123 |     base: Base<Node2D>,
[INFO] [stdout]     |           ^^^^ not found in this scope
[INFO] [stdout] 
[INFO] [stdout] error[E0425]: cannot find type `Node2D` in this scope
[INFO] [stdout]    --> src/lib.rs:123:16
[INFO] [stdout]     |
[INFO] [stdout] 123 |     base: Base<Node2D>,
[INFO] [stdout]     |                ^^^^^^ not found in this scope
[INFO] [stdout]     |
[INFO] [stdout] help: you might be missing a type parameter
[INFO] [stdout]     |
[INFO] [stdout] 122 | struct MyStruct<Node2D> {
[INFO] [stdout]     |                ++++++++
[INFO] [stdout] 
[INFO] [stdout] error: aborting due to 5 previous errors
[INFO] [stdout] 
[INFO] [stdout] Some errors have detailed explanations: E0425, E0433.
[INFO] [stdout] For more information about an error, try `rustc --explain E0425`.
[INFO] [stdout] Couldn't compile the test.
[INFO] [stdout] ---- src/lib.rs - derive_godot_class (line 346) stdout ----
[INFO] [stdout] error[E0433]: cannot find module or crate `godot` in this scope
[INFO] [stdout]    --> src/lib.rs:347:5
[INFO] [stdout]     |
[INFO] [stdout] 347 | use godot::prelude::*;
[INFO] [stdout]     |     ^^^^^ use of unresolved module or unlinked crate `godot`
[INFO] [stdout]     |
[INFO] [stdout]     = help: if you wanted to use a crate named `godot`, use `cargo add godot` to add it to your `Cargo.toml`
[INFO] [stdout] 
[INFO] [stdout] error: cannot find derive macro `GodotClass` in this scope
[INFO] [stdout]    --> src/lib.rs:350:11
[INFO] [stdout]     |
[INFO] [stdout] 350 |  #[derive(GodotClass)]
[INFO] [stdout]     |           ^^^^^^^^^^
[INFO] [stdout] 
[INFO] [stdout] error: cannot find attribute `class` in this scope
[INFO] [stdout]    --> src/lib.rs:351:3
[INFO] [stdout]     |
[INFO] [stdout] 351 | #[class(init)]
[INFO] [stdout]     |   ^^^^^
[INFO] [stdout] 
[INFO] [stdout] error: cannot find attribute `export` in this scope
[INFO] [stdout]    --> src/lib.rs:355:8
[INFO] [stdout]     |
[INFO] [stdout] 355 |      #[export]
[INFO] [stdout]     |        ^^^^^^
[INFO] [stdout]     |
[INFO] [stdout] help: a built-in attribute with a similar name exists
[INFO] [stdout]     |
[INFO] [stdout] 355 -      #[export]
[INFO] [stdout] 355 +      #[expect]
[INFO] [stdout]     |
[INFO] [stdout] 
[INFO] [stdout] error: cannot find attribute `export_group` in this scope
[INFO] [stdout]    --> src/lib.rs:356:8
[INFO] [stdout]     |
[INFO] [stdout] 356 |      #[export_group(name = "Group 1")]
[INFO] [stdout]     |        ^^^^^^^^^^^^
[INFO] [stdout] 
[INFO] [stdout] error: cannot find attribute `export` in this scope
[INFO] [stdout]    --> src/lib.rs:360:8
[INFO] [stdout]     |
[INFO] [stdout] 360 |      #[export]
[INFO] [stdout]     |        ^^^^^^
[INFO] [stdout]     |
[INFO] [stdout] help: a built-in attribute with a similar name exists
[INFO] [stdout]     |
[INFO] [stdout] 360 -      #[export]
[INFO] [stdout] 360 +      #[expect]
[INFO] [stdout]     |
[INFO] [stdout] 
[INFO] [stdout] error: cannot find attribute `export_group` in this scope
[INFO] [stdout]    --> src/lib.rs:365:8
[INFO] [stdout]     |
[INFO] [stdout] 365 |      #[export_group(name = "my group", prefix = "grouped_")]
[INFO] [stdout]     |        ^^^^^^^^^^^^
[INFO] [stdout] 
[INFO] [stdout] error: cannot find attribute `export` in this scope
[INFO] [stdout]    --> src/lib.rs:366:8
[INFO] [stdout]     |
[INFO] [stdout] 366 |      #[export]
[INFO] [stdout]     |        ^^^^^^
[INFO] [stdout]     |
[INFO] [stdout] help: a built-in attribute with a similar name exists
[INFO] [stdout]     |
[INFO] [stdout] 366 -      #[export]
[INFO] [stdout] 366 +      #[expect]
[INFO] [stdout]     |
[INFO] [stdout] 
[INFO] [stdout] error: cannot find attribute `export_subgroup` in this scope
[INFO] [stdout]    --> src/lib.rs:371:8
[INFO] [stdout]     |
[INFO] [stdout] 371 |      #[export_subgroup(name = "my subgroup")]
[INFO] [stdout]     |        ^^^^^^^^^^^^^^^
[INFO] [stdout] 
[INFO] [stdout] error: cannot find attribute `export` in this scope
[INFO] [stdout]    --> src/lib.rs:372:8
[INFO] [stdout]     |
[INFO] [stdout] 372 |      #[export]
[INFO] [stdout]     |        ^^^^^^
[INFO] [stdout]     |
[INFO] [stdout] help: a built-in attribute with a similar name exists
[INFO] [stdout]     |
[INFO] [stdout] 372 -      #[export]
[INFO] [stdout] 372 +      #[expect]
[INFO] [stdout]     |
[INFO] [stdout] 
[INFO] [stdout] error: cannot find attribute `export_subgroup` in this scope
[INFO] [stdout]    --> src/lib.rs:378:8
[INFO] [stdout]     |
[INFO] [stdout] 378 |      #[export_subgroup(name = "")]
[INFO] [stdout]     |        ^^^^^^^^^^^^^^^
[INFO] [stdout] 
[INFO] [stdout] error: cannot find attribute `export` in this scope
[INFO] [stdout]    --> src/lib.rs:379:8
[INFO] [stdout]     |
[INFO] [stdout] 379 |      #[export]
[INFO] [stdout]     |        ^^^^^^
[INFO] [stdout]     |
[INFO] [stdout] help: a built-in attribute with a similar name exists
[INFO] [stdout]     |
[INFO] [stdout] 379 -      #[export]
[INFO] [stdout] 379 +      #[expect]
[INFO] [stdout]     |
[INFO] [stdout] 
[INFO] [stdout] error: cannot find attribute `export` in this scope
[INFO] [stdout]    --> src/lib.rs:383:8
[INFO] [stdout]     |
[INFO] [stdout] 383 |      #[export]
[INFO] [stdout]     |        ^^^^^^
[INFO] [stdout]     |
[INFO] [stdout] help: a built-in attribute with a similar name exists
[INFO] [stdout]     |
[INFO] [stdout] 383 -      #[export]
[INFO] [stdout] 383 +      #[expect]
[INFO] [stdout]     |
[INFO] [stdout] 
[INFO] [stdout] error: aborting due to 13 previous errors
[INFO] [stdout] 
[INFO] [stdout] For more information about this error, try `rustc --explain E0433`.
[INFO] [stdout] Couldn't compile the test.
[INFO] [stdout] ---- src/lib.rs - derive_godot_class (line 642) stdout ----
[INFO] [stdout] error[E0433]: cannot find module or crate `godot` in this scope
[INFO] [stdout]    --> src/lib.rs:643:5
[INFO] [stdout]     |
[INFO] [stdout] 643 | use godot::prelude::*;
[INFO] [stdout]     |     ^^^^^ use of unresolved module or unlinked crate `godot`
[INFO] [stdout]     |
[INFO] [stdout]     = help: if you wanted to use a crate named `godot`, use `cargo add godot` to add it to your `Cargo.toml`
[INFO] [stdout] 
[INFO] [stdout] error[E0433]: cannot find module or crate `godot` in this scope
[INFO] [stdout]    --> src/lib.rs:644:5
[INFO] [stdout]     |
[INFO] [stdout] 644 | use godot::classes::Object;
[INFO] [stdout]     |     ^^^^^ use of unresolved module or unlinked crate `godot`
[INFO] [stdout]     |
[INFO] [stdout]     = help: if you wanted to use a crate named `godot`, use `cargo add godot` to add it to your `Cargo.toml`
[INFO] [stdout] 
[INFO] [stdout] error[E0432]: unresolved import `godot::classes::Object`
[INFO] [stdout]    --> src/lib.rs:644:5
[INFO] [stdout]     |
[INFO] [stdout] 644 | use godot::classes::Object;
[INFO] [stdout]     |     ^^^^^^^^^^^^^^^^^^^^^^
[INFO] [stdout] 
[INFO] [stdout] error: cannot find derive macro `GodotClass` in this scope
[INFO] [stdout]    --> src/lib.rs:645:10
[INFO] [stdout]     |
[INFO] [stdout] 645 | #[derive(GodotClass)]
[INFO] [stdout]     |          ^^^^^^^^^^
[INFO] [stdout] 
[INFO] [stdout] error: cannot find attribute `class` in this scope
[INFO] [stdout]    --> src/lib.rs:646:3
[INFO] [stdout]     |
[INFO] [stdout] 646 | #[class(init, singleton)]
[INFO] [stdout]     |   ^^^^^
[INFO] [stdout] 
[INFO] [stdout] error[E0425]: cannot find type `Base` in this scope
[INFO] [stdout]    --> src/lib.rs:650:11
[INFO] [stdout]     |
[INFO] [stdout] 650 |     base: Base<Object>,
[INFO] [stdout]     |           ^^^^ not found in this scope
[INFO] [stdout] 
[INFO] [stdout] error[E0599]: no associated function or constant named `singleton` found for struct `MySingleton` in the current scope
[INFO] [stdout]    --> src/lib.rs:654:24
[INFO] [stdout]     |
[INFO] [stdout] 647 | struct MySingleton {
[INFO] [stdout]     | ------------------ associated function or constant `singleton` not found for this struct
[INFO] [stdout] ...
[INFO] [stdout] 654 | let val = MySingleton::singleton().bind().my_field;
[INFO] [stdout]     |                        ^^^^^^^^^ associated function or constant not found in `MySingleton`
[INFO] [stdout] 
[INFO] [stdout] error: aborting due to 7 previous errors
[INFO] [stdout] 
[INFO] [stdout] Some errors have detailed explanations: E0425, E0432, E0433, E0599.
[INFO] [stdout] For more information about an error, try `rustc --explain E0425`.
[INFO] [stdout] Couldn't compile the test.
[INFO] [stdout] ---- src/lib.rs - derive_godot_class (line 629) stdout ----
[INFO] [stdout] error[E0433]: cannot find module or crate `godot` in this scope
[INFO] [stdout]    --> src/lib.rs:630:5
[INFO] [stdout]     |
[INFO] [stdout] 630 | use godot::prelude::*;
[INFO] [stdout]     |     ^^^^^ use of unresolved module or unlinked crate `godot`
[INFO] [stdout]     |
[INFO] [stdout]     = help: if you wanted to use a crate named `godot`, use `cargo add godot` to add it to your `Cargo.toml`
[INFO] [stdout] 
[INFO] [stdout] error: cannot find derive macro `GodotClass` in this scope
[INFO] [stdout]    --> src/lib.rs:631:10
[INFO] [stdout]     |
[INFO] [stdout] 631 | #[derive(GodotClass)]
[INFO] [stdout]     |          ^^^^^^^^^^
[INFO] [stdout] 
[INFO] [stdout] error: cannot find attribute `class` in this scope
[INFO] [stdout]    --> src/lib.rs:632:3
[INFO] [stdout]     |
[INFO] [stdout] 632 | #[class(base=Node, init, internal)]
[INFO] [stdout]     |   ^^^^^
[INFO] [stdout] 
[INFO] [stdout] error: aborting due to 3 previous errors
[INFO] [stdout] 
[INFO] [stdout] For more information about this error, try `rustc --explain E0433`.
[INFO] [stdout] Couldn't compile the test.
[INFO] [stdout] ---- src/lib.rs - derive_godot_class (line 266) stdout ----
[INFO] [stdout] error[E0433]: cannot find module or crate `godot` in this scope
[INFO] [stdout]    --> src/lib.rs:267:5
[INFO] [stdout]     |
[INFO] [stdout] 267 | use godot::prelude::*;
[INFO] [stdout]     |     ^^^^^ use of unresolved module or unlinked crate `godot`
[INFO] [stdout]     |
[INFO] [stdout]     = help: if you wanted to use a crate named `godot`, use `cargo add godot` to add it to your `Cargo.toml`
[INFO] [stdout] 
[INFO] [stdout] error: cannot find derive macro `GodotClass` in this scope
[INFO] [stdout]    --> src/lib.rs:268:10
[INFO] [stdout]     |
[INFO] [stdout] 268 | #[derive(GodotClass)]
[INFO] [stdout]     |          ^^^^^^^^^^
[INFO] [stdout] 
[INFO] [stdout] error: cannot find attribute `class` in this scope
[INFO] [stdout]    --> src/lib.rs:269:3
[INFO] [stdout]     |
[INFO] [stdout] 269 | #[class(init)]
[INFO] [stdout]     |   ^^^^^
[INFO] [stdout] 
[INFO] [stdout] error: cannot find attribute `export` in this scope
[INFO] [stdout]    --> src/lib.rs:272:7
[INFO] [stdout]     |
[INFO] [stdout] 272 |     #[export]
[INFO] [stdout]     |       ^^^^^^
[INFO] [stdout]     |
[INFO] [stdout] help: a built-in attribute with a similar name exists
[INFO] [stdout]     |
[INFO] [stdout] 272 -     #[export]
[INFO] [stdout] 272 +     #[expect]
[INFO] [stdout]     |
[INFO] [stdout] 
[INFO] [stdout] error: cannot find attribute `export` in this scope
[INFO] [stdout]    --> src/lib.rs:276:7
[INFO] [stdout]     |
[INFO] [stdout] 276 |     #[export(storage)]
[INFO] [stdout]     |       ^^^^^^
[INFO] [stdout]     |
[INFO] [stdout] help: a built-in attribute with a similar name exists
[INFO] [stdout]     |
[INFO] [stdout] 276 -     #[export(storage)]
[INFO] [stdout] 276 +     #[expect(storage)]
[INFO] [stdout]     |
[INFO] [stdout] 
[INFO] [stdout] error: cannot find attribute `export` in this scope
[INFO] [stdout]    --> src/lib.rs:280:7
[INFO] [stdout]     |
[INFO] [stdout] 280 |     #[export(node_path = ("Button", "TouchScreenButton"))]
[INFO] [stdout]     |       ^^^^^^
[INFO] [stdout]     |
[INFO] [stdout] help: a built-in attribute with a similar name exists
[INFO] [stdout]     |
[INFO] [stdout] 280 -     #[export(node_path = ("Button", "TouchScreenButton"))]
[INFO] [stdout] 280 +     #[expect(node_path = ("Button", "TouchScreenButton"))]
[INFO] [stdout]     |
[INFO] [stdout] 
[INFO] [stdout] error: cannot find attribute `export` in this scope
[INFO] [stdout]    --> src/lib.rs:284:7
[INFO] [stdout]     |
[INFO] [stdout] 284 |     #[export(range = (0.0, 10.0, or_greater))]
[INFO] [stdout]     |       ^^^^^^
[INFO] [stdout]     |
[INFO] [stdout] help: a built-in attribute with a similar name exists
[INFO] [stdout]     |
[INFO] [stdout] 284 -     #[export(range = (0.0, 10.0, or_greater))]
[INFO] [stdout] 284 +     #[expect(range = (0.0, 10.0, or_greater))]
[INFO] [stdout]     |
[INFO] [stdout] 
[INFO] [stdout] error: cannot find attribute `export` in this scope
[INFO] [stdout]    --> src/lib.rs:288:7
[INFO] [stdout]     |
[INFO] [stdout] 288 |     #[export(file)]
[INFO] [stdout]     |       ^^^^^^
[INFO] [stdout]     |
[INFO] [stdout] help: a built-in attribute with a similar name exists
[INFO] [stdout]     |
[INFO] [stdout] 288 -     #[export(file)]
[INFO] [stdout] 288 +     #[expect(file)]
[INFO] [stdout]     |
[INFO] [stdout] 
[INFO] [stdout] error: cannot find attribute `export` in this scope
[INFO] [stdout]    --> src/lib.rs:292:7
[INFO] [stdout]     |
[INFO] [stdout] 292 |     #[export(file = "*.gd")]
[INFO] [stdout]     |       ^^^^^^
[INFO] [stdout]     |
[INFO] [stdout] help: a built-in attribute with a similar name exists
[INFO] [stdout]     |
[INFO] [stdout] 292 -     #[export(file = "*.gd")]
[INFO] [stdout] 292 +     #[expect(file = "*.gd")]
[INFO] [stdout]     |
[INFO] [stdout] 
[INFO] [stdout] error: cannot find attribute `export` in this scope
[INFO] [stdout]    --> src/lib.rs:296:7
[INFO] [stdout]     |
[INFO] [stdout] 296 |     #[export(flags_3d_physics)]
[INFO] [stdout]     |       ^^^^^^
[INFO] [stdout]     |
[INFO] [stdout] help: a built-in attribute with a similar name exists
[INFO] [stdout]     |
[INFO] [stdout] 296 -     #[export(flags_3d_physics)]
[INFO] [stdout] 296 +     #[expect(flags_3d_physics)]
[INFO] [stdout]     |
[INFO] [stdout] 
[INFO] [stdout] error: cannot find attribute `export` in this scope
[INFO] [stdout]    --> src/lib.rs:300:7
[INFO] [stdout]     |
[INFO] [stdout] 300 |     #[export(exp_easing)]
[INFO] [stdout]     |       ^^^^^^
[INFO] [stdout]     |
[INFO] [stdout] help: a built-in attribute with a similar name exists
[INFO] [stdout]     |
[INFO] [stdout] 300 -     #[export(exp_easing)]
[INFO] [stdout] 300 +     #[expect(exp_easing)]
[INFO] [stdout]     |
[INFO] [stdout] 
[INFO] [stdout] error: cannot find attribute `export` in this scope
[INFO] [stdout]    --> src/lib.rs:304:7
[INFO] [stdout]     |
[INFO] [stdout] 304 |     #[export(enum = (One, Two, Ten = 10, Twelve = 12, Thirteen))]
[INFO] [stdout]     |       ^^^^^^
[INFO] [stdout]     |
[INFO] [stdout] help: a built-in attribute with a similar name exists
[INFO] [stdout]     |
[INFO] [stdout] 304 -     #[export(enum = (One, Two, Ten = 10, Twelve = 12, Thirteen))]
[INFO] [stdout] 304 +     #[expect(enum = (One, Two, Ten = 10, Twelve = 12, Thirteen))]
[INFO] [stdout]     |
[INFO] [stdout] 
[INFO] [stdout] error: cannot find attribute `export` in this scope
[INFO] [stdout]    --> src/lib.rs:308:7
[INFO] [stdout]     |
[INFO] [stdout] 308 |     #[export(flags = (A = 1, B = 2, AB = 3))]
[INFO] [stdout]     |       ^^^^^^
[INFO] [stdout]     |
[INFO] [stdout] help: a built-in attribute with a similar name exists
[INFO] [stdout]     |
[INFO] [stdout] 308 -     #[export(flags = (A = 1, B = 2, AB = 3))]
[INFO] [stdout] 308 +     #[expect(flags = (A = 1, B = 2, AB = 3))]
[INFO] [stdout]     |
[INFO] [stdout] 
[INFO] [stdout] error[E0425]: cannot find type `GString` in this scope
[INFO] [stdout]    --> src/lib.rs:277:20
[INFO] [stdout]     |
[INFO] [stdout] 277 |     hidden_string: GString,
[INFO] [stdout]     |                    ^^^^^^^ not found in this scope
[INFO] [stdout]     |
[INFO] [stdout] note: similarly named struct `String` defined here
[INFO] [stdout]    --> /rustc/e3feeb59cd1bdd011a2bfcc0747b55125d9b8527/library/alloc/src/string.rs:353:0
[INFO] [stdout] help: a struct with a similar name exists
[INFO] [stdout]     |
[INFO] [stdout] 277 -     hidden_string: GString,
[INFO] [stdout] 277 +     hidden_string: String,
[INFO] [stdout]     |
[INFO] [stdout] 
[INFO] [stdout] error[E0425]: cannot find type `NodePath` in this scope
[INFO] [stdout]    --> src/lib.rs:281:16
[INFO] [stdout]     |
[INFO] [stdout] 281 |     node_path: NodePath,
[INFO] [stdout]     |                ^^^^^^^^ not found in this scope
[INFO] [stdout] 
[INFO] [stdout] error[E0425]: cannot find type `GString` in this scope
[INFO] [stdout]    --> src/lib.rs:289:11
[INFO] [stdout]     |
[INFO] [stdout] 289 |     file: GString,
[INFO] [stdout]     |           ^^^^^^^ not found in this scope
[INFO] [stdout]     |
[INFO] [stdout] note: similarly named struct `String` defined here
[INFO] [stdout]    --> /rustc/e3feeb59cd1bdd011a2bfcc0747b55125d9b8527/library/alloc/src/string.rs:353:0
[INFO] [stdout] help: a struct with a similar name exists
[INFO] [stdout]     |
[INFO] [stdout] 289 -     file: GString,
[INFO] [stdout] 289 +     file: String,
[INFO] [stdout]     |
[INFO] [stdout] 
[INFO] [stdout] error[E0425]: cannot find type `GString` in this scope
[INFO] [stdout]    --> src/lib.rs:293:20
[INFO] [stdout]     |
[INFO] [stdout] 293 |     gdscript_file: GString,
[INFO] [stdout]     |                    ^^^^^^^ not found in this scope
[INFO] [stdout]     |
[INFO] [stdout] note: similarly named struct `String` defined here
[INFO] [stdout]    --> /rustc/e3feeb59cd1bdd011a2bfcc0747b55125d9b8527/library/alloc/src/string.rs:353:0
[INFO] [stdout] help: a struct with a similar name exists
[INFO] [stdout]     |
[INFO] [stdout] 293 -     gdscript_file: GString,
[INFO] [stdout] 293 +     gdscript_file: String,
[INFO] [stdout]     |
[INFO] [stdout] 
[INFO] [stdout] error: aborting due to 17 previous errors
[INFO] [stdout] 
[INFO] [stdout] Some errors have detailed explanations: E0425, E0433.
[INFO] [stdout] For more information about an error, try `rustc --explain E0425`.
[INFO] [stdout] Couldn't compile the test.
[INFO] [stdout] ---- src/lib.rs - derive_godot_class (line 156) stdout ----
[INFO] [stdout] error[E0433]: cannot find module or crate `godot` in this scope
[INFO] [stdout]    --> src/lib.rs:157:5
[INFO] [stdout]     |
[INFO] [stdout] 157 | use godot::prelude::*;
[INFO] [stdout]     |     ^^^^^ use of unresolved module or unlinked crate `godot`
[INFO] [stdout]     |
[INFO] [stdout]     = help: if you wanted to use a crate named `godot`, use `cargo add godot` to add it to your `Cargo.toml`
[INFO] [stdout] 
[INFO] [stdout] error: cannot find derive macro `GodotClass` in this scope
[INFO] [stdout]    --> src/lib.rs:158:10
[INFO] [stdout]     |
[INFO] [stdout] 158 | #[derive(GodotClass)]
[INFO] [stdout]     |          ^^^^^^^^^^
[INFO] [stdout] 
[INFO] [stdout] error: cannot find attribute `class` in this scope
[INFO] [stdout]    --> src/lib.rs:159:3
[INFO] [stdout]     |
[INFO] [stdout] 159 | #[class(init)]
[INFO] [stdout]     |   ^^^^^
[INFO] [stdout] 
[INFO] [stdout] error: cannot find attribute `var` in this scope
[INFO] [stdout]    --> src/lib.rs:161:7
[INFO] [stdout]     |
[INFO] [stdout] 161 |     #[var(pub)]
[INFO] [stdout]     |       ^^^
[INFO] [stdout] 
[INFO] [stdout] error[E0599]: no method named `get_my_field` found for reference `&MyStruct` in the current scope
[INFO] [stdout]    --> src/lib.rs:166:22
[INFO] [stdout]     |
[INFO] [stdout] 166 |     let f: i64 = obj.get_my_field();
[INFO] [stdout]     |                      ^^^^^^^^^^^^ method not found in `&MyStruct`
[INFO] [stdout] 
[INFO] [stdout] error: aborting due to 5 previous errors
[INFO] [stdout] 
[INFO] [stdout] Some errors have detailed explanations: E0433, E0599.
[INFO] [stdout] For more information about an error, try `rustc --explain E0433`.
[INFO] [stdout] Couldn't compile the test.
[INFO] [stdout] ---- src/lib.rs - derive_godot_class (line 174) stdout ----
[INFO] [stdout] error[E0433]: cannot find module or crate `godot` in this scope
[INFO] [stdout]    --> src/lib.rs:175:5
[INFO] [stdout]     |
[INFO] [stdout] 175 | use godot::prelude::*;
[INFO] [stdout]     |     ^^^^^ use of unresolved module or unlinked crate `godot`
[INFO] [stdout]     |
[INFO] [stdout]     = help: if you wanted to use a crate named `godot`, use `cargo add godot` to add it to your `Cargo.toml`
[INFO] [stdout] 
[INFO] [stdout] error: cannot find attribute `godot_api` in this scope
[INFO] [stdout]    --> src/lib.rs:198:3
[INFO] [stdout]     |
[INFO] [stdout] 198 | #[godot_api]
[INFO] [stdout]     |   ^^^^^^^^^
[INFO] [stdout] 
[INFO] [stdout] error: cannot find attribute `func` in this scope
[INFO] [stdout]    --> src/lib.rs:200:7
[INFO] [stdout]     |
[INFO] [stdout] 200 |     #[func] // #[func] is needed to make function visible to Godot.
[INFO] [stdout]     |       ^^^^
[INFO] [stdout] 
[INFO] [stdout] error: cannot find attribute `func` in this scope
[INFO] [stdout]    --> src/lib.rs:207:7
[INFO] [stdout]     |
[INFO] [stdout] 207 |     #[func]
[INFO] [stdout]     |       ^^^^
[INFO] [stdout] 
[INFO] [stdout] error: cannot find derive macro `GodotClass` in this scope
[INFO] [stdout]    --> src/lib.rs:176:10
[INFO] [stdout]     |
[INFO] [stdout] 176 | #[derive(GodotClass)]
[INFO] [stdout]     |          ^^^^^^^^^^
[INFO] [stdout] 
[INFO] [stdout] error: cannot find attribute `class` in this scope
[INFO] [stdout]    --> src/lib.rs:177:3
[INFO] [stdout]     |
[INFO] [stdout] 177 | #[class(init)]
[INFO] [stdout]     |   ^^^^^
[INFO] [stdout] 
[INFO] [stdout] error: cannot find attribute `var` in this scope
[INFO] [stdout]    --> src/lib.rs:180:7
[INFO] [stdout]     |
[INFO] [stdout] 180 |     #[var]
[INFO] [stdout]     |       ^^^
[INFO] [stdout] 
[INFO] [stdout] error: cannot find attribute `var` in this scope
[INFO] [stdout]    --> src/lib.rs:184:7
[INFO] [stdout]     |
[INFO] [stdout] 184 |     #[var(set)]
[INFO] [stdout]     |       ^^^
[INFO] [stdout] 
[INFO] [stdout] error: cannot find attribute `var` in this scope
[INFO] [stdout]    --> src/lib.rs:188:7
[INFO] [stdout]     |
[INFO] [stdout] 188 |     #[var(set = my_set_c)]
[INFO] [stdout]     |       ^^^
[INFO] [stdout] 
[INFO] [stdout] error: cannot find attribute `var` in this scope
[INFO] [stdout]    --> src/lib.rs:192:7
[INFO] [stdout]     |
[INFO] [stdout] 192 |     #[var(no_set)]
[INFO] [stdout]     |       ^^^
[INFO] [stdout] 
[INFO] [stdout] error: aborting due to 10 previous errors
[INFO] [stdout] 
[INFO] [stdout] For more information about this error, try `rustc --explain E0433`.
[INFO] [stdout] Couldn't compile the test.
[INFO] [stdout] ---- src/lib.rs - derive_godot_class (line 606) stdout ----
[INFO] [stdout] error[E0433]: cannot find module or crate `godot` in this scope
[INFO] [stdout]    --> src/lib.rs:608:5
[INFO] [stdout]     |
[INFO] [stdout] 608 | use godot::prelude::*;
[INFO] [stdout]     |     ^^^^^ use of unresolved module or unlinked crate `godot`
[INFO] [stdout]     |
[INFO] [stdout]     = help: if you wanted to use a crate named `godot`, use `cargo add godot` to add it to your `Cargo.toml`
[INFO] [stdout] 
[INFO] [stdout] error[E0433]: cannot find module or crate `godot` in this scope
[INFO] [stdout]    --> src/lib.rs:615:5
[INFO] [stdout]     |
[INFO] [stdout] 615 | use godot::prelude::*;
[INFO] [stdout]     |     ^^^^^ use of unresolved module or unlinked crate `godot`
[INFO] [stdout]     |
[INFO] [stdout]     = help: if you wanted to use a crate named `godot`, use `cargo add godot` to add it to your `Cargo.toml`
[INFO] [stdout] 
[INFO] [stdout] error: cannot find derive macro `GodotClass` in this scope
[INFO] [stdout]    --> src/lib.rs:616:14
[INFO] [stdout]     |
[INFO] [stdout] 616 |     #[derive(GodotClass)]
[INFO] [stdout]     |              ^^^^^^^^^^
[INFO] [stdout] 
[INFO] [stdout] error: cannot find attribute `class` in this scope
[INFO] [stdout]    --> src/lib.rs:617:7
[INFO] [stdout]     |
[INFO] [stdout] 617 |     #[class(init, rename=NpcToad)]
[INFO] [stdout]     |       ^^^^^
[INFO] [stdout] 
[INFO] [stdout] error: cannot find derive macro `GodotClass` in this scope
[INFO] [stdout]    --> src/lib.rs:609:14
[INFO] [stdout]     |
[INFO] [stdout] 609 |     #[derive(GodotClass)]
[INFO] [stdout]     |              ^^^^^^^^^^
[INFO] [stdout] 
[INFO] [stdout] error: cannot find attribute `class` in this scope
[INFO] [stdout]    --> src/lib.rs:610:7
[INFO] [stdout]     |
[INFO] [stdout] 610 |     #[class(init, rename=AnimalToad)]
[INFO] [stdout]     |       ^^^^^
[INFO] [stdout] 
[INFO] [stdout] error: aborting due to 6 previous errors
[INFO] [stdout] 
[INFO] [stdout] For more information about this error, try `rustc --explain E0433`.
[INFO] [stdout] Couldn't compile the test.
[INFO] [stdout] ---- src/lib.rs - derive_godot_class (line 717) stdout ----
[INFO] [stdout] error[E0433]: cannot find module or crate `godot` in this scope
[INFO] [stdout]    --> src/lib.rs:718:5
[INFO] [stdout]     |
[INFO] [stdout] 718 | use godot::prelude::*;
[INFO] [stdout]     |     ^^^^^ use of unresolved module or unlinked crate `godot`
[INFO] [stdout]     |
[INFO] [stdout]     = help: if you wanted to use a crate named `godot`, use `cargo add godot` to add it to your `Cargo.toml`
[INFO] [stdout] 
[INFO] [stdout] error: cannot find attribute `godot_api` in this scope
[INFO] [stdout]    --> src/lib.rs:734:3
[INFO] [stdout]     |
[INFO] [stdout] 734 | #[godot_api]
[INFO] [stdout]     |   ^^^^^^^^^
[INFO] [stdout] 
[INFO] [stdout] error: cannot find attribute `func` in this scope
[INFO] [stdout]    --> src/lib.rs:737:7
[INFO] [stdout]     |
[INFO] [stdout] 737 |     #[func]
[INFO] [stdout]     |       ^^^^
[INFO] [stdout] 
[INFO] [stdout] error: cannot find derive macro `GodotClass` in this scope
[INFO] [stdout]    --> src/lib.rs:719:10
[INFO] [stdout]     |
[INFO] [stdout] 719 | #[derive(GodotClass)]
[INFO] [stdout]     |          ^^^^^^^^^^
[INFO] [stdout] 
[INFO] [stdout] error: cannot find attribute `class` in this scope
[INFO] [stdout]    --> src/lib.rs:720:3
[INFO] [stdout]     |
[INFO] [stdout] 720 | #[class(init)]
[INFO] [stdout]     |   ^^^^^
[INFO] [stdout] 
[INFO] [stdout] error: cannot find attribute `var` in this scope
[INFO] [stdout]    --> src/lib.rs:730:7
[INFO] [stdout]     |
[INFO] [stdout] 730 |     #[var]
[INFO] [stdout]     |       ^^^
[INFO] [stdout] 
[INFO] [stdout] error: aborting due to 6 previous errors
[INFO] [stdout] 
[INFO] [stdout] For more information about this error, try `rustc --explain E0433`.
[INFO] [stdout] Couldn't compile the test.
[INFO] [stdout] ---- src/lib.rs - derive_godot_class (line 688) stdout ----
[INFO] [stdout] error[E0433]: cannot find module or crate `godot` in this scope
[INFO] [stdout]    --> src/lib.rs:689:5
[INFO] [stdout]     |
[INFO] [stdout] 689 | use godot::classes::Node;
[INFO] [stdout]     |     ^^^^^ use of unresolved module or unlinked crate `godot`
[INFO] [stdout]     |
[INFO] [stdout]     = help: if you wanted to use a crate named `godot`, use `cargo add godot` to add it to your `Cargo.toml`
[INFO] [stdout] 
[INFO] [stdout] error[E0433]: cannot find module or crate `godot` in this scope
[INFO] [stdout]    --> src/lib.rs:704:3
[INFO] [stdout]     |
[INFO] [stdout] 704 | #[godot::register::godot_api]
[INFO] [stdout]     |   ^^^^^ use of unresolved module or unlinked crate `godot`
[INFO] [stdout] 
[INFO] [stdout] error[E0433]: cannot find module or crate `godot` in this scope
[INFO] [stdout]    --> src/lib.rs:695:10
[INFO] [stdout]     |
[INFO] [stdout] 695 | #[derive(godot::register::GodotClass)]
[INFO] [stdout]     |          ^^^^^ use of unresolved module or unlinked crate `godot`
[INFO] [stdout] 
[INFO] [stdout] error: cannot find attribute `class` in this scope
[INFO] [stdout]    --> src/lib.rs:696:3
[INFO] [stdout]     |
[INFO] [stdout] 696 | #[class(base=Node)]
[INFO] [stdout]     |   ^^^^^
[INFO] [stdout] 
[INFO] [stdout] error: cannot find attribute `hint` in this scope
[INFO] [stdout]    --> src/lib.rs:698:6
[INFO] [stdout]     |
[INFO] [stdout] 698 |    #[hint(base)]
[INFO] [stdout]     |      ^^^^
[INFO] [stdout] 
[INFO] [stdout] error: cannot find attribute `hint` in this scope
[INFO] [stdout]    --> src/lib.rs:701:6
[INFO] [stdout]     |
[INFO] [stdout] 701 |    #[hint(no_base)]
[INFO] [stdout]     |      ^^^^
[INFO] [stdout] 
[INFO] [stdout] error[E0433]: cannot find module or crate `godot` in this scope
[INFO] [stdout]    --> src/lib.rs:692:17
[INFO] [stdout]     |
[INFO] [stdout] 692 | type Super<T> = godot::obj::Base<T>;
[INFO] [stdout]     |                 ^^^^^ use of unresolved module or unlinked crate `godot`
[INFO] [stdout]     |
[INFO] [stdout]     = help: if you wanted to use a crate named `godot`, use `cargo add godot` to add it to your `Cargo.toml`
[INFO] [stdout] 
[INFO] [stdout] error[E0433]: cannot find module or crate `godot` in this scope
[INFO] [stdout]    --> src/lib.rs:693:16
[INFO] [stdout]     |
[INFO] [stdout] 693 | type Base<T> = godot::obj::Gd<T>;
[INFO] [stdout]     |                ^^^^^ use of unresolved module or unlinked crate `godot`
[INFO] [stdout]     |
[INFO] [stdout]     = help: if you wanted to use a crate named `godot`, use `cargo add godot` to add it to your `Cargo.toml`
[INFO] [stdout] 
[INFO] [stdout] error[E0433]: cannot find module or crate `godot` in this scope
[INFO] [stdout]    --> src/lib.rs:705:6
[INFO] [stdout]     |
[INFO] [stdout] 705 | impl godot::classes::INode for MyStruct {
[INFO] [stdout]     |      ^^^^^ use of unresolved module or unlinked crate `godot`
[INFO] [stdout]     |
[INFO] [stdout]     = help: if you wanted to use a crate named `godot`, use `cargo add godot` to add it to your `Cargo.toml`
[INFO] [stdout] 
[INFO] [stdout] error[E0433]: cannot find module or crate `godot` in this scope
[INFO] [stdout]    --> src/lib.rs:706:19
[INFO] [stdout]     |
[INFO] [stdout] 706 |     fn init(base: godot::obj::Base<Self::Base>) -> Self { todo!() }
[INFO] [stdout]     |                   ^^^^^ use of unresolved module or unlinked crate `godot`
[INFO] [stdout]     |
[INFO] [stdout]     = help: if you wanted to use a crate named `godot`, use `cargo add godot` to add it to your `Cargo.toml`
[INFO] [stdout] 
[INFO] [stdout] error: aborting due to 10 previous errors
[INFO] [stdout] 
[INFO] [stdout] For more information about this error, try `rustc --explain E0433`.
[INFO] [stdout] Couldn't compile the test.
[INFO] [stdout] ---- src/lib.rs - derive_godot_class (line 507) stdout ----
[INFO] [stdout] error[E0433]: cannot find module or crate `godot` in this scope
[INFO] [stdout]    --> src/lib.rs:508:5
[INFO] [stdout]     |
[INFO] [stdout] 508 | use godot::prelude::*;
[INFO] [stdout]     |     ^^^^^ use of unresolved module or unlinked crate `godot`
[INFO] [stdout]     |
[INFO] [stdout]     = help: if you wanted to use a crate named `godot`, use `cargo add godot` to add it to your `Cargo.toml`
[INFO] [stdout] 
[INFO] [stdout] error: cannot find attribute `godot_api` in this scope
[INFO] [stdout]    --> src/lib.rs:534:3
[INFO] [stdout]     |
[INFO] [stdout] 534 | #[godot_api]
[INFO] [stdout]     |   ^^^^^^^^^
[INFO] [stdout] 
[INFO] [stdout] error: cannot find attribute `func` in this scope
[INFO] [stdout]    --> src/lib.rs:536:7
[INFO] [stdout]     |
[INFO] [stdout] 536 |     #[func]
[INFO] [stdout]     |       ^^^^
[INFO] [stdout] 
[INFO] [stdout] error: cannot find macro `godot_print` in this scope
[INFO] [stdout]    --> src/lib.rs:543:9
[INFO] [stdout]     |
[INFO] [stdout] 543 |         godot_print!("Hello from my fn!");
[INFO] [stdout]     |         ^^^^^^^^^^^
[INFO] [stdout] 
[INFO] [stdout] error: cannot find derive macro `GodotClass` in this scope
[INFO] [stdout]    --> src/lib.rs:509:10
[INFO] [stdout]     |
[INFO] [stdout] 509 | #[derive(GodotClass)]
[INFO] [stdout]     |          ^^^^^^^^^^
[INFO] [stdout] 
[INFO] [stdout] error: cannot find attribute `class` in this scope
[INFO] [stdout]    --> src/lib.rs:510:3
[INFO] [stdout]     |
[INFO] [stdout] 510 | #[class(tool, init, base=Node)]
[INFO] [stdout]     |   ^^^^^
[INFO] [stdout] 
[INFO] [stdout] error: cannot find attribute `var` in this scope
[INFO] [stdout]    --> src/lib.rs:513:7
[INFO] [stdout]     |
[INFO] [stdout] 513 |     #[var(
[INFO] [stdout]     |       ^^^
[INFO] [stdout] 
[INFO] [stdout] error: cannot find attribute `export_tool_button` in this scope
[INFO] [stdout]    --> src/lib.rs:523:7
[INFO] [stdout]     |
[INFO] [stdout] 523 |     #[export_tool_button(
[INFO] [stdout]     |       ^^^^^^^^^^^^^^^^^^
[INFO] [stdout] 
[INFO] [stdout] error[E0425]: cannot find type `PhantomVar` in this scope
[INFO] [stdout]    --> src/lib.rs:520:27
[INFO] [stdout]     |
[INFO] [stdout] 520 |     my_first_tool_button: PhantomVar<Callable>,
[INFO] [stdout]     |                           ^^^^^^^^^^ not found in this scope
[INFO] [stdout] 
[INFO] [stdout] error[E0425]: cannot find type `Callable` in this scope
[INFO] [stdout]    --> src/lib.rs:520:38
[INFO] [stdout]     |
[INFO] [stdout] 520 |     my_first_tool_button: PhantomVar<Callable>,
[INFO] [stdout]     |                                      ^^^^^^^^ not found in this scope
[INFO] [stdout]     |
[INFO] [stdout] help: you might be missing a type parameter
[INFO] [stdout]     |
[INFO] [stdout] 511 | struct Caller<Callable> {
[INFO] [stdout]     |              ++++++++++
[INFO] [stdout] 
[INFO] [stdout] error[E0425]: cannot find type `PhantomVar` in this scope
[INFO] [stdout]    --> src/lib.rs:528:28
[INFO] [stdout]     |
[INFO] [stdout] 528 |     my_second_tool_button: PhantomVar<Callable>,
[INFO] [stdout]     |                            ^^^^^^^^^^ not found in this scope
[INFO] [stdout] 
[INFO] [stdout] error[E0425]: cannot find type `Callable` in this scope
[INFO] [stdout]    --> src/lib.rs:528:39
[INFO] [stdout]     |
[INFO] [stdout] 528 |     my_second_tool_button: PhantomVar<Callable>,
[INFO] [stdout]     |                                       ^^^^^^^^ not found in this scope
[INFO] [stdout]     |
[INFO] [stdout] help: you might be missing a type parameter
[INFO] [stdout]     |
[INFO] [stdout] 511 | struct Caller<Callable> {
[INFO] [stdout]     |              ++++++++++
[INFO] [stdout] 
[INFO] [stdout] error[E0425]: cannot find type `Base` in this scope
[INFO] [stdout]    --> src/lib.rs:531:11
[INFO] [stdout]     |
[INFO] [stdout] 531 |     base: Base<Node>
[INFO] [stdout]     |           ^^^^ not found in this scope
[INFO] [stdout] 
[INFO] [stdout] error[E0425]: cannot find type `Node` in this scope
[INFO] [stdout]    --> src/lib.rs:531:16
[INFO] [stdout]     |
[INFO] [stdout] 531 |     base: Base<Node>
[INFO] [stdout]     |                ^^^^ not found in this scope
[INFO] [stdout]     |
[INFO] [stdout] help: you might be missing a type parameter
[INFO] [stdout]     |
[INFO] [stdout] 511 | struct Caller<Node> {
[INFO] [stdout]     |              ++++++
[INFO] [stdout] 
[INFO] [stdout] error[E0425]: cannot find type `Callable` in this scope
[INFO] [stdout]    --> src/lib.rs:537:34
[INFO] [stdout]     |
[INFO] [stdout] 537 |     fn get_my_callable(&self) -> Callable {
[INFO] [stdout]     |                                  ^^^^^^^^ not found in this scope
[INFO] [stdout] 
[INFO] [stdout] error[E0599]: no method named `to_gd` found for reference `&Caller` in the current scope
[INFO] [stdout]    --> src/lib.rs:538:28
[INFO] [stdout]     |
[INFO] [stdout] 538 |         let mut obj = self.to_gd();
[INFO] [stdout]     |                            ^^^^^ method not found in `&Caller`
[INFO] [stdout] 
[INFO] [stdout] error[E0433]: cannot find type `Callable` in this scope
[INFO] [stdout]    --> src/lib.rs:539:9
[INFO] [stdout]     |
[INFO] [stdout] 539 |         Callable::from_fn("my tool button callable", move |_args| Self::my_method(&mut *obj.bind_mut()))
[INFO] [stdout]     |         ^^^^^^^^ use of undeclared type `Callable`
[INFO] [stdout] 
[INFO] [stdout] error: aborting due to 17 previous errors
[INFO] [stdout] 
[INFO] [stdout] Some errors have detailed explanations: E0425, E0433, E0599.
[INFO] [stdout] For more information about an error, try `rustc --explain E0425`.
[INFO] [stdout] Couldn't compile the test.
[INFO] [stdout] ---- src/lib.rs - derive_godot_convert (line 1381) stdout ----
[INFO] [stdout] error[E0433]: cannot find module or crate `godot` in this scope
[INFO] [stdout]     --> src/lib.rs:1382:5
[INFO] [stdout]      |
[INFO] [stdout] 1382 | use godot::prelude::*;
[INFO] [stdout]      |     ^^^^^ use of unresolved module or unlinked crate `godot`
[INFO] [stdout]      |
[INFO] [stdout]      = help: if you wanted to use a crate named `godot`, use `cargo add godot` to add it to your `Cargo.toml`
[INFO] [stdout] 
[INFO] [stdout] error: cannot find derive macro `GodotConvert` in this scope
[INFO] [stdout]     --> src/lib.rs:1384:10
[INFO] [stdout]      |
[INFO] [stdout] 1384 | #[derive(GodotConvert)]
[INFO] [stdout]      |          ^^^^^^^^^^^^
[INFO] [stdout] 
[INFO] [stdout] error: cannot find attribute `godot` in this scope
[INFO] [stdout]     --> src/lib.rs:1385:3
[INFO] [stdout]      |
[INFO] [stdout] 1385 | #[godot(transparent)]
[INFO] [stdout]      |   ^^^^^
[INFO] [stdout] 
[INFO] [stdout] error[E0425]: cannot find type `GString` in this scope
[INFO] [stdout]     --> src/lib.rs:1387:13
[INFO] [stdout]      |
[INFO] [stdout] 1387 |     string: GString,
[INFO] [stdout]      |             ^^^^^^^ not found in this scope
[INFO] [stdout]      |
[INFO] [stdout] note: similarly named struct `String` defined here
[INFO] [stdout]     --> /rustc/e3feeb59cd1bdd011a2bfcc0747b55125d9b8527/library/alloc/src/string.rs:353:0
[INFO] [stdout] help: a struct with a similar name exists
[INFO] [stdout]      |
[INFO] [stdout] 1387 -     string: GString,
[INFO] [stdout] 1387 +     string: String,
[INFO] [stdout]      |
[INFO] [stdout] 
[INFO] [stdout] error[E0599]: no method named `to_godot` found for struct `MyNewtype` in the current scope
[INFO] [stdout]     --> src/lib.rs:1394:16
[INFO] [stdout]      |
[INFO] [stdout] 1386 | struct MyNewtype {
[INFO] [stdout]      | ---------------- method `to_godot` not found for this struct
[INFO] [stdout] ...
[INFO] [stdout] 1394 | assert_eq!(obj.to_godot(), &GString::from("hello!"));
[INFO] [stdout]      |                ^^^^^^^^ method not found in `MyNewtype`
[INFO] [stdout] 
[INFO] [stdout] error[E0433]: cannot find type `GString` in this scope
[INFO] [stdout]     --> src/lib.rs:1394:29
[INFO] [stdout]      |
[INFO] [stdout] 1394 | assert_eq!(obj.to_godot(), &GString::from("hello!"));
[INFO] [stdout]      |                             ^^^^^^^ use of undeclared type `GString`
[INFO] [stdout]      |
[INFO] [stdout] help: a struct with a similar name exists
[INFO] [stdout]      |
[INFO] [stdout] 1394 - assert_eq!(obj.to_godot(), &GString::from("hello!"));
[INFO] [stdout] 1394 + assert_eq!(obj.to_godot(), &String::from("hello!"));
[INFO] [stdout]      |
[INFO] [stdout] 
[INFO] [stdout] error: aborting due to 6 previous errors
[INFO] [stdout] 
[INFO] [stdout] Some errors have detailed explanations: E0425, E0433, E0599.
[INFO] [stdout] For more information about an error, try `rustc --explain E0425`.
[INFO] [stdout] Couldn't compile the test.
[INFO] [stdout] ---- src/lib.rs - godot_api (line 1177) stdout ----
[INFO] [stdout] error: associated function in `impl` without body
[INFO] [stdout]     --> src/lib.rs:1188:5
[INFO] [stdout]      |
[INFO] [stdout] 1188 |     fn some_signal(my_parameter: Gd<Node>);
[INFO] [stdout]      |     ^^^^^^^^^^^^^^^^^^^^^^^^^^^^^^^^^^^^^^-
[INFO] [stdout]      |                                           |
[INFO] [stdout]      |                                           help: provide a definition for the function: `{ <body> }`
[INFO] [stdout] 
[INFO] [stdout] error[E0433]: cannot find module or crate `godot` in this scope
[INFO] [stdout]     --> src/lib.rs:1178:5
[INFO] [stdout]      |
[INFO] [stdout] 1178 | use godot::prelude::*;
[INFO] [stdout]      |     ^^^^^ use of unresolved module or unlinked crate `godot`
[INFO] [stdout]      |
[INFO] [stdout]      = help: if you wanted to use a crate named `godot`, use `cargo add godot` to add it to your `Cargo.toml`
[INFO] [stdout] 
[INFO] [stdout] error: cannot find attribute `godot_api` in this scope
[INFO] [stdout]     --> src/lib.rs:1185:3
[INFO] [stdout]      |
[INFO] [stdout] 1185 | #[godot_api]
[INFO] [stdout]      |   ^^^^^^^^^
[INFO] [stdout] 
[INFO] [stdout] error: cannot find attribute `signal` in this scope
[INFO] [stdout]     --> src/lib.rs:1187:7
[INFO] [stdout]      |
[INFO] [stdout] 1187 |     #[signal]
[INFO] [stdout]      |       ^^^^^^
[INFO] [stdout] 
[INFO] [stdout] error: cannot find derive macro `GodotClass` in this scope
[INFO] [stdout]     --> src/lib.rs:1179:10
[INFO] [stdout]      |
[INFO] [stdout] 1179 | #[derive(GodotClass)]
[INFO] [stdout]      |          ^^^^^^^^^^
[INFO] [stdout] 
[INFO] [stdout] error: cannot find attribute `class` in this scope
[INFO] [stdout]     --> src/lib.rs:1180:3
[INFO] [stdout]      |
[INFO] [stdout] 1180 | #[class(init)]
[INFO] [stdout]      |   ^^^^^
[INFO] [stdout] 
[INFO] [stdout] error[E0425]: cannot find type `Base` in this scope
[INFO] [stdout]     --> src/lib.rs:1182:11
[INFO] [stdout]      |
[INFO] [stdout] 1182 |     base: Base<RefCounted>, // Base<...> necessary for #[signal].
[INFO] [stdout]      |           ^^^^ not found in this scope
[INFO] [stdout] 
[INFO] [stdout] error[E0425]: cannot find type `RefCounted` in this scope
[INFO] [stdout]     --> src/lib.rs:1182:16
[INFO] [stdout]      |
[INFO] [stdout] 1182 |     base: Base<RefCounted>, // Base<...> necessary for #[signal].
[INFO] [stdout]      |                ^^^^^^^^^^ not found in this scope
[INFO] [stdout]      |
[INFO] [stdout] help: you might be missing a type parameter
[INFO] [stdout]      |
[INFO] [stdout] 1181 | struct MyClass<RefCounted> {
[INFO] [stdout]      |               ++++++++++++
[INFO] [stdout] 
[INFO] [stdout] error[E0425]: cannot find type `Gd` in this scope
[INFO] [stdout]     --> src/lib.rs:1188:34
[INFO] [stdout]      |
[INFO] [stdout] 1188 |     fn some_signal(my_parameter: Gd<Node>);
[INFO] [stdout]      |                                  ^^ not found in this scope
[INFO] [stdout] 
[INFO] [stdout] error[E0425]: cannot find type `Node` in this scope
[INFO] [stdout]     --> src/lib.rs:1188:37
[INFO] [stdout]      |
[INFO] [stdout] 1188 |     fn some_signal(my_parameter: Gd<Node>);
[INFO] [stdout]      |                                     ^^^^ not found in this scope
[INFO] [stdout]      |
[INFO] [stdout] help: you might be missing a type parameter
[INFO] [stdout]      |
[INFO] [stdout] 1186 | impl<Node> MyClass {
[INFO] [stdout]      |     ++++++
[INFO] [stdout] 
[INFO] [stdout] error: aborting due to 10 previous errors
[INFO] [stdout] 
[INFO] [stdout] Some errors have detailed explanations: E0425, E0433.
[INFO] [stdout] For more information about an error, try `rustc --explain E0425`.
[INFO] [stdout] Couldn't compile the test.
[INFO] [stdout] ---- src/lib.rs - derive_godot_convert (line 1477) stdout ----
[INFO] [stdout] error[E0433]: cannot find module or crate `godot` in this scope
[INFO] [stdout]     --> src/lib.rs:1478:5
[INFO] [stdout]      |
[INFO] [stdout] 1478 | use godot::prelude::*;
[INFO] [stdout]      |     ^^^^^ use of unresolved module or unlinked crate `godot`
[INFO] [stdout]      |
[INFO] [stdout]      = help: if you wanted to use a crate named `godot`, use `cargo add godot` to add it to your `Cargo.toml`
[INFO] [stdout] 
[INFO] [stdout] error: cannot find derive macro `GodotConvert` in this scope
[INFO] [stdout]     --> src/lib.rs:1479:10
[INFO] [stdout]      |
[INFO] [stdout] 1479 | #[derive(GodotConvert)]
[INFO] [stdout]      |          ^^^^^^^^^^^^
[INFO] [stdout] 
[INFO] [stdout] error: cannot find attribute `godot` in this scope
[INFO] [stdout]     --> src/lib.rs:1480:3
[INFO] [stdout]      |
[INFO] [stdout] 1480 | #[godot(via = GString)]
[INFO] [stdout]      |   ^^^^^
[INFO] [stdout] 
[INFO] [stdout] error[E0599]: no method named `to_godot` found for enum `MyEnum` in the current scope
[INFO] [stdout]     --> src/lib.rs:1487:22
[INFO] [stdout]      |
[INFO] [stdout] 1481 | enum MyEnum {
[INFO] [stdout]      | ----------- method `to_godot` not found for this enum
[INFO] [stdout] ...
[INFO] [stdout] 1487 | assert_eq!(MyEnum::A.to_godot(), GString::from("A"));
[INFO] [stdout]      |                      ^^^^^^^^ method not found in `MyEnum`
[INFO] [stdout] 
[INFO] [stdout] error[E0433]: cannot find type `GString` in this scope
[INFO] [stdout]     --> src/lib.rs:1487:34
[INFO] [stdout]      |
[INFO] [stdout] 1487 | assert_eq!(MyEnum::A.to_godot(), GString::from("A"));
[INFO] [stdout]      |                                  ^^^^^^^ use of undeclared type `GString`
[INFO] [stdout]      |
[INFO] [stdout] help: a struct with a similar name exists
[INFO] [stdout]      |
[INFO] [stdout] 1487 - assert_eq!(MyEnum::A.to_godot(), GString::from("A"));
[INFO] [stdout] 1487 + assert_eq!(MyEnum::A.to_godot(), String::from("A"));
[INFO] [stdout]      |
[INFO] [stdout] 
[INFO] [stdout] error[E0599]: no method named `to_godot` found for enum `MyEnum` in the current scope
[INFO] [stdout]     --> src/lib.rs:1488:22
[INFO] [stdout]      |
[INFO] [stdout] 1481 | enum MyEnum {
[INFO] [stdout]      | ----------- method `to_godot` not found for this enum
[INFO] [stdout] ...
[INFO] [stdout] 1488 | assert_eq!(MyEnum::B.to_godot(), GString::from("B"));
[INFO] [stdout]      |                      ^^^^^^^^ method not found in `MyEnum`
[INFO] [stdout] 
[INFO] [stdout] error[E0433]: cannot find type `GString` in this scope
[INFO] [stdout]     --> src/lib.rs:1488:34
[INFO] [stdout]      |
[INFO] [stdout] 1488 | assert_eq!(MyEnum::B.to_godot(), GString::from("B"));
[INFO] [stdout]      |                                  ^^^^^^^ use of undeclared type `GString`
[INFO] [stdout]      |
[INFO] [stdout] help: a struct with a similar name exists
[INFO] [stdout]      |
[INFO] [stdout] 1488 - assert_eq!(MyEnum::B.to_godot(), GString::from("B"));
[INFO] [stdout] 1488 + assert_eq!(MyEnum::B.to_godot(), String::from("B"));
[INFO] [stdout]      |
[INFO] [stdout] 
[INFO] [stdout] error[E0599]: no method named `to_godot` found for enum `MyEnum` in the current scope
[INFO] [stdout]     --> src/lib.rs:1489:22
[INFO] [stdout]      |
[INFO] [stdout] 1481 | enum MyEnum {
[INFO] [stdout]      | ----------- method `to_godot` not found for this enum
[INFO] [stdout] ...
[INFO] [stdout] 1489 | assert_eq!(MyEnum::C.to_godot(), GString::from("C"));
[INFO] [stdout]      |                      ^^^^^^^^ method not found in `MyEnum`
[INFO] [stdout] 
[INFO] [stdout] error[E0433]: cannot find type `GString` in this scope
[INFO] [stdout]     --> src/lib.rs:1489:34
[INFO] [stdout]      |
[INFO] [stdout] 1489 | assert_eq!(MyEnum::C.to_godot(), GString::from("C"));
[INFO] [stdout]      |                                  ^^^^^^^ use of undeclared type `GString`
[INFO] [stdout]      |
[INFO] [stdout] help: a struct with a similar name exists
[INFO] [stdout]      |
[INFO] [stdout] 1489 - assert_eq!(MyEnum::C.to_godot(), GString::from("C"));
[INFO] [stdout] 1489 + assert_eq!(MyEnum::C.to_godot(), String::from("C"));
[INFO] [stdout]      |
[INFO] [stdout] 
[INFO] [stdout] error: aborting due to 9 previous errors
[INFO] [stdout] 
[INFO] [stdout] Some errors have detailed explanations: E0433, E0599.
[INFO] [stdout] For more information about an error, try `rustc --explain E0433`.
[INFO] [stdout] Couldn't compile the test.
[INFO] [stdout] ---- src/lib.rs - derive_godot_convert (line 1399) stdout ----
[INFO] [stdout] error[E0433]: cannot find module or crate `godot` in this scope
[INFO] [stdout]     --> src/lib.rs:1400:5
[INFO] [stdout]      |
[INFO] [stdout] 1400 | use godot::prelude::*;
[INFO] [stdout]      |     ^^^^^ use of unresolved module or unlinked crate `godot`
[INFO] [stdout]      |
[INFO] [stdout]      = help: if you wanted to use a crate named `godot`, use `cargo add godot` to add it to your `Cargo.toml`
[INFO] [stdout] 
[INFO] [stdout] error: cannot find derive macro `GodotConvert` in this scope
[INFO] [stdout]     --> src/lib.rs:1403:10
[INFO] [stdout]      |
[INFO] [stdout] 1403 | #[derive(GodotConvert)]
[INFO] [stdout]      |          ^^^^^^^^^^^^
[INFO] [stdout] 
[INFO] [stdout] error: cannot find attribute `godot` in this scope
[INFO] [stdout]     --> src/lib.rs:1404:3
[INFO] [stdout]      |
[INFO] [stdout] 1404 | #[godot(transparent)]
[INFO] [stdout]      |   ^^^^^
[INFO] [stdout] 
[INFO] [stdout] error: cannot find attribute `godot` in this scope
[INFO] [stdout]     --> src/lib.rs:1407:7
[INFO] [stdout]      |
[INFO] [stdout] 1407 |     #[godot(skip)]
[INFO] [stdout]      |       ^^^^^
[INFO] [stdout] 
[INFO] [stdout] error: aborting due to 4 previous errors
[INFO] [stdout] 
[INFO] [stdout] For more information about this error, try `rustc --explain E0433`.
[INFO] [stdout] Couldn't compile the test.
[INFO] [stdout] ---- src/lib.rs - derive_godot_convert (line 1509) stdout ----
[INFO] [stdout] error[E0433]: cannot find module or crate `godot` in this scope
[INFO] [stdout]     --> src/lib.rs:1510:5
[INFO] [stdout]      |
[INFO] [stdout] 1510 | use godot::prelude::*;
[INFO] [stdout]      |     ^^^^^ use of unresolved module or unlinked crate `godot`
[INFO] [stdout]      |
[INFO] [stdout]      = help: if you wanted to use a crate named `godot`, use `cargo add godot` to add it to your `Cargo.toml`
[INFO] [stdout] 
[INFO] [stdout] error: cannot find derive macro `GodotConvert` in this scope
[INFO] [stdout]     --> src/lib.rs:1511:10
[INFO] [stdout]      |
[INFO] [stdout] 1511 | #[derive(GodotConvert)]
[INFO] [stdout]      |          ^^^^^^^^^^^^
[INFO] [stdout] 
[INFO] [stdout] error: cannot find attribute `godot` in this scope
[INFO] [stdout]     --> src/lib.rs:1512:3
[INFO] [stdout]      |
[INFO] [stdout] 1512 | #[godot(via = u8)]
[INFO] [stdout]      |   ^^^^^
[INFO] [stdout] 
[INFO] [stdout] error[E0599]: no method named `to_godot` found for enum `MyEnum` in the current scope
[INFO] [stdout]     --> src/lib.rs:1519:22
[INFO] [stdout]      |
[INFO] [stdout] 1513 | enum MyEnum {
[INFO] [stdout]      | ----------- method `to_godot` not found for this enum
[INFO] [stdout] ...
[INFO] [stdout] 1519 | assert_eq!(MyEnum::A.to_godot(), 0);
[INFO] [stdout]      |                      ^^^^^^^^ method not found in `MyEnum`
[INFO] [stdout] 
[INFO] [stdout] error[E0599]: no method named `to_godot` found for enum `MyEnum` in the current scope
[INFO] [stdout]     --> src/lib.rs:1520:22
[INFO] [stdout]      |
[INFO] [stdout] 1513 | enum MyEnum {
[INFO] [stdout]      | ----------- method `to_godot` not found for this enum
[INFO] [stdout] ...
[INFO] [stdout] 1520 | assert_eq!(MyEnum::B.to_godot(), 10);
[INFO] [stdout]      |                      ^^^^^^^^ method not found in `MyEnum`
[INFO] [stdout] 
[INFO] [stdout] error[E0599]: no method named `to_godot` found for enum `MyEnum` in the current scope
[INFO] [stdout]     --> src/lib.rs:1521:22
[INFO] [stdout]      |
[INFO] [stdout] 1513 | enum MyEnum {
[INFO] [stdout]      | ----------- method `to_godot` not found for this enum
[INFO] [stdout] ...
[INFO] [stdout] 1521 | assert_eq!(MyEnum::C.to_godot(), 11);
[INFO] [stdout]      |                      ^^^^^^^^ method not found in `MyEnum`
[INFO] [stdout] 
[INFO] [stdout] error: aborting due to 6 previous errors
[INFO] [stdout] 
[INFO] [stdout] Some errors have detailed explanations: E0433, E0599.
[INFO] [stdout] For more information about an error, try `rustc --explain E0433`.
[INFO] [stdout] Couldn't compile the test.
[INFO] [stdout] ---- src/lib.rs - godot_api (line 1059) stdout ----
[INFO] [stdout] error[E0433]: cannot find module or crate `godot` in this scope
[INFO] [stdout]     --> src/lib.rs:1075:5
[INFO] [stdout]      |
[INFO] [stdout] 1075 | use godot::prelude::*;
[INFO] [stdout]      |     ^^^^^ use of unresolved module or unlinked crate `godot`
[INFO] [stdout]      |
[INFO] [stdout]      = help: if you wanted to use a crate named `godot`, use `cargo add godot` to add it to your `Cargo.toml`
[INFO] [stdout] 
[INFO] [stdout] error: cannot find derive macro `GodotClass` in this scope
[INFO] [stdout]     --> src/lib.rs:1079:10
[INFO] [stdout]      |
[INFO] [stdout] 1079 | #[derive(GodotClass)]
[INFO] [stdout]      |          ^^^^^^^^^^
[INFO] [stdout] 
[INFO] [stdout] error: cannot find attribute `class` in this scope
[INFO] [stdout]     --> src/lib.rs:1080:3
[INFO] [stdout]      |
[INFO] [stdout] 1080 | #[class(no_init, base=Node)]
[INFO] [stdout]      |   ^^^^^
[INFO] [stdout] 
[INFO] [stdout] error: cannot find attribute `godot_api` in this scope
[INFO] [stdout]     --> src/lib.rs:1084:3
[INFO] [stdout]      |
[INFO] [stdout] 1084 | #[godot_api]
[INFO] [stdout]      |   ^^^^^^^^^
[INFO] [stdout] 
[INFO] [stdout] error: cannot find attribute `rpc` in this scope
[INFO] [stdout]     --> src/lib.rs:1086:7
[INFO] [stdout]      |
[INFO] [stdout] 1086 |     #[rpc(unreliable_ordered, channel = 2)]
[INFO] [stdout]      |       ^^^
[INFO] [stdout] 
[INFO] [stdout] error: cannot find attribute `rpc` in this scope
[INFO] [stdout]     --> src/lib.rs:1089:7
[INFO] [stdout]      |
[INFO] [stdout] 1089 |     #[rpc(authority, unreliable_ordered, call_remote, channel = 2)]
[INFO] [stdout]      |       ^^^
[INFO] [stdout] 
[INFO] [stdout] error: cannot find attribute `rpc` in this scope
[INFO] [stdout]     --> src/lib.rs:1092:7
[INFO] [stdout]      |
[INFO] [stdout] 1092 |     #[rpc(config = MY_RPC_CONFIG)]
[INFO] [stdout]      |       ^^^
[INFO] [stdout] 
[INFO] [stdout] error: cannot find attribute `rpc` in this scope
[INFO] [stdout]     --> src/lib.rs:1095:7
[INFO] [stdout]      |
[INFO] [stdout] 1095 |     #[rpc(config = my_rpc_provider())]
[INFO] [stdout]      |       ^^^
[INFO] [stdout] 
[INFO] [stdout] error[E0425]: cannot find type `Base` in this scope
[INFO] [stdout]     --> src/lib.rs:1082:11
[INFO] [stdout]      |
[INFO] [stdout] 1082 |     base: Base<Node>,
[INFO] [stdout]      |           ^^^^ not found in this scope
[INFO] [stdout] 
[INFO] [stdout] error[E0425]: cannot find type `Node` in this scope
[INFO] [stdout]     --> src/lib.rs:1082:16
[INFO] [stdout]      |
[INFO] [stdout] 1082 |     base: Base<Node>,
[INFO] [stdout]      |                ^^^^ not found in this scope
[INFO] [stdout]      |
[INFO] [stdout] help: you might be missing a type parameter
[INFO] [stdout]      |
[INFO] [stdout] 1081 | struct MyStruct<Node> {
[INFO] [stdout]      |                ++++++
[INFO] [stdout] 
[INFO] [stdout] error: aborting due to 10 previous errors
[INFO] [stdout] 
[INFO] [stdout] Some errors have detailed explanations: E0425, E0433.
[INFO] [stdout] For more information about an error, try `rustc --explain E0425`.
[INFO] [stdout] Couldn't compile the test.
[INFO] [stdout] ---- src/lib.rs - godot_api (line 1125) stdout ----
[INFO] [stdout] error[E0433]: cannot find module or crate `godot` in this scope
[INFO] [stdout]     --> src/lib.rs:1126:5
[INFO] [stdout]      |
[INFO] [stdout] 1126 | use godot::prelude::*;
[INFO] [stdout]      |     ^^^^^ use of unresolved module or unlinked crate `godot`
[INFO] [stdout]      |
[INFO] [stdout]      = help: if you wanted to use a crate named `godot`, use `cargo add godot` to add it to your `Cargo.toml`
[INFO] [stdout] 
[INFO] [stdout] error: cannot find attribute `godot_api` in this scope
[INFO] [stdout]     --> src/lib.rs:1131:3
[INFO] [stdout]      |
[INFO] [stdout] 1131 | #[godot_api]
[INFO] [stdout]      |   ^^^^^^^^^
[INFO] [stdout] 
[INFO] [stdout] error: cannot find attribute `func` in this scope
[INFO] [stdout]     --> src/lib.rs:1133:7
[INFO] [stdout]      |
[INFO] [stdout] 1133 |     #[func(gd_self)]
[INFO] [stdout]      |       ^^^^
[INFO] [stdout] 
[INFO] [stdout] error: cannot find macro `godot_print` in this scope
[INFO] [stdout]     --> src/lib.rs:1135:9
[INFO] [stdout]      |
[INFO] [stdout] 1135 |         godot_print!("I'm ready!");
[INFO] [stdout]      |         ^^^^^^^^^^^
[INFO] [stdout] 
[INFO] [stdout] error: cannot find derive macro `GodotClass` in this scope
[INFO] [stdout]     --> src/lib.rs:1127:10
[INFO] [stdout]      |
[INFO] [stdout] 1127 | #[derive(GodotClass)]
[INFO] [stdout]      |          ^^^^^^^^^^
[INFO] [stdout] 
[INFO] [stdout] error: cannot find attribute `class` in this scope
[INFO] [stdout]     --> src/lib.rs:1128:3
[INFO] [stdout]      |
[INFO] [stdout] 1128 | #[class(init, base=Node)]
[INFO] [stdout]      |   ^^^^^
[INFO] [stdout] 
[INFO] [stdout] error[E0405]: cannot find trait `INode` in this scope
[INFO] [stdout]     --> src/lib.rs:1132:6
[INFO] [stdout]      |
[INFO] [stdout] 1132 | impl INode for MyNode {
[INFO] [stdout]      |      ^^^^^ not found in this scope
[INFO] [stdout] 
[INFO] [stdout] error[E0425]: cannot find type `Gd` in this scope
[INFO] [stdout]     --> src/lib.rs:1134:20
[INFO] [stdout]      |
[INFO] [stdout] 1134 |     fn ready(this: Gd<Self>) {
[INFO] [stdout]      |                    ^^ not found in this scope
[INFO] [stdout] 
[INFO] [stdout] error: aborting due to 8 previous errors
[INFO] [stdout] 
[INFO] [stdout] Some errors have detailed explanations: E0405, E0425, E0433.
[INFO] [stdout] For more information about an error, try `rustc --explain E0405`.
[INFO] [stdout] Couldn't compile the test.
[INFO] [stdout] ---- src/lib.rs - godot_api (line 782) stdout ----
[INFO] [stdout] error[E0433]: cannot find module or crate `godot` in this scope
[INFO] [stdout]    --> src/lib.rs:783:5
[INFO] [stdout]     |
[INFO] [stdout] 783 | use godot::prelude::*;
[INFO] [stdout]     |     ^^^^^ use of unresolved module or unlinked crate `godot`
[INFO] [stdout]     |
[INFO] [stdout]     = help: if you wanted to use a crate named `godot`, use `cargo add godot` to add it to your `Cargo.toml`
[INFO] [stdout] 
[INFO] [stdout] error: cannot find attribute `godot_api` in this scope
[INFO] [stdout]    --> src/lib.rs:793:3
[INFO] [stdout]     |
[INFO] [stdout] 793 | #[godot_api]
[INFO] [stdout]     |   ^^^^^^^^^
[INFO] [stdout] 
[INFO] [stdout] error: cannot find attribute `godot_api` in this scope
[INFO] [stdout]    --> src/lib.rs:789:3
[INFO] [stdout]     |
[INFO] [stdout] 789 | #[godot_api]
[INFO] [stdout]     |   ^^^^^^^^^
[INFO] [stdout] 
[INFO] [stdout] error: cannot find derive macro `GodotClass` in this scope
[INFO] [stdout]    --> src/lib.rs:784:10
[INFO] [stdout]     |
[INFO] [stdout] 784 | #[derive(GodotClass)]
[INFO] [stdout]     |          ^^^^^^^^^^
[INFO] [stdout] 
[INFO] [stdout] error: cannot find attribute `class` in this scope
[INFO] [stdout]    --> src/lib.rs:785:3
[INFO] [stdout]     |
[INFO] [stdout] 785 | #[class(init, base=Node)]
[INFO] [stdout]     |   ^^^^^
[INFO] [stdout] 
[INFO] [stdout] error[E0405]: cannot find trait `INode` in this scope
[INFO] [stdout]    --> src/lib.rs:794:6
[INFO] [stdout]     |
[INFO] [stdout] 794 | impl INode for MyClass { /* ... */ }
[INFO] [stdout]     |      ^^^^^ not found in this scope
[INFO] [stdout] 
[INFO] [stdout] error: aborting due to 6 previous errors
[INFO] [stdout] 
[INFO] [stdout] Some errors have detailed explanations: E0405, E0433.
[INFO] [stdout] For more information about an error, try `rustc --explain E0405`.
[INFO] [stdout] Couldn't compile the test.
[INFO] [stdout] ---- src/lib.rs - derive_godot_convert (line 1369) stdout ----
[INFO] [stdout] error[E0433]: cannot find module or crate `godot` in this scope
[INFO] [stdout]     --> src/lib.rs:1370:5
[INFO] [stdout]      |
[INFO] [stdout] 1370 | use godot::prelude::*;
[INFO] [stdout]      |     ^^^^^ use of unresolved module or unlinked crate `godot`
[INFO] [stdout]      |
[INFO] [stdout]      = help: if you wanted to use a crate named `godot`, use `cargo add godot` to add it to your `Cargo.toml`
[INFO] [stdout] 
[INFO] [stdout] error: cannot find derive macro `GodotConvert` in this scope
[INFO] [stdout]     --> src/lib.rs:1372:10
[INFO] [stdout]      |
[INFO] [stdout] 1372 | #[derive(GodotConvert)]
[INFO] [stdout]      |          ^^^^^^^^^^^^
[INFO] [stdout] 
[INFO] [stdout] error: cannot find attribute `godot` in this scope
[INFO] [stdout]     --> src/lib.rs:1373:3
[INFO] [stdout]      |
[INFO] [stdout] 1373 | #[godot(transparent)]
[INFO] [stdout]      |   ^^^^^
[INFO] [stdout] 
[INFO] [stdout] error[E0425]: cannot find type `Vector2` in this scope
[INFO] [stdout]     --> src/lib.rs:1374:22
[INFO] [stdout]      |
[INFO] [stdout] 1374 | struct CustomVector2(Vector2);
[INFO] [stdout]      |                      ^^^^^^^ not found in this scope
[INFO] [stdout] 
[INFO] [stdout] error[E0433]: cannot find type `Vector2` in this scope
[INFO] [stdout]     --> src/lib.rs:1376:25
[INFO] [stdout]      |
[INFO] [stdout] 1376 | let obj = CustomVector2(Vector2::new(10.0, 25.0));
[INFO] [stdout]      |                         ^^^^^^^ use of undeclared type `Vector2`
[INFO] [stdout] 
[INFO] [stdout] error[E0599]: no method named `to_godot` found for struct `CustomVector2` in the current scope
[INFO] [stdout]     --> src/lib.rs:1377:16
[INFO] [stdout]      |
[INFO] [stdout] 1374 | struct CustomVector2(Vector2);
[INFO] [stdout]      | -------------------- method `to_godot` not found for this struct
[INFO] [stdout] ...
[INFO] [stdout] 1377 | assert_eq!(obj.to_godot(), Vector2::new(10.0, 25.0));
[INFO] [stdout]      |                ^^^^^^^^ method not found in `CustomVector2`
[INFO] [stdout] 
[INFO] [stdout] error[E0433]: cannot find type `Vector2` in this scope
[INFO] [stdout]     --> src/lib.rs:1377:28
[INFO] [stdout]      |
[INFO] [stdout] 1377 | assert_eq!(obj.to_godot(), Vector2::new(10.0, 25.0));
[INFO] [stdout]      |                            ^^^^^^^ use of undeclared type `Vector2`
[INFO] [stdout] 
[INFO] [stdout] error: aborting due to 7 previous errors
[INFO] [stdout] 
[INFO] [stdout] Some errors have detailed explanations: E0425, E0433, E0599.
[INFO] [stdout] For more information about an error, try `rustc --explain E0425`.
[INFO] [stdout] Couldn't compile the test.
[INFO] [stdout] ---- src/lib.rs - derive_godot_convert (line 1492) stdout ----
[INFO] [stdout] error[E0433]: cannot find module or crate `godot` in this scope
[INFO] [stdout]     --> src/lib.rs:1493:5
[INFO] [stdout]      |
[INFO] [stdout] 1493 | use godot::prelude::*;
[INFO] [stdout]      |     ^^^^^ use of unresolved module or unlinked crate `godot`
[INFO] [stdout]      |
[INFO] [stdout]      = help: if you wanted to use a crate named `godot`, use `cargo add godot` to add it to your `Cargo.toml`
[INFO] [stdout] 
[INFO] [stdout] error: cannot find derive macro `GodotConvert` in this scope
[INFO] [stdout]     --> src/lib.rs:1494:10
[INFO] [stdout]      |
[INFO] [stdout] 1494 | #[derive(GodotConvert)]
[INFO] [stdout]      |          ^^^^^^^^^^^^
[INFO] [stdout] 
[INFO] [stdout] error: cannot find attribute `godot` in this scope
[INFO] [stdout]     --> src/lib.rs:1495:3
[INFO] [stdout]      |
[INFO] [stdout] 1495 | #[godot(via = i64)]
[INFO] [stdout]      |   ^^^^^
[INFO] [stdout] 
[INFO] [stdout] error[E0599]: no method named `to_godot` found for enum `MyEnum` in the current scope
[INFO] [stdout]     --> src/lib.rs:1502:22
[INFO] [stdout]      |
[INFO] [stdout] 1496 | enum MyEnum {
[INFO] [stdout]      | ----------- method `to_godot` not found for this enum
[INFO] [stdout] ...
[INFO] [stdout] 1502 | assert_eq!(MyEnum::A.to_godot(), 0);
[INFO] [stdout]      |                      ^^^^^^^^ method not found in `MyEnum`
[INFO] [stdout] 
[INFO] [stdout] error[E0599]: no method named `to_godot` found for enum `MyEnum` in the current scope
[INFO] [stdout]     --> src/lib.rs:1503:22
[INFO] [stdout]      |
[INFO] [stdout] 1496 | enum MyEnum {
[INFO] [stdout]      | ----------- method `to_godot` not found for this enum
[INFO] [stdout] ...
[INFO] [stdout] 1503 | assert_eq!(MyEnum::B.to_godot(), 1);
[INFO] [stdout]      |                      ^^^^^^^^ method not found in `MyEnum`
[INFO] [stdout] 
[INFO] [stdout] error[E0599]: no method named `to_godot` found for enum `MyEnum` in the current scope
[INFO] [stdout]     --> src/lib.rs:1504:22
[INFO] [stdout]      |
[INFO] [stdout] 1496 | enum MyEnum {
[INFO] [stdout]      | ----------- method `to_godot` not found for this enum
[INFO] [stdout] ...
[INFO] [stdout] 1504 | assert_eq!(MyEnum::C.to_godot(), 2);
[INFO] [stdout]      |                      ^^^^^^^^ method not found in `MyEnum`
[INFO] [stdout] 
[INFO] [stdout] error: aborting due to 6 previous errors
[INFO] [stdout] 
[INFO] [stdout] Some errors have detailed explanations: E0433, E0599.
[INFO] [stdout] For more information about an error, try `rustc --explain E0433`.
[INFO] [stdout] Couldn't compile the test.
[INFO] [stdout] ---- src/lib.rs - derive_godot_class (line 45) stdout ----
[INFO] [stdout] error[E0433]: cannot find `godot` in the list of imported crates
[INFO] [stdout]   --> src/lib.rs:48:10
[INFO] [stdout]    |
[INFO] [stdout] 48 | #[derive(GodotClass)]
[INFO] [stdout]    |          ^^^^^^^^^^ could not find `godot` in the list of imported crates
[INFO] [stdout]    |
[INFO] [stdout]    = note: this error originates in the derive macro `GodotClass` (in Nightly builds, run with -Z macro-backtrace for more info)
[INFO] [stdout] 
[INFO] [stdout] error: aborting due to 1 previous error
[INFO] [stdout] 
[INFO] [stdout] For more information about this error, try `rustc --explain E0433`.
[INFO] [stdout] Couldn't compile the test.
[INFO] [stdout] ---- src/lib.rs - godot_api (line 816) stdout ----
[INFO] [stdout] error[E0433]: cannot find module or crate `godot` in this scope
[INFO] [stdout]    --> src/lib.rs:817:5
[INFO] [stdout]     |
[INFO] [stdout] 817 | use godot::prelude::*;
[INFO] [stdout]     |     ^^^^^ use of unresolved module or unlinked crate `godot`
[INFO] [stdout]     |
[INFO] [stdout]     = help: if you wanted to use a crate named `godot`, use `cargo add godot` to add it to your `Cargo.toml`
[INFO] [stdout] 
[INFO] [stdout] error: cannot find attribute `godot_api` in this scope
[INFO] [stdout]    --> src/lib.rs:823:3
[INFO] [stdout]     |
[INFO] [stdout] 823 | #[godot_api]
[INFO] [stdout]     |   ^^^^^^^^^
[INFO] [stdout] 
[INFO] [stdout] error: cannot find derive macro `GodotClass` in this scope
[INFO] [stdout]    --> src/lib.rs:818:10
[INFO] [stdout]     |
[INFO] [stdout] 818 | #[derive(GodotClass)]
[INFO] [stdout]     |          ^^^^^^^^^^
[INFO] [stdout] 
[INFO] [stdout] error[E0405]: cannot find trait `IRefCounted` in this scope
[INFO] [stdout]    --> src/lib.rs:824:6
[INFO] [stdout]     |
[INFO] [stdout] 824 | impl IRefCounted for MyStruct {
[INFO] [stdout]     |      ^^^^^^^^^^^ not found in this scope
[INFO] [stdout] 
[INFO] [stdout] error[E0425]: cannot find type `Base` in this scope
[INFO] [stdout]    --> src/lib.rs:825:20
[INFO] [stdout]     |
[INFO] [stdout] 825 |     fn init(_base: Base<RefCounted>) -> Self {
[INFO] [stdout]     |                    ^^^^ not found in this scope
[INFO] [stdout] 
[INFO] [stdout] error[E0425]: cannot find type `RefCounted` in this scope
[INFO] [stdout]    --> src/lib.rs:825:25
[INFO] [stdout]     |
[INFO] [stdout] 825 |     fn init(_base: Base<RefCounted>) -> Self {
[INFO] [stdout]     |                         ^^^^^^^^^^ not found in this scope
[INFO] [stdout]     |
[INFO] [stdout] help: you might be missing a type parameter
[INFO] [stdout]     |
[INFO] [stdout] 824 | impl<RefCounted> IRefCounted for MyStruct {
[INFO] [stdout]     |     ++++++++++++
[INFO] [stdout] 
[INFO] [stdout] error: aborting due to 6 previous errors
[INFO] [stdout] 
[INFO] [stdout] Some errors have detailed explanations: E0405, E0425, E0433.
[INFO] [stdout] For more information about an error, try `rustc --explain E0405`.
[INFO] [stdout] Couldn't compile the test.
[INFO] [stdout] ---- src/lib.rs - godot_api (line 1235) stdout ----
[INFO] [stdout] error[E0433]: cannot find module or crate `godot` in this scope
[INFO] [stdout]     --> src/lib.rs:1236:5
[INFO] [stdout]      |
[INFO] [stdout] 1236 | use godot::prelude::*;
[INFO] [stdout]      |     ^^^^^ use of unresolved module or unlinked crate `godot`
[INFO] [stdout]      |
[INFO] [stdout]      = help: if you wanted to use a crate named `godot`, use `cargo add godot` to add it to your `Cargo.toml`
[INFO] [stdout] 
[INFO] [stdout] error: cannot find attribute `godot_api` in this scope
[INFO] [stdout]     --> src/lib.rs:1248:3
[INFO] [stdout]      |
[INFO] [stdout] 1248 | #[godot_api(secondary)]
[INFO] [stdout]      |   ^^^^^^^^^
[INFO] [stdout] 
[INFO] [stdout] error: cannot find attribute `func` in this scope
[INFO] [stdout]     --> src/lib.rs:1250:7
[INFO] [stdout]      |
[INFO] [stdout] 1250 |     #[func]
[INFO] [stdout]      |       ^^^^
[INFO] [stdout] 
[INFO] [stdout] error: cannot find attribute `godot_api` in this scope
[INFO] [stdout]     --> src/lib.rs:1242:3
[INFO] [stdout]      |
[INFO] [stdout] 1242 | #[godot_api]
[INFO] [stdout]      |   ^^^^^^^^^
[INFO] [stdout] 
[INFO] [stdout] error: cannot find attribute `func` in this scope
[INFO] [stdout]     --> src/lib.rs:1244:7
[INFO] [stdout]      |
[INFO] [stdout] 1244 |     #[func]
[INFO] [stdout]      |       ^^^^
[INFO] [stdout] 
[INFO] [stdout] error: cannot find derive macro `GodotClass` in this scope
[INFO] [stdout]     --> src/lib.rs:1237:10
[INFO] [stdout]      |
[INFO] [stdout] 1237 | #[derive(GodotClass)]
[INFO] [stdout]      |          ^^^^^^^^^^
[INFO] [stdout] 
[INFO] [stdout] error: cannot find attribute `class` in this scope
[INFO] [stdout]     --> src/lib.rs:1238:3
[INFO] [stdout]      |
[INFO] [stdout] 1238 | #[class(init)]
[INFO] [stdout]      |   ^^^^^
[INFO] [stdout] 
[INFO] [stdout] error[E0425]: cannot find type `Base` in this scope
[INFO] [stdout]     --> src/lib.rs:1240:11
[INFO] [stdout]      |
[INFO] [stdout] 1240 |     base: Base<RefCounted>,
[INFO] [stdout]      |           ^^^^ not found in this scope
[INFO] [stdout] 
[INFO] [stdout] error[E0425]: cannot find type `RefCounted` in this scope
[INFO] [stdout]     --> src/lib.rs:1240:16
[INFO] [stdout]      |
[INFO] [stdout] 1240 |     base: Base<RefCounted>,
[INFO] [stdout]      |                ^^^^^^^^^^ not found in this scope
[INFO] [stdout]      |
[INFO] [stdout] help: you might be missing a type parameter
[INFO] [stdout]      |
[INFO] [stdout] 1239 | struct MyStruct<RefCounted> {
[INFO] [stdout]      |                ++++++++++++
[INFO] [stdout] 
[INFO] [stdout] error: aborting due to 9 previous errors
[INFO] [stdout] 
[INFO] [stdout] Some errors have detailed explanations: E0425, E0433.
[INFO] [stdout] For more information about an error, try `rustc --explain E0425`.
[INFO] [stdout] Couldn't compile the test.
[INFO] [stdout] ---- src/lib.rs - godot_api (line 891) stdout ----
[INFO] [stdout] error[E0433]: cannot find module or crate `godot` in this scope
[INFO] [stdout]    --> src/lib.rs:892:5
[INFO] [stdout]     |
[INFO] [stdout] 892 | use godot::prelude::*;
[INFO] [stdout]     |     ^^^^^ use of unresolved module or unlinked crate `godot`
[INFO] [stdout]     |
[INFO] [stdout]     = help: if you wanted to use a crate named `godot`, use `cargo add godot` to add it to your `Cargo.toml`
[INFO] [stdout] 
[INFO] [stdout] error: cannot find attribute `godot_api` in this scope
[INFO] [stdout]    --> src/lib.rs:900:3
[INFO] [stdout]     |
[INFO] [stdout] 900 | #[godot_api]
[INFO] [stdout]     |   ^^^^^^^^^
[INFO] [stdout] 
[INFO] [stdout] error: cannot find attribute `func` in this scope
[INFO] [stdout]    --> src/lib.rs:902:7
[INFO] [stdout]     |
[INFO] [stdout] 902 |     #[func]
[INFO] [stdout]     |       ^^^^
[INFO] [stdout] 
[INFO] [stdout] error: cannot find macro `godot_print` in this scope
[INFO] [stdout]    --> src/lib.rs:904:9
[INFO] [stdout]     |
[INFO] [stdout] 904 |         godot_print!("Hello World!")
[INFO] [stdout]     |         ^^^^^^^^^^^
[INFO] [stdout] 
[INFO] [stdout] error: cannot find attribute `func` in this scope
[INFO] [stdout]    --> src/lib.rs:907:7
[INFO] [stdout]     |
[INFO] [stdout] 907 |     #[func]
[INFO] [stdout]     |       ^^^^
[INFO] [stdout] 
[INFO] [stdout] error: cannot find attribute `func` in this scope
[INFO] [stdout]    --> src/lib.rs:914:7
[INFO] [stdout]     |
[INFO] [stdout] 914 |     #[func(gd_self)]
[INFO] [stdout]     |       ^^^^
[INFO] [stdout] 
[INFO] [stdout] error: cannot find derive macro `GodotClass` in this scope
[INFO] [stdout]    --> src/lib.rs:893:10
[INFO] [stdout]     |
[INFO] [stdout] 893 | #[derive(GodotClass)]
[INFO] [stdout]     |          ^^^^^^^^^^
[INFO] [stdout] 
[INFO] [stdout] error: cannot find attribute `class` in this scope
[INFO] [stdout]    --> src/lib.rs:894:3
[INFO] [stdout]     |
[INFO] [stdout] 894 | #[class(init)]
[INFO] [stdout]     |   ^^^^^
[INFO] [stdout] 
[INFO] [stdout] error[E0425]: cannot find type `Base` in this scope
[INFO] [stdout]    --> src/lib.rs:897:11
[INFO] [stdout]     |
[INFO] [stdout] 897 |     base: Base<RefCounted>,
[INFO] [stdout]     |           ^^^^ not found in this scope
[INFO] [stdout] 
[INFO] [stdout] error[E0425]: cannot find type `RefCounted` in this scope
[INFO] [stdout]    --> src/lib.rs:897:16
[INFO] [stdout]     |
[INFO] [stdout] 897 |     base: Base<RefCounted>,
[INFO] [stdout]     |                ^^^^^^^^^^ not found in this scope
[INFO] [stdout]     |
[INFO] [stdout] help: you might be missing a type parameter
[INFO] [stdout]     |
[INFO] [stdout] 895 | struct MyStruct<RefCounted> {
[INFO] [stdout]     |                ++++++++++++
[INFO] [stdout] 
[INFO] [stdout] error[E0425]: cannot find type `Gd` in this scope
[INFO] [stdout]    --> src/lib.rs:908:53
[INFO] [stdout]     |
[INFO] [stdout] 908 |     pub fn static_function(constructor_arg: i64) -> Gd<Self> {
[INFO] [stdout]     |                                                     ^^ not found in this scope
[INFO] [stdout] 
[INFO] [stdout] error[E0425]: cannot find type `Gd` in this scope
[INFO] [stdout]    --> src/lib.rs:915:40
[INFO] [stdout]     |
[INFO] [stdout] 915 |     pub fn explicit_receiver(mut this: Gd<Self>, other_arg: bool) {
[INFO] [stdout]     |                                        ^^ not found in this scope
[INFO] [stdout] 
[INFO] [stdout] error[E0433]: cannot find type `Gd` in this scope
[INFO] [stdout]    --> src/lib.rs:909:9
[INFO] [stdout]     |
[INFO] [stdout] 909 |         Gd::from_init_fn(|base| {
[INFO] [stdout]     |         ^^ use of undeclared type `Gd`
[INFO] [stdout] 
[INFO] [stdout] error: aborting due to 13 previous errors
[INFO] [stdout] 
[INFO] [stdout] Some errors have detailed explanations: E0425, E0433.
[INFO] [stdout] For more information about an error, try `rustc --explain E0425`.
[INFO] [stdout] Couldn't compile the test.
[INFO] [stdout] ---- src/lib.rs - godot_api (line 834) stdout ----
[INFO] [stdout] error[E0433]: cannot find module or crate `godot` in this scope
[INFO] [stdout]    --> src/lib.rs:835:5
[INFO] [stdout]     |
[INFO] [stdout] 835 | use godot::prelude::*;
[INFO] [stdout]     |     ^^^^^ use of unresolved module or unlinked crate `godot`
[INFO] [stdout]     |
[INFO] [stdout]     = help: if you wanted to use a crate named `godot`, use `cargo add godot` to add it to your `Cargo.toml`
[INFO] [stdout] 
[INFO] [stdout] error: cannot find derive macro `GodotClass` in this scope
[INFO] [stdout]    --> src/lib.rs:836:10
[INFO] [stdout]     |
[INFO] [stdout] 836 | #[derive(GodotClass)]
[INFO] [stdout]     |          ^^^^^^^^^^
[INFO] [stdout] 
[INFO] [stdout] error: cannot find attribute `class` in this scope
[INFO] [stdout]    --> src/lib.rs:837:3
[INFO] [stdout]     |
[INFO] [stdout] 837 | #[class(init, base=Node)]
[INFO] [stdout]     |   ^^^^^
[INFO] [stdout] 
[INFO] [stdout] error: cannot find attribute `init` in this scope
[INFO] [stdout]    --> src/lib.rs:841:7
[INFO] [stdout]     |
[INFO] [stdout] 841 |     #[init(val = 42)]
[INFO] [stdout]     |       ^^^^
[INFO] [stdout] 
[INFO] [stdout] error[E0425]: cannot find type `Base` in this scope
[INFO] [stdout]    --> src/lib.rs:839:11
[INFO] [stdout]     |
[INFO] [stdout] 839 |     base: Base<Node>,
[INFO] [stdout]     |           ^^^^ not found in this scope
[INFO] [stdout] 
[INFO] [stdout] error[E0425]: cannot find type `Node` in this scope
[INFO] [stdout]    --> src/lib.rs:839:16
[INFO] [stdout]     |
[INFO] [stdout] 839 |     base: Base<Node>,
[INFO] [stdout]     |                ^^^^ not found in this scope
[INFO] [stdout]     |
[INFO] [stdout] help: you might be missing a type parameter
[INFO] [stdout]     |
[INFO] [stdout] 838 | pub struct MyNode<Node> {
[INFO] [stdout]     |                  ++++++
[INFO] [stdout] 
[INFO] [stdout] error: aborting due to 6 previous errors
[INFO] [stdout] 
[INFO] [stdout] Some errors have detailed explanations: E0425, E0433.
[INFO] [stdout] For more information about an error, try `rustc --explain E0425`.
[INFO] [stdout] Couldn't compile the test.
[INFO] [stdout] ---- src/lib.rs - godot_api (line 1016) stdout ----
[INFO] [stdout] error[E0433]: cannot find module or crate `godot` in this scope
[INFO] [stdout]     --> src/lib.rs:1019:5
[INFO] [stdout]      |
[INFO] [stdout] 1019 | use godot::prelude::*;
[INFO] [stdout]      |     ^^^^^ use of unresolved module or unlinked crate `godot`
[INFO] [stdout]      |
[INFO] [stdout]      = help: if you wanted to use a crate named `godot`, use `cargo add godot` to add it to your `Cargo.toml`
[INFO] [stdout] 
[INFO] [stdout] error: cannot find attribute `godot_api` in this scope
[INFO] [stdout]     --> src/lib.rs:1023:3
[INFO] [stdout]      |
[INFO] [stdout] 1023 | #[godot_api]
[INFO] [stdout]      |   ^^^^^^^^^
[INFO] [stdout] 
[INFO] [stdout] error: cannot find attribute `func` in this scope
[INFO] [stdout]     --> src/lib.rs:1025:7
[INFO] [stdout]      |
[INFO] [stdout] 1025 |     #[func(virtual, gd_self)]
[INFO] [stdout]      |       ^^^^
[INFO] [stdout] 
[INFO] [stdout] error: cannot find derive macro `GodotClass` in this scope
[INFO] [stdout]     --> src/lib.rs:1020:10
[INFO] [stdout]      |
[INFO] [stdout] 1020 | #[derive(GodotClass)]
[INFO] [stdout]      |          ^^^^^^^^^^
[INFO] [stdout] 
[INFO] [stdout] error: cannot find attribute `class` in this scope
[INFO] [stdout]     --> src/lib.rs:1021:3
[INFO] [stdout]      |
[INFO] [stdout] 1021 | #[class(init, base = Node)]
[INFO] [stdout]      |   ^^^^^
[INFO] [stdout] 
[INFO] [stdout] error[E0425]: cannot find type `Base` in this scope
[INFO] [stdout]     --> src/lib.rs:1022:25
[INFO] [stdout]      |
[INFO] [stdout] 1022 | struct MyStruct { base: Base<Node> }
[INFO] [stdout]      |                         ^^^^ not found in this scope
[INFO] [stdout] 
[INFO] [stdout] error[E0425]: cannot find type `Node` in this scope
[INFO] [stdout]     --> src/lib.rs:1022:30
[INFO] [stdout]      |
[INFO] [stdout] 1022 | struct MyStruct { base: Base<Node> }
[INFO] [stdout]      |                              ^^^^ not found in this scope
[INFO] [stdout]      |
[INFO] [stdout] help: you might be missing a type parameter
[INFO] [stdout]      |
[INFO] [stdout] 1022 | struct MyStruct<Node> { base: Base<Node> }
[INFO] [stdout]      |                ++++++
[INFO] [stdout] 
[INFO] [stdout] error[E0425]: cannot find type `Gd` in this scope
[INFO] [stdout]     --> src/lib.rs:1026:28
[INFO] [stdout]      |
[INFO] [stdout] 1026 |     async fn compute(this: Gd<Self>, input: i64) -> i64 {
[INFO] [stdout]      |                            ^^ not found in this scope
[INFO] [stdout] 
[INFO] [stdout] error: aborting due to 8 previous errors
[INFO] [stdout] 
[INFO] [stdout] Some errors have detailed explanations: E0425, E0433.
[INFO] [stdout] For more information about an error, try `rustc --explain E0425`.
[INFO] [stdout] Couldn't compile the test.
[INFO] [stdout] ---- src/lib.rs - derive_godot_class (line 57) stdout ----
[INFO] [stdout] error[E0433]: cannot find `godot` in the list of imported crates
[INFO] [stdout]   --> src/lib.rs:60:10
[INFO] [stdout]    |
[INFO] [stdout] 60 | #[derive(GodotClass)]
[INFO] [stdout]    |          ^^^^^^^^^^ could not find `godot` in the list of imported crates
[INFO] [stdout]    |
[INFO] [stdout]    = note: this error originates in the derive macro `GodotClass` (in Nightly builds, run with -Z macro-backtrace for more info)
[INFO] [stdout] 
[INFO] [stdout] error: aborting due to 1 previous error
[INFO] [stdout] 
[INFO] [stdout] For more information about this error, try `rustc --explain E0433`.
[INFO] [stdout] Couldn't compile the test.
[INFO] [stdout] ---- src/lib.rs - godot_api (line 851) stdout ----
[INFO] [stdout] error[E0433]: cannot find module or crate `godot` in this scope
[INFO] [stdout]    --> src/lib.rs:852:5
[INFO] [stdout]     |
[INFO] [stdout] 852 | use godot::prelude::*;
[INFO] [stdout]     |     ^^^^^ use of unresolved module or unlinked crate `godot`
[INFO] [stdout]     |
[INFO] [stdout]     = help: if you wanted to use a crate named `godot`, use `cargo add godot` to add it to your `Cargo.toml`
[INFO] [stdout] 
[INFO] [stdout] error: cannot find attribute `godot_api` in this scope
[INFO] [stdout]    --> src/lib.rs:857:3
[INFO] [stdout]     |
[INFO] [stdout] 857 | #[godot_api]
[INFO] [stdout]     |   ^^^^^^^^^
[INFO] [stdout] 
[INFO] [stdout] error: cannot find macro `godot_print` in this scope
[INFO] [stdout]    --> src/lib.rs:860:9
[INFO] [stdout]     |
[INFO] [stdout] 860 |         godot_print!("Hello World!");
[INFO] [stdout]     |         ^^^^^^^^^^^
[INFO] [stdout] 
[INFO] [stdout] error: cannot find derive macro `GodotClass` in this scope
[INFO] [stdout]    --> src/lib.rs:853:10
[INFO] [stdout]     |
[INFO] [stdout] 853 | #[derive(GodotClass)]
[INFO] [stdout]     |          ^^^^^^^^^^
[INFO] [stdout] 
[INFO] [stdout] error: cannot find attribute `class` in this scope
[INFO] [stdout]    --> src/lib.rs:854:3
[INFO] [stdout]     |
[INFO] [stdout] 854 | #[class(init, base=Node)]
[INFO] [stdout]     |   ^^^^^
[INFO] [stdout] 
[INFO] [stdout] error[E0405]: cannot find trait `INode` in this scope
[INFO] [stdout]    --> src/lib.rs:858:6
[INFO] [stdout]     |
[INFO] [stdout] 858 | impl INode for MyNode {
[INFO] [stdout]     |      ^^^^^ not found in this scope
[INFO] [stdout] 
[INFO] [stdout] error: aborting due to 6 previous errors
[INFO] [stdout] 
[INFO] [stdout] Some errors have detailed explanations: E0405, E0433.
[INFO] [stdout] For more information about an error, try `rustc --explain E0405`.
[INFO] [stdout] Couldn't compile the test.
[INFO] [stdout] ---- src/lib.rs - godot_api (line 957) stdout ----
[INFO] [stdout] error[E0433]: cannot find module or crate `godot` in this scope
[INFO] [stdout]    --> src/lib.rs:958:5
[INFO] [stdout]     |
[INFO] [stdout] 958 | use godot::prelude::*;
[INFO] [stdout]     |     ^^^^^ use of unresolved module or unlinked crate `godot`
[INFO] [stdout]     |
[INFO] [stdout]     = help: if you wanted to use a crate named `godot`, use `cargo add godot` to add it to your `Cargo.toml`
[INFO] [stdout] 
[INFO] [stdout] error: cannot find attribute `godot_api` in this scope
[INFO] [stdout]    --> src/lib.rs:963:3
[INFO] [stdout]     |
[INFO] [stdout] 963 | #[godot_api]
[INFO] [stdout]     |   ^^^^^^^^^
[INFO] [stdout] 
[INFO] [stdout] error: cannot find attribute `func` in this scope
[INFO] [stdout]    --> src/lib.rs:966:7
[INFO] [stdout]     |
[INFO] [stdout] 966 |     #[func(rename = unit_class)]
[INFO] [stdout]     |       ^^^^
[INFO] [stdout] 
[INFO] [stdout] error: cannot find derive macro `GodotClass` in this scope
[INFO] [stdout]    --> src/lib.rs:959:10
[INFO] [stdout]     |
[INFO] [stdout] 959 | #[derive(GodotClass)]
[INFO] [stdout]     |          ^^^^^^^^^^
[INFO] [stdout] 
[INFO] [stdout] error: cannot find attribute `class` in this scope
[INFO] [stdout]    --> src/lib.rs:960:3
[INFO] [stdout]     |
[INFO] [stdout] 960 | #[class(init)]
[INFO] [stdout]     |   ^^^^^
[INFO] [stdout] 
[INFO] [stdout] error[E0425]: cannot find type `GString` in this scope
[INFO] [stdout]    --> src/lib.rs:967:24
[INFO] [stdout]     |
[INFO] [stdout] 967 |     fn class(&self) -> GString {
[INFO] [stdout]     |                        ^^^^^^^ not found in this scope
[INFO] [stdout]     |
[INFO] [stdout] note: similarly named struct `String` defined here
[INFO] [stdout]    --> /rustc/e3feeb59cd1bdd011a2bfcc0747b55125d9b8527/library/alloc/src/string.rs:353:0
[INFO] [stdout] help: a struct with a similar name exists
[INFO] [stdout]     |
[INFO] [stdout] 967 -     fn class(&self) -> GString {
[INFO] [stdout] 967 +     fn class(&self) -> String {
[INFO] [stdout]     |
[INFO] [stdout] 
[INFO] [stdout] error[E0433]: cannot find type `GString` in this scope
[INFO] [stdout]    --> src/lib.rs:968:9
[INFO] [stdout]     |
[INFO] [stdout] 968 |         GString::from("Archer")
[INFO] [stdout]     |         ^^^^^^^ use of undeclared type `GString`
[INFO] [stdout]     |
[INFO] [stdout] help: a struct with a similar name exists
[INFO] [stdout]     |
[INFO] [stdout] 968 -         GString::from("Archer")
[INFO] [stdout] 968 +         String::from("Archer")
[INFO] [stdout]     |
[INFO] [stdout] 
[INFO] [stdout] error: aborting due to 7 previous errors
[INFO] [stdout] 
[INFO] [stdout] Some errors have detailed explanations: E0425, E0433.
[INFO] [stdout] For more information about an error, try `rustc --explain E0425`.
[INFO] [stdout] Couldn't compile the test.
[INFO] [stdout] ---- src/lib.rs - godot_api (line 978) stdout ----
[INFO] [stdout] error[E0433]: cannot find module or crate `godot` in this scope
[INFO] [stdout]    --> src/lib.rs:981:5
[INFO] [stdout]     |
[INFO] [stdout] 981 | use godot::prelude::*;
[INFO] [stdout]     |     ^^^^^ use of unresolved module or unlinked crate `godot`
[INFO] [stdout]     |
[INFO] [stdout]     = help: if you wanted to use a crate named `godot`, use `cargo add godot` to add it to your `Cargo.toml`
[INFO] [stdout] 
[INFO] [stdout] error: cannot find attribute `godot_api` in this scope
[INFO] [stdout]    --> src/lib.rs:989:3
[INFO] [stdout]     |
[INFO] [stdout] 989 | #[godot_api]
[INFO] [stdout]     |   ^^^^^^^^^
[INFO] [stdout] 
[INFO] [stdout] error: cannot find attribute `func` in this scope
[INFO] [stdout]    --> src/lib.rs:991:7
[INFO] [stdout]     |
[INFO] [stdout] 991 |     #[func(virtual)]
[INFO] [stdout]     |       ^^^^
[INFO] [stdout] 
[INFO] [stdout] error: cannot find derive macro `GodotClass` in this scope
[INFO] [stdout]    --> src/lib.rs:982:10
[INFO] [stdout]     |
[INFO] [stdout] 982 | #[derive(GodotClass)]
[INFO] [stdout]     |          ^^^^^^^^^^
[INFO] [stdout] 
[INFO] [stdout] error: cannot find attribute `class` in this scope
[INFO] [stdout]    --> src/lib.rs:983:3
[INFO] [stdout]     |
[INFO] [stdout] 983 | #[class(init)]
[INFO] [stdout]     |   ^^^^^
[INFO] [stdout] 
[INFO] [stdout] error[E0425]: cannot find type `Base` in this scope
[INFO] [stdout]    --> src/lib.rs:986:11
[INFO] [stdout]     |
[INFO] [stdout] 986 |     base: Base<RefCounted>,
[INFO] [stdout]     |           ^^^^ not found in this scope
[INFO] [stdout] 
[INFO] [stdout] error[E0425]: cannot find type `RefCounted` in this scope
[INFO] [stdout]    --> src/lib.rs:986:16
[INFO] [stdout]     |
[INFO] [stdout] 986 |     base: Base<RefCounted>,
[INFO] [stdout]     |                ^^^^^^^^^^ not found in this scope
[INFO] [stdout]     |
[INFO] [stdout] help: you might be missing a type parameter
[INFO] [stdout]     |
[INFO] [stdout] 984 | struct MyStruct<RefCounted> {
[INFO] [stdout]     |                ++++++++++++
[INFO] [stdout] 
[INFO] [stdout] error[E0425]: cannot find type `GString` in this scope
[INFO] [stdout]    --> src/lib.rs:992:27
[INFO] [stdout]     |
[INFO] [stdout] 992 |     fn language(&self) -> GString {
[INFO] [stdout]     |                           ^^^^^^^ not found in this scope
[INFO] [stdout]     |
[INFO] [stdout] note: similarly named struct `String` defined here
[INFO] [stdout]    --> /rustc/e3feeb59cd1bdd011a2bfcc0747b55125d9b8527/library/alloc/src/string.rs:353:0
[INFO] [stdout] help: a struct with a similar name exists
[INFO] [stdout]     |
[INFO] [stdout] 992 -     fn language(&self) -> GString {
[INFO] [stdout] 992 +     fn language(&self) -> String {
[INFO] [stdout]     |
[INFO] [stdout] 
[INFO] [stdout] error[E0433]: cannot find type `GString` in this scope
[INFO] [stdout]    --> src/lib.rs:993:9
[INFO] [stdout]     |
[INFO] [stdout] 993 |         GString::from("Rust")
[INFO] [stdout]     |         ^^^^^^^ use of undeclared type `GString`
[INFO] [stdout]     |
[INFO] [stdout] help: a struct with a similar name exists
[INFO] [stdout]     |
[INFO] [stdout] 993 -         GString::from("Rust")
[INFO] [stdout] 993 +         String::from("Rust")
[INFO] [stdout]     |
[INFO] [stdout] 
[INFO] [stdout] error: aborting due to 9 previous errors
[INFO] [stdout] 
[INFO] [stdout] Some errors have detailed explanations: E0425, E0433.
[INFO] [stdout] For more information about an error, try `rustc --explain E0425`.
[INFO] [stdout] Couldn't compile the test.
[INFO] [stdout] ---- src/lib.rs - godot_api (line 1202) stdout ----
[INFO] [stdout] error: associated function in `impl` without body
[INFO] [stdout]     --> src/lib.rs:1212:5
[INFO] [stdout]      |
[INFO] [stdout] 1212 |     fn hidden_signal(value: i64);
[INFO] [stdout]      |     ^^^^^^^^^^^^^^^^^^^^^^^^^^^^-
[INFO] [stdout]      |                                 |
[INFO] [stdout]      |                                 help: provide a definition for the function: `{ <body> }`
[INFO] [stdout] 
[INFO] [stdout] error[E0433]: cannot find module or crate `godot` in this scope
[INFO] [stdout]     --> src/lib.rs:1203:5
[INFO] [stdout]      |
[INFO] [stdout] 1203 | use godot::prelude::*;
[INFO] [stdout]      |     ^^^^^ use of unresolved module or unlinked crate `godot`
[INFO] [stdout]      |
[INFO] [stdout]      = help: if you wanted to use a crate named `godot`, use `cargo add godot` to add it to your `Cargo.toml`
[INFO] [stdout] 
[INFO] [stdout] error: cannot find attribute `godot_api` in this scope
[INFO] [stdout]     --> src/lib.rs:1209:3
[INFO] [stdout]      |
[INFO] [stdout] 1209 | #[godot_api]
[INFO] [stdout]      |   ^^^^^^^^^
[INFO] [stdout] 
[INFO] [stdout] error: cannot find attribute `signal` in this scope
[INFO] [stdout]     --> src/lib.rs:1211:7
[INFO] [stdout]      |
[INFO] [stdout] 1211 |     #[signal(internal)]
[INFO] [stdout]      |       ^^^^^^
[INFO] [stdout] 
[INFO] [stdout] error: cannot find attribute `func` in this scope
[INFO] [stdout]     --> src/lib.rs:1214:7
[INFO] [stdout]      |
[INFO] [stdout] 1214 |     #[func]
[INFO] [stdout]      |       ^^^^
[INFO] [stdout] 
[INFO] [stdout] error: cannot find macro `vslice` in this scope
[INFO] [stdout]     --> src/lib.rs:1219:55
[INFO] [stdout]      |
[INFO] [stdout] 1219 |         self.base_mut().emit_signal("_hidden_signal", vslice![123]);
[INFO] [stdout]      |                                                       ^^^^^^
[INFO] [stdout] 
[INFO] [stdout] error: cannot find derive macro `GodotClass` in this scope
[INFO] [stdout]     --> src/lib.rs:1204:10
[INFO] [stdout]      |
[INFO] [stdout] 1204 | #[derive(GodotClass)]
[INFO] [stdout]      |          ^^^^^^^^^^
[INFO] [stdout] 
[INFO] [stdout] error: cannot find attribute `class` in this scope
[INFO] [stdout]     --> src/lib.rs:1205:3
[INFO] [stdout]      |
[INFO] [stdout] 1205 | #[class(init)]
[INFO] [stdout]      |   ^^^^^
[INFO] [stdout] 
[INFO] [stdout] error[E0425]: cannot find type `Base` in this scope
[INFO] [stdout]     --> src/lib.rs:1207:11
[INFO] [stdout]      |
[INFO] [stdout] 1207 |     base: Base<RefCounted>,
[INFO] [stdout]      |           ^^^^ not found in this scope
[INFO] [stdout] 
[INFO] [stdout] error[E0425]: cannot find type `RefCounted` in this scope
[INFO] [stdout]     --> src/lib.rs:1207:16
[INFO] [stdout]      |
[INFO] [stdout] 1207 |     base: Base<RefCounted>,
[INFO] [stdout]      |                ^^^^^^^^^^ not found in this scope
[INFO] [stdout]      |
[INFO] [stdout] help: you might be missing a type parameter
[INFO] [stdout]      |
[INFO] [stdout] 1206 | struct MyClass<RefCounted> {
[INFO] [stdout]      |               ++++++++++++
[INFO] [stdout] 
[INFO] [stdout] error[E0599]: no method named `signals` found for mutable reference `&mut MyClass` in the current scope
[INFO] [stdout]     --> src/lib.rs:1216:14
[INFO] [stdout]      |
[INFO] [stdout] 1216 |         self.signals().hidden_signal().emit(123);
[INFO] [stdout]      |              ^^^^^^^ method not found in `&mut MyClass`
[INFO] [stdout] 
[INFO] [stdout] error[E0599]: no method named `base_mut` found for mutable reference `&mut MyClass` in the current scope
[INFO] [stdout]     --> src/lib.rs:1219:14
[INFO] [stdout]      |
[INFO] [stdout] 1219 |         self.base_mut().emit_signal("_hidden_signal", vslice![123]);
[INFO] [stdout]      |              ^^^^^^^^ method not found in `&mut MyClass`
[INFO] [stdout] 
[INFO] [stdout] error: aborting due to 12 previous errors
[INFO] [stdout] 
[INFO] [stdout] Some errors have detailed explanations: E0425, E0433, E0599.
[INFO] [stdout] For more information about an error, try `rustc --explain E0425`.
[INFO] [stdout] Couldn't compile the test.
[INFO] [stdout] ---- src/lib.rs - godot_api (line 928) stdout ----
[INFO] [stdout] error[E0433]: cannot find module or crate `godot` in this scope
[INFO] [stdout]    --> src/lib.rs:929:5
[INFO] [stdout]     |
[INFO] [stdout] 929 | use godot::prelude::*;
[INFO] [stdout]     |     ^^^^^ use of unresolved module or unlinked crate `godot`
[INFO] [stdout]     |
[INFO] [stdout]     = help: if you wanted to use a crate named `godot`, use `cargo add godot` to add it to your `Cargo.toml`
[INFO] [stdout] 
[INFO] [stdout] error: cannot find attribute `godot_api` in this scope
[INFO] [stdout]    --> src/lib.rs:934:3
[INFO] [stdout]     |
[INFO] [stdout] 934 | #[godot_api]
[INFO] [stdout]     |   ^^^^^^^^^
[INFO] [stdout] 
[INFO] [stdout] error: cannot find attribute `func` in this scope
[INFO] [stdout]    --> src/lib.rs:936:7
[INFO] [stdout]     |
[INFO] [stdout] 936 |     #[func]
[INFO] [stdout]     |       ^^^^
[INFO] [stdout] 
[INFO] [stdout] error: cannot find attribute `opt` in this scope
[INFO] [stdout]    --> src/lib.rs:937:23
[INFO] [stdout]     |
[INFO] [stdout] 937 |     fn greet(&self, #[opt(default = "World")] name: GString) {
[INFO] [stdout]     |                       ^^^
[INFO] [stdout] 
[INFO] [stdout] error: cannot find macro `godot_print` in this scope
[INFO] [stdout]    --> src/lib.rs:938:9
[INFO] [stdout]     |
[INFO] [stdout] 938 |         godot_print!("Hello, {name}!");
[INFO] [stdout]     |         ^^^^^^^^^^^
[INFO] [stdout] 
[INFO] [stdout] error: cannot find derive macro `GodotClass` in this scope
[INFO] [stdout]    --> src/lib.rs:930:10
[INFO] [stdout]     |
[INFO] [stdout] 930 | #[derive(GodotClass)]
[INFO] [stdout]     |          ^^^^^^^^^^
[INFO] [stdout] 
[INFO] [stdout] error: cannot find attribute `class` in this scope
[INFO] [stdout]    --> src/lib.rs:931:3
[INFO] [stdout]     |
[INFO] [stdout] 931 | #[class(init)]
[INFO] [stdout]     |   ^^^^^
[INFO] [stdout] 
[INFO] [stdout] error[E0425]: cannot find type `GString` in this scope
[INFO] [stdout]    --> src/lib.rs:937:53
[INFO] [stdout]     |
[INFO] [stdout] 937 |     fn greet(&self, #[opt(default = "World")] name: GString) {
[INFO] [stdout]     |                                                     ^^^^^^^ not found in this scope
[INFO] [stdout]     |
[INFO] [stdout] note: similarly named struct `String` defined here
[INFO] [stdout]    --> /rustc/e3feeb59cd1bdd011a2bfcc0747b55125d9b8527/library/alloc/src/string.rs:353:0
[INFO] [stdout] help: a struct with a similar name exists
[INFO] [stdout]     |
[INFO] [stdout] 937 -     fn greet(&self, #[opt(default = "World")] name: GString) {
[INFO] [stdout] 937 +     fn greet(&self, #[opt(default = "World")] name: String) {
[INFO] [stdout]     |
[INFO] [stdout] 
[INFO] [stdout] error: aborting due to 8 previous errors
[INFO] [stdout] 
[INFO] [stdout] Some errors have detailed explanations: E0425, E0433.
[INFO] [stdout] For more information about an error, try `rustc --explain E0425`.
[INFO] [stdout] Couldn't compile the test.
[INFO] [stdout] ---- src/lib.rs - derive_godot_class (line 73) stdout ----
[INFO] [stdout] error[E0433]: cannot find `godot` in the list of imported crates
[INFO] [stdout]   --> src/lib.rs:77:10
[INFO] [stdout]    |
[INFO] [stdout] 77 | #[derive(GodotClass)]
[INFO] [stdout]    |          ^^^^^^^^^^ could not find `godot` in the list of imported crates
[INFO] [stdout]    |
[INFO] [stdout]    = note: this error originates in the derive macro `GodotClass` (in Nightly builds, run with -Z macro-backtrace for more info)
[INFO] [stdout] 
[INFO] [stdout] error: aborting due to 1 previous error
[INFO] [stdout] 
[INFO] [stdout] For more information about this error, try `rustc --explain E0433`.
[INFO] [stdout] Couldn't compile the test.
[INFO] [stdout] ---- src/lib.rs - godot_dyn (line 1316) stdout ----
[INFO] [stdout] error[E0433]: cannot find module or crate `godot` in this scope
[INFO] [stdout]     --> src/lib.rs:1317:5
[INFO] [stdout]      |
[INFO] [stdout] 1317 | use godot::prelude::*;
[INFO] [stdout]      |     ^^^^^ use of unresolved module or unlinked crate `godot`
[INFO] [stdout]      |
[INFO] [stdout]      = help: if you wanted to use a crate named `godot`, use `cargo add godot` to add it to your `Cargo.toml`
[INFO] [stdout] 
[INFO] [stdout] error: cannot find attribute `godot_dyn` in this scope
[INFO] [stdout]     --> src/lib.rs:1325:3
[INFO] [stdout]      |
[INFO] [stdout] 1325 | #[godot_dyn]
[INFO] [stdout]      |   ^^^^^^^^^
[INFO] [stdout] 
[INFO] [stdout] error: cannot find derive macro `GodotClass` in this scope
[INFO] [stdout]     --> src/lib.rs:1319:10
[INFO] [stdout]      |
[INFO] [stdout] 1319 | #[derive(GodotClass)]
[INFO] [stdout]      |          ^^^^^^^^^^
[INFO] [stdout] 
[INFO] [stdout] error: cannot find attribute `class` in this scope
[INFO] [stdout]     --> src/lib.rs:1320:3
[INFO] [stdout]      |
[INFO] [stdout] 1320 | #[class(init)]
[INFO] [stdout]      |   ^^^^^
[INFO] [stdout] 
[INFO] [stdout] error: aborting due to 4 previous errors
[INFO] [stdout] 
[INFO] [stdout] For more information about this error, try `rustc --explain E0433`.
[INFO] [stdout] Couldn't compile the test.
[INFO] [stdout] ---- src/lib.rs - derive_godot_class (line 88) stdout ----
[INFO] [stdout] error[E0433]: cannot find `godot` in the list of imported crates
[INFO] [stdout]   --> src/lib.rs:91:10
[INFO] [stdout]    |
[INFO] [stdout] 91 | #[derive(GodotClass)]
[INFO] [stdout]    |          ^^^^^^^^^^ could not find `godot` in the list of imported crates
[INFO] [stdout]    |
[INFO] [stdout]    = note: this error originates in the derive macro `GodotClass` (in Nightly builds, run with -Z macro-backtrace for more info)
[INFO] [stdout] 
[INFO] [stdout] error: aborting due to 1 previous error
[INFO] [stdout] 
[INFO] [stdout] For more information about this error, try `rustc --explain E0433`.
[INFO] [stdout] Couldn't compile the test.
[INFO] [stdout] ---- src/lib.rs - godot_dyn (line 1329) stdout ----
[INFO] [stdout] error[E0433]: cannot find module or crate `godot` in this scope
[INFO] [stdout]     --> src/lib.rs:1330:5
[INFO] [stdout]      |
[INFO] [stdout] 1330 | use godot::prelude::*;
[INFO] [stdout]      |     ^^^^^ use of unresolved module or unlinked crate `godot`
[INFO] [stdout]      |
[INFO] [stdout]      = help: if you wanted to use a crate named `godot`, use `cargo add godot` to add it to your `Cargo.toml`
[INFO] [stdout] 
[INFO] [stdout] error: cannot find derive macro `GodotClass` in this scope
[INFO] [stdout]     --> src/lib.rs:1331:10
[INFO] [stdout]      |
[INFO] [stdout] 1331 | #[derive(GodotClass)]
[INFO] [stdout]      |          ^^^^^^^^^^
[INFO] [stdout] 
[INFO] [stdout] error: cannot find attribute `class` in this scope
[INFO] [stdout]     --> src/lib.rs:1332:3
[INFO] [stdout]      |
[INFO] [stdout] 1332 | #[class(init)]
[INFO] [stdout]      |   ^^^^^
[INFO] [stdout] 
[INFO] [stdout] error[E0405]: cannot find trait `AsDyn` in this scope
[INFO] [stdout]     --> src/lib.rs:1339:6
[INFO] [stdout]      |
[INFO] [stdout] 1339 | impl AsDyn<dyn MyTrait> for MyClass {
[INFO] [stdout]      |      ^^^^^ not found in this scope
[INFO] [stdout] 
[INFO] [stdout] error: aborting due to 4 previous errors
[INFO] [stdout] 
[INFO] [stdout] Some errors have detailed explanations: E0405, E0433.
[INFO] [stdout] For more information about an error, try `rustc --explain E0405`.
[INFO] [stdout] Couldn't compile the test.
[INFO] [stdout] 
[INFO] [stdout] failures:
[INFO] [stdout]     src/lib.rs - derive_godot_class (line 106)
[INFO] [stdout]     src/lib.rs - derive_godot_class (line 118)
[INFO] [stdout]     src/lib.rs - derive_godot_class (line 141)
[INFO] [stdout]     src/lib.rs - derive_godot_class (line 156)
[INFO] [stdout]     src/lib.rs - derive_godot_class (line 174)
[INFO] [stdout]     src/lib.rs - derive_godot_class (line 216)
[INFO] [stdout]     src/lib.rs - derive_godot_class (line 237)
[INFO] [stdout]     src/lib.rs - derive_godot_class (line 266)
[INFO] [stdout]     src/lib.rs - derive_godot_class (line 317)
[INFO] [stdout]     src/lib.rs - derive_godot_class (line 346)
[INFO] [stdout]     src/lib.rs - derive_godot_class (line 398)
[INFO] [stdout]     src/lib.rs - derive_godot_class (line 444)
[INFO] [stdout]     src/lib.rs - derive_godot_class (line 45)
[INFO] [stdout]     src/lib.rs - derive_godot_class (line 507)
[INFO] [stdout]     src/lib.rs - derive_godot_class (line 57)
[INFO] [stdout]     src/lib.rs - derive_godot_class (line 606)
[INFO] [stdout]     src/lib.rs - derive_godot_class (line 629)
[INFO] [stdout]     src/lib.rs - derive_godot_class (line 642)
[INFO] [stdout]     src/lib.rs - derive_godot_class (line 688)
[INFO] [stdout]     src/lib.rs - derive_godot_class (line 717)
[INFO] [stdout]     src/lib.rs - derive_godot_class (line 73)
[INFO] [stdout]     src/lib.rs - derive_godot_class (line 88)
[INFO] [stdout]     src/lib.rs - derive_godot_convert (line 1369)
[INFO] [stdout]     src/lib.rs - derive_godot_convert (line 1381)
[INFO] [stdout]     src/lib.rs - derive_godot_convert (line 1399)
[INFO] [stdout]     src/lib.rs - derive_godot_convert (line 1477)
[INFO] [stdout]     src/lib.rs - derive_godot_convert (line 1492)
[INFO] [stdout]     src/lib.rs - derive_godot_convert (line 1509)
[INFO] [stdout]     src/lib.rs - godot_api (line 1016)
[INFO] [stdout]     src/lib.rs - godot_api (line 1059)
[INFO] [stdout]     src/lib.rs - godot_api (line 1125)
[INFO] [stdout]     src/lib.rs - godot_api (line 1177)
[INFO] [stdout]     src/lib.rs - godot_api (line 1202)
[INFO] [stdout]     src/lib.rs - godot_api (line 1235)
[INFO] [stdout]     src/lib.rs - godot_api (line 782)
[INFO] [stdout]     src/lib.rs - godot_api (line 816)
[INFO] [stdout]     src/lib.rs - godot_api (line 834)
[INFO] [stdout]     src/lib.rs - godot_api (line 851)
[INFO] [stdout]     src/lib.rs - godot_api (line 891)
[INFO] [stdout]     src/lib.rs - godot_api (line 928)
[INFO] [stdout]     src/lib.rs - godot_api (line 957)
[INFO] [stdout]     src/lib.rs - godot_api (line 978)
[INFO] [stdout]     src/lib.rs - godot_dyn (line 1316)
[INFO] [stdout]     src/lib.rs - godot_dyn (line 1329)
[INFO] [stdout] 
[INFO] [stdout] test result: FAILED. 12 passed; 44 failed; 0 ignored; 0 measured; 0 filtered out; finished in 2.52s
[INFO] [stdout] 
[INFO] [stdout] all doctests ran in 4.34s; merged doctests compilation took 1.81s
[INFO] [stderr] error: doctest failed, to rerun pass `--doc`
[INFO] running `Command { std: "docker" "inspect" "82e7e47b9a5a531ba9079f9225b529799721c8a6a2434198c9932e67ad6c6ce3", kill_on_drop: false }`
[INFO] running `Command { std: "docker" "rm" "-f" "82e7e47b9a5a531ba9079f9225b529799721c8a6a2434198c9932e67ad6c6ce3", kill_on_drop: false }`
[INFO] [stdout] 82e7e47b9a5a531ba9079f9225b529799721c8a6a2434198c9932e67ad6c6ce3
