[INFO] fetching crate godot-binary-serialization 0.2.0...
[INFO] testing godot-binary-serialization-0.2.0 against 1.100.0-beta.1+cargoflags=--release for beta-release-1.100-2
[INFO] extracting crate godot-binary-serialization 0.2.0 into /workspace/builds/worker-2-tc2/source
[INFO] started tweaking crates.io crate godot-binary-serialization 0.2.0
[INFO] finished tweaking crates.io crate godot-binary-serialization 0.2.0
[INFO] tweaked toml for crates.io crate godot-binary-serialization 0.2.0 written to /workspace/builds/worker-2-tc2/source/Cargo.toml
[INFO] validating manifest of crates.io crate godot-binary-serialization 0.2.0 on toolchain 1.100.0-beta.1
[INFO] running `Command { std: CARGO_HOME="/workspace/cargo-home" RUSTUP_HOME="/workspace/rustup-home" "/workspace/cargo-home/bin/cargo" "+1.100.0-beta.1" "metadata" "--manifest-path" "Cargo.toml" "--no-deps", kill_on_drop: false }`
[INFO] running `Command { std: CARGO_HOME="/workspace/cargo-home" RUSTUP_HOME="/workspace/rustup-home" "/workspace/cargo-home/bin/cargo" "+1.100.0-beta.1" "generate-lockfile" "--manifest-path" "Cargo.toml", kill_on_drop: false }`
[INFO] [stderr]     Updating crates.io index
[INFO] [stderr]      Locking 5 packages to highest compatible versions
[INFO] running `Command { std: CARGO_HOME="/workspace/cargo-home" RUSTUP_HOME="/workspace/rustup-home" "/workspace/cargo-home/bin/cargo" "+1.100.0-beta.1" "fetch" "--manifest-path" "Cargo.toml", kill_on_drop: false }`
[INFO] running `Command { std: "docker" "create" "-v" "/var/lib/crater-agent-workspace/builds/worker-2-tc2/source:/opt/rustwide/workdir:ro,Z" "-v" "/var/lib/crater-agent-workspace/builds/worker-2-tc2/target:/opt/rustwide/target:rw,Z" "-v" "/var/lib/crater-agent-workspace/cargo-home:/opt/rustwide/cargo-home:ro,Z" "-v" "/var/lib/crater-agent-workspace/rustup-home:/opt/rustwide/rustup-home:ro,Z" "-m" "1610612736" "--network" "none" "ghcr.io/rust-lang/crates-build-env/linux@sha256:77db811e55d90add9212f6832c23229e3de5f1c1f9905e8cb07319ea15df73ac" "sleep" "infinity", kill_on_drop: false }`
[INFO] [stdout] 2ad18263228d088e316eb4e6378f3eac5f64b5e8d0768f4ea89b6f504707ea33
[INFO] running `Command { std: "docker" "start" "2ad18263228d088e316eb4e6378f3eac5f64b5e8d0768f4ea89b6f504707ea33", kill_on_drop: false }`
[INFO] running `Command { std: "docker" "inspect" "2ad18263228d088e316eb4e6378f3eac5f64b5e8d0768f4ea89b6f504707ea33", kill_on_drop: false }`
[INFO] running `Command { std: "docker" "exec" "-e" "SOURCE_DIR=/opt/rustwide/workdir" "-e" "CARGO_HOME=/opt/rustwide/cargo-home" "-e" "RUSTUP_HOME=/opt/rustwide/rustup-home" "-e" "CARGO_TARGET_DIR=/opt/rustwide/target" "-w" "/opt/rustwide/workdir" "--user" "0:0" "2ad18263228d088e316eb4e6378f3eac5f64b5e8d0768f4ea89b6f504707ea33" "/opt/rustwide/cargo-home/bin/cargo" "+1.100.0-beta.1" "metadata" "--no-deps" "--format-version=1", kill_on_drop: false }`
[INFO] running `Command { std: "docker" "inspect" "2ad18263228d088e316eb4e6378f3eac5f64b5e8d0768f4ea89b6f504707ea33", kill_on_drop: false }`
[INFO] running `Command { std: "docker" "exec" "-e" "SOURCE_DIR=/opt/rustwide/workdir" "-e" "CARGO_HOME=/opt/rustwide/cargo-home" "-e" "RUSTUP_HOME=/opt/rustwide/rustup-home" "-e" "CARGO_TARGET_DIR=/opt/rustwide/target" "-e" "CARGO_INCREMENTAL=0" "-e" "RUST_BACKTRACE=full" "-e" "RUSTFLAGS=--cap-lints=warn" "-e" "RUSTDOCFLAGS=--cap-lints=warn" "-w" "/opt/rustwide/workdir" "--user" "0:0" "2ad18263228d088e316eb4e6378f3eac5f64b5e8d0768f4ea89b6f504707ea33" "/opt/rustwide/cargo-home/bin/cargo" "+1.100.0-beta.1" "build" "--frozen" "--message-format=json" "--release", kill_on_drop: false }`
[INFO] [stderr]    Compiling godot-binary-serialization v0.2.0 (/opt/rustwide/workdir)
[INFO] [stderr]     Finished `release` profile [optimized] target(s) in 0.72s
[INFO] running `Command { std: "docker" "inspect" "2ad18263228d088e316eb4e6378f3eac5f64b5e8d0768f4ea89b6f504707ea33", kill_on_drop: false }`
[INFO] running `Command { std: "docker" "exec" "-e" "SOURCE_DIR=/opt/rustwide/workdir" "-e" "CARGO_HOME=/opt/rustwide/cargo-home" "-e" "RUSTUP_HOME=/opt/rustwide/rustup-home" "-e" "CARGO_TARGET_DIR=/opt/rustwide/target" "-e" "CARGO_INCREMENTAL=0" "-e" "RUST_BACKTRACE=full" "-e" "RUSTFLAGS=--cap-lints=warn" "-e" "RUSTDOCFLAGS=--cap-lints=warn" "-w" "/opt/rustwide/workdir" "--user" "0:0" "2ad18263228d088e316eb4e6378f3eac5f64b5e8d0768f4ea89b6f504707ea33" "/opt/rustwide/cargo-home/bin/cargo" "+1.100.0-beta.1" "test" "--frozen" "--no-run" "--message-format=json" "--release", kill_on_drop: false }`
[INFO] [stderr]    Compiling godot-binary-serialization v0.2.0 (/opt/rustwide/workdir)
[INFO] [stderr]     Finished `release` profile [optimized] target(s) in 0.84s
[INFO] running `Command { std: "docker" "inspect" "2ad18263228d088e316eb4e6378f3eac5f64b5e8d0768f4ea89b6f504707ea33", kill_on_drop: false }`
[INFO] running `Command { std: "docker" "exec" "-e" "SOURCE_DIR=/opt/rustwide/workdir" "-e" "CARGO_HOME=/opt/rustwide/cargo-home" "-e" "RUSTUP_HOME=/opt/rustwide/rustup-home" "-e" "CARGO_TARGET_DIR=/opt/rustwide/target" "-e" "CARGO_INCREMENTAL=0" "-e" "RUST_BACKTRACE=full" "-e" "RUSTFLAGS=--cap-lints=warn" "-e" "RUSTDOCFLAGS=--cap-lints=warn" "-w" "/opt/rustwide/workdir" "--user" "0:0" "2ad18263228d088e316eb4e6378f3eac5f64b5e8d0768f4ea89b6f504707ea33" "/opt/rustwide/cargo-home/bin/cargo" "+1.100.0-beta.1" "test" "--frozen" "--release", kill_on_drop: false }`
[INFO] [stderr]     Finished `release` profile [optimized] target(s) in 0.03s
[INFO] [stderr]      Running unittests src/lib.rs (/opt/rustwide/target/release/build/godot-binary-serialization/e429de8923dba2a3/out/godot_binary_serialization-e429de8923dba2a3)
[INFO] [stdout] 
[INFO] [stdout] running 15 tests
[INFO] [stdout] test decoder::int::tests::decode_int32 ... ok
[INFO] [stdout] test encoder::string::tests::encode_string ... ok
[INFO] [stdout] test decoder::vector::tests::decode_vector2 ... ok
[INFO] [stdout] test decoder::string::tests::decode_string ... ok
[INFO] [stdout] test encoder::dictionary::test::encode_dictionary ... FAILED
[INFO] [stdout] test decoder::dictionary::tests::decode_double_dictionary ... FAILED
[INFO] [stdout] test encoder::vector::tests::encode_vector2 ... ok
[INFO] [stdout] test encoder::float::tests::encode_f64 ... ok
[INFO] [stdout] test encoder::vector::tests::encode_vector3 ... FAILED
[INFO] [stdout] test encoder::int::tests::encode_int32 ... ok
[INFO] [stdout] test encoder::int::tests::encode_int64 ... ok
[INFO] [stdout] test decoder::vector::tests::decode_vector3 ... ok
[INFO] [stderr] error: test failed, to rerun pass `--lib`
[INFO] [stdout] test decoder::dictionary::tests::decode_dictionary ... ok
[INFO] [stdout] test decoder::float::tests::decode_float64 ... ok
[INFO] [stdout] test decoder::int::tests::decode_int64 ... ok
[INFO] [stdout] 
[INFO] [stdout] failures:
[INFO] [stdout] 
[INFO] [stdout] ---- encoder::dictionary::test::encode_dictionary stdout ----
[INFO] [stdout] 
[INFO] [stdout] thread 'encoder::dictionary::test::encode_dictionary' (165) panicked at src/encoder/dictionary.rs:62:9:
[INFO] [stdout] assertion `left == right` failed: Expected [18, 0, 0, 0, 2, 0, 0, 0, 4, 0, 0, 0, 8, 0, 0, 0, 112, 111, 115, 105, 116, 105, 111, 110, 7, 0, 0, 0, 184, 30, 5, 63, 0, 0, 251, 67, 0, 0, 136, 66, 4, 0, 0, 0, 2, 0, 0, 0, 105, 100, 0, 0, 2, 0, 0, 0, 181, 2, 0, 0] but got [27, 0, 0, 0, 2, 0, 0, 0, 4, 0, 0, 0, 8, 0, 0, 0, 112, 111, 115, 105, 116, 105, 111, 110, 9, 0, 0, 0, 184, 30, 5, 63, 0, 0, 251, 67, 0, 0, 136, 66, 4, 0, 0, 0, 2, 0, 0, 0, 105, 100, 0, 0, 2, 0, 0, 0, 181, 2, 0, 0]
[INFO] [stdout]   left: [18, 0, 0, 0, 2, 0, 0, 0, 4, 0, 0, 0, 8, 0, 0, 0, 112, 111, 115, 105, 116, 105, 111, 110, 7, 0, 0, 0, 184, 30, 5, 63, 0, 0, 251, 67, 0, 0, 136, 66, 4, 0, 0, 0, 2, 0, 0, 0, 105, 100, 0, 0, 2, 0, 0, 0, 181, 2, 0, 0]
[INFO] [stdout]  right: [27, 0, 0, 0, 2, 0, 0, 0, 4, 0, 0, 0, 8, 0, 0, 0, 112, 111, 115, 105, 116, 105, 111, 110, 9, 0, 0, 0, 184, 30, 5, 63, 0, 0, 251, 67, 0, 0, 136, 66, 4, 0, 0, 0, 2, 0, 0, 0, 105, 100, 0, 0, 2, 0, 0, 0, 181, 2, 0, 0]
[INFO] [stdout] stack backtrace:
[INFO] [stdout]    0:     0x5c82ffe5baa1 - <<std[617be2ca0a6fd877]::sys::backtrace::BacktraceLock>::print::DisplayBacktrace as core[a373ad73a504971]::fmt::Display>::fmt
[INFO] [stdout]    1:     0x5c82ffe712ca - core[a373ad73a504971]::fmt::write
[INFO] [stdout]    2:     0x5c82ffe601bc - <alloc[2e1b2a31b91974c5]::vec::Vec<u8> as core[a373ad73a504971]::io::write::Write>::write_fmt
[INFO] [stdout]    3:     0x5c82ffe37986 - std[617be2ca0a6fd877]::panicking::default_hook::{closure#0}
[INFO] [stdout]    4:     0x5c82ffe54119 - std[617be2ca0a6fd877]::panicking::default_hook
[INFO] [stdout]    5:     0x5c82ffdeedf0 - test[aada8e7e76ba119b]::test_main_inner::{closure#0}
[INFO] [stdout]    6:     0x5c82ffe542d2 - std[617be2ca0a6fd877]::panicking::panic_with_hook
[INFO] [stdout]    7:     0x5c82ffe37a32 - std[617be2ca0a6fd877]::panicking::panic_handler::{closure#0}
[INFO] [stdout]    8:     0x5c82ffe301b9 - std[617be2ca0a6fd877]::sys::backtrace::__rust_end_short_backtrace::<std[617be2ca0a6fd877]::panicking::panic_handler::{closure#0}, !>
[INFO] [stdout]    9:     0x5c82ffe3874d - __rustc[ea4f61d10b84890b]::rust_begin_unwind
[INFO] [stdout]   10:     0x5c82ffe719fc - core[a373ad73a504971]::panicking::panic_fmt
[INFO] [stdout]   11:     0x5c82ffe71973 - core[a373ad73a504971]::panicking::assert_failed_inner
[INFO] [stdout]   12:     0x5c82ffddb77b - core[a373ad73a504971]::panicking::assert_failed::<alloc[2e1b2a31b91974c5]::vec::Vec<u8>, alloc[2e1b2a31b91974c5]::vec::Vec<u8>>
[INFO] [stdout]   13:     0x5c82ffde17fd - <godot_binary_serialization[d49f0410e9c1cd35]::encoder::dictionary::test::encode_dictionary::{closure#0} as core[a373ad73a504971]::ops::function::FnOnce<()>>::call_once
[INFO] [stdout]   14:     0x5c82ffde223b - test[aada8e7e76ba119b]::__rust_begin_short_backtrace::<core[a373ad73a504971]::result::Result<(), alloc[2e1b2a31b91974c5]::string::String>, fn() -> core[a373ad73a504971]::result::Result<(), alloc[2e1b2a31b91974c5]::string::String>>
[INFO] [stdout]   15:     0x5c82ffdef415 - test[aada8e7e76ba119b]::run_test::{closure#0}
[INFO] [stdout]   16:     0x5c82ffde8d04 - std[617be2ca0a6fd877]::sys::backtrace::__rust_begin_short_backtrace::<test[aada8e7e76ba119b]::run_test::{closure#1}, ()>
[INFO] [stdout]   17:     0x5c82ffdf24a2 - <std[617be2ca0a6fd877]::thread::lifecycle::spawn_unchecked<test[aada8e7e76ba119b]::run_test::{closure#1}, ()>::{closure#1} as core[a373ad73a504971]::ops::function::FnOnce<()>>::call_once::{shim:vtable#0}
[INFO] [stdout]   18:     0x5c82ffe5b2ff - <std[617be2ca0a6fd877]::sys::thread::unix::Thread>::new::thread_start
[INFO] [stdout]   19:     0x724be5dc1dfa - <unknown>
[INFO] [stdout]   20:     0x724be5e553d4 - clone
[INFO] [stdout]   21:                0x0 - <unknown>
[INFO] [stdout] 
[INFO] [stdout] ---- decoder::dictionary::tests::decode_double_dictionary stdout ----
[INFO] [stdout] 
[INFO] [stdout] thread 'decoder::dictionary::tests::decode_double_dictionary' (158) panicked at src/decoder/dictionary.rs:93:55:
[INFO] [stdout] called `Result::unwrap()` on an `Err` value: Unsupported godot variant of type Transform3D
[INFO] [stdout] 
[INFO] [stdout] Stack backtrace:
[INFO] [stdout]    0: <anyhow::Error>::msg::<alloc::string::String>
[INFO] [stdout]    1: <godot_binary_serialization::decoder::Decoder>::decode_variant
[INFO] [stdout]    2: <godot_binary_serialization::decoder::Decoder>::decode_dictionary
[INFO] [stdout]    3: <godot_binary_serialization::decoder::dictionary::tests::decode_double_dictionary::{closure#0} as core::ops::function::FnOnce<()>>::call_once
[INFO] [stdout]    4: test::__rust_begin_short_backtrace::<core::result::Result<(), alloc::string::String>, fn() -> core::result::Result<(), alloc::string::String>>
[INFO] [stdout]    5: test::run_test::{closure#0}
[INFO] [stdout]    6: std::sys::backtrace::__rust_begin_short_backtrace::<test::run_test::{closure#1}, ()>
[INFO] [stdout]    7: <std::thread::lifecycle::spawn_unchecked<test::run_test::{closure#1}, ()>::{closure#1} as core::ops::function::FnOnce<()>>::call_once::{shim:vtable#0}
[INFO] [stdout]    8: <std::sys::thread::unix::Thread>::new::thread_start
[INFO] [stdout]    9: <unknown>
[INFO] [stdout]   10: clone
[INFO] [stdout] stack backtrace:
[INFO] [stdout]    0:     0x5c82ffe5baa1 - <<std[617be2ca0a6fd877]::sys::backtrace::BacktraceLock>::print::DisplayBacktrace as core[a373ad73a504971]::fmt::Display>::fmt
[INFO] [stdout]    1:     0x5c82ffe712ca - core[a373ad73a504971]::fmt::write
[INFO] [stdout]    2:     0x5c82ffe601bc - <alloc[2e1b2a31b91974c5]::vec::Vec<u8> as core[a373ad73a504971]::io::write::Write>::write_fmt
[INFO] [stdout]    3:     0x5c82ffe37986 - std[617be2ca0a6fd877]::panicking::default_hook::{closure#0}
[INFO] [stdout]    4:     0x5c82ffe54119 - std[617be2ca0a6fd877]::panicking::default_hook
[INFO] [stdout]    5:     0x5c82ffdeedf0 - test[aada8e7e76ba119b]::test_main_inner::{closure#0}
[INFO] [stdout]    6:     0x5c82ffe542d2 - std[617be2ca0a6fd877]::panicking::panic_with_hook
[INFO] [stdout]    7:     0x5c82ffe37a32 - std[617be2ca0a6fd877]::panicking::panic_handler::{closure#0}
[INFO] [stdout]    8:     0x5c82ffe301b9 - std[617be2ca0a6fd877]::sys::backtrace::__rust_end_short_backtrace::<std[617be2ca0a6fd877]::panicking::panic_handler::{closure#0}, !>
[INFO] [stdout]    9:     0x5c82ffe3874d - __rustc[ea4f61d10b84890b]::rust_begin_unwind
[INFO] [stdout]   10:     0x5c82ffe719fc - core[a373ad73a504971]::panicking::panic_fmt
[INFO] [stdout]   11:     0x5c82ffe717d2 - core[a373ad73a504971]::result::unwrap_failed
[INFO] [stdout]   12:     0x5c82ffde13dd - <godot_binary_serialization[d49f0410e9c1cd35]::decoder::dictionary::tests::decode_double_dictionary::{closure#0} as core[a373ad73a504971]::ops::function::FnOnce<()>>::call_once
[INFO] [stdout]   13:     0x5c82ffde223b - test[aada8e7e76ba119b]::__rust_begin_short_backtrace::<core[a373ad73a504971]::result::Result<(), alloc[2e1b2a31b91974c5]::string::String>, fn() -> core[a373ad73a504971]::result::Result<(), alloc[2e1b2a31b91974c5]::string::String>>
[INFO] [stdout]   14:     0x5c82ffdef415 - test[aada8e7e76ba119b]::run_test::{closure#0}
[INFO] [stdout]   15:     0x5c82ffde8d04 - std[617be2ca0a6fd877]::sys::backtrace::__rust_begin_short_backtrace::<test[aada8e7e76ba119b]::run_test::{closure#1}, ()>
[INFO] [stdout]   16:     0x5c82ffdf24a2 - <std[617be2ca0a6fd877]::thread::lifecycle::spawn_unchecked<test[aada8e7e76ba119b]::run_test::{closure#1}, ()>::{closure#1} as core[a373ad73a504971]::ops::function::FnOnce<()>>::call_once::{shim:vtable#0}
[INFO] [stdout]   17:     0x5c82ffe5b2ff - <std[617be2ca0a6fd877]::sys::thread::unix::Thread>::new::thread_start
[INFO] [stdout]   18:     0x724be5dc1dfa - <unknown>
[INFO] [stdout]   19:     0x724be5e553d4 - clone
[INFO] [stdout]   20:                0x0 - <unknown>
[INFO] [stdout] 
[INFO] [stdout] ---- encoder::vector::tests::encode_vector3 stdout ----
[INFO] [stdout] 
[INFO] [stdout] thread 'encoder::vector::tests::encode_vector3' (171) panicked at src/encoder/vector.rs:62:9:
[INFO] [stdout] assertion `left == right` failed: Expected [7, 0, 0, 0, 0, 0, 80, 66, 128, 162, 133, 71, 224, 46, 14, 73] but got [9, 0, 0, 0, 0, 0, 80, 66, 128, 162, 133, 71, 224, 46, 14, 73]
[INFO] [stdout]   left: [7, 0, 0, 0, 0, 0, 80, 66, 128, 162, 133, 71, 224, 46, 14, 73]
[INFO] [stdout]  right: [9, 0, 0, 0, 0, 0, 80, 66, 128, 162, 133, 71, 224, 46, 14, 73]
[INFO] [stdout] stack backtrace:
[INFO] [stdout]    0:     0x5c82ffe5baa1 - <<std[617be2ca0a6fd877]::sys::backtrace::BacktraceLock>::print::DisplayBacktrace as core[a373ad73a504971]::fmt::Display>::fmt
[INFO] [stdout]    1:     0x5c82ffe712ca - core[a373ad73a504971]::fmt::write
[INFO] [stdout]    2:     0x5c82ffe601bc - <alloc[2e1b2a31b91974c5]::vec::Vec<u8> as core[a373ad73a504971]::io::write::Write>::write_fmt
[INFO] [stdout]    3:     0x5c82ffe37986 - std[617be2ca0a6fd877]::panicking::default_hook::{closure#0}
[INFO] [stdout]    4:     0x5c82ffe54119 - std[617be2ca0a6fd877]::panicking::default_hook
[INFO] [stdout]    5:     0x5c82ffdeedf0 - test[aada8e7e76ba119b]::test_main_inner::{closure#0}
[INFO] [stdout]    6:     0x5c82ffe542d2 - std[617be2ca0a6fd877]::panicking::panic_with_hook
[INFO] [stdout]    7:     0x5c82ffe37a32 - std[617be2ca0a6fd877]::panicking::panic_handler::{closure#0}
[INFO] [stdout]    8:     0x5c82ffe301b9 - std[617be2ca0a6fd877]::sys::backtrace::__rust_end_short_backtrace::<std[617be2ca0a6fd877]::panicking::panic_handler::{closure#0}, !>
[INFO] [stdout]    9:     0x5c82ffe3874d - __rustc[ea4f61d10b84890b]::rust_begin_unwind
[INFO] [stdout]   10:     0x5c82ffe719fc - core[a373ad73a504971]::panicking::panic_fmt
[INFO] [stdout]   11:     0x5c82ffe71973 - core[a373ad73a504971]::panicking::assert_failed_inner
[INFO] [stdout]   12:     0x5c82ffddb77b - core[a373ad73a504971]::panicking::assert_failed::<alloc[2e1b2a31b91974c5]::vec::Vec<u8>, alloc[2e1b2a31b91974c5]::vec::Vec<u8>>
[INFO] [stdout]   13:     0x5c82ffde21a2 - <godot_binary_serialization[d49f0410e9c1cd35]::encoder::vector::tests::encode_vector3::{closure#0} as core[a373ad73a504971]::ops::function::FnOnce<()>>::call_once
[INFO] [stdout]   14:     0x5c82ffde223b - test[aada8e7e76ba119b]::__rust_begin_short_backtrace::<core[a373ad73a504971]::result::Result<(), alloc[2e1b2a31b91974c5]::string::String>, fn() -> core[a373ad73a504971]::result::Result<(), alloc[2e1b2a31b91974c5]::string::String>>
[INFO] [stdout]   15:     0x5c82ffdef415 - test[aada8e7e76ba119b]::run_test::{closure#0}
[INFO] [stdout]   16:     0x5c82ffde8d04 - std[617be2ca0a6fd877]::sys::backtrace::__rust_begin_short_backtrace::<test[aada8e7e76ba119b]::run_test::{closure#1}, ()>
[INFO] [stdout]   17:     0x5c82ffdf24a2 - <std[617be2ca0a6fd877]::thread::lifecycle::spawn_unchecked<test[aada8e7e76ba119b]::run_test::{closure#1}, ()>::{closure#1} as core[a373ad73a504971]::ops::function::FnOnce<()>>::call_once::{shim:vtable#0}
[INFO] [stdout]   18:     0x5c82ffe5b2ff - <std[617be2ca0a6fd877]::sys::thread::unix::Thread>::new::thread_start
[INFO] [stdout]   19:     0x724be5dc1dfa - <unknown>
[INFO] [stdout]   20:     0x724be5e553d4 - clone
[INFO] [stdout]   21:                0x0 - <unknown>
[INFO] [stdout] 
[INFO] [stdout] 
[INFO] [stdout] failures:
[INFO] [stdout]     decoder::dictionary::tests::decode_double_dictionary
[INFO] [stdout]     encoder::dictionary::test::encode_dictionary
[INFO] [stdout]     encoder::vector::tests::encode_vector3
[INFO] [stdout] 
[INFO] [stdout] test result: FAILED. 12 passed; 3 failed; 0 ignored; 0 measured; 0 filtered out; finished in 0.07s
[INFO] [stdout] 
[INFO] running `Command { std: "docker" "inspect" "2ad18263228d088e316eb4e6378f3eac5f64b5e8d0768f4ea89b6f504707ea33", kill_on_drop: false }`
[INFO] running `Command { std: "docker" "rm" "-f" "2ad18263228d088e316eb4e6378f3eac5f64b5e8d0768f4ea89b6f504707ea33", kill_on_drop: false }`
[INFO] [stdout] 2ad18263228d088e316eb4e6378f3eac5f64b5e8d0768f4ea89b6f504707ea33
