[INFO] fetching crate godlint-core 0.9.1...
[INFO] testing godlint-core-0.9.1 against 1.99.0-beta.8+cargoflags=--release for beta-release-1.100-2
[INFO] extracting crate godlint-core 0.9.1 into /workspace/builds/worker-5-tc1/source
[INFO] started tweaking crates.io crate godlint-core 0.9.1
[INFO] removed 0 missing tests
[INFO] finished tweaking crates.io crate godlint-core 0.9.1
[INFO] tweaked toml for crates.io crate godlint-core 0.9.1 written to /workspace/builds/worker-5-tc1/source/Cargo.toml
[INFO] validating manifest of crates.io crate godlint-core 0.9.1 on toolchain 1.99.0-beta.8
[INFO] running `Command { std: CARGO_HOME="/workspace/cargo-home" RUSTUP_HOME="/workspace/rustup-home" "/workspace/cargo-home/bin/cargo" "+1.99.0-beta.8" "metadata" "--manifest-path" "Cargo.toml" "--no-deps", kill_on_drop: false }`
[INFO] crate crates.io crate godlint-core 0.9.1 already has a lockfile, it will not be regenerated
[INFO] running `Command { std: CARGO_HOME="/workspace/cargo-home" RUSTUP_HOME="/workspace/rustup-home" "/workspace/cargo-home/bin/cargo" "+1.99.0-beta.8" "fetch" "--manifest-path" "Cargo.toml", kill_on_drop: false }`
[INFO] [stderr]     Updating crates.io index
[INFO] [stderr]  Downloading crates ...
[INFO] [stderr]   Downloaded tree-sitter-yaml v0.7.2
[INFO] running `Command { std: "docker" "create" "-v" "/var/lib/crater-agent-workspace/builds/worker-5-tc1/source:/opt/rustwide/workdir:ro,Z" "-v" "/var/lib/crater-agent-workspace/builds/worker-5-tc1/target:/opt/rustwide/target:rw,Z" "-v" "/var/lib/crater-agent-workspace/cargo-home:/opt/rustwide/cargo-home:ro,Z" "-v" "/var/lib/crater-agent-workspace/rustup-home:/opt/rustwide/rustup-home:ro,Z" "-m" "1610612736" "--network" "none" "ghcr.io/rust-lang/crates-build-env/linux@sha256:77db811e55d90add9212f6832c23229e3de5f1c1f9905e8cb07319ea15df73ac" "sleep" "infinity", kill_on_drop: false }`
[INFO] [stdout] 67b839730545df97916d00a009134c1c174c5d62f26d1f0a8d3b723c70e7168d
[INFO] running `Command { std: "docker" "start" "67b839730545df97916d00a009134c1c174c5d62f26d1f0a8d3b723c70e7168d", kill_on_drop: false }`
[INFO] running `Command { std: "docker" "inspect" "67b839730545df97916d00a009134c1c174c5d62f26d1f0a8d3b723c70e7168d", kill_on_drop: false }`
[INFO] running `Command { std: "docker" "exec" "-e" "SOURCE_DIR=/opt/rustwide/workdir" "-e" "CARGO_HOME=/opt/rustwide/cargo-home" "-e" "RUSTUP_HOME=/opt/rustwide/rustup-home" "-e" "CARGO_TARGET_DIR=/opt/rustwide/target" "-w" "/opt/rustwide/workdir" "--user" "0:0" "67b839730545df97916d00a009134c1c174c5d62f26d1f0a8d3b723c70e7168d" "/opt/rustwide/cargo-home/bin/cargo" "+1.99.0-beta.8" "metadata" "--no-deps" "--format-version=1", kill_on_drop: false }`
[INFO] running `Command { std: "docker" "inspect" "67b839730545df97916d00a009134c1c174c5d62f26d1f0a8d3b723c70e7168d", kill_on_drop: false }`
[INFO] running `Command { std: "docker" "exec" "-e" "SOURCE_DIR=/opt/rustwide/workdir" "-e" "CARGO_HOME=/opt/rustwide/cargo-home" "-e" "RUSTUP_HOME=/opt/rustwide/rustup-home" "-e" "CARGO_TARGET_DIR=/opt/rustwide/target" "-e" "CARGO_INCREMENTAL=0" "-e" "RUST_BACKTRACE=full" "-e" "RUSTFLAGS=--cap-lints=warn" "-e" "RUSTDOCFLAGS=--cap-lints=warn" "-w" "/opt/rustwide/workdir" "--user" "0:0" "67b839730545df97916d00a009134c1c174c5d62f26d1f0a8d3b723c70e7168d" "/opt/rustwide/cargo-home/bin/cargo" "+1.99.0-beta.8" "build" "--frozen" "--message-format=json" "--release", kill_on_drop: false }`
[INFO] [stderr]    Compiling cc v1.4.0
[INFO] [stderr]    Compiling tree-sitter-language v0.1.7
[INFO] [stderr]    Compiling serde_json v1.0.151
[INFO] [stderr]    Compiling itoa v1.0.18
[INFO] [stderr]    Compiling regex-syntax v0.8.11
[INFO] [stderr]    Compiling zmij v1.0.23
[INFO] [stderr]    Compiling serde_core v1.0.229
[INFO] [stderr]    Compiling aho-corasick v1.1.4
[INFO] [stderr]    Compiling libyaml-rs v0.3.0
[INFO] [stderr]    Compiling streaming-iterator v0.1.9
[INFO] [stderr]    Compiling yaml_serde v0.10.4
[INFO] [stderr]    Compiling tree-sitter-yaml v0.7.2
[INFO] [stderr]    Compiling tree-sitter-typescript v0.23.2
[INFO] [stderr]    Compiling tree-sitter-rust v0.24.2
[INFO] [stderr]    Compiling tree-sitter-python v0.25.0
[INFO] [stderr]    Compiling tree-sitter-javascript v0.25.0
[INFO] [stderr]    Compiling regex-automata v0.4.16
[INFO] [stderr]    Compiling tree-sitter v0.26.11
[INFO] [stderr]    Compiling regex v1.13.1
[INFO] [stderr]    Compiling godlint-core v0.9.1 (/opt/rustwide/workdir)
[INFO] [stderr]     Finished `release` profile [optimized] target(s) in 46.01s
[INFO] running `Command { std: "docker" "inspect" "67b839730545df97916d00a009134c1c174c5d62f26d1f0a8d3b723c70e7168d", kill_on_drop: false }`
[INFO] running `Command { std: "docker" "exec" "-e" "SOURCE_DIR=/opt/rustwide/workdir" "-e" "CARGO_HOME=/opt/rustwide/cargo-home" "-e" "RUSTUP_HOME=/opt/rustwide/rustup-home" "-e" "CARGO_TARGET_DIR=/opt/rustwide/target" "-e" "CARGO_INCREMENTAL=0" "-e" "RUST_BACKTRACE=full" "-e" "RUSTFLAGS=--cap-lints=warn" "-e" "RUSTDOCFLAGS=--cap-lints=warn" "-w" "/opt/rustwide/workdir" "--user" "0:0" "67b839730545df97916d00a009134c1c174c5d62f26d1f0a8d3b723c70e7168d" "/opt/rustwide/cargo-home/bin/cargo" "+1.99.0-beta.8" "test" "--frozen" "--no-run" "--message-format=json" "--release", kill_on_drop: false }`
[INFO] [stderr]    Compiling godlint-core v0.9.1 (/opt/rustwide/workdir)
[INFO] [stderr]     Finished `release` profile [optimized] target(s) in 46.51s
[INFO] running `Command { std: "docker" "inspect" "67b839730545df97916d00a009134c1c174c5d62f26d1f0a8d3b723c70e7168d", kill_on_drop: false }`
[INFO] running `Command { std: "docker" "exec" "-e" "SOURCE_DIR=/opt/rustwide/workdir" "-e" "CARGO_HOME=/opt/rustwide/cargo-home" "-e" "RUSTUP_HOME=/opt/rustwide/rustup-home" "-e" "CARGO_TARGET_DIR=/opt/rustwide/target" "-e" "CARGO_INCREMENTAL=0" "-e" "RUST_BACKTRACE=full" "-e" "RUSTFLAGS=--cap-lints=warn" "-e" "RUSTDOCFLAGS=--cap-lints=warn" "-w" "/opt/rustwide/workdir" "--user" "0:0" "67b839730545df97916d00a009134c1c174c5d62f26d1f0a8d3b723c70e7168d" "/opt/rustwide/cargo-home/bin/cargo" "+1.99.0-beta.8" "test" "--frozen" "--release", kill_on_drop: false }`
[INFO] [stderr]     Finished `release` profile [optimized] target(s) in 0.06s
[INFO] [stderr]      Running unittests src/lib.rs (/opt/rustwide/target/release/deps/godlint_core-8e7d345be1ad9294)
[INFO] [stdout] 
[INFO] [stdout] running 4 tests
[INFO] [stdout] test rules::dialect::tests::dialect_of_recognises_workflows_and_repository_branches ... ok
[INFO] [stdout] test rules::frozen_lockfile_install::tests::recognizes_supported_unfrozen_commands ... ok
[INFO] [stdout] test rules::dialect::tests::supports_discards_an_absent_source_dialect ... ok
[INFO] [stdout] test rules::frozen_lockfile_install::tests::accepts_frozen_commands ... ok
[INFO] [stderr]      Running tests/analyzers.rs (/opt/rustwide/target/release/deps/analyzers-5decb404fe5c0c8f)
[INFO] [stdout] 
[INFO] [stdout] test result: ok. 4 passed; 0 failed; 0 ignored; 0 measured; 0 filtered out; finished in 0.12s
[INFO] [stdout] 
[INFO] [stdout] 
[INFO] [stdout] running 70 tests
[INFO] [stdout] test a_computed_member_access_is_not_a_direct_path ... ok
[INFO] [stdout] test arguments::reads_a_python_keyword_argument_by_name ... ok
[INFO] [stdout] test arguments::reads_a_string_literal_argument_in_each_language ... ok
[INFO] [stdout] test a_constructed_call_records_its_constructor ... ok
[INFO] [stdout] test arguments::counts_arguments_as_it_did_before_reading_them ... ok
[INFO] [stdout] test arguments::reads_a_non_string_literal_as_written ... ok
[INFO] [stdout] test a_call_is_never_a_macro_outside_rust ... ok
[INFO] [stdout] test assertions::counts_a_rust_assertion_message_as_an_operand ... ok
[INFO] [stdout] test an_optional_call_names_the_same_callee_as_a_plain_one ... ok
[INFO] [stdout] test assertions::counts_a_rust_nested_comma_once ... ok
[INFO] [stdout] test an_optional_member_access_names_the_same_path_as_a_plain_one ... ok
[INFO] [stdout] test assertions::does_not_miscount_a_rust_trailing_comma ... ok
[INFO] [stdout] test assertions::does_not_treat_another_rust_macro_as_an_assertion ... ok
[INFO] [stdout] test assertions::reads_a_pytest_raises_context_manager_as_an_assertion ... ok
[INFO] [stdout] test assertions::does_not_treat_a_domain_call_as_a_javascript_assertion ... ok
[INFO] [stdout] test assertions::does_not_treat_a_domain_function_as_an_assertion ... ok
[INFO] [stdout] test assertions::reads_a_javascript_expect_once_per_chain ... ok
[INFO] [stdout] test assertions::reads_every_rust_assertion_macro ... ok
[INFO] [stdout] test assertions::reads_a_python_assert_statement_and_its_operands ... ok
[INFO] [stdout] test assertions::records_no_assertion_where_a_file_has_none ... ok
[INFO] [stdout] test assertions::reads_a_type_level_assertion ... ok
[INFO] [stdout] test assertions::still_counts_a_comparison_and_the_message_after_it ... ok
[INFO] [stdout] test assertions::does_not_count_a_comma_inside_a_turbofish ... ok
[INFO] [stdout] test assertions::reads_every_javascript_assertion_form ... ok
[INFO] [stdout] test assertions::reads_a_rust_should_panic_attribute_as_the_assertion ... ok
[INFO] [stdout] test assertions::reads_every_python_assertion_call_form ... ok
[INFO] [stdout] test assertions::treats_an_optional_call_as_the_same_assertion ... ok
[INFO] [stdout] test classifies_a_python_docstring_as_commentary ... ok
[INFO] [stdout] test classifies_a_shebang_separately_from_commentary ... ok
[INFO] [stdout] test counts_direct_call_arguments ... ok
[INFO] [stdout] test classifies_documentation_per_language_convention ... ok
[INFO] [stdout] test extracts_direct_environment_accesses ... ok
[INFO] [stdout] test does_not_treat_every_python_string_as_commentary ... ok
[INFO] [stdout] test errors::an_analyzer_error_carries_the_error_beneath_it ... ok
[INFO] [stdout] test errors::an_analyzer_error_names_the_file_it_could_not_read ... ok
[INFO] [stdout] test extracts_direct_calls_from_each_language ... ok
[INFO] [stdout] test extracts_a_comment_from_every_supported_extension ... ok
[INFO] [stdout] test extracts_empty_error_handlers ... ok
[INFO] [stdout] test extracts_javascript_function_expressions ... ok
[INFO] [stdout] test extracts_imported_modules_in_every_language ... ok
[INFO] [stdout] test extracts_a_function_from_every_supported_extension ... ok
[INFO] [stdout] test parses_an_angle_bracket_type_assertion_in_a_ts_file ... ok
[INFO] [stdout] test parses_jsx_in_a_tsx_file ... ok
[INFO] [stdout] test records_where_it_stopped_understanding_malformed_source ... ok
[INFO] [stdout] test reports_comments_in_ascending_source_order ... ok
[INFO] [stdout] test ignores_indirect_calls ... ok
[INFO] [stdout] test ignores_rust_trait_methods_without_bodies ... ok
[INFO] [stdout] test judges_the_part_that_parsed_and_leaves_the_rest_alone ... ok
[INFO] [stdout] test only_an_attribute_reads_as_a_python_access ... ok
[INFO] [stdout] test reads_no_import_from_a_file_that_has_none ... ok
[INFO] [stdout] test reads_no_import_from_a_top_level_rust_use_list ... ok
[INFO] [stdout] test recognises_a_docstring_that_follows_a_shebang ... ok
[INFO] [stdout] test records_whether_a_call_was_a_macro_invocation ... ok
[INFO] [stdout] test tests::recognises_a_rust_test_by_its_attribute ... ok
[INFO] [stdout] test tests::reads_focus_and_skipping_from_the_runner_member ... ok
[INFO] [stdout] test tests::recognises_a_javascript_test_by_its_runner ... ok
[INFO] [stdout] test treats_closures_and_lambdas_as_functions ... ok
[INFO] [stdout] test tests::leaves_an_ordinary_python_function_alone ... ok
[INFO] [stdout] test arguments::reads_an_empty_string_as_a_literal_rather_than_as_unknown ... ok
[INFO] [stdout] test tests::leaves_an_ordinary_rust_function_alone ... ok
[INFO] [stdout] test arguments::reads_a_value_it_cannot_see_as_present_and_unknown ... ok
[INFO] [stdout] test tests::recognises_a_python_test_by_name_or_decorator ... ok
[INFO] [stdout] test tests::a_test_knows_what_it_encloses ... ok
[INFO] [stdout] test tests::leaves_an_ordinary_javascript_call_alone ... ok
[INFO] [stdout] test tests::reads_a_rust_attribute_that_is_not_adjacent_to_the_function ... ok
[INFO] [stdout] test assertions::a_chain_stops_where_the_assertion_stops ... ok
[INFO] [stdout] test assertions::a_javascript_assertions_text_spans_the_whole_chain ... ok
[INFO] [stdout] test assertions::a_should_panic_assertion_falls_inside_its_own_test ... ok
[INFO] [stdout] test assertions::an_assertion_falls_inside_the_test_that_encloses_it ... ok
[INFO] [stdout] test assertions::an_assertions_text_is_the_whole_assertion ... ok
[INFO] [stdout] 
[INFO] [stdout] test result: ok. 70 passed; 0 failed; 0 ignored; 0 measured; 0 filtered out; finished in 0.02s
[INFO] [stdout] 
[INFO] [stderr]      Running tests/config.rs (/opt/rustwide/target/release/deps/config-cbce0cd49f999604)
[INFO] [stdout] 
[INFO] [stdout] running 39 tests
[INFO] [stdout] test accepts_no_monolithic_job_path_exceptions ... ok
[INFO] [stdout] test accepts_branch_naming_customization ... ok
[INFO] [stdout] test accepts_the_dynamic_execution_rule ... ok
[INFO] [stdout] test accepts_no_silenced_failure ... ok
[INFO] [stdout] test accepts_the_direct_environment_read_rule ... ok
[INFO] [stdout] test accepts_the_function_nesting_rule ... ok
[INFO] [stdout] test accepts_the_parameter_count_rule ... ok
[INFO] [stdout] test accepts_the_function_statements_rule ... ok
[INFO] [stdout] test a_rule_with_an_unknown_option_is_still_refused ... ok
[INFO] [stdout] test accepts_template_injection_path_exceptions ... ok
[INFO] [stdout] test accepts_the_unused_suppression_rule ... ok
[INFO] [stdout] test accepts_the_explicit_timer_delay_rule ... ok
[INFO] [stdout] test bot_conditions_defaults_to_common_bot_identities ... ok
[INFO] [stdout] test configured_excludes_extend_defaults_without_duplicates ... ok
[INFO] [stdout] test accepts_the_restricted_call_rule ... ok
[INFO] [stdout] test ignores_an_unknown_rule_and_says_which ... ok
[INFO] [stdout] test accepts_the_empty_error_handler_rule ... ok
[INFO] [stdout] test an_unknown_rule_does_not_silence_the_rules_beside_it ... ok
[INFO] [stdout] test accepts_the_return_count_rule ... ok
[INFO] [stdout] test rejects_a_blank_test_helper_path ... ok
[INFO] [stdout] test accepts_the_empty_function_rule ... ok
[INFO] [stdout] test accepts_the_todo_reference_rule ... ok
[INFO] [stdout] test refuses_to_scope_the_rule_that_reports_dead_suppressions ... ok
[INFO] [stdout] test rejects_a_blank_restricted_call_allow_in_path ... ok
[INFO] [stdout] test rejects_a_zero_file_size_limit ... ok
[INFO] [stdout] test rejects_an_unsupported_version ... ok
[INFO] [stdout] test accepts_the_function_size_rule ... ok
[INFO] [stdout] test rejects_a_blank_direct_environment_read_allow_in_path ... ok
[INFO] [stdout] test rejects_a_restricted_call_listed_twice ... ok
[INFO] [stdout] test rejects_a_zero_function_size_limit ... ok
[INFO] [stdout] test rejects_blank_todo_reference_prefixes ... ok
[INFO] [stdout] test accepts_the_file_size_rule ... ok
[INFO] [stdout] test refuses_to_switch_off_the_rule_that_reports_dead_suppressions ... ok
[INFO] [stdout] test rejects_an_unknown_top_level_field ... ok
[INFO] [stdout] test rejects_empty_todo_reference_prefixes ... ok
[INFO] [stdout] test rejects_an_empty_branch_naming_type_list ... ok
[INFO] [stdout] test accepts_the_decision_complexity_rule ... ok
[INFO] [stdout] test rejects_a_blank_restricted_call_name ... ok
[INFO] [stdout] test rejects_a_blank_test_helper_name ... ok
[INFO] [stdout] 
[INFO] [stdout] test result: ok. 39 passed; 0 failed; 0 ignored; 0 measured; 0 filtered out; finished in 0.05s
[INFO] [stdout] 
[INFO] [stderr]      Running tests/date.rs (/opt/rustwide/target/release/deps/date-fc2efea664d4ddb8)
[INFO] [stdout] 
[INFO] [stdout] running 8 tests
[INFO] [stdout] test rejects_a_date_that_is_not_in_the_calendar ... ok
[INFO] [stdout] test describes_each_failure ... ok
[INFO] [stdout] test rejects_a_malformed_date ... ok
[INFO] [stdout] test knows_which_februaries_have_twenty_nine_days ... ok
[INFO] [stdout] test reads_the_current_date_from_the_clock ... ok
[INFO] [stdout] test orders_dates_chronologically ... ok
[INFO] [stdout] test builds_a_date_from_its_parts ... ok
[INFO] [stdout] test reads_a_calendar_date ... ok
[INFO] [stdout] 
[INFO] [stdout] test result: ok. 8 passed; 0 failed; 0 ignored; 0 measured; 0 filtered out; finished in 0.00s
[INFO] [stdout] 
[INFO] [stderr]      Running tests/discovery.rs (/opt/rustwide/target/release/deps/discovery-9e53a70641cd9194)
[INFO] [stdout] 
[INFO] [stdout] running 10 tests
[INFO] [stdout] test treats_a_git_directory_and_a_git_file_alike ... ok
[INFO] [stdout] test discovers_supported_files_in_sorted_order ... ok
[INFO] [stdout] test reports_missing_input_paths ... ok
[INFO] [stdout] test an_unreadable_directory_does_not_discard_the_rest_of_the_walk ... FAILED
[INFO] [stdout] test ignores_unsupported_and_generated_files ... ok
[INFO] [stdout] test skips_a_nested_repository_unless_it_is_explicitly_requested ... ok
[INFO] [stdout] test honours_configured_exclusions ... ok
[INFO] [stdout] test an_unreadable_requested_root_is_still_fatal ... FAILED
[INFO] [stdout] test skips_a_repository_nested_several_levels_deep ... ok
[INFO] [stdout] test scans_everything_when_nothing_is_excluded ... ok
[INFO] [stdout] 
[INFO] [stdout] failures:
[INFO] [stdout] 
[INFO] [stdout] ---- an_unreadable_directory_does_not_discard_the_rest_of_the_walk stdout ----
[INFO] [stdout] 
[INFO] [stdout] thread 'an_unreadable_directory_does_not_discard_the_rest_of_the_walk' (1537) panicked at tests/discovery.rs:279:5:
[INFO] [stdout] the test cannot prove degradation while the directory is still readable
[INFO] [stdout] stack backtrace:
[INFO] [stdout]    0:     0x575c031b3fa1 - <<std[70759c8f55707aa4]::sys::backtrace::BacktraceLock>::print::DisplayBacktrace as core[df12db4294e9bfd3]::fmt::Display>::fmt
[INFO] [stdout]    1:     0x575c031c85ca - core[df12db4294e9bfd3]::fmt::write
[INFO] [stdout]    2:     0x575c031b874c - <alloc[2182bb758b4b3781]::vec::Vec<u8> as core[df12db4294e9bfd3]::io::write::Write>::write_fmt
[INFO] [stdout]    3:     0x575c0318e5b6 - std[70759c8f55707aa4]::panicking::default_hook::{closure#0}
[INFO] [stdout]    4:     0x575c031ab979 - std[70759c8f55707aa4]::panicking::default_hook
[INFO] [stdout]    5:     0x575c03140410 - test[9d35eded1c95d3be]::test_main_inner::<test[9d35eded1c95d3be]::test_main_static::{closure#0}>::{closure#0}
[INFO] [stdout]    6:     0x575c031abb32 - std[70759c8f55707aa4]::panicking::panic_with_hook
[INFO] [stdout]    7:     0x575c0318e694 - std[70759c8f55707aa4]::panicking::panic_handler::{closure#0}
[INFO] [stdout]    8:     0x575c03187229 - std[70759c8f55707aa4]::sys::backtrace::__rust_end_short_backtrace::<std[70759c8f55707aa4]::panicking::panic_handler::{closure#0}, !>
[INFO] [stdout]    9:     0x575c0318f31d - __rustc[8fa7c3cbc660c2b3]::rust_begin_unwind
[INFO] [stdout]   10:     0x575c031c8cfc - core[df12db4294e9bfd3]::panicking::panic_fmt
[INFO] [stdout]   11:     0x575c0313228b - <discovery[46fc2f6f61dc1786]::an_unreadable_directory_does_not_discard_the_rest_of_the_walk::{closure#0} as core[df12db4294e9bfd3]::ops::function::FnOnce<()>>::call_once
[INFO] [stdout]   12:     0x575c031336fb - test[9d35eded1c95d3be]::__rust_begin_short_backtrace::<core[df12db4294e9bfd3]::result::Result<(), alloc[2182bb758b4b3781]::string::String>, fn() -> core[df12db4294e9bfd3]::result::Result<(), alloc[2182bb758b4b3781]::string::String>>
[INFO] [stdout]   13:     0x575c03140d65 - test[9d35eded1c95d3be]::run_test::{closure#0}
[INFO] [stdout]   14:     0x575c0313a624 - std[70759c8f55707aa4]::sys::backtrace::__rust_begin_short_backtrace::<test[9d35eded1c95d3be]::run_test::{closure#1}, ()>
[INFO] [stdout]   15:     0x575c03143ec2 - <std[70759c8f55707aa4]::thread::lifecycle::spawn_unchecked<test[9d35eded1c95d3be]::run_test::{closure#1}, ()>::{closure#1} as core[df12db4294e9bfd3]::ops::function::FnOnce<()>>::call_once::{shim:vtable#0}
[INFO] [stdout]   16:     0x575c031b3689 - <std[70759c8f55707aa4]::sys::thread::unix::Thread>::new::thread_start
[INFO] [stdout]   17:     0x794f0357adfa - <unknown>
[INFO] [stdout]   18:     0x794f0360e3d4 - clone
[INFO] [stdout]   19:                0x0 - <unknown>
[INFO] [stdout] 
[INFO] [stdout] ---- an_unreadable_requested_root_is_still_fatal stdout ----
[INFO] [stdout] 
[INFO] [stdout] thread 'an_unreadable_requested_root_is_still_fatal' (1538) panicked at tests/discovery.rs:308:5:
[INFO] [stdout] the root must be unreadable
[INFO] [stdout] stack backtrace:
[INFO] [stdout]    0:     0x575c031b3fa1 - <<std[70759c8f55707aa4]::sys::backtrace::BacktraceLock>::print::DisplayBacktrace as core[df12db4294e9bfd3]::fmt::Display>::fmt
[INFO] [stdout]    1:     0x575c031c85ca - core[df12db4294e9bfd3]::fmt::write
[INFO] [stdout]    2:     0x575c031b874c - <alloc[2182bb758b4b3781]::vec::Vec<u8> as core[df12db4294e9bfd3]::io::write::Write>::write_fmt
[INFO] [stdout]    3:     0x575c0318e5b6 - std[70759c8f55707aa4]::panicking::default_hook::{closure#0}
[INFO] [stdout]    4:     0x575c031ab979 - std[70759c8f55707aa4]::panicking::default_hook
[INFO] [stdout]    5:     0x575c03140410 - test[9d35eded1c95d3be]::test_main_inner::<test[9d35eded1c95d3be]::test_main_static::{closure#0}>::{closure#0}
[INFO] [stdout]    6:     0x575c031abb32 - std[70759c8f55707aa4]::panicking::panic_with_hook
[INFO] [stdout]    7:     0x575c0318e694 - std[70759c8f55707aa4]::panicking::panic_handler::{closure#0}
[INFO] [stdout]    8:     0x575c03187229 - std[70759c8f55707aa4]::sys::backtrace::__rust_end_short_backtrace::<std[70759c8f55707aa4]::panicking::panic_handler::{closure#0}, !>
[INFO] [stdout]    9:     0x575c0318f31d - __rustc[8fa7c3cbc660c2b3]::rust_begin_unwind
[INFO] [stdout]   10:     0x575c031c8cfc - core[df12db4294e9bfd3]::panicking::panic_fmt
[INFO] [stdout]   11:     0x575c03130f2e - <discovery[46fc2f6f61dc1786]::an_unreadable_requested_root_is_still_fatal::{closure#0} as core[df12db4294e9bfd3]::ops::function::FnOnce<()>>::call_once
[INFO] [stdout]   12:     0x575c031336fb - test[9d35eded1c95d3be]::__rust_begin_short_backtrace::<core[df12db4294e9bfd3]::result::Result<(), alloc[2182bb758b4b3781]::string::String>, fn() -> core[df12db4294e9bfd3]::result::Result<(), alloc[2182bb758b4b3781]::string::String>>
[INFO] [stdout]   13:     0x575c03140d65 - test[9d35eded1c95d3be]::run_test::{closure#0}
[INFO] [stdout]   14:     0x575c0313a624 - std[70759c8f55707aa4]::sys::backtrace::__rust_begin_short_backtrace::<test[9d35eded1c95d3be]::run_test::{closure#1}, ()>
[INFO] [stdout]   15:     0x575c03143ec2 - <std[70759c8f55707aa4]::thread::lifecycle::spawn_unchecked<test[9d35eded1c95d3be]::run_test::{closure#1}, ()>::{closure#1} as core[df12db4294e9bfd3]::ops::function::FnOnce<()>>::call_once::{shim:vtable#0}
[INFO] [stdout]   16:     0x575c031b3689 - <std[70759c8f55707aa4]::sys::thread::unix::Thread>::new::thread_start
[INFO] [stdout]   17:     0x794f0357adfa - <unknown>
[INFO] [stdout]   18:     0x794f0360e3d4 - clone
[INFO] [stdout]   19:                0x0 - <unknown>
[INFO] [stdout] 
[INFO] [stdout] 
[INFO] [stdout] failures:
[INFO] [stdout]     an_unreadable_directory_does_not_discard_the_rest_of_the_walk
[INFO] [stdout]     an_unreadable_requested_root_is_still_fatal
[INFO] [stdout] 
[INFO] [stdout] test result: FAILED. 8 passed; 2 failed; 0 ignored; 0 measured; 0 filtered out; finished in 0.02s
[INFO] [stdout] 
[INFO] [stderr] error: test failed, to rerun pass `--test discovery`
[INFO] running `Command { std: "docker" "inspect" "67b839730545df97916d00a009134c1c174c5d62f26d1f0a8d3b723c70e7168d", kill_on_drop: false }`
[INFO] running `Command { std: "docker" "rm" "-f" "67b839730545df97916d00a009134c1c174c5d62f26d1f0a8d3b723c70e7168d", kill_on_drop: false }`
[INFO] [stdout] 67b839730545df97916d00a009134c1c174c5d62f26d1f0a8d3b723c70e7168d
