[INFO] fetching crate gob-macros 0.532.0...
[INFO] testing gob-macros-0.532.0 against 1.99.0-beta.8+cargoflags=--release for beta-release-1.100-2
[INFO] extracting crate gob-macros 0.532.0 into /workspace/builds/worker-4-tc1/source
[INFO] started tweaking crates.io crate gob-macros 0.532.0
[INFO] removed 0 missing tests
[INFO] finished tweaking crates.io crate gob-macros 0.532.0
[INFO] tweaked toml for crates.io crate gob-macros 0.532.0 written to /workspace/builds/worker-4-tc1/source/Cargo.toml
[INFO] validating manifest of crates.io crate gob-macros 0.532.0 on toolchain 1.99.0-beta.8
[INFO] running `Command { std: CARGO_HOME="/workspace/cargo-home" RUSTUP_HOME="/workspace/rustup-home" "/workspace/cargo-home/bin/cargo" "+1.99.0-beta.8" "metadata" "--manifest-path" "Cargo.toml" "--no-deps", kill_on_drop: false }`
[INFO] crate crates.io crate gob-macros 0.532.0 already has a lockfile, it will not be regenerated
[INFO] running `Command { std: CARGO_HOME="/workspace/cargo-home" RUSTUP_HOME="/workspace/rustup-home" "/workspace/cargo-home/bin/cargo" "+1.99.0-beta.8" "fetch" "--manifest-path" "Cargo.toml", kill_on_drop: false }`
[INFO] [stderr]     Blocking waiting for file lock on package cache
[INFO] [stderr]     Updating crates.io index
[INFO] [stderr]     Blocking waiting for file lock on package cache
[INFO] [stderr]  Downloading crates ...
[INFO] [stderr]   Downloaded trybuild v1.0.121
[INFO] [stderr]   Downloaded target-tuple v1.0.2
[INFO] running `Command { std: "docker" "create" "-v" "/var/lib/crater-agent-workspace/builds/worker-4-tc1/source:/opt/rustwide/workdir:ro,Z" "-v" "/var/lib/crater-agent-workspace/builds/worker-4-tc1/target:/opt/rustwide/target:rw,Z" "-v" "/var/lib/crater-agent-workspace/cargo-home:/opt/rustwide/cargo-home:ro,Z" "-v" "/var/lib/crater-agent-workspace/rustup-home:/opt/rustwide/rustup-home:ro,Z" "-m" "1610612736" "--network" "none" "ghcr.io/rust-lang/crates-build-env/linux@sha256:77db811e55d90add9212f6832c23229e3de5f1c1f9905e8cb07319ea15df73ac" "sleep" "infinity", kill_on_drop: false }`
[INFO] [stdout] a3d5265e90ed8b212b6bbb2674abc05618321ed69c465e06b840695726c567fa
[INFO] running `Command { std: "docker" "start" "a3d5265e90ed8b212b6bbb2674abc05618321ed69c465e06b840695726c567fa", kill_on_drop: false }`
[INFO] running `Command { std: "docker" "inspect" "a3d5265e90ed8b212b6bbb2674abc05618321ed69c465e06b840695726c567fa", kill_on_drop: false }`
[INFO] running `Command { std: "docker" "exec" "-e" "SOURCE_DIR=/opt/rustwide/workdir" "-e" "CARGO_HOME=/opt/rustwide/cargo-home" "-e" "RUSTUP_HOME=/opt/rustwide/rustup-home" "-e" "CARGO_TARGET_DIR=/opt/rustwide/target" "-w" "/opt/rustwide/workdir" "--user" "0:0" "a3d5265e90ed8b212b6bbb2674abc05618321ed69c465e06b840695726c567fa" "/opt/rustwide/cargo-home/bin/cargo" "+1.99.0-beta.8" "metadata" "--no-deps" "--format-version=1", kill_on_drop: false }`
[INFO] running `Command { std: "docker" "inspect" "a3d5265e90ed8b212b6bbb2674abc05618321ed69c465e06b840695726c567fa", kill_on_drop: false }`
[INFO] running `Command { std: "docker" "exec" "-e" "SOURCE_DIR=/opt/rustwide/workdir" "-e" "CARGO_HOME=/opt/rustwide/cargo-home" "-e" "RUSTUP_HOME=/opt/rustwide/rustup-home" "-e" "CARGO_TARGET_DIR=/opt/rustwide/target" "-e" "CARGO_INCREMENTAL=0" "-e" "RUST_BACKTRACE=full" "-e" "RUSTFLAGS=--cap-lints=warn" "-e" "RUSTDOCFLAGS=--cap-lints=warn" "-w" "/opt/rustwide/workdir" "--user" "0:0" "a3d5265e90ed8b212b6bbb2674abc05618321ed69c465e06b840695726c567fa" "/opt/rustwide/cargo-home/bin/cargo" "+1.99.0-beta.8" "build" "--frozen" "--message-format=json" "--release", kill_on_drop: false }`
[INFO] [stderr]    Compiling syn v2.0.119
[INFO] [stderr]    Compiling darling_core v0.20.11
[INFO] [stderr]    Compiling darling_macro v0.20.11
[INFO] [stderr]    Compiling darling v0.20.11
[INFO] [stderr]    Compiling gob-macros v0.532.0 (/opt/rustwide/workdir)
[INFO] [stderr]     Finished `release` profile [optimized] target(s) in 8.86s
[INFO] running `Command { std: "docker" "inspect" "a3d5265e90ed8b212b6bbb2674abc05618321ed69c465e06b840695726c567fa", kill_on_drop: false }`
[INFO] running `Command { std: "docker" "exec" "-e" "SOURCE_DIR=/opt/rustwide/workdir" "-e" "CARGO_HOME=/opt/rustwide/cargo-home" "-e" "RUSTUP_HOME=/opt/rustwide/rustup-home" "-e" "CARGO_TARGET_DIR=/opt/rustwide/target" "-e" "CARGO_INCREMENTAL=0" "-e" "RUST_BACKTRACE=full" "-e" "RUSTFLAGS=--cap-lints=warn" "-e" "RUSTDOCFLAGS=--cap-lints=warn" "-w" "/opt/rustwide/workdir" "--user" "0:0" "a3d5265e90ed8b212b6bbb2674abc05618321ed69c465e06b840695726c567fa" "/opt/rustwide/cargo-home/bin/cargo" "+1.99.0-beta.8" "test" "--frozen" "--no-run" "--message-format=json" "--release", kill_on_drop: false }`
[INFO] [stderr]    Compiling serde_core v1.0.229
[INFO] [stderr]    Compiling target-tuple v1.0.2
[INFO] [stderr]    Compiling serde v1.0.229
[INFO] [stderr]    Compiling proc-macro2 v1.0.107
[INFO] [stderr]    Compiling unicode-ident v1.0.26
[INFO] [stderr]    Compiling zmij v1.0.23
[INFO] [stderr]    Compiling quote v1.0.47
[INFO] [stderr]    Compiling serde_json v1.0.151
[INFO] [stderr]    Compiling memchr v2.8.3
[INFO] [stderr]    Compiling toml_writer v1.1.2+spec-1.1.0
[INFO] [stderr]    Compiling winnow v1.0.4
[INFO] [stderr]    Compiling toml_datetime v1.1.1+spec-1.1.0
[INFO] [stderr]    Compiling serde_spanned v1.1.1
[INFO] [stderr]    Compiling termcolor v1.4.1
[INFO] [stderr]    Compiling ident_case v1.0.1
[INFO] [stderr]    Compiling glob v0.3.4
[INFO] [stderr]    Compiling gob-macros v0.532.0 (/opt/rustwide/workdir)
[INFO] [stderr]    Compiling toml_parser v1.1.3+spec-1.1.0
[INFO] [stderr]    Compiling syn v2.0.119
[INFO] [stderr]    Compiling toml v1.1.6+spec-1.1.0
[INFO] [stderr]    Compiling trybuild v1.0.121
[INFO] [stderr]    Compiling darling_core v0.20.11
[INFO] [stderr]    Compiling darling v0.20.11
[INFO] [stderr]     Finished `release` profile [optimized] target(s) in 36.06s
[INFO] running `Command { std: "docker" "inspect" "a3d5265e90ed8b212b6bbb2674abc05618321ed69c465e06b840695726c567fa", kill_on_drop: false }`
[INFO] running `Command { std: "docker" "exec" "-e" "SOURCE_DIR=/opt/rustwide/workdir" "-e" "CARGO_HOME=/opt/rustwide/cargo-home" "-e" "RUSTUP_HOME=/opt/rustwide/rustup-home" "-e" "CARGO_TARGET_DIR=/opt/rustwide/target" "-e" "CARGO_INCREMENTAL=0" "-e" "RUST_BACKTRACE=full" "-e" "RUSTFLAGS=--cap-lints=warn" "-e" "RUSTDOCFLAGS=--cap-lints=warn" "-w" "/opt/rustwide/workdir" "--user" "0:0" "a3d5265e90ed8b212b6bbb2674abc05618321ed69c465e06b840695726c567fa" "/opt/rustwide/cargo-home/bin/cargo" "+1.99.0-beta.8" "test" "--frozen" "--release", kill_on_drop: false }`
[INFO] [stderr]     Finished `release` profile [optimized] target(s) in 0.09s
[INFO] [stderr]      Running unittests src/lib.rs (/opt/rustwide/target/release/deps/gob_macros-a143a4f9675e73ce)
[INFO] [stdout] 
[INFO] [stdout] running 0 tests
[INFO] [stdout] 
[INFO] [stderr]      Running tests/ui.rs (/opt/rustwide/target/release/deps/ui-a9c9e8311a2e12c3)
[INFO] [stdout] test result: ok. 0 passed; 0 failed; 0 ignored; 0 measured; 0 filtered out; finished in 0.00s
[INFO] [stdout] 
[INFO] [stdout] 
[INFO] [stdout] running 1 test
[INFO] [stderr]    Compiling proc-macro2 v1.0.107
[INFO] [stderr]    Compiling quote v1.0.47
[INFO] [stderr]    Compiling unicode-ident v1.0.26
[INFO] [stderr]    Compiling strsim v0.11.1
[INFO] [stderr]    Compiling ident_case v1.0.1
[INFO] [stderr]    Compiling fnv v1.0.7
[INFO] [stderr]     Checking syn v2.0.119
[INFO] [stderr]     Checking darling_core v0.20.11
[INFO] [stderr]    Compiling darling_macro v0.20.11
[INFO] [stderr]    Compiling darling v0.20.11
[INFO] [stderr]    Compiling gob-macros v0.532.0 (/opt/rustwide/workdir)
[INFO] [stderr]     Checking gob-macros-tests v0.0.0 (/opt/rustwide/target/tests/trybuild/gob-macros)
[INFO] [stderr]     Finished `dev` profile [unoptimized + debuginfo] target(s) in 9.98s
[INFO] [stderr] 
[INFO] [stderr] 
[INFO] [stderr] test tests/ui/bad_polarity.rs ... mismatch
[INFO] [stderr] 
[INFO] [stderr] EXPECTED:
[INFO] [stderr] ┈┈┈┈┈┈┈┈┈┈┈┈┈┈┈┈┈┈┈┈┈┈┈┈┈┈┈┈┈┈┈┈┈┈┈┈┈┈┈┈┈┈┈┈┈┈┈┈┈┈┈┈┈┈┈┈┈┈┈┈
[INFO] [stderr] error: invalid polarity `Sideways`; expected one of: Pplus, Pminus, P0, Pn, Pc
[INFO] [stderr]  --> tests/ui/bad_polarity.rs:4:10
[INFO] [stderr]   |
[INFO] [stderr] 4 | #[derive(Rule)]
[INFO] [stderr]   |          ^^^^
[INFO] [stderr]   |
[INFO] [stderr]   = note: this error originates in the derive macro `Rule` (in Nightly builds, run with -Z macro-backtrace for more info)
[INFO] [stderr] ┈┈┈┈┈┈┈┈┈┈┈┈┈┈┈┈┈┈┈┈┈┈┈┈┈┈┈┈┈┈┈┈┈┈┈┈┈┈┈┈┈┈┈┈┈┈┈┈┈┈┈┈┈┈┈┈┈┈┈┈
[INFO] [stderr] 
[INFO] [stderr] ACTUAL OUTPUT:
[INFO] [stderr] ┈┈┈┈┈┈┈┈┈┈┈┈┈┈┈┈┈┈┈┈┈┈┈┈┈┈┈┈┈┈┈┈┈┈┈┈┈┈┈┈┈┈┈┈┈┈┈┈┈┈┈┈┈┈┈┈┈┈┈┈
[INFO] [stderr] error[E0432]: unresolved import `gob_rules`
[INFO] [stderr]  --> tests/ui/bad_polarity.rs:1:5
[INFO] [stderr]   |
[INFO] [stderr] 1 | use gob_rules::Rule;
[INFO] [stderr]   |     ^^^^^^^^^ use of unresolved module or unlinked crate `gob_rules`
[INFO] [stderr]   |
[INFO] [stderr]   = help: if you wanted to use a crate named `gob_rules`, use `cargo add gob_rules` to add it to your `Cargo.toml`
[INFO] [stderr] 
[INFO] [stderr] error: cannot find attribute `rule` in this scope
[INFO] [stderr]  --> tests/ui/bad_polarity.rs:5:3
[INFO] [stderr]   |
[INFO] [stderr] 5 | #[rule(id = "XRL001", slug = "x-rule", family = "XRL", severity = Error, polarity = Sideways, tier = Lang, scope = File, fix = Manual...
[INFO] [stderr]   |   ^^^^
[INFO] [stderr]   |
[INFO] [stderr] help: `rule` is an attribute that can be used by the derive macro `Rule`, you might be missing a `derive` attribute
[INFO] [stderr]   |
[INFO] [stderr] 6 + #[derive(Rule)]
[INFO] [stderr] 7 | struct R;
[INFO] [stderr]   |
[INFO] [stderr] ┈┈┈┈┈┈┈┈┈┈┈┈┈┈┈┈┈┈┈┈┈┈┈┈┈┈┈┈┈┈┈┈┈┈┈┈┈┈┈┈┈┈┈┈┈┈┈┈┈┈┈┈┈┈┈┈┈┈┈┈
[INFO] [stderr] note: If the actual output is the correct output you can bless it by rerunning
[INFO] [stderr]       your test with the environment variable TRYBUILD=overwrite
[INFO] [stderr] 
[INFO] [stderr] test tests/ui/bad_severity.rs ... mismatch
[INFO] [stderr] 
[INFO] [stderr] EXPECTED:
[INFO] [stderr] ┈┈┈┈┈┈┈┈┈┈┈┈┈┈┈┈┈┈┈┈┈┈┈┈┈┈┈┈┈┈┈┈┈┈┈┈┈┈┈┈┈┈┈┈┈┈┈┈┈┈┈┈┈┈┈┈┈┈┈┈
[INFO] [stderr] error: invalid severity `Fatal`; expected one of: Error, Warn, Advisory, Unresolved
[INFO] [stderr]  --> tests/ui/bad_severity.rs:4:10
[INFO] [stderr]   |
[INFO] [stderr] 4 | #[derive(Rule)]
[INFO] [stderr]   |          ^^^^
[INFO] [stderr]   |
[INFO] [stderr]   = note: this error originates in the derive macro `Rule` (in Nightly builds, run with -Z macro-backtrace for more info)
[INFO] [stderr] ┈┈┈┈┈┈┈┈┈┈┈┈┈┈┈┈┈┈┈┈┈┈┈┈┈┈┈┈┈┈┈┈┈┈┈┈┈┈┈┈┈┈┈┈┈┈┈┈┈┈┈┈┈┈┈┈┈┈┈┈
[INFO] [stderr] 
[INFO] [stderr] ACTUAL OUTPUT:
[INFO] [stderr] ┈┈┈┈┈┈┈┈┈┈┈┈┈┈┈┈┈┈┈┈┈┈┈┈┈┈┈┈┈┈┈┈┈┈┈┈┈┈┈┈┈┈┈┈┈┈┈┈┈┈┈┈┈┈┈┈┈┈┈┈
[INFO] [stderr] error[E0432]: unresolved import `gob_rules`
[INFO] [stderr]  --> tests/ui/bad_severity.rs:1:5
[INFO] [stderr]   |
[INFO] [stderr] 1 | use gob_rules::Rule;
[INFO] [stderr]   |     ^^^^^^^^^ use of unresolved module or unlinked crate `gob_rules`
[INFO] [stderr]   |
[INFO] [stderr]   = help: if you wanted to use a crate named `gob_rules`, use `cargo add gob_rules` to add it to your `Cargo.toml`
[INFO] [stderr] 
[INFO] [stderr] error: cannot find attribute `rule` in this scope
[INFO] [stderr]  --> tests/ui/bad_severity.rs:5:3
[INFO] [stderr]   |
[INFO] [stderr] 5 | #[rule(id = "XRL001", slug = "x-rule", family = "XRL", severity = Fatal, tier = Lang, scope = File, fix = Manual, version = 1)]
[INFO] [stderr]   |   ^^^^
[INFO] [stderr]   |
[INFO] [stderr] help: `rule` is an attribute that can be used by the derive macro `Rule`, you might be missing a `derive` attribute
[INFO] [stderr]   |
[INFO] [stderr] 6 + #[derive(Rule)]
[INFO] [stderr] 7 | struct R;
[INFO] [stderr]   |
[INFO] [stderr] ┈┈┈┈┈┈┈┈┈┈┈┈┈┈┈┈┈┈┈┈┈┈┈┈┈┈┈┈┈┈┈┈┈┈┈┈┈┈┈┈┈┈┈┈┈┈┈┈┈┈┈┈┈┈┈┈┈┈┈┈
[INFO] [stderr] note: If the actual output is the correct output you can bless it by rerunning
[INFO] [stderr]       your test with the environment variable TRYBUILD=overwrite
[INFO] [stderr] 
[INFO] [stderr] test tests/ui/command_bad_exit.rs ... mismatch
[INFO] [stderr] 
[INFO] [stderr] EXPECTED:
[INFO] [stderr] ┈┈┈┈┈┈┈┈┈┈┈┈┈┈┈┈┈┈┈┈┈┈┈┈┈┈┈┈┈┈┈┈┈┈┈┈┈┈┈┈┈┈┈┈┈┈┈┈┈┈┈┈┈┈┈┈┈┈┈┈
[INFO] [stderr] error: invalid exit `exploded`; expected one of: ok, negative, usage, refused, internal
[INFO] [stderr]  --> tests/ui/command_bad_exit.rs:4:10
[INFO] [stderr]   |
[INFO] [stderr] 4 | #[derive(Command)]
[INFO] [stderr]   |          ^^^^^^^
[INFO] [stderr]   |
[INFO] [stderr]   = note: this error originates in the derive macro `Command` (in Nightly builds, run with -Z macro-backtrace for more info)
[INFO] [stderr] ┈┈┈┈┈┈┈┈┈┈┈┈┈┈┈┈┈┈┈┈┈┈┈┈┈┈┈┈┈┈┈┈┈┈┈┈┈┈┈┈┈┈┈┈┈┈┈┈┈┈┈┈┈┈┈┈┈┈┈┈
[INFO] [stderr] 
[INFO] [stderr] ACTUAL OUTPUT:
[INFO] [stderr] ┈┈┈┈┈┈┈┈┈┈┈┈┈┈┈┈┈┈┈┈┈┈┈┈┈┈┈┈┈┈┈┈┈┈┈┈┈┈┈┈┈┈┈┈┈┈┈┈┈┈┈┈┈┈┈┈┈┈┈┈
[INFO] [stderr] error[E0432]: unresolved import `gob_cli`
[INFO] [stderr]  --> tests/ui/command_bad_exit.rs:1:5
[INFO] [stderr]   |
[INFO] [stderr] 1 | use gob_cli::Command;
[INFO] [stderr]   |     ^^^^^^^ use of unresolved module or unlinked crate `gob_cli`
[INFO] [stderr]   |
[INFO] [stderr]   = help: if you wanted to use a crate named `gob_cli`, use `cargo add gob_cli` to add it to your `Cargo.toml`
[INFO] [stderr] 
[INFO] [stderr] error: cannot find attribute `command` in this scope
[INFO] [stderr]  --> tests/ui/command_bad_exit.rs:5:3
[INFO] [stderr]   |
[INFO] [stderr] 5 | #[command(verb = "x", product = "frob", exits(ok, exploded))]
[INFO] [stderr]   |   ^^^^^^^
[INFO] [stderr]   |
[INFO] [stderr] help: `command` is an attribute that can be used by the derive macro `Command`, you might be missing a `derive` attribute
[INFO] [stderr]   |
[INFO] [stderr] 6 + #[derive(Command)]
[INFO] [stderr] 7 | struct C;
[INFO] [stderr]   |
[INFO] [stderr] ┈┈┈┈┈┈┈┈┈┈┈┈┈┈┈┈┈┈┈┈┈┈┈┈┈┈┈┈┈┈┈┈┈┈┈┈┈┈┈┈┈┈┈┈┈┈┈┈┈┈┈┈┈┈┈┈┈┈┈┈
[INFO] [stderr] note: If the actual output is the correct output you can bless it by rerunning
[INFO] [stderr]       your test with the environment variable TRYBUILD=overwrite
[INFO] [stderr] 
[INFO] [stderr] test tests/ui/command_no_doc.rs ... mismatch
[INFO] [stderr] 
[INFO] [stderr] EXPECTED:
[INFO] [stderr] ┈┈┈┈┈┈┈┈┈┈┈┈┈┈┈┈┈┈┈┈┈┈┈┈┈┈┈┈┈┈┈┈┈┈┈┈┈┈┈┈┈┈┈┈┈┈┈┈┈┈┈┈┈┈┈┈┈┈┈┈
[INFO] [stderr] error: a command needs a `///` doc comment (its summary)
[INFO] [stderr]  --> tests/ui/command_no_doc.rs:3:10
[INFO] [stderr]   |
[INFO] [stderr] 3 | #[derive(Command)]
[INFO] [stderr]   |          ^^^^^^^
[INFO] [stderr]   |
[INFO] [stderr]   = note: this error originates in the derive macro `Command` (in Nightly builds, run with -Z macro-backtrace for more info)
[INFO] [stderr] ┈┈┈┈┈┈┈┈┈┈┈┈┈┈┈┈┈┈┈┈┈┈┈┈┈┈┈┈┈┈┈┈┈┈┈┈┈┈┈┈┈┈┈┈┈┈┈┈┈┈┈┈┈┈┈┈┈┈┈┈
[INFO] [stderr] 
[INFO] [stderr] ACTUAL OUTPUT:
[INFO] [stderr] ┈┈┈┈┈┈┈┈┈┈┈┈┈┈┈┈┈┈┈┈┈┈┈┈┈┈┈┈┈┈┈┈┈┈┈┈┈┈┈┈┈┈┈┈┈┈┈┈┈┈┈┈┈┈┈┈┈┈┈┈
[INFO] [stderr] error[E0432]: unresolved import `gob_cli`
[INFO] [stderr]  --> tests/ui/command_no_doc.rs:1:5
[INFO] [stderr]   |
[INFO] [stderr] 1 | use gob_cli::Command;
[INFO] [stderr]   |     ^^^^^^^ use of unresolved module or unlinked crate `gob_cli`
[INFO] [stderr]   |
[INFO] [stderr]   = help: if you wanted to use a crate named `gob_cli`, use `cargo add gob_cli` to add it to your `Cargo.toml`
[INFO] [stderr] 
[INFO] [stderr] error: cannot find attribute `command` in this scope
[INFO] [stderr]  --> tests/ui/command_no_doc.rs:4:3
[INFO] [stderr]   |
[INFO] [stderr] 4 | #[command(verb = "x", product = "frob", exits(ok))]
[INFO] [stderr]   |   ^^^^^^^
[INFO] [stderr]   |
[INFO] [stderr] help: `command` is an attribute that can be used by the derive macro `Command`, you might be missing a `derive` attribute
[INFO] [stderr]   |
[INFO] [stderr] 5 + #[derive(Command)]
[INFO] [stderr] 6 | struct C;
[INFO] [stderr]   |
[INFO] [stderr] ┈┈┈┈┈┈┈┈┈┈┈┈┈┈┈┈┈┈┈┈┈┈┈┈┈┈┈┈┈┈┈┈┈┈┈┈┈┈┈┈┈┈┈┈┈┈┈┈┈┈┈┈┈┈┈┈┈┈┈┈
[INFO] [stderr] note: If the actual output is the correct output you can bless it by rerunning
[INFO] [stderr]       your test with the environment variable TRYBUILD=overwrite
[INFO] [stderr] 
[INFO] [stderr] test tests/ui/config_enforcement_no_default.rs ... mismatch
[INFO] [stderr] 
[INFO] [stderr] EXPECTED:
[INFO] [stderr] ┈┈┈┈┈┈┈┈┈┈┈┈┈┈┈┈┈┈┈┈┈┈┈┈┈┈┈┈┈┈┈┈┈┈┈┈┈┈┈┈┈┈┈┈┈┈┈┈┈┈┈┈┈┈┈┈┈┈┈┈
[INFO] [stderr] error: enforcement field `cas_retries` needs `#[config(default = ...)]`: a materialized knob must have a written default
[INFO] [stderr]  --> tests/ui/config_enforcement_no_default.rs:9:18
[INFO] [stderr]   |
[INFO] [stderr] 9 |     cas_retries: u32,
[INFO] [stderr]   |                  ^^^
[INFO] [stderr] ┈┈┈┈┈┈┈┈┈┈┈┈┈┈┈┈┈┈┈┈┈┈┈┈┈┈┈┈┈┈┈┈┈┈┈┈┈┈┈┈┈┈┈┈┈┈┈┈┈┈┈┈┈┈┈┈┈┈┈┈
[INFO] [stderr] 
[INFO] [stderr] ACTUAL OUTPUT:
[INFO] [stderr] ┈┈┈┈┈┈┈┈┈┈┈┈┈┈┈┈┈┈┈┈┈┈┈┈┈┈┈┈┈┈┈┈┈┈┈┈┈┈┈┈┈┈┈┈┈┈┈┈┈┈┈┈┈┈┈┈┈┈┈┈
[INFO] [stderr] error[E0432]: unresolved import `gob_config`
[INFO] [stderr]  --> tests/ui/config_enforcement_no_default.rs:1:5
[INFO] [stderr]   |
[INFO] [stderr] 1 | use gob_config::ConfigTable;
[INFO] [stderr]   |     ^^^^^^^^^^ use of unresolved module or unlinked crate `gob_config`
[INFO] [stderr]   |
[INFO] [stderr]   = help: if you wanted to use a crate named `gob_config`, use `cargo add gob_config` to add it to your `Cargo.toml`
[INFO] [stderr] 
[INFO] [stderr] error: cannot find attribute `config` in this scope
[INFO] [stderr]  --> tests/ui/config_enforcement_no_default.rs:5:3
[INFO] [stderr]   |
[INFO] [stderr] 5 | #[config(table = "tickets", materialize)]
[INFO] [stderr]   |   ^^^^^^
[INFO] [stderr]   |
[INFO] [stderr] help: `config` is an attribute that can be used by the derive macro `ConfigTable`, you might be missing a `derive` attribute
[INFO] [stderr]   |
[INFO] [stderr] 6 + #[derive(ConfigTable)]
[INFO] [stderr] 7 | struct Tickets {
[INFO] [stderr]   |
[INFO] [stderr] 
[INFO] [stderr] error: cannot find attribute `config` in this scope
[INFO] [stderr]  --> tests/ui/config_enforcement_no_default.rs:8:7
[INFO] [stderr]   |
[INFO] [stderr] 8 |     #[config(enforcement)]
[INFO] [stderr]   |       ^^^^^^
[INFO] [stderr]   |
[INFO] [stderr]   = note: `config` is an attribute that can be used by the derive macro `ConfigTable`, you might be missing a `derive` attribute
[INFO] [stderr] ┈┈┈┈┈┈┈┈┈┈┈┈┈┈┈┈┈┈┈┈┈┈┈┈┈┈┈┈┈┈┈┈┈┈┈┈┈┈┈┈┈┈┈┈┈┈┈┈┈┈┈┈┈┈┈┈┈┈┈┈
[INFO] [stderr] note: If the actual output is the correct output you can bless it by rerunning
[INFO] [stderr]       your test with the environment variable TRYBUILD=overwrite
[INFO] [stderr] 
[INFO] [stderr] test tests/ui/directive_bad_order.rs ... mismatch
[INFO] [stderr] 
[INFO] [stderr] EXPECTED:
[INFO] [stderr] ┈┈┈┈┈┈┈┈┈┈┈┈┈┈┈┈┈┈┈┈┈┈┈┈┈┈┈┈┈┈┈┈┈┈┈┈┈┈┈┈┈┈┈┈┈┈┈┈┈┈┈┈┈┈┈┈┈┈┈┈
[INFO] [stderr] error: field `third`: `optional` needs an `Option<T>` field
[INFO] [stderr]   --> tests/ui/directive_bad_order.rs:12:5
[INFO] [stderr]    |
[INFO] [stderr] 12 |     third: String,
[INFO] [stderr]    |     ^^^^^
[INFO] [stderr] 
[INFO] [stderr] error: required positional `second` follows an optional one
[INFO] [stderr]   --> tests/ui/directive_bad_order.rs:10:5
[INFO] [stderr]    |
[INFO] [stderr] 10 |     second: String,
[INFO] [stderr]    |     ^^^^^^
[INFO] [stderr] ┈┈┈┈┈┈┈┈┈┈┈┈┈┈┈┈┈┈┈┈┈┈┈┈┈┈┈┈┈┈┈┈┈┈┈┈┈┈┈┈┈┈┈┈┈┈┈┈┈┈┈┈┈┈┈┈┈┈┈┈
[INFO] [stderr] 
[INFO] [stderr] ACTUAL OUTPUT:
[INFO] [stderr] ┈┈┈┈┈┈┈┈┈┈┈┈┈┈┈┈┈┈┈┈┈┈┈┈┈┈┈┈┈┈┈┈┈┈┈┈┈┈┈┈┈┈┈┈┈┈┈┈┈┈┈┈┈┈┈┈┈┈┈┈
[INFO] [stderr] error[E0432]: unresolved import `gob_directives`
[INFO] [stderr]  --> tests/ui/directive_bad_order.rs:1:5
[INFO] [stderr]   |
[INFO] [stderr] 1 | use gob_directives::Directive;
[INFO] [stderr]   |     ^^^^^^^^^^^^^^ use of unresolved module or unlinked crate `gob_directives`
[INFO] [stderr]   |
[INFO] [stderr]   = help: if you wanted to use a crate named `gob_directives`, use `cargo add gob_directives` to add it to your `Cargo.toml`
[INFO] [stderr] 
[INFO] [stderr] error: cannot find attribute `directive` in this scope
[INFO] [stderr]  --> tests/ui/directive_bad_order.rs:5:3
[INFO] [stderr]   |
[INFO] [stderr] 5 | #[directive(namespace = "frob", verb = "ticket")]
[INFO] [stderr]   |   ^^^^^^^^^
[INFO] [stderr]   |
[INFO] [stderr] help: `directive` is an attribute that can be used by the derive macro `Directive`, you might be missing a `derive` attribute
[INFO] [stderr]   |
[INFO] [stderr] 6 + #[derive(Directive)]
[INFO] [stderr] 7 | struct D {
[INFO] [stderr]   |
[INFO] [stderr] 
[INFO] [stderr] error: cannot find attribute `arg` in this scope
[INFO] [stderr]  --> tests/ui/directive_bad_order.rs:7:7
[INFO] [stderr]   |
[INFO] [stderr] 7 |     #[arg(positional)]
[INFO] [stderr]   |       ^^^
[INFO] [stderr]   |
[INFO] [stderr]   = note: `arg` is an attribute that can be used by the derive macro `Directive`, you might be missing a `derive` attribute
[INFO] [stderr] 
[INFO] [stderr] error: cannot find attribute `arg` in this scope
[INFO] [stderr]  --> tests/ui/directive_bad_order.rs:9:7
[INFO] [stderr]   |
[INFO] [stderr] 9 |     #[arg(positional)]
[INFO] [stderr]   |       ^^^
[INFO] [stderr]   |
[INFO] [stderr]   = note: `arg` is an attribute that can be used by the derive macro `Directive`, you might be missing a `derive` attribute
[INFO] [stderr] 
[INFO] [stderr] error: cannot find attribute `arg` in this scope
[INFO] [stderr]   --> tests/ui/directive_bad_order.rs:11:7
[INFO] [stderr]    |
[INFO] [stderr] 11 |     #[arg(key = "k", optional)]
[INFO] [stderr]    |       ^^^
[INFO] [stderr]    |
[INFO] [stderr]    = note: `arg` is an attribute that can be used by the derive macro `Directive`, you might be missing a `derive` attribute
[INFO] [stderr] ┈┈┈┈┈┈┈┈┈┈┈┈┈┈┈┈┈┈┈┈┈┈┈┈┈┈┈┈┈┈┈┈┈┈┈┈┈┈┈┈┈┈┈┈┈┈┈┈┈┈┈┈┈┈┈┈┈┈┈┈
[INFO] [stderr] note: If the actual output is the correct output you can bless it by rerunning
[INFO] [stderr]       your test with the environment variable TRYBUILD=overwrite
[INFO] [stderr] 
[INFO] [stderr] test tests/ui/directive_list_not_vec.rs ... mismatch
[INFO] [stderr] 
[INFO] [stderr] EXPECTED:
[INFO] [stderr] ┈┈┈┈┈┈┈┈┈┈┈┈┈┈┈┈┈┈┈┈┈┈┈┈┈┈┈┈┈┈┈┈┈┈┈┈┈┈┈┈┈┈┈┈┈┈┈┈┈┈┈┈┈┈┈┈┈┈┈┈
[INFO] [stderr] error: field `id`: `list` needs a `Vec<T>` field
[INFO] [stderr]  --> tests/ui/directive_list_not_vec.rs:8:5
[INFO] [stderr]   |
[INFO] [stderr] 8 |     id: String,
[INFO] [stderr]   |     ^^
[INFO] [stderr] ┈┈┈┈┈┈┈┈┈┈┈┈┈┈┈┈┈┈┈┈┈┈┈┈┈┈┈┈┈┈┈┈┈┈┈┈┈┈┈┈┈┈┈┈┈┈┈┈┈┈┈┈┈┈┈┈┈┈┈┈
[INFO] [stderr] 
[INFO] [stderr] ACTUAL OUTPUT:
[INFO] [stderr] ┈┈┈┈┈┈┈┈┈┈┈┈┈┈┈┈┈┈┈┈┈┈┈┈┈┈┈┈┈┈┈┈┈┈┈┈┈┈┈┈┈┈┈┈┈┈┈┈┈┈┈┈┈┈┈┈┈┈┈┈
[INFO] [stderr] error[E0432]: unresolved import `gob_directives`
[INFO] [stderr]  --> tests/ui/directive_list_not_vec.rs:1:5
[INFO] [stderr]   |
[INFO] [stderr] 1 | use gob_directives::Directive;
[INFO] [stderr]   |     ^^^^^^^^^^^^^^ use of unresolved module or unlinked crate `gob_directives`
[INFO] [stderr]   |
[INFO] [stderr]   = help: if you wanted to use a crate named `gob_directives`, use `cargo add gob_directives` to add it to your `Cargo.toml`
[INFO] [stderr] 
[INFO] [stderr] error: cannot find attribute `directive` in this scope
[INFO] [stderr]  --> tests/ui/directive_list_not_vec.rs:5:3
[INFO] [stderr]   |
[INFO] [stderr] 5 | #[directive(namespace = "frob", verb = "ticket")]
[INFO] [stderr]   |   ^^^^^^^^^
[INFO] [stderr]   |
[INFO] [stderr] help: `directive` is an attribute that can be used by the derive macro `Directive`, you might be missing a `derive` attribute
[INFO] [stderr]   |
[INFO] [stderr] 6 + #[derive(Directive)]
[INFO] [stderr] 7 | struct D {
[INFO] [stderr]   |
[INFO] [stderr] 
[INFO] [stderr] error: cannot find attribute `arg` in this scope
[INFO] [stderr]  --> tests/ui/directive_list_not_vec.rs:7:7
[INFO] [stderr]   |
[INFO] [stderr] 7 |     #[arg(list)]
[INFO] [stderr]   |       ^^^
[INFO] [stderr]   |
[INFO] [stderr]   = note: `arg` is an attribute that can be used by the derive macro `Directive`, you might be missing a `derive` attribute
[INFO] [stderr] ┈┈┈┈┈┈┈┈┈┈┈┈┈┈┈┈┈┈┈┈┈┈┈┈┈┈┈┈┈┈┈┈┈┈┈┈┈┈┈┈┈┈┈┈┈┈┈┈┈┈┈┈┈┈┈┈┈┈┈┈
[INFO] [stderr] note: If the actual output is the correct output you can bless it by rerunning
[INFO] [stderr]       your test with the environment variable TRYBUILD=overwrite
[INFO] [stderr] 
[INFO] [stderr] test tests/ui/directive_missing_namespace.rs ... mismatch
[INFO] [stderr] 
[INFO] [stderr] EXPECTED:
[INFO] [stderr] ┈┈┈┈┈┈┈┈┈┈┈┈┈┈┈┈┈┈┈┈┈┈┈┈┈┈┈┈┈┈┈┈┈┈┈┈┈┈┈┈┈┈┈┈┈┈┈┈┈┈┈┈┈┈┈┈┈┈┈┈
[INFO] [stderr] error: Missing field `namespace`
[INFO] [stderr]  --> tests/ui/directive_missing_namespace.rs:4:10
[INFO] [stderr]   |
[INFO] [stderr] 4 | #[derive(Directive)]
[INFO] [stderr]   |          ^^^^^^^^^
[INFO] [stderr]   |
[INFO] [stderr]   = note: this error originates in the derive macro `Directive` (in Nightly builds, run with -Z macro-backtrace for more info)
[INFO] [stderr] ┈┈┈┈┈┈┈┈┈┈┈┈┈┈┈┈┈┈┈┈┈┈┈┈┈┈┈┈┈┈┈┈┈┈┈┈┈┈┈┈┈┈┈┈┈┈┈┈┈┈┈┈┈┈┈┈┈┈┈┈
[INFO] [stderr] 
[INFO] [stderr] ACTUAL OUTPUT:
[INFO] [stderr] ┈┈┈┈┈┈┈┈┈┈┈┈┈┈┈┈┈┈┈┈┈┈┈┈┈┈┈┈┈┈┈┈┈┈┈┈┈┈┈┈┈┈┈┈┈┈┈┈┈┈┈┈┈┈┈┈┈┈┈┈
[INFO] [stderr] error[E0432]: unresolved import `gob_directives`
[INFO] [stderr]  --> tests/ui/directive_missing_namespace.rs:1:5
[INFO] [stderr]   |
[INFO] [stderr] 1 | use gob_directives::Directive;
[INFO] [stderr]   |     ^^^^^^^^^^^^^^ use of unresolved module or unlinked crate `gob_directives`
[INFO] [stderr]   |
[INFO] [stderr]   = help: if you wanted to use a crate named `gob_directives`, use `cargo add gob_directives` to add it to your `Cargo.toml`
[INFO] [stderr] 
[INFO] [stderr] error: cannot find attribute `directive` in this scope
[INFO] [stderr]  --> tests/ui/directive_missing_namespace.rs:5:3
[INFO] [stderr]   |
[INFO] [stderr] 5 | #[directive(verb = "ticket")]
[INFO] [stderr]   |   ^^^^^^^^^
[INFO] [stderr]   |
[INFO] [stderr] help: `directive` is an attribute that can be used by the derive macro `Directive`, you might be missing a `derive` attribute
[INFO] [stderr]   |
[INFO] [stderr] 6 + #[derive(Directive)]
[INFO] [stderr] 7 | struct D {
[INFO] [stderr]   |
[INFO] [stderr] 
[INFO] [stderr] error: cannot find attribute `arg` in this scope
[INFO] [stderr]  --> tests/ui/directive_missing_namespace.rs:7:7
[INFO] [stderr]   |
[INFO] [stderr] 7 |     #[arg(positional)]
[INFO] [stderr]   |       ^^^
[INFO] [stderr]   |
[INFO] [stderr]   = note: `arg` is an attribute that can be used by the derive macro `Directive`, you might be missing a `derive` attribute
[INFO] [stderr] ┈┈┈┈┈┈┈┈┈┈┈┈┈┈┈┈┈┈┈┈┈┈┈┈┈┈┈┈┈┈┈┈┈┈┈┈┈┈┈┈┈┈┈┈┈┈┈┈┈┈┈┈┈┈┈┈┈┈┈┈
[INFO] [stderr] note: If the actual output is the correct output you can bless it by rerunning
[INFO] [stderr]       your test with the environment variable TRYBUILD=overwrite
[INFO] [stderr] 
[INFO] [stderr] test tests/ui/directive_no_doc.rs ... mismatch
[INFO] [stderr] 
[INFO] [stderr] EXPECTED:
[INFO] [stderr] ┈┈┈┈┈┈┈┈┈┈┈┈┈┈┈┈┈┈┈┈┈┈┈┈┈┈┈┈┈┈┈┈┈┈┈┈┈┈┈┈┈┈┈┈┈┈┈┈┈┈┈┈┈┈┈┈┈┈┈┈
[INFO] [stderr] error: a directive needs a `///` doc comment (its summary)
[INFO] [stderr]  --> tests/ui/directive_no_doc.rs:3:10
[INFO] [stderr]   |
[INFO] [stderr] 3 | #[derive(Directive)]
[INFO] [stderr]   |          ^^^^^^^^^
[INFO] [stderr]   |
[INFO] [stderr]   = note: this error originates in the derive macro `Directive` (in Nightly builds, run with -Z macro-backtrace for more info)
[INFO] [stderr] ┈┈┈┈┈┈┈┈┈┈┈┈┈┈┈┈┈┈┈┈┈┈┈┈┈┈┈┈┈┈┈┈┈┈┈┈┈┈┈┈┈┈┈┈┈┈┈┈┈┈┈┈┈┈┈┈┈┈┈┈
[INFO] [stderr] 
[INFO] [stderr] ACTUAL OUTPUT:
[INFO] [stderr] ┈┈┈┈┈┈┈┈┈┈┈┈┈┈┈┈┈┈┈┈┈┈┈┈┈┈┈┈┈┈┈┈┈┈┈┈┈┈┈┈┈┈┈┈┈┈┈┈┈┈┈┈┈┈┈┈┈┈┈┈
[INFO] [stderr] error[E0432]: unresolved import `gob_directives`
[INFO] [stderr]  --> tests/ui/directive_no_doc.rs:1:5
[INFO] [stderr]   |
[INFO] [stderr] 1 | use gob_directives::Directive;
[INFO] [stderr]   |     ^^^^^^^^^^^^^^ use of unresolved module or unlinked crate `gob_directives`
[INFO] [stderr]   |
[INFO] [stderr]   = help: if you wanted to use a crate named `gob_directives`, use `cargo add gob_directives` to add it to your `Cargo.toml`
[INFO] [stderr] 
[INFO] [stderr] error: cannot find attribute `directive` in this scope
[INFO] [stderr]  --> tests/ui/directive_no_doc.rs:4:3
[INFO] [stderr]   |
[INFO] [stderr] 4 | #[directive(namespace = "frob", verb = "ticket")]
[INFO] [stderr]   |   ^^^^^^^^^
[INFO] [stderr]   |
[INFO] [stderr] help: `directive` is an attribute that can be used by the derive macro `Directive`, you might be missing a `derive` attribute
[INFO] [stderr]   |
[INFO] [stderr] 5 + #[derive(Directive)]
[INFO] [stderr] 6 | struct D {
[INFO] [stderr]   |
[INFO] [stderr] 
[INFO] [stderr] error: cannot find attribute `arg` in this scope
[INFO] [stderr]  --> tests/ui/directive_no_doc.rs:6:7
[INFO] [stderr]   |
[INFO] [stderr] 6 |     #[arg(positional)]
[INFO] [stderr]   |       ^^^
[INFO] [stderr]   |
[INFO] [stderr]   = note: `arg` is an attribute that can be used by the derive macro `Directive`, you might be missing a `derive` attribute
[INFO] [stderr] ┈┈┈┈┈┈┈┈┈┈┈┈┈┈┈┈┈┈┈┈┈┈┈┈┈┈┈┈┈┈┈┈┈┈┈┈┈┈┈┈┈┈┈┈┈┈┈┈┈┈┈┈┈┈┈┈┈┈┈┈
[INFO] [stderr] note: If the actual output is the correct output you can bless it by rerunning
[INFO] [stderr]       your test with the environment variable TRYBUILD=overwrite
[INFO] [stderr] 
[INFO] [stderr] test tests/ui/directive_rest_not_plain.rs ... mismatch
[INFO] [stderr] 
[INFO] [stderr] EXPECTED:
[INFO] [stderr] ┈┈┈┈┈┈┈┈┈┈┈┈┈┈┈┈┈┈┈┈┈┈┈┈┈┈┈┈┈┈┈┈┈┈┈┈┈┈┈┈┈┈┈┈┈┈┈┈┈┈┈┈┈┈┈┈┈┈┈┈
[INFO] [stderr] error: field `id`: `rest` needs a plain field type implementing `FromArgs`
[INFO] [stderr]  --> tests/ui/directive_rest_not_plain.rs:8:5
[INFO] [stderr]   |
[INFO] [stderr] 8 |     id: Vec<String>,
[INFO] [stderr]   |     ^^
[INFO] [stderr] ┈┈┈┈┈┈┈┈┈┈┈┈┈┈┈┈┈┈┈┈┈┈┈┈┈┈┈┈┈┈┈┈┈┈┈┈┈┈┈┈┈┈┈┈┈┈┈┈┈┈┈┈┈┈┈┈┈┈┈┈
[INFO] [stderr] 
[INFO] [stderr] ACTUAL OUTPUT:
[INFO] [stderr] ┈┈┈┈┈┈┈┈┈┈┈┈┈┈┈┈┈┈┈┈┈┈┈┈┈┈┈┈┈┈┈┈┈┈┈┈┈┈┈┈┈┈┈┈┈┈┈┈┈┈┈┈┈┈┈┈┈┈┈┈
[INFO] [stderr] error[E0432]: unresolved import `gob_directives`
[INFO] [stderr]  --> tests/ui/directive_rest_not_plain.rs:1:5
[INFO] [stderr]   |
[INFO] [stderr] 1 | use gob_directives::Directive;
[INFO] [stderr]   |     ^^^^^^^^^^^^^^ use of unresolved module or unlinked crate `gob_directives`
[INFO] [stderr]   |
[INFO] [stderr]   = help: if you wanted to use a crate named `gob_directives`, use `cargo add gob_directives` to add it to your `Cargo.toml`
[INFO] [stderr] 
[INFO] [stdout] test ui ... FAILED
[INFO] [stderr] error: cannot find attribute `directive` in this scope
[INFO] [stdout] 
[INFO] [stderr]  --> tests/ui/directive_rest_not_plain.rs:5:3
[INFO] [stdout] failures:
[INFO] [stderr]   |
[INFO] [stdout] 
[INFO] [stderr] 5 | #[directive(namespace = "frob", verb = "ticket")]
[INFO] [stdout] ---- ui stdout ----
[INFO] [stderr]   |   ^^^^^^^^^
[INFO] [stdout] 
[INFO] [stderr]   |
[INFO] [stdout] thread 'ui' (856) panicked at /opt/rustwide/cargo-home/registry/src/index.crates.io-1949cf8c6b5b557f/trybuild-1.0.121/src/run.rs:103:13:
[INFO] [stderr] help: `directive` is an attribute that can be used by the derive macro `Directive`, you might be missing a `derive` attribute
[INFO] [stdout] 13 of 13 tests failed
[INFO] [stderr]   |
[INFO] [stdout] stack backtrace:
[INFO] [stderr] 6 + #[derive(Directive)]
[INFO] [stdout]    0:     0x60f6b6733e31 - <<std[70759c8f55707aa4]::sys::backtrace::BacktraceLock>::print::DisplayBacktrace as core[df12db4294e9bfd3]::fmt::Display>::fmt
[INFO] [stderr] 7 | struct D {
[INFO] [stdout]    1:     0x60f6b674a4ba - core[df12db4294e9bfd3]::fmt::write
[INFO] [stderr]   |
[INFO] [stdout]    2:     0x60f6b67388fc - <alloc[2182bb758b4b3781]::vec::Vec<u8> as core[df12db4294e9bfd3]::io::write::Write>::write_fmt
[INFO] [stderr] 
[INFO] [stdout]    3:     0x60f6b670d316 - std[70759c8f55707aa4]::panicking::default_hook::{closure#0}
[INFO] [stderr] error: cannot find attribute `arg` in this scope
[INFO] [stdout]    4:     0x60f6b672b4a9 - std[70759c8f55707aa4]::panicking::default_hook
[INFO] [stderr]  --> tests/ui/directive_rest_not_plain.rs:7:7
[INFO] [stdout]    5:     0x60f6b66c4780 - test[9d35eded1c95d3be]::test_main_inner::<test[9d35eded1c95d3be]::test_main_static::{closure#0}>::{closure#0}
[INFO] [stderr]   |
[INFO] [stdout]    6:     0x60f6b672b662 - std[70759c8f55707aa4]::panicking::panic_with_hook
[INFO] [stderr] 7 |     #[arg(rest)]
[INFO] [stdout]    7:     0x60f6b670d3c2 - std[70759c8f55707aa4]::panicking::panic_handler::{closure#0}
[INFO] [stderr]   |       ^^^
[INFO] [stdout]    8:     0x60f6b6705c89 - std[70759c8f55707aa4]::sys::backtrace::__rust_end_short_backtrace::<std[70759c8f55707aa4]::panicking::panic_handler::{closure#0}, !>
[INFO] [stderr]   |
[INFO] [stdout]    9:     0x60f6b670dfbd - __rustc[8fa7c3cbc660c2b3]::rust_begin_unwind
[INFO] [stderr]   = note: `arg` is an attribute that can be used by the derive macro `Directive`, you might be missing a `derive` attribute
[INFO] [stdout]   10:     0x60f6b674ac2c - core[df12db4294e9bfd3]::panicking::panic_fmt
[INFO] [stderr] ┈┈┈┈┈┈┈┈┈┈┈┈┈┈┈┈┈┈┈┈┈┈┈┈┈┈┈┈┈┈┈┈┈┈┈┈┈┈┈┈┈┈┈┈┈┈┈┈┈┈┈┈┈┈┈┈┈┈┈┈
[INFO] [stdout]   11:     0x60f6b66190d8 - <trybuild[46d72c825ab966e0]::Runner>::run
[INFO] [stderr] note: If the actual output is the correct output you can bless it by rerunning
[INFO] [stdout]   12:     0x60f6b661c4c0 - <trybuild[46d72c825ab966e0]::TestCases as core[df12db4294e9bfd3]::ops::drop::Drop>::drop
[INFO] [stderr]       your test with the environment variable TRYBUILD=overwrite
[INFO] [stdout]   13:     0x60f6b6612998 - ui[8962815f43ad2c65]::ui
[INFO] [stderr] 
[INFO] [stdout]   14:     0x60f6b6612b99 - <ui[8962815f43ad2c65]::ui::{closure#0} as core[df12db4294e9bfd3]::ops::function::FnOnce<()>>::call_once
[INFO] [stderr] test tests/ui/missing_id.rs ... mismatch
[INFO] [stdout]   15:     0x60f6b66b7a6b - test[9d35eded1c95d3be]::__rust_begin_short_backtrace::<core[df12db4294e9bfd3]::result::Result<(), alloc[2182bb758b4b3781]::string::String>, fn() -> core[df12db4294e9bfd3]::result::Result<(), alloc[2182bb758b4b3781]::string::String>>
[INFO] [stderr] 
[INFO] [stdout]   16:     0x60f6b66c50d5 - test[9d35eded1c95d3be]::run_test::{closure#0}
[INFO] [stderr] EXPECTED:
[INFO] [stdout]   17:     0x60f6b66be994 - std[70759c8f55707aa4]::sys::backtrace::__rust_begin_short_backtrace::<test[9d35eded1c95d3be]::run_test::{closure#1}, ()>
[INFO] [stderr] ┈┈┈┈┈┈┈┈┈┈┈┈┈┈┈┈┈┈┈┈┈┈┈┈┈┈┈┈┈┈┈┈┈┈┈┈┈┈┈┈┈┈┈┈┈┈┈┈┈┈┈┈┈┈┈┈┈┈┈┈
[INFO] [stdout]   18:     0x60f6b66c8232 - <std[70759c8f55707aa4]::thread::lifecycle::spawn_unchecked<test[9d35eded1c95d3be]::run_test::{closure#1}, ()>::{closure#1} as core[df12db4294e9bfd3]::ops::function::FnOnce<()>>::call_once::{shim:vtable#0}
[INFO] [stderr] error: Missing field `id`
[INFO] [stdout]   19:     0x60f6b67330e9 - <std[70759c8f55707aa4]::sys::thread::unix::Thread>::new::thread_start
[INFO] [stderr]  --> tests/ui/missing_id.rs:4:10
[INFO] [stdout]   20:     0x73a9fbc9adfa - <unknown>
[INFO] [stderr]   |
[INFO] [stdout]   21:     0x73a9fbd2e3d4 - clone
[INFO] [stderr] 4 | #[derive(Rule)]
[INFO] [stdout]   22:                0x0 - <unknown>
[INFO] [stderr]   |          ^^^^
[INFO] [stdout] 
[INFO] [stderr]   |
[INFO] [stdout] 
[INFO] [stderr]   = note: this error originates in the derive macro `Rule` (in Nightly builds, run with -Z macro-backtrace for more info)
[INFO] [stdout] failures:
[INFO] [stderr] ┈┈┈┈┈┈┈┈┈┈┈┈┈┈┈┈┈┈┈┈┈┈┈┈┈┈┈┈┈┈┈┈┈┈┈┈┈┈┈┈┈┈┈┈┈┈┈┈┈┈┈┈┈┈┈┈┈┈┈┈
[INFO] [stdout]     ui
[INFO] [stderr] 
[INFO] [stdout] 
[INFO] [stderr] ACTUAL OUTPUT:
[INFO] [stdout] test result: FAILED. 0 passed; 1 failed; 0 ignored; 0 measured; 0 filtered out; finished in 14.67s
[INFO] [stderr] ┈┈┈┈┈┈┈┈┈┈┈┈┈┈┈┈┈┈┈┈┈┈┈┈┈┈┈┈┈┈┈┈┈┈┈┈┈┈┈┈┈┈┈┈┈┈┈┈┈┈┈┈┈┈┈┈┈┈┈┈
[INFO] [stdout] 
[INFO] [stderr] error[E0432]: unresolved import `gob_rules`
[INFO] [stderr]  --> tests/ui/missing_id.rs:1:5
[INFO] [stderr]   |
[INFO] [stderr] 1 | use gob_rules::Rule;
[INFO] [stderr]   |     ^^^^^^^^^ use of unresolved module or unlinked crate `gob_rules`
[INFO] [stderr]   |
[INFO] [stderr]   = help: if you wanted to use a crate named `gob_rules`, use `cargo add gob_rules` to add it to your `Cargo.toml`
[INFO] [stderr] 
[INFO] [stderr] error: cannot find attribute `rule` in this scope
[INFO] [stderr]  --> tests/ui/missing_id.rs:5:3
[INFO] [stderr]   |
[INFO] [stderr] 5 | #[rule(slug = "x-rule", family = "XRL", severity = Error, tier = Lang, scope = File, fix = Manual, version = 1)]
[INFO] [stderr]   |   ^^^^
[INFO] [stderr]   |
[INFO] [stderr] help: `rule` is an attribute that can be used by the derive macro `Rule`, you might be missing a `derive` attribute
[INFO] [stderr]   |
[INFO] [stderr] 6 + #[derive(Rule)]
[INFO] [stderr] 7 | struct R;
[INFO] [stderr]   |
[INFO] [stderr] ┈┈┈┈┈┈┈┈┈┈┈┈┈┈┈┈┈┈┈┈┈┈┈┈┈┈┈┈┈┈┈┈┈┈┈┈┈┈┈┈┈┈┈┈┈┈┈┈┈┈┈┈┈┈┈┈┈┈┈┈
[INFO] [stderr] note: If the actual output is the correct output you can bless it by rerunning
[INFO] [stderr]       your test with the environment variable TRYBUILD=overwrite
[INFO] [stderr] 
[INFO] [stderr] test tests/ui/ticket_schema_no_doc.rs ... mismatch
[INFO] [stderr] 
[INFO] [stderr] EXPECTED:
[INFO] [stderr] ┈┈┈┈┈┈┈┈┈┈┈┈┈┈┈┈┈┈┈┈┈┈┈┈┈┈┈┈┈┈┈┈┈┈┈┈┈┈┈┈┈┈┈┈┈┈┈┈┈┈┈┈┈┈┈┈┈┈┈┈
[INFO] [stderr] error: field `title`: needs a `///` doc comment
[INFO] [stderr]  --> tests/ui/ticket_schema_no_doc.rs:7:5
[INFO] [stderr]   |
[INFO] [stderr] 7 |     title: String,
[INFO] [stderr]   |     ^^^^^
[INFO] [stderr] ┈┈┈┈┈┈┈┈┈┈┈┈┈┈┈┈┈┈┈┈┈┈┈┈┈┈┈┈┈┈┈┈┈┈┈┈┈┈┈┈┈┈┈┈┈┈┈┈┈┈┈┈┈┈┈┈┈┈┈┈
[INFO] [stderr] 
[INFO] [stderr] ACTUAL OUTPUT:
[INFO] [stderr] ┈┈┈┈┈┈┈┈┈┈┈┈┈┈┈┈┈┈┈┈┈┈┈┈┈┈┈┈┈┈┈┈┈┈┈┈┈┈┈┈┈┈┈┈┈┈┈┈┈┈┈┈┈┈┈┈┈┈┈┈
[INFO] [stderr] error[E0433]: cannot find module or crate `frob_ledger` in this scope
[INFO] [stderr]  --> tests/ui/ticket_schema_no_doc.rs:1:5
[INFO] [stderr]   |
[INFO] [stderr] 1 | use frob_ledger::schema::TicketSchema;
[INFO] [stderr]   |     ^^^^^^^^^^^ use of unresolved module or unlinked crate `frob_ledger`
[INFO] [stderr]   |
[INFO] [stderr]   = help: if you wanted to use a crate named `frob_ledger`, use `cargo add frob_ledger` to add it to your `Cargo.toml`
[INFO] [stderr] 
[INFO] [stderr] error: cannot find attribute `ticket` in this scope
[INFO] [stderr]  --> tests/ui/ticket_schema_no_doc.rs:6:7
[INFO] [stderr]   |
[INFO] [stderr] 6 |     #[ticket(required)]
[INFO] [stderr]   |       ^^^^^^
[INFO] [stderr] ┈┈┈┈┈┈┈┈┈┈┈┈┈┈┈┈┈┈┈┈┈┈┈┈┈┈┈┈┈┈┈┈┈┈┈┈┈┈┈┈┈┈┈┈┈┈┈┈┈┈┈┈┈┈┈┈┈┈┈┈
[INFO] [stderr] note: If the actual output is the correct output you can bless it by rerunning
[INFO] [stderr]       your test with the environment variable TRYBUILD=overwrite
[INFO] [stderr] 
[INFO] [stderr] test tests/ui/ticket_schema_required_default.rs ... mismatch
[INFO] [stderr] 
[INFO] [stderr] EXPECTED:
[INFO] [stderr] ┈┈┈┈┈┈┈┈┈┈┈┈┈┈┈┈┈┈┈┈┈┈┈┈┈┈┈┈┈┈┈┈┈┈┈┈┈┈┈┈┈┈┈┈┈┈┈┈┈┈┈┈┈┈┈┈┈┈┈┈
[INFO] [stderr] error: field `title`: `required` cannot be combined with `default`
[INFO] [stderr]  --> tests/ui/ticket_schema_required_default.rs:8:5
[INFO] [stderr]   |
[INFO] [stderr] 8 |     title: String,
[INFO] [stderr]   |     ^^^^^
[INFO] [stderr] ┈┈┈┈┈┈┈┈┈┈┈┈┈┈┈┈┈┈┈┈┈┈┈┈┈┈┈┈┈┈┈┈┈┈┈┈┈┈┈┈┈┈┈┈┈┈┈┈┈┈┈┈┈┈┈┈┈┈┈┈
[INFO] [stderr] 
[INFO] [stderr] ACTUAL OUTPUT:
[INFO] [stderr] ┈┈┈┈┈┈┈┈┈┈┈┈┈┈┈┈┈┈┈┈┈┈┈┈┈┈┈┈┈┈┈┈┈┈┈┈┈┈┈┈┈┈┈┈┈┈┈┈┈┈┈┈┈┈┈┈┈┈┈┈
[INFO] [stderr] error[E0433]: cannot find module or crate `frob_ledger` in this scope
[INFO] [stderr]  --> tests/ui/ticket_schema_required_default.rs:1:5
[INFO] [stderr]   |
[INFO] [stderr] 1 | use frob_ledger::schema::TicketSchema;
[INFO] [stderr]   |     ^^^^^^^^^^^ use of unresolved module or unlinked crate `frob_ledger`
[INFO] [stderr]   |
[INFO] [stderr]   = help: if you wanted to use a crate named `frob_ledger`, use `cargo add frob_ledger` to add it to your `Cargo.toml`
[INFO] [stderr] 
[INFO] [stderr] error: cannot find attribute `ticket` in this scope
[INFO] [stderr]  --> tests/ui/ticket_schema_required_default.rs:7:7
[INFO] [stderr]   |
[INFO] [stderr] 7 |     #[ticket(required, default = "x")]
[INFO] [stderr]   |       ^^^^^^
[INFO] [stderr] ┈┈┈┈┈┈┈┈┈┈┈┈┈┈┈┈┈┈┈┈┈┈┈┈┈┈┈┈┈┈┈┈┈┈┈┈┈┈┈┈┈┈┈┈┈┈┈┈┈┈┈┈┈┈┈┈┈┈┈┈
[INFO] [stderr] note: If the actual output is the correct output you can bless it by rerunning
[INFO] [stderr]       your test with the environment variable TRYBUILD=overwrite
[INFO] [stderr] 
[INFO] [stderr] 
[INFO] [stderr] 
[INFO] [stderr] error: test failed, to rerun pass `--test ui`
[INFO] running `Command { std: "docker" "inspect" "a3d5265e90ed8b212b6bbb2674abc05618321ed69c465e06b840695726c567fa", kill_on_drop: false }`
[INFO] running `Command { std: "docker" "rm" "-f" "a3d5265e90ed8b212b6bbb2674abc05618321ed69c465e06b840695726c567fa", kill_on_drop: false }`
[INFO] [stdout] a3d5265e90ed8b212b6bbb2674abc05618321ed69c465e06b840695726c567fa
