[INFO] fetching crate gob-fs 0.532.0...
[INFO] testing gob-fs-0.532.0 against 1.100.0-beta.1+cargoflags=--release for beta-release-1.100-2
[INFO] extracting crate gob-fs 0.532.0 into /workspace/builds/worker-6-tc2/source
[INFO] started tweaking crates.io crate gob-fs 0.532.0
[INFO] removed 0 missing tests
[INFO] finished tweaking crates.io crate gob-fs 0.532.0
[INFO] tweaked toml for crates.io crate gob-fs 0.532.0 written to /workspace/builds/worker-6-tc2/source/Cargo.toml
[INFO] validating manifest of crates.io crate gob-fs 0.532.0 on toolchain 1.100.0-beta.1
[INFO] running `Command { std: CARGO_HOME="/workspace/cargo-home" RUSTUP_HOME="/workspace/rustup-home" "/workspace/cargo-home/bin/cargo" "+1.100.0-beta.1" "metadata" "--manifest-path" "Cargo.toml" "--no-deps", kill_on_drop: false }`
[INFO] crate crates.io crate gob-fs 0.532.0 already has a lockfile, it will not be regenerated
[INFO] running `Command { std: CARGO_HOME="/workspace/cargo-home" RUSTUP_HOME="/workspace/rustup-home" "/workspace/cargo-home/bin/cargo" "+1.100.0-beta.1" "fetch" "--manifest-path" "Cargo.toml", kill_on_drop: false }`
[INFO] running `Command { std: "docker" "create" "-v" "/var/lib/crater-agent-workspace/builds/worker-6-tc2/source:/opt/rustwide/workdir:ro,Z" "-v" "/var/lib/crater-agent-workspace/builds/worker-6-tc2/target:/opt/rustwide/target:rw,Z" "-v" "/var/lib/crater-agent-workspace/cargo-home:/opt/rustwide/cargo-home:ro,Z" "-v" "/var/lib/crater-agent-workspace/rustup-home:/opt/rustwide/rustup-home:ro,Z" "-m" "1610612736" "--network" "none" "ghcr.io/rust-lang/crates-build-env/linux@sha256:77db811e55d90add9212f6832c23229e3de5f1c1f9905e8cb07319ea15df73ac" "sleep" "infinity", kill_on_drop: false }`
[INFO] [stdout] 4d25a0efa8588feee2c189c1500e5d8505c3caaba29ac556457e5c8ab1542489
[INFO] running `Command { std: "docker" "start" "4d25a0efa8588feee2c189c1500e5d8505c3caaba29ac556457e5c8ab1542489", kill_on_drop: false }`
[INFO] running `Command { std: "docker" "inspect" "4d25a0efa8588feee2c189c1500e5d8505c3caaba29ac556457e5c8ab1542489", kill_on_drop: false }`
[INFO] running `Command { std: "docker" "exec" "-e" "SOURCE_DIR=/opt/rustwide/workdir" "-e" "CARGO_HOME=/opt/rustwide/cargo-home" "-e" "RUSTUP_HOME=/opt/rustwide/rustup-home" "-e" "CARGO_TARGET_DIR=/opt/rustwide/target" "-w" "/opt/rustwide/workdir" "--user" "0:0" "4d25a0efa8588feee2c189c1500e5d8505c3caaba29ac556457e5c8ab1542489" "/opt/rustwide/cargo-home/bin/cargo" "+1.100.0-beta.1" "metadata" "--no-deps" "--format-version=1", kill_on_drop: false }`
[INFO] running `Command { std: "docker" "inspect" "4d25a0efa8588feee2c189c1500e5d8505c3caaba29ac556457e5c8ab1542489", kill_on_drop: false }`
[INFO] running `Command { std: "docker" "exec" "-e" "SOURCE_DIR=/opt/rustwide/workdir" "-e" "CARGO_HOME=/opt/rustwide/cargo-home" "-e" "RUSTUP_HOME=/opt/rustwide/rustup-home" "-e" "CARGO_TARGET_DIR=/opt/rustwide/target" "-e" "CARGO_INCREMENTAL=0" "-e" "RUST_BACKTRACE=full" "-e" "RUSTFLAGS=--cap-lints=warn" "-e" "RUSTDOCFLAGS=--cap-lints=warn" "-w" "/opt/rustwide/workdir" "--user" "0:0" "4d25a0efa8588feee2c189c1500e5d8505c3caaba29ac556457e5c8ab1542489" "/opt/rustwide/cargo-home/bin/cargo" "+1.100.0-beta.1" "build" "--frozen" "--message-format=json" "--release", kill_on_drop: false }`
[INFO] [stderr]    Compiling syn v2.0.119
[INFO] [stderr]    Compiling tracing-attributes v0.1.31
[INFO] [stderr]    Compiling tracing v0.1.44
[INFO] [stderr]    Compiling gob-fs v0.532.0 (/opt/rustwide/workdir)
[INFO] [stderr]     Finished `release` profile [optimized] target(s) in 7.30s
[INFO] running `Command { std: "docker" "inspect" "4d25a0efa8588feee2c189c1500e5d8505c3caaba29ac556457e5c8ab1542489", kill_on_drop: false }`
[INFO] running `Command { std: "docker" "exec" "-e" "SOURCE_DIR=/opt/rustwide/workdir" "-e" "CARGO_HOME=/opt/rustwide/cargo-home" "-e" "RUSTUP_HOME=/opt/rustwide/rustup-home" "-e" "CARGO_TARGET_DIR=/opt/rustwide/target" "-e" "CARGO_INCREMENTAL=0" "-e" "RUST_BACKTRACE=full" "-e" "RUSTFLAGS=--cap-lints=warn" "-e" "RUSTDOCFLAGS=--cap-lints=warn" "-w" "/opt/rustwide/workdir" "--user" "0:0" "4d25a0efa8588feee2c189c1500e5d8505c3caaba29ac556457e5c8ab1542489" "/opt/rustwide/cargo-home/bin/cargo" "+1.100.0-beta.1" "test" "--frozen" "--no-run" "--message-format=json" "--release", kill_on_drop: false }`
[INFO] [stderr]    Compiling libc v0.2.189
[INFO] [stderr]    Compiling rustix v1.1.5
[INFO] [stderr]    Compiling getrandom v0.4.3
[INFO] [stderr]    Compiling tempfile v3.27.0
[INFO] [stderr]    Compiling gob-fs v0.532.0 (/opt/rustwide/workdir)
[INFO] [stderr]     Finished `release` profile [optimized] target(s) in 7.49s
[INFO] running `Command { std: "docker" "inspect" "4d25a0efa8588feee2c189c1500e5d8505c3caaba29ac556457e5c8ab1542489", kill_on_drop: false }`
[INFO] running `Command { std: "docker" "exec" "-e" "SOURCE_DIR=/opt/rustwide/workdir" "-e" "CARGO_HOME=/opt/rustwide/cargo-home" "-e" "RUSTUP_HOME=/opt/rustwide/rustup-home" "-e" "CARGO_TARGET_DIR=/opt/rustwide/target" "-e" "CARGO_INCREMENTAL=0" "-e" "RUST_BACKTRACE=full" "-e" "RUSTFLAGS=--cap-lints=warn" "-e" "RUSTDOCFLAGS=--cap-lints=warn" "-w" "/opt/rustwide/workdir" "--user" "0:0" "4d25a0efa8588feee2c189c1500e5d8505c3caaba29ac556457e5c8ab1542489" "/opt/rustwide/cargo-home/bin/cargo" "+1.100.0-beta.1" "test" "--frozen" "--release", kill_on_drop: false }`
[INFO] [stderr]     Finished `release` profile [optimized] target(s) in 0.10s
[INFO] [stderr]      Running unittests src/lib.rs (/opt/rustwide/target/release/build/gob-fs/651dfe7bf75bc32b/out/gob_fs-651dfe7bf75bc32b)
[INFO] [stdout] 
[INFO] [stdout] running 5 tests
[INFO] [stdout] test tests::killed_write_leaves_the_old_file_whole ... ok
[INFO] [stdout] test tests::bare_relative_parent_syncs_the_current_dir ... ok
[INFO] [stdout] test tests::private_write_is_owner_only ... ok
[INFO] [stdout] test tests::completed_write_is_wholly_new ... ok
[INFO] [stdout] test tests::existing_permissions_are_kept ... ok
[INFO] [stdout] 
[INFO] [stdout] test result: ok. 5 passed; 0 failed; 0 ignored; 0 measured; 0 filtered out; finished in 0.02s
[INFO] [stdout] 
[INFO] [stderr]      Running tests/inventory.rs (/opt/rustwide/target/release/build/gob-fs/6f9db236dfe5a597/out/inventory-6f9db236dfe5a597)
[INFO] [stdout] 
[INFO] [stdout] running 1 test
[INFO] [stderr] error: test failed, to rerun pass `--test inventory`
[INFO] [stdout] test no_hand_rolled_temp_and_rename_outside_the_helper ... FAILED
[INFO] [stdout] 
[INFO] [stdout] failures:
[INFO] [stdout] 
[INFO] [stdout] ---- no_hand_rolled_temp_and_rename_outside_the_helper stdout ----
[INFO] [stdout] 
[INFO] [stdout] thread 'no_hand_rolled_temp_and_rename_outside_the_helper' (325) panicked at tests/inventory.rs:68:5:
[INFO] [stdout] hand-rolled temp-and-rename; use gob_fs::write_atomic:
[INFO] [stdout] workdir/src/lib.rs:84: let done = staged.and_then(|()| fs::rename(&tmp, path));
[INFO] [stdout] stack backtrace:
[INFO] [stdout]    0:     0x560fa82e5ad1 - <<std[617be2ca0a6fd877]::sys::backtrace::BacktraceLock>::print::DisplayBacktrace as core[a373ad73a504971]::fmt::Display>::fmt
[INFO] [stdout]    1:     0x560fa82f9d0a - core[a373ad73a504971]::fmt::write
[INFO] [stdout]    2:     0x560fa82e9fbc - <alloc[2e1b2a31b91974c5]::vec::Vec<u8> as core[a373ad73a504971]::io::write::Write>::write_fmt
[INFO] [stdout]    3:     0x560fa82c15b6 - std[617be2ca0a6fd877]::panicking::default_hook::{closure#0}
[INFO] [stdout]    4:     0x560fa82ddbf9 - std[617be2ca0a6fd877]::panicking::default_hook
[INFO] [stdout]    5:     0x560fa8279840 - test[aada8e7e76ba119b]::test_main_inner::{closure#0}
[INFO] [stdout]    6:     0x560fa82dddb2 - std[617be2ca0a6fd877]::panicking::panic_with_hook
[INFO] [stdout]    7:     0x560fa82c1662 - std[617be2ca0a6fd877]::panicking::panic_handler::{closure#0}
[INFO] [stdout]    8:     0x560fa82ba149 - std[617be2ca0a6fd877]::sys::backtrace::__rust_end_short_backtrace::<std[617be2ca0a6fd877]::panicking::panic_handler::{closure#0}, !>
[INFO] [stdout]    9:     0x560fa82c226d - __rustc[ea4f61d10b84890b]::rust_begin_unwind
[INFO] [stdout]   10:     0x560fa82fa43c - core[a373ad73a504971]::panicking::panic_fmt
[INFO] [stdout]   11:     0x560fa826c275 - <inventory[7989fa05e7c24997]::no_hand_rolled_temp_and_rename_outside_the_helper::{closure#0} as core[a373ad73a504971]::ops::function::FnOnce<()>>::call_once
[INFO] [stdout]   12:     0x560fa826cc8b - test[aada8e7e76ba119b]::__rust_begin_short_backtrace::<core[a373ad73a504971]::result::Result<(), alloc[2e1b2a31b91974c5]::string::String>, fn() -> core[a373ad73a504971]::result::Result<(), alloc[2e1b2a31b91974c5]::string::String>>
[INFO] [stdout]   13:     0x560fa8279e65 - test[aada8e7e76ba119b]::run_test::{closure#0}
[INFO] [stdout]   14:     0x560fa8273754 - std[617be2ca0a6fd877]::sys::backtrace::__rust_begin_short_backtrace::<test[aada8e7e76ba119b]::run_test::{closure#1}, ()>
[INFO] [stdout]   15:     0x560fa827cef2 - <std[617be2ca0a6fd877]::thread::lifecycle::spawn_unchecked<test[aada8e7e76ba119b]::run_test::{closure#1}, ()>::{closure#1} as core[a373ad73a504971]::ops::function::FnOnce<()>>::call_once::{shim:vtable#0}
[INFO] [stdout]   16:     0x560fa82e4fcf - <std[617be2ca0a6fd877]::sys::thread::unix::Thread>::new::thread_start
[INFO] [stdout]   17:     0x7654563b1dfa - <unknown>
[INFO] [stdout]   18:     0x7654564453d4 - clone
[INFO] [stdout]   19:                0x0 - <unknown>
[INFO] [stdout] 
[INFO] [stdout] 
[INFO] [stdout] failures:
[INFO] [stdout]     no_hand_rolled_temp_and_rename_outside_the_helper
[INFO] [stdout] 
[INFO] [stdout] test result: FAILED. 0 passed; 1 failed; 0 ignored; 0 measured; 0 filtered out; finished in 0.00s
[INFO] [stdout] 
[INFO] running `Command { std: "docker" "inspect" "4d25a0efa8588feee2c189c1500e5d8505c3caaba29ac556457e5c8ab1542489", kill_on_drop: false }`
[INFO] running `Command { std: "docker" "rm" "-f" "4d25a0efa8588feee2c189c1500e5d8505c3caaba29ac556457e5c8ab1542489", kill_on_drop: false }`
[INFO] [stdout] 4d25a0efa8588feee2c189c1500e5d8505c3caaba29ac556457e5c8ab1542489
