[INFO] fetching crate goat-cli 0.2.5...
[INFO] testing goat-cli-0.2.5 against 1.99.0-beta.8+cargoflags=--release for beta-release-1.100-2
[INFO] extracting crate goat-cli 0.2.5 into /workspace/builds/worker-2-tc1/source
[INFO] started tweaking crates.io crate goat-cli 0.2.5
[INFO] finished tweaking crates.io crate goat-cli 0.2.5
[INFO] tweaked toml for crates.io crate goat-cli 0.2.5 written to /workspace/builds/worker-2-tc1/source/Cargo.toml
[INFO] validating manifest of crates.io crate goat-cli 0.2.5 on toolchain 1.99.0-beta.8
[INFO] running `Command { std: CARGO_HOME="/workspace/cargo-home" RUSTUP_HOME="/workspace/rustup-home" "/workspace/cargo-home/bin/cargo" "+1.99.0-beta.8" "metadata" "--manifest-path" "Cargo.toml" "--no-deps", kill_on_drop: false }`
[INFO] crate crates.io crate goat-cli 0.2.5 already has a lockfile, it will not be regenerated
[INFO] running `Command { std: CARGO_HOME="/workspace/cargo-home" RUSTUP_HOME="/workspace/rustup-home" "/workspace/cargo-home/bin/cargo" "+1.99.0-beta.8" "fetch" "--manifest-path" "Cargo.toml", kill_on_drop: false }`
[INFO] [stderr]     Updating crates.io index
[INFO] [stderr]  Downloading crates ...
[INFO] [stderr]   Downloaded tabled_derive v0.5.0
[INFO] [stderr]   Downloaded wasm-bindgen-shared v0.2.78
[INFO] [stderr]   Downloaded http-body v0.4.4
[INFO] [stderr]   Downloaded futures-sink v0.3.17
[INFO] [stderr]   Downloaded security-framework-sys v2.4.2
[INFO] [stderr]   Downloaded tokio-macros v1.8.0
[INFO] [stderr]   Downloaded ctor v0.1.21
[INFO] [stderr]   Downloaded futures-task v0.3.17
[INFO] [stderr]   Downloaded form_urlencoded v1.0.1
[INFO] [stderr]   Downloaded wasm-bindgen-macro v0.2.78
[INFO] [stderr]   Downloaded slab v0.4.5
[INFO] [stderr]   Downloaded async-global-executor v2.0.2
[INFO] [stderr]   Downloaded async-lock v2.4.0
[INFO] [stderr]   Downloaded openssl-probe v0.1.4
[INFO] [stderr]   Downloaded async-mutex v1.4.0
[INFO] [stderr]   Downloaded wasm-bindgen-futures v0.4.28
[INFO] [stderr]   Downloaded pkg-config v0.3.21
[INFO] [stderr]   Downloaded async-channel v1.6.1
[INFO] [stderr]   Downloaded fastrand v1.5.0
[INFO] [stderr]   Downloaded futures-core v0.3.17
[INFO] [stderr]   Downloaded atomic-waker v1.0.0
[INFO] [stderr]   Downloaded mime v0.3.16
[INFO] [stderr]   Downloaded async-executor v1.4.1
[INFO] [stderr]   Downloaded parking v2.0.0
[INFO] [stderr]   Downloaded gloo-timers v0.2.2
[INFO] [stderr]   Downloaded waker-fn v1.1.0
[INFO] [stderr]   Downloaded httpdate v1.0.1
[INFO] [stderr]   Downloaded proc-macro-nested v0.1.7
[INFO] [stderr]   Downloaded futures-io v0.3.17
[INFO] [stderr]   Downloaded itoa v1.0.3
[INFO] [stderr]   Downloaded tower-service v0.3.1
[INFO] [stderr]   Downloaded concurrent-queue v1.2.2
[INFO] [stderr]   Downloaded cache-padded v1.1.1
[INFO] [stderr]   Downloaded futures-macro v0.3.17
[INFO] [stderr]   Downloaded event-listener v2.5.1
[INFO] [stderr]   Downloaded getrandom v0.2.3
[INFO] [stderr]   Downloaded tokio-native-tls v0.3.0
[INFO] [stderr]   Downloaded quote v1.0.10
[INFO] [stderr]   Downloaded wasm-bindgen-backend v0.2.78
[INFO] [stderr]   Downloaded ipnet v2.3.1
[INFO] [stderr]   Downloaded ppv-lite86 v0.2.14
[INFO] [stderr]   Downloaded wasm-bindgen-macro-support v0.2.78
[INFO] [stderr]   Downloaded wasm-timer v0.2.5
[INFO] [stderr]   Downloaded pin-project-lite v0.2.7
[INFO] [stderr]   Downloaded termcolor v1.1.2
[INFO] [stderr]   Downloaded native-tls v0.2.8
[INFO] [stderr]   Downloaded again v0.1.2
[INFO] [stderr]   Downloaded once_cell v1.15.0
[INFO] [stderr]   Downloaded redox_syscall v0.2.10
[INFO] [stderr]   Downloaded wepoll-ffi v0.1.2
[INFO] [stderr]   Downloaded tempfile v3.2.0
[INFO] [stderr]   Downloaded polling v2.2.0
[INFO] [stderr]   Downloaded value-bag v1.0.0-alpha.8
[INFO] [stderr]   Downloaded blocking v1.1.0
[INFO] [stderr]   Downloaded clap_lex v0.3.0
[INFO] [stderr]   Downloaded core-foundation v0.9.2
[INFO] [stderr]   Downloaded async-task v4.0.3
[INFO] [stderr]   Downloaded log v0.4.14
[INFO] [stderr]   Downloaded tinyvec v1.5.0
[INFO] [stderr]   Downloaded proc-macro2 v1.0.30
[INFO] [stderr]   Downloaded unicode-bidi v0.3.7
[INFO] [stderr]   Downloaded smallvec v1.7.0
[INFO] [stderr]   Downloaded papergrid v0.7.1
[INFO] [stderr]   Downloaded futures-executor v0.3.17
[INFO] [stderr]   Downloaded async-io v1.6.0
[INFO] [stderr]   Downloaded futures-lite v1.12.0
[INFO] [stderr]   Downloaded futures-channel v0.3.17
[INFO] [stderr]   Downloaded futures v0.3.17
[INFO] [stderr]   Downloaded anyhow v1.0.44
[INFO] [stderr]   Downloaded schannel v0.1.19
[INFO] [stderr]   Downloaded security-framework v2.4.2
[INFO] [stderr]   Downloaded indicatif v0.17.1
[INFO] [stderr]   Downloaded tracing-core v0.1.21
[INFO] [stderr]   Downloaded cc v1.0.71
[INFO] [stderr]   Downloaded js-sys v0.3.55
[INFO] [stderr]   Downloaded syn v1.0.80
[INFO] [stderr]   Downloaded tracing v0.1.29
[INFO] [stderr]   Downloaded indexmap v1.7.0
[INFO] [stderr]   Downloaded openssl-sys v0.9.67
[INFO] [stderr]   Downloaded bumpalo v3.8.0
[INFO] [stderr]   Downloaded mio v0.8.4
[INFO] [stderr]   Downloaded http v0.2.5
[INFO] [stderr]   Downloaded serde_json v1.0.68
[INFO] [stderr]   Downloaded tokio-util v0.7.4
[INFO] [stderr]   Downloaded unicode-normalization v0.1.19
[INFO] [stderr]   Downloaded h2 v0.3.14
[INFO] [stderr]   Downloaded tabled v0.10.0
[INFO] [stderr]   Downloaded reqwest v0.11.12
[INFO] [stderr]   Downloaded futures-util v0.3.17
[INFO] [stderr]   Downloaded hyper v0.14.20
[INFO] [stderr]   Downloaded wasm-bindgen v0.2.78
[INFO] [stderr]   Downloaded clap v4.0.22
[INFO] [stderr]   Downloaded openssl v0.10.36
[INFO] [stderr]   Downloaded regex v1.5.4
[INFO] [stderr]   Downloaded async-std v1.10.0
[INFO] [stderr]   Downloaded tokio v1.21.2
[INFO] [stderr]   Downloaded libc v0.2.134
[INFO] [stderr]   Downloaded web-sys v0.3.55
[INFO] [stderr]   Downloaded encoding_rs v0.8.29
[INFO] running `Command { std: "docker" "create" "-v" "/var/lib/crater-agent-workspace/builds/worker-2-tc1/source:/opt/rustwide/workdir:ro,Z" "-v" "/var/lib/crater-agent-workspace/builds/worker-2-tc1/target:/opt/rustwide/target:rw,Z" "-v" "/var/lib/crater-agent-workspace/cargo-home:/opt/rustwide/cargo-home:ro,Z" "-v" "/var/lib/crater-agent-workspace/rustup-home:/opt/rustwide/rustup-home:ro,Z" "-m" "1610612736" "--network" "none" "ghcr.io/rust-lang/crates-build-env/linux@sha256:77db811e55d90add9212f6832c23229e3de5f1c1f9905e8cb07319ea15df73ac" "sleep" "infinity", kill_on_drop: false }`
[INFO] [stdout] bd0f928bfc8c33e58d7c679cf54b2172e05b6630cc0f62e925cdfdfbdec65f8f
[INFO] running `Command { std: "docker" "start" "bd0f928bfc8c33e58d7c679cf54b2172e05b6630cc0f62e925cdfdfbdec65f8f", kill_on_drop: false }`
[INFO] running `Command { std: "docker" "inspect" "bd0f928bfc8c33e58d7c679cf54b2172e05b6630cc0f62e925cdfdfbdec65f8f", kill_on_drop: false }`
[INFO] running `Command { std: "docker" "exec" "-e" "SOURCE_DIR=/opt/rustwide/workdir" "-e" "CARGO_HOME=/opt/rustwide/cargo-home" "-e" "RUSTUP_HOME=/opt/rustwide/rustup-home" "-e" "CARGO_TARGET_DIR=/opt/rustwide/target" "-w" "/opt/rustwide/workdir" "--user" "0:0" "bd0f928bfc8c33e58d7c679cf54b2172e05b6630cc0f62e925cdfdfbdec65f8f" "/opt/rustwide/cargo-home/bin/cargo" "+1.99.0-beta.8" "metadata" "--no-deps" "--format-version=1", kill_on_drop: false }`
[INFO] running `Command { std: "docker" "inspect" "bd0f928bfc8c33e58d7c679cf54b2172e05b6630cc0f62e925cdfdfbdec65f8f", kill_on_drop: false }`
[INFO] running `Command { std: "docker" "exec" "-e" "SOURCE_DIR=/opt/rustwide/workdir" "-e" "CARGO_HOME=/opt/rustwide/cargo-home" "-e" "RUSTUP_HOME=/opt/rustwide/rustup-home" "-e" "CARGO_TARGET_DIR=/opt/rustwide/target" "-e" "CARGO_INCREMENTAL=0" "-e" "RUST_BACKTRACE=full" "-e" "RUSTFLAGS=--cap-lints=warn" "-e" "RUSTDOCFLAGS=--cap-lints=warn" "-w" "/opt/rustwide/workdir" "--user" "0:0" "bd0f928bfc8c33e58d7c679cf54b2172e05b6630cc0f62e925cdfdfbdec65f8f" "/opt/rustwide/cargo-home/bin/cargo" "+1.99.0-beta.8" "build" "--frozen" "--message-format=json" "--release", kill_on_drop: false }`
[INFO] [stderr]    Compiling libc v0.2.134
[INFO] [stderr]    Compiling proc-macro2 v1.0.30
[INFO] [stderr]    Compiling unicode-xid v0.2.2
[INFO] [stderr]    Compiling syn v1.0.80
[INFO] [stderr]    Compiling version_check v0.9.3
[INFO] [stderr]    Compiling memchr v2.4.1
[INFO] [stderr]    Compiling pin-project-lite v0.2.7
[INFO] [stderr]    Compiling futures-core v0.3.17
[INFO] [stderr]    Compiling log v0.4.14
[INFO] [stderr]    Compiling futures-io v0.3.17
[INFO] [stderr]    Compiling lock_api v0.4.9
[INFO] [stderr]    Compiling once_cell v1.15.0
[INFO] [stderr]    Compiling slab v0.4.5
[INFO] [stderr]    Compiling smallvec v1.7.0
[INFO] [stderr]    Compiling value-bag v1.0.0-alpha.8
[INFO] [stderr]    Compiling proc-macro-hack v0.5.19
[INFO] [stderr]    Compiling scopeguard v1.1.0
[INFO] [stderr]    Compiling futures-macro v0.3.17
[INFO] [stderr]    Compiling futures-channel v0.3.17
[INFO] [stderr]    Compiling futures-sink v0.3.17
[INFO] [stderr]    Compiling proc-macro-nested v0.1.7
[INFO] [stderr]    Compiling futures-task v0.3.17
[INFO] [stderr]    Compiling futures-util v0.3.17
[INFO] [stderr]    Compiling parking_lot_core v0.9.3
[INFO] [stderr]    Compiling cc v1.0.71
[INFO] [stderr]    Compiling pkg-config v0.3.21
[INFO] [stderr]    Compiling quote v1.0.10
[INFO] [stderr]    Compiling socket2 v0.4.7
[INFO] [stderr]    Compiling num_cpus v1.13.0
[INFO] [stderr]    Compiling bytes v1.1.0
[INFO] [stderr]    Compiling tokio v1.21.2
[INFO] [stderr]    Compiling signal-hook-registry v1.4.0
[INFO] [stderr]    Compiling parking_lot v0.12.1
[INFO] [stderr]    Compiling itoa v0.4.8
[INFO] [stderr]    Compiling openssl-sys v0.9.67
[INFO] [stderr]    Compiling cache-padded v1.1.1
[INFO] [stderr]    Compiling concurrent-queue v1.2.2
[INFO] [stderr]    Compiling tracing-core v0.1.21
[INFO] [stderr]    Compiling indexmap v1.7.0
[INFO] [stderr]    Compiling getrandom v0.1.16
[INFO] [stderr]    Compiling openssl v0.10.36
[INFO] [stderr]    Compiling parking v2.0.0
[INFO] [stderr]    Compiling event-listener v2.5.1
[INFO] [stderr]    Compiling waker-fn v1.1.0
[INFO] [stderr]    Compiling fastrand v1.5.0
[INFO] [stderr]    Compiling http v0.2.5
[INFO] [stderr]    Compiling proc-macro-error-attr v1.0.4
[INFO] [stderr]    Compiling futures-lite v1.12.0
[INFO] [stderr]    Compiling tracing v0.1.29
[INFO] [stderr]    Compiling ryu v1.0.5
[INFO] [stderr]    Compiling serde v1.0.130
[INFO] [stderr]    Compiling tinyvec_macros v0.1.0
[INFO] [stderr]    Compiling native-tls v0.2.8
[INFO] [stderr]    Compiling httparse v1.8.0
[INFO] [stderr]    Compiling hashbrown v0.11.2
[INFO] [stderr]    Compiling matches v0.1.9
[INFO] [stderr]    Compiling ppv-lite86 v0.2.14
[INFO] [stderr]    Compiling parking_lot_core v0.8.5
[INFO] [stderr]    Compiling tinyvec v1.5.0
[INFO] [stderr]    Compiling proc-macro-error v1.0.4
[INFO] [stderr]    Compiling instant v0.1.12
[INFO] [stderr]    Compiling try-lock v0.2.3
[INFO] [stderr]    Compiling async-task v4.0.3
[INFO] [stderr]    Compiling openssl-probe v0.1.4
[INFO] [stderr]    Compiling itoa v1.0.3
[INFO] [stderr]    Compiling percent-encoding v2.1.0
[INFO] [stderr]    Compiling unicode-width v0.1.9
[INFO] [stderr]    Compiling form_urlencoded v1.0.1
[INFO] [stderr]    Compiling rand_core v0.5.1
[INFO] [stderr]    Compiling async-channel v1.6.1
[INFO] [stderr]    Compiling http-body v0.4.4
[INFO] [stderr]    Compiling getrandom v0.2.3
[INFO] [stderr]    Compiling unicode-normalization v0.1.19
[INFO] [stderr]    Compiling aho-corasick v0.7.18
[INFO] [stderr]    Compiling atomic-waker v1.0.0
[INFO] [stderr]    Compiling encoding_rs v0.8.29
[INFO] [stderr]    Compiling tower-service v0.3.1
[INFO] [stderr]    Compiling crossbeam-utils v0.8.5
[INFO] [stderr]    Compiling unicode-bidi v0.3.7
[INFO] [stderr]    Compiling regex-syntax v0.6.25
[INFO] [stderr]    Compiling httpdate v1.0.1
[INFO] [stderr]    Compiling idna v0.2.3
[INFO] [stderr]    Compiling ctor v0.1.21
[INFO] [stderr]    Compiling tokio-macros v1.8.0
[INFO] [stderr]    Compiling blocking v1.1.0
[INFO] [stderr]    Compiling mio v0.8.4
[INFO] [stderr]    Compiling polling v2.2.0
[INFO] [stderr]    Compiling want v0.3.0
[INFO] [stderr]    Compiling async-io v1.6.0
[INFO] [stderr]    Compiling regex v1.5.4
[INFO] [stderr]    Compiling rand_core v0.6.3
[INFO] [stderr]    Compiling rand_chacha v0.2.2
[INFO] [stderr]    Compiling parking_lot v0.11.2
[INFO] [stderr]    Compiling async-executor v1.4.1
[INFO] [stderr]    Compiling async-mutex v1.4.0
[INFO] [stderr]    Compiling terminal_size v0.1.17
[INFO] [stderr]    Compiling serde_json v1.0.68
[INFO] [stderr]    Compiling anyhow v1.0.44
[INFO] [stderr]    Compiling heck v0.4.0
[INFO] [stderr]    Compiling os_str_bytes v6.0.0
[INFO] [stderr]    Compiling bytecount v0.6.3
[INFO] [stderr]    Compiling papergrid v0.7.1
[INFO] [stderr]    Compiling clap_lex v0.3.0
[INFO] [stderr]    Compiling tabled_derive v0.5.0
[INFO] [stderr]    Compiling console v0.15.0
[INFO] [stderr]    Compiling async-global-executor v2.0.2
[INFO] [stderr]    Compiling futures-executor v0.3.17
[INFO] [stderr]    Compiling futures v0.3.17
[INFO] [stderr]    Compiling wasm-timer v0.2.5
[INFO] [stderr]    Compiling rand v0.7.3
[INFO] [stderr]    Compiling serde_urlencoded v0.7.1
[INFO] [stderr]    Compiling rand_chacha v0.3.1
[INFO] [stderr]    Compiling kv-log-macro v1.0.7
[INFO] [stderr]    Compiling url v2.2.2
[INFO] [stderr]    Compiling async-lock v2.4.0
[INFO] [stderr]    Compiling atty v0.2.14
[INFO] [stderr]    Compiling mime v0.3.16
[INFO] [stderr]    Compiling number_prefix v0.4.0
[INFO] [stderr]    Compiling termcolor v1.1.2
[INFO] [stderr]    Compiling strsim v0.10.0
[INFO] [stderr]    Compiling ipnet v2.3.1
[INFO] [stderr]    Compiling base64 v0.13.0
[INFO] [stderr]    Compiling tokio-util v0.7.4
[INFO] [stderr]    Compiling tokio-native-tls v0.3.0
[INFO] [stderr]    Compiling clap v4.0.22
[INFO] [stderr]    Compiling indicatif v0.17.1
[INFO] [stderr]    Compiling h2 v0.3.14
[INFO] [stderr]    Compiling async-std v1.10.0
[INFO] [stderr]    Compiling rand v0.8.5
[INFO] [stderr]    Compiling again v0.1.2
[INFO] [stderr]    Compiling tabled v0.10.0
[INFO] [stderr]    Compiling hyper v0.14.20
[INFO] [stderr]    Compiling hyper-tls v0.5.0
[INFO] [stderr]    Compiling reqwest v0.11.12
[INFO] [stderr]    Compiling goat-cli v0.2.5 (/opt/rustwide/workdir)
[INFO] [stderr]     Finished `release` profile [optimized] target(s) in 3m 08s
[INFO] running `Command { std: "docker" "inspect" "bd0f928bfc8c33e58d7c679cf54b2172e05b6630cc0f62e925cdfdfbdec65f8f", kill_on_drop: false }`
[INFO] running `Command { std: "docker" "exec" "-e" "SOURCE_DIR=/opt/rustwide/workdir" "-e" "CARGO_HOME=/opt/rustwide/cargo-home" "-e" "RUSTUP_HOME=/opt/rustwide/rustup-home" "-e" "CARGO_TARGET_DIR=/opt/rustwide/target" "-e" "CARGO_INCREMENTAL=0" "-e" "RUST_BACKTRACE=full" "-e" "RUSTFLAGS=--cap-lints=warn" "-e" "RUSTDOCFLAGS=--cap-lints=warn" "-w" "/opt/rustwide/workdir" "--user" "0:0" "bd0f928bfc8c33e58d7c679cf54b2172e05b6630cc0f62e925cdfdfbdec65f8f" "/opt/rustwide/cargo-home/bin/cargo" "+1.99.0-beta.8" "test" "--frozen" "--no-run" "--message-format=json" "--release", kill_on_drop: false }`
[INFO] [stderr]    Compiling goat-cli v0.2.5 (/opt/rustwide/workdir)
[INFO] [stderr]     Finished `release` profile [optimized] target(s) in 6.04s
[INFO] running `Command { std: "docker" "inspect" "bd0f928bfc8c33e58d7c679cf54b2172e05b6630cc0f62e925cdfdfbdec65f8f", kill_on_drop: false }`
[INFO] running `Command { std: "docker" "exec" "-e" "SOURCE_DIR=/opt/rustwide/workdir" "-e" "CARGO_HOME=/opt/rustwide/cargo-home" "-e" "RUSTUP_HOME=/opt/rustwide/rustup-home" "-e" "CARGO_TARGET_DIR=/opt/rustwide/target" "-e" "CARGO_INCREMENTAL=0" "-e" "RUST_BACKTRACE=full" "-e" "RUSTFLAGS=--cap-lints=warn" "-e" "RUSTDOCFLAGS=--cap-lints=warn" "-w" "/opt/rustwide/workdir" "--user" "0:0" "bd0f928bfc8c33e58d7c679cf54b2172e05b6630cc0f62e925cdfdfbdec65f8f" "/opt/rustwide/cargo-home/bin/cargo" "+1.99.0-beta.8" "test" "--frozen" "--release", kill_on_drop: false }`
[INFO] [stderr]     Finished `release` profile [optimized] target(s) in 0.20s
[INFO] [stderr]      Running unittests src/lib.rs (/opt/rustwide/target/release/deps/goat_cli-3946f8763de30236)
[INFO] [stdout] 
[INFO] [stderr]      Running unittests src/main.rs (/opt/rustwide/target/release/deps/goat_cli-d33c8e8a1d03ffd5)
[INFO] [stdout] running 0 tests
[INFO] [stderr]    Doc-tests goat_cli
[INFO] [stdout] 
[INFO] [stdout] test result: ok. 0 passed; 0 failed; 0 ignored; 0 measured; 0 filtered out; finished in 0.00s
[INFO] [stdout] 
[INFO] [stdout] 
[INFO] [stdout] running 0 tests
[INFO] [stdout] 
[INFO] [stdout] test result: ok. 0 passed; 0 failed; 0 ignored; 0 measured; 0 filtered out; finished in 0.00s
[INFO] [stdout] 
[INFO] [stdout] 
[INFO] [stdout] running 2 tests
[INFO] [stdout] test src/report/report.rs - report::report::Opts::try_from_string (line 81) ... FAILED
[INFO] [stdout] test src/report/report.rs - report::report::Opts::try_from_string (line 69) ... FAILED
[INFO] [stdout] 
[INFO] [stdout] failures:
[INFO] [stdout] 
[INFO] [stdout] ---- src/report/report.rs - report::report::Opts::try_from_string (line 81) stdout ----
[INFO] [stdout] error[E0422]: cannot find struct, variant or union type `Opts` in this scope
[INFO] [stdout]   --> src/report/report.rs:82:1
[INFO] [stdout]    |
[INFO] [stdout] 82 | Opts {
[INFO] [stdout]    | ^^^^ not found in this scope
[INFO] [stdout] 
[INFO] [stdout] error: aborting due to 1 previous error
[INFO] [stdout] 
[INFO] [stdout] For more information about this error, try `rustc --explain E0422`.
[INFO] [stdout] Couldn't compile the test.
[INFO] [stdout] ---- src/report/report.rs - report::report::Opts::try_from_string (line 69) stdout ----
[INFO] [stdout] error[E0422]: cannot find struct, variant or union type `Opts` in this scope
[INFO] [stdout]   --> src/report/report.rs:70:1
[INFO] [stdout]    |
[INFO] [stdout] 70 | Opts {
[INFO] [stdout]    | ^^^^ not found in this scope
[INFO] [stdout] 
[INFO] [stdout] error: aborting due to 1 previous error
[INFO] [stdout] 
[INFO] [stdout] For more information about this error, try `rustc --explain E0422`.
[INFO] [stdout] Couldn't compile the test.
[INFO] [stdout] 
[INFO] [stdout] failures:
[INFO] [stdout]     src/report/report.rs - report::report::Opts::try_from_string (line 69)
[INFO] [stdout]     src/report/report.rs - report::report::Opts::try_from_string (line 81)
[INFO] [stdout] 
[INFO] [stdout] test result: FAILED. 0 passed; 2 failed; 0 ignored; 0 measured; 0 filtered out; finished in 0.15s
[INFO] [stdout] 
[INFO] [stderr] error: doctest failed, to rerun pass `--doc`
[INFO] running `Command { std: "docker" "inspect" "bd0f928bfc8c33e58d7c679cf54b2172e05b6630cc0f62e925cdfdfbdec65f8f", kill_on_drop: false }`
[INFO] running `Command { std: "docker" "rm" "-f" "bd0f928bfc8c33e58d7c679cf54b2172e05b6630cc0f62e925cdfdfbdec65f8f", kill_on_drop: false }`
[INFO] [stdout] bd0f928bfc8c33e58d7c679cf54b2172e05b6630cc0f62e925cdfdfbdec65f8f
