[INFO] fetching crate gnome-dbus-api 1.1.1...
[INFO] testing gnome-dbus-api-1.1.1 against 1.99.0-beta.8+cargoflags=--release for beta-release-1.100-2
[INFO] extracting crate gnome-dbus-api 1.1.1 into /workspace/builds/worker-1-tc1/source
[INFO] started tweaking crates.io crate gnome-dbus-api 1.1.1
[INFO] finished tweaking crates.io crate gnome-dbus-api 1.1.1
[INFO] tweaked toml for crates.io crate gnome-dbus-api 1.1.1 written to /workspace/builds/worker-1-tc1/source/Cargo.toml
[INFO] validating manifest of crates.io crate gnome-dbus-api 1.1.1 on toolchain 1.99.0-beta.8
[INFO] running `Command { std: CARGO_HOME="/workspace/cargo-home" RUSTUP_HOME="/workspace/rustup-home" "/workspace/cargo-home/bin/cargo" "+1.99.0-beta.8" "metadata" "--manifest-path" "Cargo.toml" "--no-deps", kill_on_drop: false }`
[INFO] crate crates.io crate gnome-dbus-api 1.1.1 already has a lockfile, it will not be regenerated
[INFO] running `Command { std: CARGO_HOME="/workspace/cargo-home" RUSTUP_HOME="/workspace/rustup-home" "/workspace/cargo-home/bin/cargo" "+1.99.0-beta.8" "fetch" "--manifest-path" "Cargo.toml", kill_on_drop: false }`
[INFO] [stderr]     Updating crates.io index
[INFO] [stderr]  Downloading crates ...
[INFO] [stderr]   Downloaded zvariant_derive v3.15.0
[INFO] [stderr]   Downloaded zvariant v3.15.0
[INFO] [stderr]   Downloaded serde v1.0.188
[INFO] [stderr]   Downloaded xdg-home v1.0.0
[INFO] [stderr]   Downloaded waker-fn v1.1.1
[INFO] [stderr]   Downloaded uds_windows v1.0.2
[INFO] [stderr]   Downloaded serde_repr v0.1.16
[INFO] [stderr]   Downloaded piper v0.2.1
[INFO] [stderr]   Downloaded fastrand v2.0.1
[INFO] [stderr]   Downloaded errno v0.3.4
[INFO] [stderr]   Downloaded parking v2.1.1
[INFO] [stderr]   Downloaded async-recursion v1.0.5
[INFO] [stderr]   Downloaded upower_dbus v0.3.2
[INFO] [stderr]   Downloaded tokio-macros v2.1.0
[INFO] [stderr]   Downloaded memoffset v0.9.0
[INFO] [stderr]   Downloaded zbus_names v2.6.0
[INFO] [stderr]   Downloaded enumflags2_derive v0.7.8
[INFO] [stderr]   Downloaded cpufeatures v0.2.9
[INFO] [stderr]   Downloaded enumflags2 v0.7.8
[INFO] [stderr]   Downloaded blocking v1.4.0
[INFO] [stderr]   Downloaded async-executor v1.5.4
[INFO] [stderr]   Downloaded version-compare v0.1.1
[INFO] [stderr]   Downloaded serde_spanned v0.6.3
[INFO] [stderr]   Downloaded thiserror-impl v1.0.49
[INFO] [stderr]   Downloaded tracing-attributes v0.1.26
[INFO] [stderr]   Downloaded zbus_macros v3.14.1
[INFO] [stderr]   Downloaded concurrent-queue v2.3.0
[INFO] [stderr]   Downloaded async-trait v0.1.73
[INFO] [stderr]   Downloaded signal-hook-registry v1.4.1
[INFO] [stderr]   Downloaded lock_api v0.4.10
[INFO] [stderr]   Downloaded system-deps v6.1.2
[INFO] [stderr]   Downloaded target-lexicon v0.12.11
[INFO] [stderr]   Downloaded thiserror v1.0.49
[INFO] [stderr]   Downloaded futures-executor v0.3.28
[INFO] [stderr]   Downloaded getrandom v0.2.10
[INFO] [stderr]   Downloaded async-task v4.4.1
[INFO] [stderr]   Downloaded crossbeam-utils v0.8.16
[INFO] [stderr]   Downloaded async-process v1.7.0
[INFO] [stderr]   Downloaded smallvec v1.11.1
[INFO] [stderr]   Downloaded crossbeam-epoch v0.9.15
[INFO] [stderr]   Downloaded bytemuck v1.14.0
[INFO] [stderr]   Downloaded serde_derive v1.0.188
[INFO] [stderr]   Downloaded indexmap v2.0.2
[INFO] [stderr]   Downloaded once_cell v1.18.0
[INFO] [stderr]   Downloaded signal-hook v0.3.17
[INFO] [stderr]   Downloaded socket2 v0.5.5
[INFO] [stderr]   Downloaded flate2 v1.0.27
[INFO] [stderr]   Downloaded toml v0.8.2
[INFO] [stderr]   Downloaded cfg-expr v0.15.5
[INFO] [stderr]   Downloaded semver v1.0.19
[INFO] [stderr]   Downloaded rayon-core v1.12.0
[INFO] [stderr]   Downloaded png v0.17.10
[INFO] [stderr]   Downloaded memchr v2.6.4
[INFO] [stderr]   Downloaded base64 v0.21.4
[INFO] [stderr]   Downloaded winnow v0.5.16
[INFO] [stderr]   Downloaded zbus v3.14.1
[INFO] [stderr]   Downloaded hashbrown v0.14.1
[INFO] [stderr]   Downloaded rayon v1.8.0
[INFO] [stderr]   Downloaded exr v1.71.0
[INFO] [stderr]   Downloaded regex v1.9.6
[INFO] [stderr]   Downloaded gimli v0.28.0
[INFO] [stderr]   Downloaded object v0.32.1
[INFO] [stderr]   Downloaded image v0.24.7
[INFO] [stderr]   Downloaded rustix v0.37.24
[INFO] [stderr]   Downloaded rustix v0.38.17
[INFO] [stderr]   Downloaded regex-automata v0.3.9
[INFO] [stderr]   Downloaded libc v0.2.149
[INFO] [stderr]   Downloaded tokio v1.32.0
[INFO] [stderr]   Downloaded linux-raw-sys v0.4.8
[INFO] [stderr]   Downloaded tiff v0.9.0
[INFO] running `Command { std: "docker" "create" "-v" "/var/lib/crater-agent-workspace/builds/worker-1-tc1/source:/opt/rustwide/workdir:ro,Z" "-v" "/var/lib/crater-agent-workspace/builds/worker-1-tc1/target:/opt/rustwide/target:rw,Z" "-v" "/var/lib/crater-agent-workspace/cargo-home:/opt/rustwide/cargo-home:ro,Z" "-v" "/var/lib/crater-agent-workspace/rustup-home:/opt/rustwide/rustup-home:ro,Z" "-m" "1610612736" "--network" "none" "ghcr.io/rust-lang/crates-build-env/linux@sha256:77db811e55d90add9212f6832c23229e3de5f1c1f9905e8cb07319ea15df73ac" "sleep" "infinity", kill_on_drop: false }`
[INFO] [stdout] 6688b7949bbf0730209c264e1d6f1e14cb391451d2fc8ac3db99ddf3293df1e2
[INFO] running `Command { std: "docker" "start" "6688b7949bbf0730209c264e1d6f1e14cb391451d2fc8ac3db99ddf3293df1e2", kill_on_drop: false }`
[INFO] running `Command { std: "docker" "inspect" "6688b7949bbf0730209c264e1d6f1e14cb391451d2fc8ac3db99ddf3293df1e2", kill_on_drop: false }`
[INFO] running `Command { std: "docker" "exec" "-e" "SOURCE_DIR=/opt/rustwide/workdir" "-e" "CARGO_HOME=/opt/rustwide/cargo-home" "-e" "RUSTUP_HOME=/opt/rustwide/rustup-home" "-e" "CARGO_TARGET_DIR=/opt/rustwide/target" "-w" "/opt/rustwide/workdir" "--user" "0:0" "6688b7949bbf0730209c264e1d6f1e14cb391451d2fc8ac3db99ddf3293df1e2" "/opt/rustwide/cargo-home/bin/cargo" "+1.99.0-beta.8" "metadata" "--no-deps" "--format-version=1", kill_on_drop: false }`
[INFO] running `Command { std: "docker" "inspect" "6688b7949bbf0730209c264e1d6f1e14cb391451d2fc8ac3db99ddf3293df1e2", kill_on_drop: false }`
[INFO] running `Command { std: "docker" "exec" "-e" "SOURCE_DIR=/opt/rustwide/workdir" "-e" "CARGO_HOME=/opt/rustwide/cargo-home" "-e" "RUSTUP_HOME=/opt/rustwide/rustup-home" "-e" "CARGO_TARGET_DIR=/opt/rustwide/target" "-e" "CARGO_INCREMENTAL=0" "-e" "RUST_BACKTRACE=full" "-e" "RUSTFLAGS=--cap-lints=warn" "-e" "RUSTDOCFLAGS=--cap-lints=warn" "-w" "/opt/rustwide/workdir" "--user" "0:0" "6688b7949bbf0730209c264e1d6f1e14cb391451d2fc8ac3db99ddf3293df1e2" "/opt/rustwide/cargo-home/bin/cargo" "+1.99.0-beta.8" "build" "--frozen" "--message-format=json" "--release", kill_on_drop: false }`
[INFO] [stderr]    Compiling autocfg v1.1.0
[INFO] [stderr]    Compiling serde v1.0.188
[INFO] [stderr]    Compiling equivalent v1.0.1
[INFO] [stderr]    Compiling hashbrown v0.14.1
[INFO] [stderr]    Compiling winnow v0.5.16
[INFO] [stderr]    Compiling unicode-ident v1.0.12
[INFO] [stderr]    Compiling libc v0.2.149
[INFO] [stderr]    Compiling target-lexicon v0.12.11
[INFO] [stderr]    Compiling pkg-config v0.3.27
[INFO] [stderr]    Compiling smallvec v1.11.1
[INFO] [stderr]    Compiling heck v0.4.1
[INFO] [stderr]    Compiling version-compare v0.1.1
[INFO] [stderr]    Compiling version_check v0.9.4
[INFO] [stderr]    Compiling syn v1.0.109
[INFO] [stderr]    Compiling pin-project-lite v0.2.13
[INFO] [stderr]    Compiling futures-io v0.3.31
[INFO] [stderr]    Compiling crossbeam-utils v0.8.16
[INFO] [stderr]    Compiling memchr v2.6.4
[INFO] [stderr]    Compiling proc-macro2 v1.0.93
[INFO] [stderr]    Compiling once_cell v1.18.0
[INFO] [stderr]    Compiling thiserror v1.0.49
[INFO] [stderr]    Compiling futures-channel v0.3.28
[INFO] [stderr]    Compiling slab v0.4.9
[INFO] [stderr]    Compiling memoffset v0.9.0
[INFO] [stderr]    Compiling crossbeam-epoch v0.9.15
[INFO] [stderr]    Compiling typenum v1.17.0
[INFO] [stderr]    Compiling proc-macro-error-attr v1.0.4
[INFO] [stderr]    Compiling proc-macro-error v1.0.4
[INFO] [stderr]    Compiling event-listener v2.5.3
[INFO] [stderr]    Compiling generic-array v0.14.7
[INFO] [stderr]    Compiling lock_api v0.4.10
[INFO] [stderr]    Compiling bitflags v2.4.0
[INFO] [stderr]    Compiling quote v1.0.38
[INFO] [stderr]    Compiling concurrent-queue v2.3.0
[INFO] [stderr]    Compiling rayon-core v1.12.0
[INFO] [stderr]    Compiling cfg-expr v0.15.5
[INFO] [stderr]    Compiling semver v1.0.19
[INFO] [stderr]    Compiling parking v2.1.1
[INFO] [stderr]    Compiling indexmap v2.0.2
[INFO] [stderr]    Compiling syn v2.0.96
[INFO] [stderr]    Compiling waker-fn v1.1.1
[INFO] [stderr]    Compiling fastrand v1.9.0
[INFO] [stderr]    Compiling async-lock v2.8.0
[INFO] [stderr]    Compiling memoffset v0.7.1
[INFO] [stderr]    Compiling crossbeam-deque v0.8.3
[INFO] [stderr]    Compiling fastrand v2.0.1
[INFO] [stderr]    Compiling gio v0.18.4
[INFO] [stderr]    Compiling futures-lite v1.13.0
[INFO] [stderr]    Compiling io-lifetimes v1.0.11
[INFO] [stderr]    Compiling crc32fast v1.3.2
[INFO] [stderr]    Compiling adler v1.0.2
[INFO] [stderr]    Compiling miniz_oxide v0.7.1
[INFO] [stderr]    Compiling tracing-core v0.1.31
[INFO] [stderr]    Compiling num-traits v0.2.17
[INFO] [stderr]    Compiling polling v2.8.0
[INFO] [stderr]    Compiling regex-syntax v0.7.5
[INFO] [stderr]    Compiling rustix v0.37.24
[INFO] [stderr]    Compiling async-task v4.4.1
[INFO] [stderr]    Compiling rustc_version v0.4.0
[INFO] [stderr]    Compiling aho-corasick v1.1.1
[INFO] [stderr]    Compiling getrandom v0.2.10
[INFO] [stderr]    Compiling rand_core v0.6.4
[INFO] [stderr]    Compiling piper v0.2.1
[INFO] [stderr]    Compiling async-channel v1.9.0
[INFO] [stderr]    Compiling num-integer v0.1.45
[INFO] [stderr]    Compiling block-buffer v0.10.4
[INFO] [stderr]    Compiling crypto-common v0.1.6
[INFO] [stderr]    Compiling async-fs v1.6.0
[INFO] [stderr]    Compiling async-io v1.13.0
[INFO] [stderr]    Compiling ppv-lite86 v0.2.17
[INFO] [stderr]    Compiling async-trait v0.1.73
[INFO] [stderr]    Compiling log v0.4.20
[INFO] [stderr]    Compiling linux-raw-sys v0.3.8
[INFO] [stderr]    Compiling either v1.9.0
[INFO] [stderr]    Compiling digest v0.10.7
[INFO] [stderr]    Compiling flate2 v1.0.27
[INFO] [stderr]    Compiling nix v0.26.4
[INFO] [stderr]    Compiling rayon v1.8.0
[INFO] [stderr]    Compiling field-offset v0.3.6
[INFO] [stderr]    Compiling socket2 v0.4.9
[INFO] [stderr]    Compiling spin v0.9.8
[INFO] [stderr]    Compiling rand_chacha v0.3.1
[INFO] [stderr]    Compiling num-rational v0.4.1
[INFO] [stderr]    Compiling weezl v0.1.7
[INFO] [stderr]    Compiling cpufeatures v0.2.9
[INFO] [stderr]    Compiling sha1 v0.10.6
[INFO] [stderr]    Compiling flume v0.11.0
[INFO] [stderr]    Compiling rand v0.8.5
[INFO] [stderr]    Compiling async-executor v1.5.4
[INFO] [stderr]    Compiling regex-automata v0.3.9
[INFO] [stderr]    Compiling parking_lot_core v0.9.10
[INFO] [stderr]    Compiling gtk v0.18.2
[INFO] [stderr]    Compiling xdg-home v1.0.0
[INFO] [stderr]    Compiling fdeflate v0.3.0
[INFO] [stderr]    Compiling zune-inflate v0.2.54
[INFO] [stderr]    Compiling toml_datetime v0.6.3
[INFO] [stderr]    Compiling serde_spanned v0.6.3
[INFO] [stderr]    Compiling async-broadcast v0.5.1
[INFO] [stderr]    Compiling ordered-stream v0.2.0
[INFO] [stderr]    Compiling half v2.2.1
[INFO] [stderr]    Compiling toml_edit v0.20.2
[INFO] [stderr]    Compiling toml_edit v0.19.15
[INFO] [stderr]    Compiling color_quant v1.1.0
[INFO] [stderr]    Compiling bytemuck v1.14.0
[INFO] [stderr]    Compiling bit_field v0.10.2
[INFO] [stderr]    Compiling lebe v0.5.2
[INFO] [stderr]    Compiling qoi v0.4.1
[INFO] [stderr]    Compiling png v0.17.10
[INFO] [stderr]    Compiling gif v0.12.0
[INFO] [stderr]    Compiling parking_lot v0.12.3
[INFO] [stderr]    Compiling signal-hook-registry v1.4.1
[INFO] [stderr]    Compiling mio v0.8.11
[INFO] [stderr]    Compiling num_cpus v1.16.0
[INFO] [stderr]    Compiling exr v1.71.0
[INFO] [stderr]    Compiling socket2 v0.5.5
[INFO] [stderr]    Compiling bytes v1.9.0
[INFO] [stderr]    Compiling base64 v0.21.4
[INFO] [stderr]    Compiling toml v0.8.2
[INFO] [stderr]    Compiling proc-macro-crate v2.0.2
[INFO] [stderr]    Compiling jpeg-decoder v0.3.0
[INFO] [stderr]    Compiling proc-macro-crate v1.3.1
[INFO] [stderr]    Compiling system-deps v6.1.2
[INFO] [stderr]    Compiling zvariant_utils v1.0.1
[INFO] [stderr]    Compiling regex v1.9.6
[INFO] [stderr]    Compiling futures-macro v0.3.31
[INFO] [stderr]    Compiling thiserror-impl v1.0.49
[INFO] [stderr]    Compiling serde_derive v1.0.188
[INFO] [stderr]    Compiling tracing-attributes v0.1.26
[INFO] [stderr]    Compiling enumflags2_derive v0.7.8
[INFO] [stderr]    Compiling serde_repr v0.1.16
[INFO] [stderr]    Compiling async-recursion v1.0.5
[INFO] [stderr]    Compiling tokio-macros v2.1.0
[INFO] [stderr]    Compiling glib-macros v0.18.5
[INFO] [stderr]    Compiling zvariant_derive v3.15.0
[INFO] [stderr]    Compiling derivative v2.2.0
[INFO] [stderr]    Compiling gtk3-macros v0.18.2
[INFO] [stderr]    Compiling glib-sys v0.18.1
[INFO] [stderr]    Compiling gobject-sys v0.18.0
[INFO] [stderr]    Compiling gio-sys v0.18.1
[INFO] [stderr]    Compiling gdk-pixbuf-sys v0.18.0
[INFO] [stderr]    Compiling cairo-sys-rs v0.18.2
[INFO] [stderr]    Compiling atk-sys v0.18.2
[INFO] [stderr]    Compiling gdk-sys v0.18.2
[INFO] [stderr]    Compiling futures-util v0.3.31
[INFO] [stderr]    Compiling pango-sys v0.18.0
[INFO] [stderr]    Compiling gtk-sys v0.18.2
[INFO] [stderr]    Compiling zbus_macros v3.14.1
[INFO] [stderr]    Compiling tiff v0.9.0
[INFO] [stderr]    Compiling tokio v1.32.0
[INFO] [stderr]    Compiling tracing v0.1.37
[INFO] [stderr]    Compiling blocking v1.4.0
[INFO] [stderr]    Compiling image v0.24.7
[INFO] [stderr]    Compiling futures-executor v0.3.28
[INFO] [stderr]    Compiling glib v0.18.5
[INFO] [stderr]    Compiling enumflags2 v0.7.8
[INFO] [stderr]    Compiling zvariant v3.15.0
[INFO] [stderr]    Compiling zbus_names v2.6.0
[INFO] [stderr]    Compiling zbus v3.14.1
[INFO] [stderr]    Compiling cairo-rs v0.18.5
[INFO] [stderr]    Compiling atk v0.18.2
[INFO] [stderr]    Compiling upower_dbus v0.3.2
[INFO] [stderr]    Compiling gdk-pixbuf v0.18.5
[INFO] [stderr]    Compiling pango v0.18.3
[INFO] [stderr]    Compiling gdk v0.18.2
[INFO] [stderr]    Compiling gnome-dbus-api v1.1.1 (/opt/rustwide/workdir)
[INFO] [stdout] warning: variant `OUT_OF_DATE` should have an upper camel case name
[INFO] [stdout]   --> src/handlers.rs:84:9
[INFO] [stdout]    |
[INFO] [stdout] 84 |         OUT_OF_DATE = 4,
[INFO] [stdout]    |         ^^^^^^^^^^^ help: convert the identifier to upper camel case: `OutOfDate`
[INFO] [stdout]    |
[INFO] [stdout]    = note: `#[warn(non_camel_case_types)]` (part of `#[warn(nonstandard_style)]`) on by default
[INFO] [stdout] 
[INFO] [stdout] 
[INFO] [stdout] warning: unused import: `Proxy`
[INFO] [stdout]    --> src/handlers.rs:253:32
[INFO] [stdout]     |
[INFO] [stdout] 253 |         use zbus::{Connection, Proxy};
[INFO] [stdout]     |                                ^^^^^
[INFO] [stdout]     |
[INFO] [stdout]     = note: `#[warn(unused_imports)]` (part of `#[warn(unused)]`) on by default
[INFO] [stdout] 
[INFO] [stdout] 
[INFO] [stdout] warning: use of deprecated function `base64::encode`: Use Engine::encode
[INFO] [stdout]    --> src/handlers.rs:373:50
[INFO] [stdout]     |
[INFO] [stdout] 373 |                         let res_base64 = base64::encode(image_data);
[INFO] [stdout]     |                                                  ^^^^^^
[INFO] [stdout]     |
[INFO] [stdout]     = note: `#[warn(deprecated)]` on by default
[INFO] [stdout] 
[INFO] [stdout] 
[INFO] [stdout] warning: method `ActiveProfile` should have a snake case name
[INFO] [stdout]   --> src/handlers.rs:47:12
[INFO] [stdout]    |
[INFO] [stdout] 47 |         fn ActiveProfile(&self) -> Result<String>;
[INFO] [stdout]    |            ^^^^^^^^^^^^^ help: convert the identifier to snake case: `active_profile`
[INFO] [stdout]    |
[INFO] [stdout]    = note: `#[warn(non_snake_case)]` (part of `#[warn(nonstandard_style)]`) on by default
[INFO] [stdout] 
[INFO] [stdout] 
[INFO] [stdout] warning: method `set_ActiveProfile` should have a snake case name
[INFO] [stdout]   --> src/handlers.rs:49:12
[INFO] [stdout]    |
[INFO] [stdout] 49 |         fn set_ActiveProfile(&self, profile: String) -> Result<()>;
[INFO] [stdout]    |            ^^^^^^^^^^^^^^^^^ help: convert the identifier to snake case: `set_active_profile`
[INFO] [stdout] 
[INFO] [stdout] 
[INFO] [stdout] warning: method `Brightness` should have a snake case name
[INFO] [stdout]    --> src/handlers.rs:195:12
[INFO] [stdout]     |
[INFO] [stdout] 195 |         fn Brightness(&self) -> Result<i32>;
[INFO] [stdout]     |            ^^^^^^^^^^ help: convert the identifier to snake case: `brightness`
[INFO] [stdout] 
[INFO] [stdout] 
[INFO] [stdout] warning: method `set_Brightness` should have a snake case name
[INFO] [stdout]    --> src/handlers.rs:197:12
[INFO] [stdout]     |
[INFO] [stdout] 197 |         fn set_Brightness(&self, brightness: i32) -> Result<()>;
[INFO] [stdout]     |            ^^^^^^^^^^^^^^ help: convert the identifier to snake case: `set_brightness`
[INFO] [stdout] 
[INFO] [stdout] 
[INFO] [stderr]     Finished `release` profile [optimized] target(s) in 3m 58s
[INFO] running `Command { std: "docker" "inspect" "6688b7949bbf0730209c264e1d6f1e14cb391451d2fc8ac3db99ddf3293df1e2", kill_on_drop: false }`
[INFO] running `Command { std: "docker" "exec" "-e" "SOURCE_DIR=/opt/rustwide/workdir" "-e" "CARGO_HOME=/opt/rustwide/cargo-home" "-e" "RUSTUP_HOME=/opt/rustwide/rustup-home" "-e" "CARGO_TARGET_DIR=/opt/rustwide/target" "-e" "CARGO_INCREMENTAL=0" "-e" "RUST_BACKTRACE=full" "-e" "RUSTFLAGS=--cap-lints=warn" "-e" "RUSTDOCFLAGS=--cap-lints=warn" "-w" "/opt/rustwide/workdir" "--user" "0:0" "6688b7949bbf0730209c264e1d6f1e14cb391451d2fc8ac3db99ddf3293df1e2" "/opt/rustwide/cargo-home/bin/cargo" "+1.99.0-beta.8" "test" "--frozen" "--no-run" "--message-format=json" "--release", kill_on_drop: false }`
[INFO] [stderr]    Compiling gnome-dbus-api v1.1.1 (/opt/rustwide/workdir)
[INFO] [stdout] warning: variant `OUT_OF_DATE` should have an upper camel case name
[INFO] [stdout]   --> src/handlers.rs:84:9
[INFO] [stdout]    |
[INFO] [stdout] 84 |         OUT_OF_DATE = 4,
[INFO] [stdout]    |         ^^^^^^^^^^^ help: convert the identifier to upper camel case: `OutOfDate`
[INFO] [stdout]    |
[INFO] [stdout]    = note: `#[warn(non_camel_case_types)]` (part of `#[warn(nonstandard_style)]`) on by default
[INFO] [stdout] 
[INFO] [stdout] 
[INFO] [stdout] warning: unused import: `Proxy`
[INFO] [stdout]    --> src/handlers.rs:253:32
[INFO] [stdout]     |
[INFO] [stdout] 253 |         use zbus::{Connection, Proxy};
[INFO] [stdout]     |                                ^^^^^
[INFO] [stdout]     |
[INFO] [stdout]     = note: `#[warn(unused_imports)]` (part of `#[warn(unused)]`) on by default
[INFO] [stdout] 
[INFO] [stdout] 
[INFO] [stdout] warning: use of deprecated function `base64::encode`: Use Engine::encode
[INFO] [stdout]    --> src/handlers.rs:373:50
[INFO] [stdout]     |
[INFO] [stdout] 373 |                         let res_base64 = base64::encode(image_data);
[INFO] [stdout]     |                                                  ^^^^^^
[INFO] [stdout]     |
[INFO] [stdout]     = note: `#[warn(deprecated)]` on by default
[INFO] [stdout] 
[INFO] [stdout] 
[INFO] [stdout] warning: method `ActiveProfile` should have a snake case name
[INFO] [stdout]   --> src/handlers.rs:47:12
[INFO] [stdout]    |
[INFO] [stdout] 47 |         fn ActiveProfile(&self) -> Result<String>;
[INFO] [stdout]    |            ^^^^^^^^^^^^^ help: convert the identifier to snake case: `active_profile`
[INFO] [stdout]    |
[INFO] [stdout]    = note: `#[warn(non_snake_case)]` (part of `#[warn(nonstandard_style)]`) on by default
[INFO] [stdout] 
[INFO] [stdout] 
[INFO] [stdout] warning: method `set_ActiveProfile` should have a snake case name
[INFO] [stdout]   --> src/handlers.rs:49:12
[INFO] [stdout]    |
[INFO] [stdout] 49 |         fn set_ActiveProfile(&self, profile: String) -> Result<()>;
[INFO] [stdout]    |            ^^^^^^^^^^^^^^^^^ help: convert the identifier to snake case: `set_active_profile`
[INFO] [stdout] 
[INFO] [stdout] 
[INFO] [stdout] warning: method `Brightness` should have a snake case name
[INFO] [stdout]    --> src/handlers.rs:195:12
[INFO] [stdout]     |
[INFO] [stdout] 195 |         fn Brightness(&self) -> Result<i32>;
[INFO] [stdout]     |            ^^^^^^^^^^ help: convert the identifier to snake case: `brightness`
[INFO] [stdout] 
[INFO] [stdout] 
[INFO] [stdout] warning: method `set_Brightness` should have a snake case name
[INFO] [stdout]    --> src/handlers.rs:197:12
[INFO] [stdout]     |
[INFO] [stdout] 197 |         fn set_Brightness(&self, brightness: i32) -> Result<()>;
[INFO] [stdout]     |            ^^^^^^^^^^^^^^ help: convert the identifier to snake case: `set_brightness`
[INFO] [stdout] 
[INFO] [stdout] 
[INFO] [stdout] warning: variant `OUT_OF_DATE` should have an upper camel case name
[INFO] [stdout]   --> src/handlers.rs:84:9
[INFO] [stdout]    |
[INFO] [stdout] 84 |         OUT_OF_DATE = 4,
[INFO] [stdout]    |         ^^^^^^^^^^^ help: convert the identifier to upper camel case: `OutOfDate`
[INFO] [stdout]    |
[INFO] [stdout]    = note: `#[warn(non_camel_case_types)]` (part of `#[warn(nonstandard_style)]`) on by default
[INFO] [stdout] 
[INFO] [stdout] 
[INFO] [stdout] warning: unused import: `Proxy`
[INFO] [stdout]    --> src/handlers.rs:253:32
[INFO] [stdout]     |
[INFO] [stdout] 253 |         use zbus::{Connection, Proxy};
[INFO] [stdout]     |                                ^^^^^
[INFO] [stdout]     |
[INFO] [stdout]     = note: `#[warn(unused_imports)]` (part of `#[warn(unused)]`) on by default
[INFO] [stdout] 
[INFO] [stdout] 
[INFO] [stdout] warning: use of deprecated function `base64::encode`: Use Engine::encode
[INFO] [stdout]    --> src/handlers.rs:373:50
[INFO] [stdout]     |
[INFO] [stdout] 373 |                         let res_base64 = base64::encode(image_data);
[INFO] [stdout]     |                                                  ^^^^^^
[INFO] [stdout]     |
[INFO] [stdout]     = note: `#[warn(deprecated)]` on by default
[INFO] [stdout] 
[INFO] [stdout] 
[INFO] [stdout] warning: unused variable: `r`
[INFO] [stdout]   --> src/tests.rs:17:10
[INFO] [stdout]    |
[INFO] [stdout] 17 |     let (r, g, b) = screenshot::pick_color().await;
[INFO] [stdout]    |          ^ help: if this is intentional, prefix it with an underscore: `_r`
[INFO] [stdout]    |
[INFO] [stdout]    = note: `#[warn(unused_variables)]` (part of `#[warn(unused)]`) on by default
[INFO] [stdout] 
[INFO] [stdout] 
[INFO] [stdout] warning: unused variable: `g`
[INFO] [stdout]   --> src/tests.rs:17:13
[INFO] [stdout]    |
[INFO] [stdout] 17 |     let (r, g, b) = screenshot::pick_color().await;
[INFO] [stdout]    |             ^ help: if this is intentional, prefix it with an underscore: `_g`
[INFO] [stdout] 
[INFO] [stdout] 
[INFO] [stdout] warning: unused variable: `b`
[INFO] [stdout]   --> src/tests.rs:17:16
[INFO] [stdout]    |
[INFO] [stdout] 17 |     let (r, g, b) = screenshot::pick_color().await;
[INFO] [stdout]    |                ^ help: if this is intentional, prefix it with an underscore: `_b`
[INFO] [stdout] 
[INFO] [stdout] 
[INFO] [stdout] warning: unused variable: `battery_state`
[INFO] [stdout]    --> src/tests.rs:101:9
[INFO] [stdout]     |
[INFO] [stdout] 101 |     let battery_state = battery_display.state().await.unwrap();
[INFO] [stdout]     |         ^^^^^^^^^^^^^ help: if this is intentional, prefix it with an underscore: `_battery_state`
[INFO] [stdout] 
[INFO] [stdout] 
[INFO] [stdout] warning: unused variable: `temperature`
[INFO] [stdout]    --> src/tests.rs:102:9
[INFO] [stdout]     |
[INFO] [stdout] 102 |     let temperature = battery_display.temperature().await.unwrap();
[INFO] [stdout]     |         ^^^^^^^^^^^ help: if this is intentional, prefix it with an underscore: `_temperature`
[INFO] [stdout] 
[INFO] [stdout] 
[INFO] [stdout] warning: unused variable: `model`
[INFO] [stdout]    --> src/tests.rs:104:9
[INFO] [stdout]     |
[INFO] [stdout] 104 |     let model = battery_display.model().await.unwrap();
[INFO] [stdout]     |         ^^^^^ help: if this is intentional, prefix it with an underscore: `_model`
[INFO] [stdout] 
[INFO] [stdout] 
[INFO] [stdout] warning: unused variable: `vendor`
[INFO] [stdout]    --> src/tests.rs:105:9
[INFO] [stdout]     |
[INFO] [stdout] 105 |     let vendor = battery_display.vendor().await.unwrap();
[INFO] [stdout]     |         ^^^^^^ help: if this is intentional, prefix it with an underscore: `_vendor`
[INFO] [stdout] 
[INFO] [stdout] 
[INFO] [stdout] warning: unused variable: `battery_type`
[INFO] [stdout]    --> src/tests.rs:107:9
[INFO] [stdout]     |
[INFO] [stdout] 107 |     let battery_type = battery_display.type_().await.unwrap();
[INFO] [stdout]     |         ^^^^^^^^^^^^ help: if this is intentional, prefix it with an underscore: `_battery_type`
[INFO] [stdout] 
[INFO] [stdout] 
[INFO] [stdout] warning: function `pick_color` is never used
[INFO] [stdout]   --> src/tests.rs:16:10
[INFO] [stdout]    |
[INFO] [stdout] 16 | async fn pick_color() {
[INFO] [stdout]    |          ^^^^^^^^^^
[INFO] [stdout]    |
[INFO] [stdout]    = note: `#[warn(dead_code)]` (part of `#[warn(unused)]`) on by default
[INFO] [stdout] 
[INFO] [stdout] 
[INFO] [stdout] warning: function `power_off` is never used
[INFO] [stdout]    --> src/tests.rs:212:10
[INFO] [stdout]     |
[INFO] [stdout] 212 | async fn power_off() {
[INFO] [stdout]     |          ^^^^^^^^^
[INFO] [stdout] 
[INFO] [stdout] 
[INFO] [stdout] warning: function `reboot` is never used
[INFO] [stdout]    --> src/tests.rs:215:10
[INFO] [stdout]     |
[INFO] [stdout] 215 | async fn reboot() {
[INFO] [stdout]     |          ^^^^^^
[INFO] [stdout] 
[INFO] [stdout] 
[INFO] [stdout] warning: function `suspend` is never used
[INFO] [stdout]    --> src/tests.rs:218:10
[INFO] [stdout]     |
[INFO] [stdout] 218 | async fn suspend() {
[INFO] [stdout]     |          ^^^^^^^
[INFO] [stdout] 
[INFO] [stdout] 
[INFO] [stdout] warning: function `brightness_up` is never used
[INFO] [stdout]    --> src/tests.rs:254:10
[INFO] [stdout]     |
[INFO] [stdout] 254 | async fn brightness_up() -> Result<(), String> {
[INFO] [stdout]     |          ^^^^^^^^^^^^^
[INFO] [stdout] 
[INFO] [stdout] 
[INFO] [stdout] warning: function `brightness_down` is never used
[INFO] [stdout]    --> src/tests.rs:258:10
[INFO] [stdout]     |
[INFO] [stdout] 258 | async fn brightness_down() -> Result<(), String> {
[INFO] [stdout]     |          ^^^^^^^^^^^^^^^
[INFO] [stdout] 
[INFO] [stdout] 
[INFO] [stdout] warning: function `get_brightness` is never used
[INFO] [stdout]    --> src/tests.rs:262:10
[INFO] [stdout]     |
[INFO] [stdout] 262 | async fn get_brightness() -> Result<i32, String> {
[INFO] [stdout]     |          ^^^^^^^^^^^^^^
[INFO] [stdout] 
[INFO] [stdout] 
[INFO] [stdout] warning: function `set_brightness` is never used
[INFO] [stdout]    --> src/tests.rs:266:10
[INFO] [stdout]     |
[INFO] [stdout] 266 | async fn set_brightness(value: i32) -> Result<(), String> {
[INFO] [stdout]     |          ^^^^^^^^^^^^^^
[INFO] [stdout] 
[INFO] [stdout] 
[INFO] [stdout] warning: method `ActiveProfile` should have a snake case name
[INFO] [stdout]   --> src/handlers.rs:47:12
[INFO] [stdout]    |
[INFO] [stdout] 47 |         fn ActiveProfile(&self) -> Result<String>;
[INFO] [stdout]    |            ^^^^^^^^^^^^^ help: convert the identifier to snake case: `active_profile`
[INFO] [stdout]    |
[INFO] [stdout]    = note: `#[warn(non_snake_case)]` (part of `#[warn(nonstandard_style)]`) on by default
[INFO] [stdout] 
[INFO] [stdout] 
[INFO] [stdout] warning: method `set_ActiveProfile` should have a snake case name
[INFO] [stdout]   --> src/handlers.rs:49:12
[INFO] [stdout]    |
[INFO] [stdout] 49 |         fn set_ActiveProfile(&self, profile: String) -> Result<()>;
[INFO] [stdout]    |            ^^^^^^^^^^^^^^^^^ help: convert the identifier to snake case: `set_active_profile`
[INFO] [stdout] 
[INFO] [stdout] 
[INFO] [stdout] warning: method `Brightness` should have a snake case name
[INFO] [stdout]    --> src/handlers.rs:195:12
[INFO] [stdout]     |
[INFO] [stdout] 195 |         fn Brightness(&self) -> Result<i32>;
[INFO] [stdout]     |            ^^^^^^^^^^ help: convert the identifier to snake case: `brightness`
[INFO] [stdout] 
[INFO] [stdout] 
[INFO] [stdout] warning: method `set_Brightness` should have a snake case name
[INFO] [stdout]    --> src/handlers.rs:197:12
[INFO] [stdout]     |
[INFO] [stdout] 197 |         fn set_Brightness(&self, brightness: i32) -> Result<()>;
[INFO] [stdout]     |            ^^^^^^^^^^^^^^ help: convert the identifier to snake case: `set_brightness`
[INFO] [stdout] 
[INFO] [stdout] 
[INFO] [stderr]     Finished `release` profile [optimized] target(s) in 18.41s
[INFO] running `Command { std: "docker" "inspect" "6688b7949bbf0730209c264e1d6f1e14cb391451d2fc8ac3db99ddf3293df1e2", kill_on_drop: false }`
[INFO] running `Command { std: "docker" "exec" "-e" "SOURCE_DIR=/opt/rustwide/workdir" "-e" "CARGO_HOME=/opt/rustwide/cargo-home" "-e" "RUSTUP_HOME=/opt/rustwide/rustup-home" "-e" "CARGO_TARGET_DIR=/opt/rustwide/target" "-e" "CARGO_INCREMENTAL=0" "-e" "RUST_BACKTRACE=full" "-e" "RUSTFLAGS=--cap-lints=warn" "-e" "RUSTDOCFLAGS=--cap-lints=warn" "-w" "/opt/rustwide/workdir" "--user" "0:0" "6688b7949bbf0730209c264e1d6f1e14cb391451d2fc8ac3db99ddf3293df1e2" "/opt/rustwide/cargo-home/bin/cargo" "+1.99.0-beta.8" "test" "--frozen" "--release", kill_on_drop: false }`
[INFO] [stderr] warning: variant `OUT_OF_DATE` should have an upper camel case name
[INFO] [stderr]   --> src/handlers.rs:84:9
[INFO] [stderr]    |
[INFO] [stderr] 84 |         OUT_OF_DATE = 4,
[INFO] [stderr]    |         ^^^^^^^^^^^ help: convert the identifier to upper camel case: `OutOfDate`
[INFO] [stderr]    |
[INFO] [stderr]    = note: `#[warn(non_camel_case_types)]` (part of `#[warn(nonstandard_style)]`) on by default
[INFO] [stderr] 
[INFO] [stderr] warning: unused import: `Proxy`
[INFO] [stderr]    --> src/handlers.rs:253:32
[INFO] [stderr]     |
[INFO] [stderr] 253 |         use zbus::{Connection, Proxy};
[INFO] [stderr]     |                                ^^^^^
[INFO] [stderr]     |
[INFO] [stderr]     = note: `#[warn(unused_imports)]` (part of `#[warn(unused)]`) on by default
[INFO] [stderr] 
[INFO] [stderr] warning: use of deprecated function `base64::encode`: Use Engine::encode
[INFO] [stderr]    --> src/handlers.rs:373:50
[INFO] [stderr]     |
[INFO] [stderr] 373 |                         let res_base64 = base64::encode(image_data);
[INFO] [stderr]     |                                                  ^^^^^^
[INFO] [stderr]     |
[INFO] [stderr]     = note: `#[warn(deprecated)]` on by default
[INFO] [stderr] 
[INFO] [stderr] warning: method `ActiveProfile` should have a snake case name
[INFO] [stderr]   --> src/handlers.rs:47:12
[INFO] [stderr]    |
[INFO] [stderr] 47 |         fn ActiveProfile(&self) -> Result<String>;
[INFO] [stderr]    |            ^^^^^^^^^^^^^ help: convert the identifier to snake case: `active_profile`
[INFO] [stderr]    |
[INFO] [stderr]    = note: `#[warn(non_snake_case)]` (part of `#[warn(nonstandard_style)]`) on by default
[INFO] [stderr] 
[INFO] [stderr] warning: method `set_ActiveProfile` should have a snake case name
[INFO] [stderr]   --> src/handlers.rs:49:12
[INFO] [stderr]    |
[INFO] [stderr] 49 |         fn set_ActiveProfile(&self, profile: String) -> Result<()>;
[INFO] [stderr]    |            ^^^^^^^^^^^^^^^^^ help: convert the identifier to snake case: `set_active_profile`
[INFO] [stderr] 
[INFO] [stderr] warning: method `Brightness` should have a snake case name
[INFO] [stderr]    --> src/handlers.rs:195:12
[INFO] [stderr]     |
[INFO] [stderr] 195 |         fn Brightness(&self) -> Result<i32>;
[INFO] [stderr]     |            ^^^^^^^^^^ help: convert the identifier to snake case: `brightness`
[INFO] [stderr] 
[INFO] [stderr] warning: method `set_Brightness` should have a snake case name
[INFO] [stderr]    --> src/handlers.rs:197:12
[INFO] [stderr]     |
[INFO] [stderr] 197 |         fn set_Brightness(&self, brightness: i32) -> Result<()>;
[INFO] [stderr]     |            ^^^^^^^^^^^^^^ help: convert the identifier to snake case: `set_brightness`
[INFO] [stderr] 
[INFO] [stderr] warning: unused variable: `r`
[INFO] [stderr]   --> src/tests.rs:17:10
[INFO] [stderr]    |
[INFO] [stderr] 17 |     let (r, g, b) = screenshot::pick_color().await;
[INFO] [stderr]    |          ^ help: if this is intentional, prefix it with an underscore: `_r`
[INFO] [stderr]    |
[INFO] [stderr]    = note: `#[warn(unused_variables)]` (part of `#[warn(unused)]`) on by default
[INFO] [stderr] 
[INFO] [stderr] warning: unused variable: `g`
[INFO] [stderr]   --> src/tests.rs:17:13
[INFO] [stderr]    |
[INFO] [stderr] 17 |     let (r, g, b) = screenshot::pick_color().await;
[INFO] [stderr]    |             ^ help: if this is intentional, prefix it with an underscore: `_g`
[INFO] [stderr] 
[INFO] [stderr] warning: unused variable: `b`
[INFO] [stderr]   --> src/tests.rs:17:16
[INFO] [stderr]    |
[INFO] [stderr] 17 |     let (r, g, b) = screenshot::pick_color().await;
[INFO] [stderr]    |                ^ help: if this is intentional, prefix it with an underscore: `_b`
[INFO] [stderr] 
[INFO] [stderr] warning: unused variable: `battery_state`
[INFO] [stderr]    --> src/tests.rs:101:9
[INFO] [stderr]     |
[INFO] [stderr] 101 |     let battery_state = battery_display.state().await.unwrap();
[INFO] [stderr]     |         ^^^^^^^^^^^^^ help: if this is intentional, prefix it with an underscore: `_battery_state`
[INFO] [stderr] 
[INFO] [stderr] warning: unused variable: `temperature`
[INFO] [stderr]    --> src/tests.rs:102:9
[INFO] [stderr]     |
[INFO] [stderr] 102 |     let temperature = battery_display.temperature().await.unwrap();
[INFO] [stderr]     |         ^^^^^^^^^^^ help: if this is intentional, prefix it with an underscore: `_temperature`
[INFO] [stderr] 
[INFO] [stderr] warning: unused variable: `model`
[INFO] [stderr]    --> src/tests.rs:104:9
[INFO] [stderr]     |
[INFO] [stderr] 104 |     let model = battery_display.model().await.unwrap();
[INFO] [stderr]     |         ^^^^^ help: if this is intentional, prefix it with an underscore: `_model`
[INFO] [stderr] 
[INFO] [stderr] warning: unused variable: `vendor`
[INFO] [stderr]    --> src/tests.rs:105:9
[INFO] [stderr]     |
[INFO] [stderr] 105 |     let vendor = battery_display.vendor().await.unwrap();
[INFO] [stderr]     |         ^^^^^^ help: if this is intentional, prefix it with an underscore: `_vendor`
[INFO] [stderr] 
[INFO] [stderr] warning: unused variable: `battery_type`
[INFO] [stderr]    --> src/tests.rs:107:9
[INFO] [stderr]     |
[INFO] [stderr] 107 |     let battery_type = battery_display.type_().await.unwrap();
[INFO] [stderr]     |         ^^^^^^^^^^^^ help: if this is intentional, prefix it with an underscore: `_battery_type`
[INFO] [stderr] 
[INFO] [stderr] warning: function `pick_color` is never used
[INFO] [stderr]   --> src/tests.rs:16:10
[INFO] [stderr]    |
[INFO] [stderr] 16 | async fn pick_color() {
[INFO] [stderr]    |          ^^^^^^^^^^
[INFO] [stderr]    |
[INFO] [stderr]    = note: `#[warn(dead_code)]` (part of `#[warn(unused)]`) on by default
[INFO] [stderr] 
[INFO] [stderr] warning: function `power_off` is never used
[INFO] [stderr]    --> src/tests.rs:212:10
[INFO] [stderr]     |
[INFO] [stderr] 212 | async fn power_off() {
[INFO] [stderr]     |          ^^^^^^^^^
[INFO] [stderr] 
[INFO] [stderr] warning: function `reboot` is never used
[INFO] [stderr]    --> src/tests.rs:215:10
[INFO] [stderr]     |
[INFO] [stderr] 215 | async fn reboot() {
[INFO] [stderr]     |          ^^^^^^
[INFO] [stderr] 
[INFO] [stderr] warning: function `suspend` is never used
[INFO] [stderr]    --> src/tests.rs:218:10
[INFO] [stderr]     |
[INFO] [stderr] 218 | async fn suspend() {
[INFO] [stderr]     |          ^^^^^^^
[INFO] [stderr] 
[INFO] [stderr] warning: function `brightness_up` is never used
[INFO] [stderr]    --> src/tests.rs:254:10
[INFO] [stderr]     |
[INFO] [stderr] 254 | async fn brightness_up() -> Result<(), String> {
[INFO] [stderr]     |          ^^^^^^^^^^^^^
[INFO] [stderr] 
[INFO] [stderr] warning: function `brightness_down` is never used
[INFO] [stderr]    --> src/tests.rs:258:10
[INFO] [stderr]     |
[INFO] [stderr] 258 | async fn brightness_down() -> Result<(), String> {
[INFO] [stderr]     |          ^^^^^^^^^^^^^^^
[INFO] [stderr] 
[INFO] [stderr] warning: function `get_brightness` is never used
[INFO] [stderr]    --> src/tests.rs:262:10
[INFO] [stderr]     |
[INFO] [stderr] 262 | async fn get_brightness() -> Result<i32, String> {
[INFO] [stderr]     |          ^^^^^^^^^^^^^^
[INFO] [stderr] 
[INFO] [stderr] warning: function `set_brightness` is never used
[INFO] [stderr]    --> src/tests.rs:266:10
[INFO] [stderr]     |
[INFO] [stderr] 266 | async fn set_brightness(value: i32) -> Result<(), String> {
[INFO] [stderr]     |          ^^^^^^^^^^^^^^
[INFO] [stderr] 
[INFO] [stderr] warning: `gnome-dbus-api` (lib) generated 7 warnings (run `cargo fix --lib -p gnome-dbus-api` to apply 1 suggestion)
[INFO] [stderr] warning: `gnome-dbus-api` (lib test) generated 23 warnings (7 duplicates) (run `cargo fix --lib -p gnome-dbus-api --tests` to apply 8 suggestions)
[INFO] [stderr]     Finished `release` profile [optimized] target(s) in 0.20s
[INFO] [stderr]      Running unittests src/lib.rs (/opt/rustwide/target/release/deps/gnome_dbus_api-f1e09ec580a6f7d3)
[INFO] [stdout] 
[INFO] [stdout] running 30 tests
[INFO] [stdout] test tests::get_battery_display ... FAILED
[INFO] [stdout] test tests::get_devices_battery ... FAILED
[INFO] [stdout] test tests::enable_extension ... FAILED
[INFO] [stdout] test tests::get_nightlight_active ... FAILED
[INFO] [stdout] test tests::reset_show_battery_percentage ... ok
[INFO] [stdout] test tests::reset_locate_pointer ... ok
[INFO] [stdout] test tests::get_temperature ... FAILED
[INFO] [stdout] test tests::reset_keyboard_repeat_interval ... ok
[INFO] [stdout] test tests::reset_keyboard_press_delay ... ok
[INFO] [stdout] test tests::launch_extension_preferences ... FAILED
[INFO] [stdout] test tests::disable_extension ... FAILED
[INFO] [stdout] test tests::get_extensions ... FAILED
[INFO] [stdout] test tests::set_power_profile ... FAILED
[INFO] [stdout] test tests::reset_cursor_size ... ok
[INFO] [stdout] test tests::reset_temperature ... FAILED
[INFO] [stdout] test tests::uninstall_extension ... FAILED
[INFO] [stdout] test tests::set_touchpad_tap_to_click ... FAILED
[INFO] [stdout] test tests::set_nightlight_active ... FAILED
[INFO] [stdout] test tests::set_show_battery_percentage ... FAILED
[INFO] [stdout] test tests::reset_two_finger_scroll ... ok
[INFO] [stdout] test tests::set_keyboard_repeat_interval ... FAILED
[INFO] [stdout] test tests::get_all_apps ... FAILED
[INFO] [stdout] test tests::reset_touchpad_tap_to_click ... FAILED
[INFO] [stdout] test tests::set_mouse_natural_scroll ... FAILED
[INFO] [stdout] test tests::set_two_finger_scroll ... FAILED
[INFO] [stdout] test tests::set_cursor_size ... FAILED
[INFO] [stdout] test tests::set_locate_pointer ... FAILED
[INFO] [stdout] test tests::set_temperature ... FAILED
[INFO] [stdout] test tests::reset_mouse_natural_scroll ... ok
[INFO] [stdout] test tests::set_keyboard_press_delay ... FAILED
[INFO] [stdout] 
[INFO] [stdout] failures:
[INFO] [stdout] 
[INFO] [stdout] ---- tests::get_battery_display stdout ----
[INFO] [stdout] 
[INFO] [stdout] thread 'tests::get_battery_display' (3994) panicked at src/tests.rs:96:71:
[INFO] [stdout] called `Result::unwrap()` on an `Err` value: InputOutput(Os { code: 2, kind: NotFound, message: "No such file or directory" })
[INFO] [stdout] stack backtrace:
[INFO] [stdout]    0:     0x5f233082e731 - <<std[70759c8f55707aa4]::sys::backtrace::BacktraceLock>::print::DisplayBacktrace as core[df12db4294e9bfd3]::fmt::Display>::fmt
[INFO] [stdout]    1:     0x5f2330844b1a - core[df12db4294e9bfd3]::fmt::write
[INFO] [stdout]    2:     0x5f233083344c - <alloc[2182bb758b4b3781]::vec::Vec<u8> as core[df12db4294e9bfd3]::io::write::Write>::write_fmt
[INFO] [stdout]    3:     0x5f23308089b6 - std[70759c8f55707aa4]::panicking::default_hook::{closure#0}
[INFO] [stdout]    4:     0x5f2330825b49 - std[70759c8f55707aa4]::panicking::default_hook
[INFO] [stdout]    5:     0x5f233064bf90 - test[9d35eded1c95d3be]::test_main_inner::<test[9d35eded1c95d3be]::test_main_static::{closure#0}>::{closure#0}
[INFO] [stdout]    6:     0x5f2330825e72 - std[70759c8f55707aa4]::panicking::panic_with_hook
[INFO] [stdout]    7:     0x5f2330808a62 - std[70759c8f55707aa4]::panicking::panic_handler::{closure#0}
[INFO] [stdout]    8:     0x5f2330801579 - std[70759c8f55707aa4]::sys::backtrace::__rust_end_short_backtrace::<std[70759c8f55707aa4]::panicking::panic_handler::{closure#0}, !>
[INFO] [stdout]    9:     0x5f233080984d - __rustc[8fa7c3cbc660c2b3]::rust_begin_unwind
[INFO] [stdout]   10:     0x5f233084527c - core[df12db4294e9bfd3]::panicking::panic_fmt
[INFO] [stdout]   11:     0x5f2330845052 - core[df12db4294e9bfd3]::result::unwrap_failed
[INFO] [stdout]   12:     0x5f233054aa45 - gnome_dbus_api[ae780e2ca09ca897]::tests::get_battery_display::{closure#0}
[INFO] [stdout]   13:     0x5f2330615253 - <tokio[2134fe4b624c082]::runtime::scheduler::current_thread::Context>::enter::<core[df12db4294e9bfd3]::task::poll::Poll<()>, <tokio[2134fe4b624c082]::runtime::scheduler::current_thread::CoreGuard>::block_on<core[df12db4294e9bfd3]::pin::Pin<&mut core[df12db4294e9bfd3]::pin::Pin<&mut dyn core[df12db4294e9bfd3]::future::future::Future<Output = ()>>>>::{closure#0}::{closure#0}>
[INFO] [stdout]   14:     0x5f23305f929f - <std[70759c8f55707aa4]::thread::local::LocalKey<tokio[2134fe4b624c082]::runtime::context::Context>>::with::<tokio[2134fe4b624c082]::runtime::context::set_scheduler<(alloc[2182bb758b4b3781]::boxed::Box<tokio[2134fe4b624c082]::runtime::scheduler::current_thread::Core>, core[df12db4294e9bfd3]::option::Option<()>), <tokio[2134fe4b624c082]::runtime::scheduler::current_thread::CoreGuard>::enter<<tokio[2134fe4b624c082]::runtime::scheduler::current_thread::CoreGuard>::block_on<core[df12db4294e9bfd3]::pin::Pin<&mut core[df12db4294e9bfd3]::pin::Pin<&mut dyn core[df12db4294e9bfd3]::future::future::Future<Output = ()>>>>::{closure#0}, core[df12db4294e9bfd3]::option::Option<()>>::{closure#0}>::{closure#0}, (alloc[2182bb758b4b3781]::boxed::Box<tokio[2134fe4b624c082]::runtime::scheduler::current_thread::Core>, core[df12db4294e9bfd3]::option::Option<()>)>
[INFO] [stdout]   15:     0x5f2330615587 - <tokio[2134fe4b624c082]::runtime::scheduler::current_thread::CoreGuard>::block_on::<core[df12db4294e9bfd3]::pin::Pin<&mut core[df12db4294e9bfd3]::pin::Pin<&mut dyn core[df12db4294e9bfd3]::future::future::Future<Output = ()>>>>
[INFO] [stdout]   16:     0x5f23305e594a - tokio[2134fe4b624c082]::runtime::context::runtime::enter_runtime::<<tokio[2134fe4b624c082]::runtime::scheduler::current_thread::CurrentThread>::block_on<core[df12db4294e9bfd3]::pin::Pin<&mut dyn core[df12db4294e9bfd3]::future::future::Future<Output = ()>>>::{closure#0}, ()>
[INFO] [stdout]   17:     0x5f23305e9405 - <tokio[2134fe4b624c082]::runtime::runtime::Runtime>::block_on::<core[df12db4294e9bfd3]::pin::Pin<&mut dyn core[df12db4294e9bfd3]::future::future::Future<Output = ()>>>
[INFO] [stdout]   18:     0x5f2330550d2b - gnome_dbus_api[ae780e2ca09ca897]::tests::get_battery_display
[INFO] [stdout]   19:     0x5f2330603699 - <gnome_dbus_api[ae780e2ca09ca897]::tests::get_battery_display::{closure#0} as core[df12db4294e9bfd3]::ops::function::FnOnce<()>>::call_once
[INFO] [stdout]   20:     0x5f233063f27b - test[9d35eded1c95d3be]::__rust_begin_short_backtrace::<core[df12db4294e9bfd3]::result::Result<(), alloc[2182bb758b4b3781]::string::String>, fn() -> core[df12db4294e9bfd3]::result::Result<(), alloc[2182bb758b4b3781]::string::String>>
[INFO] [stdout]   21:     0x5f233064c8e5 - test[9d35eded1c95d3be]::run_test::{closure#0}
[INFO] [stdout]   22:     0x5f23306461a4 - std[70759c8f55707aa4]::sys::backtrace::__rust_begin_short_backtrace::<test[9d35eded1c95d3be]::run_test::{closure#1}, ()>
[INFO] [stdout]   23:     0x5f233064fa42 - <std[70759c8f55707aa4]::thread::lifecycle::spawn_unchecked<test[9d35eded1c95d3be]::run_test::{closure#1}, ()>::{closure#1} as core[df12db4294e9bfd3]::ops::function::FnOnce<()>>::call_once::{shim:vtable#0}
[INFO] [stdout]   24:     0x5f233082d199 - <std[70759c8f55707aa4]::sys::thread::unix::Thread>::new::thread_start
[INFO] [stdout]   25:     0x714606cffdfa - <unknown>
[INFO] [stdout]   26:     0x714606d933d4 - clone
[INFO] [stdout]   27:                0x0 - <unknown>
[INFO] [stdout] 
[INFO] [stdout] ---- tests::get_devices_battery stdout ----
[INFO] [stdout] 
[INFO] [stdout] thread 'tests::get_devices_battery' (3995) panicked at src/tests.rs:161:64:
[INFO] [stdout] called `Result::unwrap()` on an `Err` value: InputOutput(Os { code: 2, kind: NotFound, message: "No such file or directory" })
[INFO] [stdout] stack backtrace:
[INFO] [stdout]    0:     0x5f233082e731 - <<std[70759c8f55707aa4]::sys::backtrace::BacktraceLock>::print::DisplayBacktrace as core[df12db4294e9bfd3]::fmt::Display>::fmt
[INFO] [stdout]    1:     0x5f2330844b1a - core[df12db4294e9bfd3]::fmt::write
[INFO] [stdout]    2:     0x5f233083344c - <alloc[2182bb758b4b3781]::vec::Vec<u8> as core[df12db4294e9bfd3]::io::write::Write>::write_fmt
[INFO] [stdout]    3:     0x5f23308089b6 - std[70759c8f55707aa4]::panicking::default_hook::{closure#0}
[INFO] [stdout]    4:     0x5f2330825b49 - std[70759c8f55707aa4]::panicking::default_hook
[INFO] [stdout]    5:     0x5f233064bf90 - test[9d35eded1c95d3be]::test_main_inner::<test[9d35eded1c95d3be]::test_main_static::{closure#0}>::{closure#0}
[INFO] [stdout]    6:     0x5f2330825e72 - std[70759c8f55707aa4]::panicking::panic_with_hook
[INFO] [stdout]    7:     0x5f2330808a62 - std[70759c8f55707aa4]::panicking::panic_handler::{closure#0}
[INFO] [stdout]    8:     0x5f2330801579 - std[70759c8f55707aa4]::sys::backtrace::__rust_end_short_backtrace::<std[70759c8f55707aa4]::panicking::panic_handler::{closure#0}, !>
[INFO] [stdout]    9:     0x5f233080984d - __rustc[8fa7c3cbc660c2b3]::rust_begin_unwind
[INFO] [stdout]   10:     0x5f233084527c - core[df12db4294e9bfd3]::panicking::panic_fmt
[INFO] [stdout]   11:     0x5f2330845052 - core[df12db4294e9bfd3]::result::unwrap_failed
[INFO] [stdout]   12:     0x5f233054bff1 - gnome_dbus_api[ae780e2ca09ca897]::tests::get_devices_battery::{closure#0}
[INFO] [stdout]   13:     0x5f2330615253 - <tokio[2134fe4b624c082]::runtime::scheduler::current_thread::Context>::enter::<core[df12db4294e9bfd3]::task::poll::Poll<()>, <tokio[2134fe4b624c082]::runtime::scheduler::current_thread::CoreGuard>::block_on<core[df12db4294e9bfd3]::pin::Pin<&mut core[df12db4294e9bfd3]::pin::Pin<&mut dyn core[df12db4294e9bfd3]::future::future::Future<Output = ()>>>>::{closure#0}::{closure#0}>
[INFO] [stdout]   14:     0x5f23305f929f - <std[70759c8f55707aa4]::thread::local::LocalKey<tokio[2134fe4b624c082]::runtime::context::Context>>::with::<tokio[2134fe4b624c082]::runtime::context::set_scheduler<(alloc[2182bb758b4b3781]::boxed::Box<tokio[2134fe4b624c082]::runtime::scheduler::current_thread::Core>, core[df12db4294e9bfd3]::option::Option<()>), <tokio[2134fe4b624c082]::runtime::scheduler::current_thread::CoreGuard>::enter<<tokio[2134fe4b624c082]::runtime::scheduler::current_thread::CoreGuard>::block_on<core[df12db4294e9bfd3]::pin::Pin<&mut core[df12db4294e9bfd3]::pin::Pin<&mut dyn core[df12db4294e9bfd3]::future::future::Future<Output = ()>>>>::{closure#0}, core[df12db4294e9bfd3]::option::Option<()>>::{closure#0}>::{closure#0}, (alloc[2182bb758b4b3781]::boxed::Box<tokio[2134fe4b624c082]::runtime::scheduler::current_thread::Core>, core[df12db4294e9bfd3]::option::Option<()>)>
[INFO] [stdout]   15:     0x5f2330615587 - <tokio[2134fe4b624c082]::runtime::scheduler::current_thread::CoreGuard>::block_on::<core[df12db4294e9bfd3]::pin::Pin<&mut core[df12db4294e9bfd3]::pin::Pin<&mut dyn core[df12db4294e9bfd3]::future::future::Future<Output = ()>>>>
[INFO] [stdout]   16:     0x5f23305e594a - tokio[2134fe4b624c082]::runtime::context::runtime::enter_runtime::<<tokio[2134fe4b624c082]::runtime::scheduler::current_thread::CurrentThread>::block_on<core[df12db4294e9bfd3]::pin::Pin<&mut dyn core[df12db4294e9bfd3]::future::future::Future<Output = ()>>>::{closure#0}, ()>
[INFO] [stdout]   17:     0x5f23305e9405 - <tokio[2134fe4b624c082]::runtime::runtime::Runtime>::block_on::<core[df12db4294e9bfd3]::pin::Pin<&mut dyn core[df12db4294e9bfd3]::future::future::Future<Output = ()>>>
[INFO] [stdout]   18:     0x5f2330550e7b - gnome_dbus_api[ae780e2ca09ca897]::tests::get_devices_battery
[INFO] [stdout]   19:     0x5f23306036b9 - <gnome_dbus_api[ae780e2ca09ca897]::tests::get_devices_battery::{closure#0} as core[df12db4294e9bfd3]::ops::function::FnOnce<()>>::call_once
[INFO] [stdout]   20:     0x5f233063f27b - test[9d35eded1c95d3be]::__rust_begin_short_backtrace::<core[df12db4294e9bfd3]::result::Result<(), alloc[2182bb758b4b3781]::string::String>, fn() -> core[df12db4294e9bfd3]::result::Result<(), alloc[2182bb758b4b3781]::string::String>>
[INFO] [stdout]   21:     0x5f233064c8e5 - test[9d35eded1c95d3be]::run_test::{closure#0}
[INFO] [stdout]   22:     0x5f23306461a4 - std[70759c8f55707aa4]::sys::backtrace::__rust_begin_short_backtrace::<test[9d35eded1c95d3be]::run_test::{closure#1}, ()>
[INFO] [stdout]   23:     0x5f233064fa42 - <std[70759c8f55707aa4]::thread::lifecycle::spawn_unchecked<test[9d35eded1c95d3be]::run_test::{closure#1}, ()>::{closure#1} as core[df12db4294e9bfd3]::ops::function::FnOnce<()>>::call_once::{shim:vtable#0}
[INFO] [stdout]   24:     0x5f233082d199 - <std[70759c8f55707aa4]::sys::thread::unix::Thread>::new::thread_start
[INFO] [stdout]   25:     0x714606cffdfa - <unknown>
[INFO] [stdout]   26:     0x714606d933d4 - clone
[INFO] [stdout]   27:                0x0 - <unknown>
[INFO] [stdout] 
[INFO] [stdout] ---- tests::enable_extension stdout ----
[INFO] [stdout] 
[INFO] [stdout] thread 'tests::enable_extension' (3992) panicked at src/handlers.rs:514:58:
[INFO] [stdout] called `Result::unwrap()` on an `Err` value: InputOutput(Os { code: 2, kind: NotFound, message: "No such file or directory" })
[INFO] [stdout] stack backtrace:
[INFO] [stdout]    0:     0x5f233082e731 - <<std[70759c8f55707aa4]::sys::backtrace::BacktraceLock>::print::DisplayBacktrace as core[df12db4294e9bfd3]::fmt::Display>::fmt
[INFO] [stdout]    1:     0x5f2330844b1a - core[df12db4294e9bfd3]::fmt::write
[INFO] [stdout]    2:     0x5f233083344c - <alloc[2182bb758b4b3781]::vec::Vec<u8> as core[df12db4294e9bfd3]::io::write::Write>::write_fmt
[INFO] [stdout]    3:     0x5f23308089b6 - std[70759c8f55707aa4]::panicking::default_hook::{closure#0}
[INFO] [stdout]    4:     0x5f2330825b49 - std[70759c8f55707aa4]::panicking::default_hook
[INFO] [stdout]    5:     0x5f233064bf90 - test[9d35eded1c95d3be]::test_main_inner::<test[9d35eded1c95d3be]::test_main_static::{closure#0}>::{closure#0}
[INFO] [stdout]    6:     0x5f2330825e72 - std[70759c8f55707aa4]::panicking::panic_with_hook
[INFO] [stdout]    7:     0x5f2330808a62 - std[70759c8f55707aa4]::panicking::panic_handler::{closure#0}
[INFO] [stdout]    8:     0x5f2330801579 - std[70759c8f55707aa4]::sys::backtrace::__rust_end_short_backtrace::<std[70759c8f55707aa4]::panicking::panic_handler::{closure#0}, !>
[INFO] [stdout]    9:     0x5f233080984d - __rustc[8fa7c3cbc660c2b3]::rust_begin_unwind
[INFO] [stdout]   10:     0x5f233084527c - core[df12db4294e9bfd3]::panicking::panic_fmt
[INFO] [stdout]   11:     0x5f2330845052 - core[df12db4294e9bfd3]::result::unwrap_failed
[INFO] [stdout]   12:     0x5f233054f781 - gnome_dbus_api[ae780e2ca09ca897]::handlers::easy_gnome::extensions::get_extensions::{closure#0}
[INFO] [stdout]   13:     0x5f23305458d3 - gnome_dbus_api[ae780e2ca09ca897]::tests::enable_extension::{closure#0}
[INFO] [stdout]   14:     0x5f2330615253 - <tokio[2134fe4b624c082]::runtime::scheduler::current_thread::Context>::enter::<core[df12db4294e9bfd3]::task::poll::Poll<()>, <tokio[2134fe4b624c082]::runtime::scheduler::current_thread::CoreGuard>::block_on<core[df12db4294e9bfd3]::pin::Pin<&mut core[df12db4294e9bfd3]::pin::Pin<&mut dyn core[df12db4294e9bfd3]::future::future::Future<Output = ()>>>>::{closure#0}::{closure#0}>
[INFO] [stdout]   15:     0x5f23305f929f - <std[70759c8f55707aa4]::thread::local::LocalKey<tokio[2134fe4b624c082]::runtime::context::Context>>::with::<tokio[2134fe4b624c082]::runtime::context::set_scheduler<(alloc[2182bb758b4b3781]::boxed::Box<tokio[2134fe4b624c082]::runtime::scheduler::current_thread::Core>, core[df12db4294e9bfd3]::option::Option<()>), <tokio[2134fe4b624c082]::runtime::scheduler::current_thread::CoreGuard>::enter<<tokio[2134fe4b624c082]::runtime::scheduler::current_thread::CoreGuard>::block_on<core[df12db4294e9bfd3]::pin::Pin<&mut core[df12db4294e9bfd3]::pin::Pin<&mut dyn core[df12db4294e9bfd3]::future::future::Future<Output = ()>>>>::{closure#0}, core[df12db4294e9bfd3]::option::Option<()>>::{closure#0}>::{closure#0}, (alloc[2182bb758b4b3781]::boxed::Box<tokio[2134fe4b624c082]::runtime::scheduler::current_thread::Core>, core[df12db4294e9bfd3]::option::Option<()>)>
[INFO] [stdout]   16:     0x5f2330615587 - <tokio[2134fe4b624c082]::runtime::scheduler::current_thread::CoreGuard>::block_on::<core[df12db4294e9bfd3]::pin::Pin<&mut core[df12db4294e9bfd3]::pin::Pin<&mut dyn core[df12db4294e9bfd3]::future::future::Future<Output = ()>>>>
[INFO] [stdout]   17:     0x5f23305e594a - tokio[2134fe4b624c082]::runtime::context::runtime::enter_runtime::<<tokio[2134fe4b624c082]::runtime::scheduler::current_thread::CurrentThread>::block_on<core[df12db4294e9bfd3]::pin::Pin<&mut dyn core[df12db4294e9bfd3]::future::future::Future<Output = ()>>>::{closure#0}, ()>
[INFO] [stdout]   18:     0x5f23305e9405 - <tokio[2134fe4b624c082]::runtime::runtime::Runtime>::block_on::<core[df12db4294e9bfd3]::pin::Pin<&mut dyn core[df12db4294e9bfd3]::future::future::Future<Output = ()>>>
[INFO] [stdout]   19:     0x5f233055061b - gnome_dbus_api[ae780e2ca09ca897]::tests::enable_extension
[INFO] [stdout]   20:     0x5f23306035d9 - <gnome_dbus_api[ae780e2ca09ca897]::tests::enable_extension::{closure#0} as core[df12db4294e9bfd3]::ops::function::FnOnce<()>>::call_once
[INFO] [stdout]   21:     0x5f233063f27b - test[9d35eded1c95d3be]::__rust_begin_short_backtrace::<core[df12db4294e9bfd3]::result::Result<(), alloc[2182bb758b4b3781]::string::String>, fn() -> core[df12db4294e9bfd3]::result::Result<(), alloc[2182bb758b4b3781]::string::String>>
[INFO] [stdout]   22:     0x5f233064c8e5 - test[9d35eded1c95d3be]::run_test::{closure#0}
[INFO] [stdout]   23:     0x5f23306461a4 - std[70759c8f55707aa4]::sys::backtrace::__rust_begin_short_backtrace::<test[9d35eded1c95d3be]::run_test::{closure#1}, ()>
[INFO] [stdout]   24:     0x5f233064fa42 - <std[70759c8f55707aa4]::thread::lifecycle::spawn_unchecked<test[9d35eded1c95d3be]::run_test::{closure#1}, ()>::{closure#1} as core[df12db4294e9bfd3]::ops::function::FnOnce<()>>::call_once::{shim:vtable#0}
[INFO] [stdout]   25:     0x5f233082d199 - <std[70759c8f55707aa4]::sys::thread::unix::Thread>::new::thread_start
[INFO] [stdout]   26:     0x714606cffdfa - <unknown>
[INFO] [stdout]   27:     0x714606d933d4 - clone
[INFO] [stdout]   28:                0x0 - <unknown>
[INFO] [stdout] 
[INFO] [stdout] ---- tests::get_nightlight_active stdout ----
[INFO] [stdout] 
[INFO] [stdout] thread 'tests::get_nightlight_active' (3997) panicked at src/handlers.rs:303:14:
[INFO] [stdout] called `Result::unwrap()` on an `Err` value: ParseBoolError
[INFO] [stdout] stack backtrace:
[INFO] [stdout]    0:     0x5f233082e731 - <<std[70759c8f55707aa4]::sys::backtrace::BacktraceLock>::print::DisplayBacktrace as core[df12db4294e9bfd3]::fmt::Display>::fmt
[INFO] [stdout]    1:     0x5f2330844b1a - core[df12db4294e9bfd3]::fmt::write
[INFO] [stdout]    2:     0x5f233083344c - <alloc[2182bb758b4b3781]::vec::Vec<u8> as core[df12db4294e9bfd3]::io::write::Write>::write_fmt
[INFO] [stdout]    3:     0x5f23308089b6 - std[70759c8f55707aa4]::panicking::default_hook::{closure#0}
[INFO] [stdout]    4:     0x5f2330825b49 - std[70759c8f55707aa4]::panicking::default_hook
[INFO] [stdout]    5:     0x5f233064bf90 - test[9d35eded1c95d3be]::test_main_inner::<test[9d35eded1c95d3be]::test_main_static::{closure#0}>::{closure#0}
[INFO] [stdout]    6:     0x5f2330825e72 - std[70759c8f55707aa4]::panicking::panic_with_hook
[INFO] [stdout]    7:     0x5f2330808a62 - std[70759c8f55707aa4]::panicking::panic_handler::{closure#0}
[INFO] [stdout]    8:     0x5f2330801579 - std[70759c8f55707aa4]::sys::backtrace::__rust_end_short_backtrace::<std[70759c8f55707aa4]::panicking::panic_handler::{closure#0}, !>
[INFO] [stdout]    9:     0x5f233080984d - __rustc[8fa7c3cbc660c2b3]::rust_begin_unwind
[INFO] [stdout]   10:     0x5f233084527c - core[df12db4294e9bfd3]::panicking::panic_fmt
[INFO] [stdout]   11:     0x5f2330845052 - core[df12db4294e9bfd3]::result::unwrap_failed
[INFO] [stdout]   12:     0x5f2330618a0f - gnome_dbus_api[ae780e2ca09ca897]::handlers::easy_gnome::nightlight::get_nightlight_active
[INFO] [stdout]   13:     0x5f2330603729 - <gnome_dbus_api[ae780e2ca09ca897]::tests::get_nightlight_active::{closure#0} as core[df12db4294e9bfd3]::ops::function::FnOnce<()>>::call_once
[INFO] [stdout]   14:     0x5f233063f27b - test[9d35eded1c95d3be]::__rust_begin_short_backtrace::<core[df12db4294e9bfd3]::result::Result<(), alloc[2182bb758b4b3781]::string::String>, fn() -> core[df12db4294e9bfd3]::result::Result<(), alloc[2182bb758b4b3781]::string::String>>
[INFO] [stdout]   15:     0x5f233064c8e5 - test[9d35eded1c95d3be]::run_test::{closure#0}
[INFO] [stdout]   16:     0x5f23306461a4 - std[70759c8f55707aa4]::sys::backtrace::__rust_begin_short_backtrace::<test[9d35eded1c95d3be]::run_test::{closure#1}, ()>
[INFO] [stdout]   17:     0x5f233064fa42 - <std[70759c8f55707aa4]::thread::lifecycle::spawn_unchecked<test[9d35eded1c95d3be]::run_test::{closure#1}, ()>::{closure#1} as core[df12db4294e9bfd3]::ops::function::FnOnce<()>>::call_once::{shim:vtable#0}
[INFO] [stdout]   18:     0x5f233082d199 - <std[70759c8f55707aa4]::sys::thread::unix::Thread>::new::thread_start
[INFO] [stdout]   19:     0x714606cffdfa - <unknown>
[INFO] [stdout]   20:     0x714606d933d4 - clone
[INFO] [stdout]   21:                0x0 - <unknown>
[INFO] [stdout] 
[INFO] [stdout] ---- tests::get_temperature stdout ----
[INFO] [stdout] 
[INFO] [stdout] thread 'tests::get_temperature' (3998) panicked at src/handlers.rs:320:14:
[INFO] [stdout] called `Result::unwrap()` on an `Err` value: ParseIntError { kind: Empty }
[INFO] [stdout] stack backtrace:
[INFO] [stdout]    0:     0x5f233082e731 - <<std[70759c8f55707aa4]::sys::backtrace::BacktraceLock>::print::DisplayBacktrace as core[df12db4294e9bfd3]::fmt::Display>::fmt
[INFO] [stdout]    1:     0x5f2330844b1a - core[df12db4294e9bfd3]::fmt::write
[INFO] [stdout]    2:     0x5f233083344c - <alloc[2182bb758b4b3781]::vec::Vec<u8> as core[df12db4294e9bfd3]::io::write::Write>::write_fmt
[INFO] [stdout]    3:     0x5f23308089b6 - std[70759c8f55707aa4]::panicking::default_hook::{closure#0}
[INFO] [stdout]    4:     0x5f2330825b49 - std[70759c8f55707aa4]::panicking::default_hook
[INFO] [stdout]    5:     0x5f233064bf90 - test[9d35eded1c95d3be]::test_main_inner::<test[9d35eded1c95d3be]::test_main_static::{closure#0}>::{closure#0}
[INFO] [stdout]    6:     0x5f2330825e72 - std[70759c8f55707aa4]::panicking::panic_with_hook
[INFO] [stdout]    7:     0x5f2330808a62 - std[70759c8f55707aa4]::panicking::panic_handler::{closure#0}
[INFO] [stdout]    8:     0x5f2330801579 - std[70759c8f55707aa4]::sys::backtrace::__rust_end_short_backtrace::<std[70759c8f55707aa4]::panicking::panic_handler::{closure#0}, !>
[INFO] [stdout]    9:     0x5f233080984d - __rustc[8fa7c3cbc660c2b3]::rust_begin_unwind
[INFO] [stdout]   10:     0x5f233084527c - core[df12db4294e9bfd3]::panicking::panic_fmt
[INFO] [stdout]   11:     0x5f2330845052 - core[df12db4294e9bfd3]::result::unwrap_failed
[INFO] [stdout]   12:     0x5f2330618742 - gnome_dbus_api[ae780e2ca09ca897]::handlers::easy_gnome::nightlight::get_temperature
[INFO] [stdout]   13:     0x5f23306034ed - <gnome_dbus_api[ae780e2ca09ca897]::tests::get_temperature::{closure#0} as core[df12db4294e9bfd3]::ops::function::FnOnce<()>>::call_once
[INFO] [stdout]   14:     0x5f233063f27b - test[9d35eded1c95d3be]::__rust_begin_short_backtrace::<core[df12db4294e9bfd3]::result::Result<(), alloc[2182bb758b4b3781]::string::String>, fn() -> core[df12db4294e9bfd3]::result::Result<(), alloc[2182bb758b4b3781]::string::String>>
[INFO] [stdout]   15:     0x5f233064c8e5 - test[9d35eded1c95d3be]::run_test::{closure#0}
[INFO] [stdout]   16:     0x5f23306461a4 - std[70759c8f55707aa4]::sys::backtrace::__rust_begin_short_backtrace::<test[9d35eded1c95d3be]::run_test::{closure#1}, ()>
[INFO] [stdout]   17:     0x5f233064fa42 - <std[70759c8f55707aa4]::thread::lifecycle::spawn_unchecked<test[9d35eded1c95d3be]::run_test::{closure#1}, ()>::{closure#1} as core[df12db4294e9bfd3]::ops::function::FnOnce<()>>::call_once::{shim:vtable#0}
[INFO] [stdout]   18:     0x5f233082d199 - <std[70759c8f55707aa4]::sys::thread::unix::Thread>::new::thread_start
[INFO] [stdout]   19:     0x714606cffdfa - <unknown>
[INFO] [stdout]   20:     0x714606d933d4 - clone
[INFO] [stdout]   21:                0x0 - <unknown>
[INFO] [stdout] 
[INFO] [stdout] ---- tests::launch_extension_preferences stdout ----
[INFO] [stdout] 
[INFO] [stdout] thread 'tests::launch_extension_preferences' (3999) panicked at src/handlers.rs:514:58:
[INFO] [stdout] called `Result::unwrap()` on an `Err` value: InputOutput(Os { code: 2, kind: NotFound, message: "No such file or directory" })
[INFO] [stdout] stack backtrace:
[INFO] [stdout]    0:     0x5f233082e731 - <<std[70759c8f55707aa4]::sys::backtrace::BacktraceLock>::print::DisplayBacktrace as core[df12db4294e9bfd3]::fmt::Display>::fmt
[INFO] [stdout]    1:     0x5f2330844b1a - core[df12db4294e9bfd3]::fmt::write
[INFO] [stdout]    2:     0x5f233083344c - <alloc[2182bb758b4b3781]::vec::Vec<u8> as core[df12db4294e9bfd3]::io::write::Write>::write_fmt
[INFO] [stdout]    3:     0x5f23308089b6 - std[70759c8f55707aa4]::panicking::default_hook::{closure#0}
[INFO] [stdout]    4:     0x5f2330825b49 - std[70759c8f55707aa4]::panicking::default_hook
[INFO] [stdout]    5:     0x5f233064bf90 - test[9d35eded1c95d3be]::test_main_inner::<test[9d35eded1c95d3be]::test_main_static::{closure#0}>::{closure#0}
[INFO] [stdout]    6:     0x5f2330825e72 - std[70759c8f55707aa4]::panicking::panic_with_hook
[INFO] [stdout]    7:     0x5f2330808a62 - std[70759c8f55707aa4]::panicking::panic_handler::{closure#0}
[INFO] [stdout]    8:     0x5f2330801579 - std[70759c8f55707aa4]::sys::backtrace::__rust_end_short_backtrace::<std[70759c8f55707aa4]::panicking::panic_handler::{closure#0}, !>
[INFO] [stdout]    9:     0x5f233080984d - __rustc[8fa7c3cbc660c2b3]::rust_begin_unwind
[INFO] [stdout]   10:     0x5f233084527c - core[df12db4294e9bfd3]::panicking::panic_fmt
[INFO] [stdout]   11:     0x5f2330845052 - core[df12db4294e9bfd3]::result::unwrap_failed
[INFO] [stdout]   12:     0x5f233054f781 - gnome_dbus_api[ae780e2ca09ca897]::handlers::easy_gnome::extensions::get_extensions::{closure#0}
[INFO] [stdout]   13:     0x5f233054db06 - gnome_dbus_api[ae780e2ca09ca897]::tests::launch_extension_preferences::{closure#0}
[INFO] [stdout]   14:     0x5f2330615253 - <tokio[2134fe4b624c082]::runtime::scheduler::current_thread::Context>::enter::<core[df12db4294e9bfd3]::task::poll::Poll<()>, <tokio[2134fe4b624c082]::runtime::scheduler::current_thread::CoreGuard>::block_on<core[df12db4294e9bfd3]::pin::Pin<&mut core[df12db4294e9bfd3]::pin::Pin<&mut dyn core[df12db4294e9bfd3]::future::future::Future<Output = ()>>>>::{closure#0}::{closure#0}>
[INFO] [stdout]   15:     0x5f23305f929f - <std[70759c8f55707aa4]::thread::local::LocalKey<tokio[2134fe4b624c082]::runtime::context::Context>>::with::<tokio[2134fe4b624c082]::runtime::context::set_scheduler<(alloc[2182bb758b4b3781]::boxed::Box<tokio[2134fe4b624c082]::runtime::scheduler::current_thread::Core>, core[df12db4294e9bfd3]::option::Option<()>), <tokio[2134fe4b624c082]::runtime::scheduler::current_thread::CoreGuard>::enter<<tokio[2134fe4b624c082]::runtime::scheduler::current_thread::CoreGuard>::block_on<core[df12db4294e9bfd3]::pin::Pin<&mut core[df12db4294e9bfd3]::pin::Pin<&mut dyn core[df12db4294e9bfd3]::future::future::Future<Output = ()>>>>::{closure#0}, core[df12db4294e9bfd3]::option::Option<()>>::{closure#0}>::{closure#0}, (alloc[2182bb758b4b3781]::boxed::Box<tokio[2134fe4b624c082]::runtime::scheduler::current_thread::Core>, core[df12db4294e9bfd3]::option::Option<()>)>
[INFO] [stdout]   16:     0x5f2330615587 - <tokio[2134fe4b624c082]::runtime::scheduler::current_thread::CoreGuard>::block_on::<core[df12db4294e9bfd3]::pin::Pin<&mut core[df12db4294e9bfd3]::pin::Pin<&mut dyn core[df12db4294e9bfd3]::future::future::Future<Output = ()>>>>
[INFO] [stdout]   17:     0x5f23305e594a - tokio[2134fe4b624c082]::runtime::context::runtime::enter_runtime::<<tokio[2134fe4b624c082]::runtime::scheduler::current_thread::CurrentThread>::block_on<core[df12db4294e9bfd3]::pin::Pin<&mut dyn core[df12db4294e9bfd3]::future::future::Future<Output = ()>>>::{closure#0}, ()>
[INFO] [stdout]   18:     0x5f23305e9405 - <tokio[2134fe4b624c082]::runtime::runtime::Runtime>::block_on::<core[df12db4294e9bfd3]::pin::Pin<&mut dyn core[df12db4294e9bfd3]::future::future::Future<Output = ()>>>
[INFO] [stdout]   19:     0x5f2330551bab - gnome_dbus_api[ae780e2ca09ca897]::tests::launch_extension_preferences
[INFO] [stdout]   20:     0x5f23306038d9 - <gnome_dbus_api[ae780e2ca09ca897]::tests::launch_extension_preferences::{closure#0} as core[df12db4294e9bfd3]::ops::function::FnOnce<()>>::call_once
[INFO] [stdout]   21:     0x5f233063f27b - test[9d35eded1c95d3be]::__rust_begin_short_backtrace::<core[df12db4294e9bfd3]::result::Result<(), alloc[2182bb758b4b3781]::string::String>, fn() -> core[df12db4294e9bfd3]::result::Result<(), alloc[2182bb758b4b3781]::string::String>>
[INFO] [stdout]   22:     0x5f233064c8e5 - test[9d35eded1c95d3be]::run_test::{closure#0}
[INFO] [stdout]   23:     0x5f23306461a4 - std[70759c8f55707aa4]::sys::backtrace::__rust_begin_short_backtrace::<test[9d35eded1c95d3be]::run_test::{closure#1}, ()>
[INFO] [stdout]   24:     0x5f233064fa42 - <std[70759c8f55707aa4]::thread::lifecycle::spawn_unchecked<test[9d35eded1c95d3be]::run_test::{closure#1}, ()>::{closure#1} as core[df12db4294e9bfd3]::ops::function::FnOnce<()>>::call_once::{shim:vtable#0}
[INFO] [stdout]   25:     0x5f233082d199 - <std[70759c8f55707aa4]::sys::thread::unix::Thread>::new::thread_start
[INFO] [stdout]   26:     0x714606cffdfa - <unknown>
[INFO] [stdout]   27:     0x714606d933d4 - clone
[INFO] [stdout]   28:                0x0 - <unknown>
[INFO] [stdout] 
[INFO] [stdout] ---- tests::disable_extension stdout ----
[INFO] [stdout] 
[INFO] [stdout] thread 'tests::disable_extension' (3991) panicked at src/handlers.rs:514:58:
[INFO] [stdout] called `Result::unwrap()` on an `Err` value: InputOutput(Os { code: 2, kind: NotFound, message: "No such file or directory" })
[INFO] [stdout] stack backtrace:
[INFO] [stdout]    0:     0x5f233082e731 - <<std[70759c8f55707aa4]::sys::backtrace::BacktraceLock>::print::DisplayBacktrace as core[df12db4294e9bfd3]::fmt::Display>::fmt
[INFO] [stdout]    1:     0x5f2330844b1a - core[df12db4294e9bfd3]::fmt::write
[INFO] [stdout]    2:     0x5f233083344c - <alloc[2182bb758b4b3781]::vec::Vec<u8> as core[df12db4294e9bfd3]::io::write::Write>::write_fmt
[INFO] [stdout]    3:     0x5f23308089b6 - std[70759c8f55707aa4]::panicking::default_hook::{closure#0}
[INFO] [stdout]    4:     0x5f2330825b49 - std[70759c8f55707aa4]::panicking::default_hook
[INFO] [stdout]    5:     0x5f233064bf90 - test[9d35eded1c95d3be]::test_main_inner::<test[9d35eded1c95d3be]::test_main_static::{closure#0}>::{closure#0}
[INFO] [stdout]    6:     0x5f2330825e72 - std[70759c8f55707aa4]::panicking::panic_with_hook
[INFO] [stdout]    7:     0x5f2330808a62 - std[70759c8f55707aa4]::panicking::panic_handler::{closure#0}
[INFO] [stdout]    8:     0x5f2330801579 - std[70759c8f55707aa4]::sys::backtrace::__rust_end_short_backtrace::<std[70759c8f55707aa4]::panicking::panic_handler::{closure#0}, !>
[INFO] [stdout]    9:     0x5f233080984d - __rustc[8fa7c3cbc660c2b3]::rust_begin_unwind
[INFO] [stdout]   10:     0x5f233084527c - core[df12db4294e9bfd3]::panicking::panic_fmt
[INFO] [stdout]   11:     0x5f2330845052 - core[df12db4294e9bfd3]::result::unwrap_failed
[INFO] [stdout]   12:     0x5f233054f781 - gnome_dbus_api[ae780e2ca09ca897]::handlers::easy_gnome::extensions::get_extensions::{closure#0}
[INFO] [stdout]   13:     0x5f2330546123 - gnome_dbus_api[ae780e2ca09ca897]::tests::disable_extension::{closure#0}
[INFO] [stdout]   14:     0x5f2330615253 - <tokio[2134fe4b624c082]::runtime::scheduler::current_thread::Context>::enter::<core[df12db4294e9bfd3]::task::poll::Poll<()>, <tokio[2134fe4b624c082]::runtime::scheduler::current_thread::CoreGuard>::block_on<core[df12db4294e9bfd3]::pin::Pin<&mut core[df12db4294e9bfd3]::pin::Pin<&mut dyn core[df12db4294e9bfd3]::future::future::Future<Output = ()>>>>::{closure#0}::{closure#0}>
[INFO] [stdout]   15:     0x5f23305f929f - <std[70759c8f55707aa4]::thread::local::LocalKey<tokio[2134fe4b624c082]::runtime::context::Context>>::with::<tokio[2134fe4b624c082]::runtime::context::set_scheduler<(alloc[2182bb758b4b3781]::boxed::Box<tokio[2134fe4b624c082]::runtime::scheduler::current_thread::Core>, core[df12db4294e9bfd3]::option::Option<()>), <tokio[2134fe4b624c082]::runtime::scheduler::current_thread::CoreGuard>::enter<<tokio[2134fe4b624c082]::runtime::scheduler::current_thread::CoreGuard>::block_on<core[df12db4294e9bfd3]::pin::Pin<&mut core[df12db4294e9bfd3]::pin::Pin<&mut dyn core[df12db4294e9bfd3]::future::future::Future<Output = ()>>>>::{closure#0}, core[df12db4294e9bfd3]::option::Option<()>>::{closure#0}>::{closure#0}, (alloc[2182bb758b4b3781]::boxed::Box<tokio[2134fe4b624c082]::runtime::scheduler::current_thread::Core>, core[df12db4294e9bfd3]::option::Option<()>)>
[INFO] [stdout]   16:     0x5f2330615587 - <tokio[2134fe4b624c082]::runtime::scheduler::current_thread::CoreGuard>::block_on::<core[df12db4294e9bfd3]::pin::Pin<&mut core[df12db4294e9bfd3]::pin::Pin<&mut dyn core[df12db4294e9bfd3]::future::future::Future<Output = ()>>>>
[INFO] [stdout]   17:     0x5f23305e594a - tokio[2134fe4b624c082]::runtime::context::runtime::enter_runtime::<<tokio[2134fe4b624c082]::runtime::scheduler::current_thread::CurrentThread>::block_on<core[df12db4294e9bfd3]::pin::Pin<&mut dyn core[df12db4294e9bfd3]::future::future::Future<Output = ()>>>::{closure#0}, ()>
[INFO] [stdout]   18:     0x5f23305e9405 - <tokio[2134fe4b624c082]::runtime::runtime::Runtime>::block_on::<core[df12db4294e9bfd3]::pin::Pin<&mut dyn core[df12db4294e9bfd3]::future::future::Future<Output = ()>>>
[INFO] [stdout]   19:     0x5f233055076b - gnome_dbus_api[ae780e2ca09ca897]::tests::disable_extension
[INFO] [stdout]   20:     0x5f23306035f9 - <gnome_dbus_api[ae780e2ca09ca897]::tests::disable_extension::{closure#0} as core[df12db4294e9bfd3]::ops::function::FnOnce<()>>::call_once
[INFO] [stdout]   21:     0x5f233063f27b - test[9d35eded1c95d3be]::__rust_begin_short_backtrace::<core[df12db4294e9bfd3]::result::Result<(), alloc[2182bb758b4b3781]::string::String>, fn() -> core[df12db4294e9bfd3]::result::Result<(), alloc[2182bb758b4b3781]::string::String>>
[INFO] [stdout]   22:     0x5f233064c8e5 - test[9d35eded1c95d3be]::run_test::{closure#0}
[INFO] [stdout]   23:     0x5f23306461a4 - std[70759c8f55707aa4]::sys::backtrace::__rust_begin_short_backtrace::<test[9d35eded1c95d3be]::run_test::{closure#1}, ()>
[INFO] [stdout]   24:     0x5f233064fa42 - <std[70759c8f55707aa4]::thread::lifecycle::spawn_unchecked<test[9d35eded1c95d3be]::run_test::{closure#1}, ()>::{closure#1} as core[df12db4294e9bfd3]::ops::function::FnOnce<()>>::call_once::{shim:vtable#0}
[INFO] [stdout]   25:     0x5f233082d199 - <std[70759c8f55707aa4]::sys::thread::unix::Thread>::new::thread_start
[INFO] [stdout]   26:     0x714606cffdfa - <unknown>
[INFO] [stdout]   27:     0x714606d933d4 - clone
[INFO] [stdout]   28:                0x0 - <unknown>
[INFO] [stdout] 
[INFO] [stdout] ---- tests::get_extensions stdout ----
[INFO] [stdout] 
[INFO] [stdout] thread 'tests::get_extensions' (3996) panicked at src/handlers.rs:514:58:
[INFO] [stdout] called `Result::unwrap()` on an `Err` value: InputOutput(Os { code: 2, kind: NotFound, message: "No such file or directory" })
[INFO] [stdout] stack backtrace:
[INFO] [stdout]    0:     0x5f233082e731 - <<std[70759c8f55707aa4]::sys::backtrace::BacktraceLock>::print::DisplayBacktrace as core[df12db4294e9bfd3]::fmt::Display>::fmt
[INFO] [stdout]    1:     0x5f2330844b1a - core[df12db4294e9bfd3]::fmt::write
[INFO] [stdout]    2:     0x5f233083344c - <alloc[2182bb758b4b3781]::vec::Vec<u8> as core[df12db4294e9bfd3]::io::write::Write>::write_fmt
[INFO] [stdout]    3:     0x5f23308089b6 - std[70759c8f55707aa4]::panicking::default_hook::{closure#0}
[INFO] [stdout]    4:     0x5f2330825b49 - std[70759c8f55707aa4]::panicking::default_hook
[INFO] [stdout]    5:     0x5f233064bf90 - test[9d35eded1c95d3be]::test_main_inner::<test[9d35eded1c95d3be]::test_main_static::{closure#0}>::{closure#0}
[INFO] [stdout]    6:     0x5f2330825e72 - std[70759c8f55707aa4]::panicking::panic_with_hook
[INFO] [stdout]    7:     0x5f2330808a62 - std[70759c8f55707aa4]::panicking::panic_handler::{closure#0}
[INFO] [stdout]    8:     0x5f2330801579 - std[70759c8f55707aa4]::sys::backtrace::__rust_end_short_backtrace::<std[70759c8f55707aa4]::panicking::panic_handler::{closure#0}, !>
[INFO] [stdout]    9:     0x5f233080984d - __rustc[8fa7c3cbc660c2b3]::rust_begin_unwind
[INFO] [stdout]   10:     0x5f233084527c - core[df12db4294e9bfd3]::panicking::panic_fmt
[INFO] [stdout]   11:     0x5f2330845052 - core[df12db4294e9bfd3]::result::unwrap_failed
[INFO] [stdout]   12:     0x5f233054f781 - gnome_dbus_api[ae780e2ca09ca897]::handlers::easy_gnome::extensions::get_extensions::{closure#0}
[INFO] [stdout]   13:     0x5f23305456ea - gnome_dbus_api[ae780e2ca09ca897]::tests::get_extensions::{closure#0}
[INFO] [stdout]   14:     0x5f2330615253 - <tokio[2134fe4b624c082]::runtime::scheduler::current_thread::Context>::enter::<core[df12db4294e9bfd3]::task::poll::Poll<()>, <tokio[2134fe4b624c082]::runtime::scheduler::current_thread::CoreGuard>::block_on<core[df12db4294e9bfd3]::pin::Pin<&mut core[df12db4294e9bfd3]::pin::Pin<&mut dyn core[df12db4294e9bfd3]::future::future::Future<Output = ()>>>>::{closure#0}::{closure#0}>
[INFO] [stdout]   15:     0x5f23305f929f - <std[70759c8f55707aa4]::thread::local::LocalKey<tokio[2134fe4b624c082]::runtime::context::Context>>::with::<tokio[2134fe4b624c082]::runtime::context::set_scheduler<(alloc[2182bb758b4b3781]::boxed::Box<tokio[2134fe4b624c082]::runtime::scheduler::current_thread::Core>, core[df12db4294e9bfd3]::option::Option<()>), <tokio[2134fe4b624c082]::runtime::scheduler::current_thread::CoreGuard>::enter<<tokio[2134fe4b624c082]::runtime::scheduler::current_thread::CoreGuard>::block_on<core[df12db4294e9bfd3]::pin::Pin<&mut core[df12db4294e9bfd3]::pin::Pin<&mut dyn core[df12db4294e9bfd3]::future::future::Future<Output = ()>>>>::{closure#0}, core[df12db4294e9bfd3]::option::Option<()>>::{closure#0}>::{closure#0}, (alloc[2182bb758b4b3781]::boxed::Box<tokio[2134fe4b624c082]::runtime::scheduler::current_thread::Core>, core[df12db4294e9bfd3]::option::Option<()>)>
[INFO] [stdout]   16:     0x5f2330615587 - <tokio[2134fe4b624c082]::runtime::scheduler::current_thread::CoreGuard>::block_on::<core[df12db4294e9bfd3]::pin::Pin<&mut core[df12db4294e9bfd3]::pin::Pin<&mut dyn core[df12db4294e9bfd3]::future::future::Future<Output = ()>>>>
[INFO] [stdout]   17:     0x5f23305e594a - tokio[2134fe4b624c082]::runtime::context::runtime::enter_runtime::<<tokio[2134fe4b624c082]::runtime::scheduler::current_thread::CurrentThread>::block_on<core[df12db4294e9bfd3]::pin::Pin<&mut dyn core[df12db4294e9bfd3]::future::future::Future<Output = ()>>>::{closure#0}, ()>
[INFO] [stdout]   18:     0x5f23305e9405 - <tokio[2134fe4b624c082]::runtime::runtime::Runtime>::block_on::<core[df12db4294e9bfd3]::pin::Pin<&mut dyn core[df12db4294e9bfd3]::future::future::Future<Output = ()>>>
[INFO] [stdout]   19:     0x5f23305503ab - gnome_dbus_api[ae780e2ca09ca897]::tests::get_extensions
[INFO] [stdout]   20:     0x5f23306034c9 - <gnome_dbus_api[ae780e2ca09ca897]::tests::get_extensions::{closure#0} as core[df12db4294e9bfd3]::ops::function::FnOnce<()>>::call_once
[INFO] [stdout]   21:     0x5f233063f27b - test[9d35eded1c95d3be]::__rust_begin_short_backtrace::<core[df12db4294e9bfd3]::result::Result<(), alloc[2182bb758b4b3781]::string::String>, fn() -> core[df12db4294e9bfd3]::result::Result<(), alloc[2182bb758b4b3781]::string::String>>
[INFO] [stdout]   22:     0x5f233064c8e5 - test[9d35eded1c95d3be]::run_test::{closure#0}
[INFO] [stdout]   23:     0x5f23306461a4 - std[70759c8f55707aa4]::sys::backtrace::__rust_begin_short_backtrace::<test[9d35eded1c95d3be]::run_test::{closure#1}, ()>
[INFO] [stdout]   24:     0x5f233064fa42 - <std[70759c8f55707aa4]::thread::lifecycle::spawn_unchecked<test[9d35eded1c95d3be]::run_test::{closure#1}, ()>::{closure#1} as core[df12db4294e9bfd3]::ops::function::FnOnce<()>>::call_once::{shim:vtable#0}
[INFO] [stdout]   25:     0x5f233082d199 - <std[70759c8f55707aa4]::sys::thread::unix::Thread>::new::thread_start
[INFO] [stdout]   26:     0x714606cffdfa - <unknown>
[INFO] [stdout]   27:     0x714606d933d4 - clone
[INFO] [stdout]   28:                0x0 - <unknown>
[INFO] [stdout] 
[INFO] [stdout] ---- tests::set_power_profile stdout ----
[INFO] [stdout] 
[INFO] [stdout] thread 'tests::set_power_profile' (4059) panicked at src/handlers.rs:230:57:
[INFO] [stdout] called `Result::unwrap()` on an `Err` value: InputOutput(Os { code: 2, kind: NotFound, message: "No such file or directory" })
[INFO] [stdout] stack backtrace:
[INFO] [stdout]    0:     0x5f233082e731 - <<std[70759c8f55707aa4]::sys::backtrace::BacktraceLock>::print::DisplayBacktrace as core[df12db4294e9bfd3]::fmt::Display>::fmt
[INFO] [stdout]    1:     0x5f2330844b1a - core[df12db4294e9bfd3]::fmt::write
[INFO] [stdout]    2:     0x5f233083344c - <alloc[2182bb758b4b3781]::vec::Vec<u8> as core[df12db4294e9bfd3]::io::write::Write>::write_fmt
[INFO] [stdout]    3:     0x5f23308089b6 - std[70759c8f55707aa4]::panicking::default_hook::{closure#0}
[INFO] [stdout]    4:     0x5f2330825b49 - std[70759c8f55707aa4]::panicking::default_hook
[INFO] [stdout]    5:     0x5f233064bf90 - test[9d35eded1c95d3be]::test_main_inner::<test[9d35eded1c95d3be]::test_main_static::{closure#0}>::{closure#0}
[INFO] [stdout]    6:     0x5f2330825e72 - std[70759c8f55707aa4]::panicking::panic_with_hook
[INFO] [stdout]    7:     0x5f2330808a62 - std[70759c8f55707aa4]::panicking::panic_handler::{closure#0}
[INFO] [stdout]    8:     0x5f2330801579 - std[70759c8f55707aa4]::sys::backtrace::__rust_end_short_backtrace::<std[70759c8f55707aa4]::panicking::panic_handler::{closure#0}, !>
[INFO] [stdout]    9:     0x5f233080984d - __rustc[8fa7c3cbc660c2b3]::rust_begin_unwind
[INFO] [stdout]   10:     0x5f233084527c - core[df12db4294e9bfd3]::panicking::panic_fmt
[INFO] [stdout]   11:     0x5f2330845052 - core[df12db4294e9bfd3]::result::unwrap_failed
[INFO] [stdout]   12:     0x5f23305487ce - gnome_dbus_api[ae780e2ca09ca897]::tests::set_power_profile::{closure#0}
[INFO] [stdout]   13:     0x5f2330615253 - <tokio[2134fe4b624c082]::runtime::scheduler::current_thread::Context>::enter::<core[df12db4294e9bfd3]::task::poll::Poll<()>, <tokio[2134fe4b624c082]::runtime::scheduler::current_thread::CoreGuard>::block_on<core[df12db4294e9bfd3]::pin::Pin<&mut core[df12db4294e9bfd3]::pin::Pin<&mut dyn core[df12db4294e9bfd3]::future::future::Future<Output = ()>>>>::{closure#0}::{closure#0}>
[INFO] [stdout]   14:     0x5f23305f929f - <std[70759c8f55707aa4]::thread::local::LocalKey<tokio[2134fe4b624c082]::runtime::context::Context>>::with::<tokio[2134fe4b624c082]::runtime::context::set_scheduler<(alloc[2182bb758b4b3781]::boxed::Box<tokio[2134fe4b624c082]::runtime::scheduler::current_thread::Core>, core[df12db4294e9bfd3]::option::Option<()>), <tokio[2134fe4b624c082]::runtime::scheduler::current_thread::CoreGuard>::enter<<tokio[2134fe4b624c082]::runtime::scheduler::current_thread::CoreGuard>::block_on<core[df12db4294e9bfd3]::pin::Pin<&mut core[df12db4294e9bfd3]::pin::Pin<&mut dyn core[df12db4294e9bfd3]::future::future::Future<Output = ()>>>>::{closure#0}, core[df12db4294e9bfd3]::option::Option<()>>::{closure#0}>::{closure#0}, (alloc[2182bb758b4b3781]::boxed::Box<tokio[2134fe4b624c082]::runtime::scheduler::current_thread::Core>, core[df12db4294e9bfd3]::option::Option<()>)>
[INFO] [stdout]   15:     0x5f2330615587 - <tokio[2134fe4b624c082]::runtime::scheduler::current_thread::CoreGuard>::block_on::<core[df12db4294e9bfd3]::pin::Pin<&mut core[df12db4294e9bfd3]::pin::Pin<&mut dyn core[df12db4294e9bfd3]::future::future::Future<Output = ()>>>>
[INFO] [stdout]   16:     0x5f23305e594a - tokio[2134fe4b624c082]::runtime::context::runtime::enter_runtime::<<tokio[2134fe4b624c082]::runtime::scheduler::current_thread::CurrentThread>::block_on<core[df12db4294e9bfd3]::pin::Pin<&mut dyn core[df12db4294e9bfd3]::future::future::Future<Output = ()>>>::{closure#0}, ()>
[INFO] [stdout]   17:     0x5f23305e9405 - <tokio[2134fe4b624c082]::runtime::runtime::Runtime>::block_on::<core[df12db4294e9bfd3]::pin::Pin<&mut dyn core[df12db4294e9bfd3]::future::future::Future<Output = ()>>>
[INFO] [stdout]   18:     0x5f2330550aab - gnome_dbus_api[ae780e2ca09ca897]::tests::set_power_profile
[INFO] [stdout]   19:     0x5f2330603659 - <gnome_dbus_api[ae780e2ca09ca897]::tests::set_power_profile::{closure#0} as core[df12db4294e9bfd3]::ops::function::FnOnce<()>>::call_once
[INFO] [stdout]   20:     0x5f233063f27b - test[9d35eded1c95d3be]::__rust_begin_short_backtrace::<core[df12db4294e9bfd3]::result::Result<(), alloc[2182bb758b4b3781]::string::String>, fn() -> core[df12db4294e9bfd3]::result::Result<(), alloc[2182bb758b4b3781]::string::String>>
[INFO] [stdout]   21:     0x5f233064c8e5 - test[9d35eded1c95d3be]::run_test::{closure#0}
[INFO] [stdout]   22:     0x5f23306461a4 - std[70759c8f55707aa4]::sys::backtrace::__rust_begin_short_backtrace::<test[9d35eded1c95d3be]::run_test::{closure#1}, ()>
[INFO] [stdout]   23:     0x5f233064fa42 - <std[70759c8f55707aa4]::thread::lifecycle::spawn_unchecked<test[9d35eded1c95d3be]::run_test::{closure#1}, ()>::{closure#1} as core[df12db4294e9bfd3]::ops::function::FnOnce<()>>::call_once::{shim:vtable#0}
[INFO] [stdout]   24:     0x5f233082d199 - <std[70759c8f55707aa4]::sys::thread::unix::Thread>::new::thread_start
[INFO] [stdout]   25:     0x714606cffdfa - <unknown>
[INFO] [stdout]   26:     0x714606d933d4 - clone
[INFO] [stdout]   27:                0x0 - <unknown>
[INFO] [stdout] 
[INFO] [stdout] ---- tests::reset_temperature stdout ----
[INFO] [stdout] 
[INFO] [stdout] thread 'tests::reset_temperature' (4006) panicked at src/handlers.rs:320:14:
[INFO] [stdout] called `Result::unwrap()` on an `Err` value: ParseIntError { kind: Empty }
[INFO] [stdout] stack backtrace:
[INFO] [stdout]    0:     0x5f233082e731 - <<std[70759c8f55707aa4]::sys::backtrace::BacktraceLock>::print::DisplayBacktrace as core[df12db4294e9bfd3]::fmt::Display>::fmt
[INFO] [stdout]    1:     0x5f2330844b1a - core[df12db4294e9bfd3]::fmt::write
[INFO] [stdout]    2:     0x5f233083344c - <alloc[2182bb758b4b3781]::vec::Vec<u8> as core[df12db4294e9bfd3]::io::write::Write>::write_fmt
[INFO] [stdout]    3:     0x5f23308089b6 - std[70759c8f55707aa4]::panicking::default_hook::{closure#0}
[INFO] [stdout]    4:     0x5f2330825b49 - std[70759c8f55707aa4]::panicking::default_hook
[INFO] [stdout]    5:     0x5f233064bf90 - test[9d35eded1c95d3be]::test_main_inner::<test[9d35eded1c95d3be]::test_main_static::{closure#0}>::{closure#0}
[INFO] [stdout]    6:     0x5f2330825e72 - std[70759c8f55707aa4]::panicking::panic_with_hook
[INFO] [stdout]    7:     0x5f2330808a62 - std[70759c8f55707aa4]::panicking::panic_handler::{closure#0}
[INFO] [stdout]    8:     0x5f2330801579 - std[70759c8f55707aa4]::sys::backtrace::__rust_end_short_backtrace::<std[70759c8f55707aa4]::panicking::panic_handler::{closure#0}, !>
[INFO] [stdout]    9:     0x5f233080984d - __rustc[8fa7c3cbc660c2b3]::rust_begin_unwind
[INFO] [stdout]   10:     0x5f233084527c - core[df12db4294e9bfd3]::panicking::panic_fmt
[INFO] [stdout]   11:     0x5f2330845052 - core[df12db4294e9bfd3]::result::unwrap_failed
[INFO] [stdout]   12:     0x5f2330618742 - gnome_dbus_api[ae780e2ca09ca897]::handlers::easy_gnome::nightlight::get_temperature
[INFO] [stdout]   13:     0x5f233055097d - gnome_dbus_api[ae780e2ca09ca897]::tests::reset_temperature
[INFO] [stdout]   14:     0x5f2330603639 - <gnome_dbus_api[ae780e2ca09ca897]::tests::reset_temperature::{closure#0} as core[df12db4294e9bfd3]::ops::function::FnOnce<()>>::call_once
[INFO] [stdout]   15:     0x5f233063f27b - test[9d35eded1c95d3be]::__rust_begin_short_backtrace::<core[df12db4294e9bfd3]::result::Result<(), alloc[2182bb758b4b3781]::string::String>, fn() -> core[df12db4294e9bfd3]::result::Result<(), alloc[2182bb758b4b3781]::string::String>>
[INFO] [stdout]   16:     0x5f233064c8e5 - test[9d35eded1c95d3be]::run_test::{closure#0}
[INFO] [stdout]   17:     0x5f23306461a4 - std[70759c8f55707aa4]::sys::backtrace::__rust_begin_short_backtrace::<test[9d35eded1c95d3be]::run_test::{closure#1}, ()>
[INFO] [stdout]   18:     0x5f233064fa42 - <std[70759c8f55707aa4]::thread::lifecycle::spawn_unchecked<test[9d35eded1c95d3be]::run_test::{closure#1}, ()>::{closure#1} as core[df12db4294e9bfd3]::ops::function::FnOnce<()>>::call_once::{shim:vtable#0}
[INFO] [stdout]   19:     0x5f233082d199 - <std[70759c8f55707aa4]::sys::thread::unix::Thread>::new::thread_start
[INFO] [stdout]   20:     0x714606cffdfa - <unknown>
[INFO] [stdout]   21:     0x714606d933d4 - clone
[INFO] [stdout]   22:                0x0 - <unknown>
[INFO] [stdout] 
[INFO] [stdout] ---- tests::uninstall_extension stdout ----
[INFO] [stdout] 
[INFO] [stdout] thread 'tests::uninstall_extension' (4094) panicked at src/handlers.rs:514:58:
[INFO] [stdout] called `Result::unwrap()` on an `Err` value: InputOutput(Os { code: 2, kind: NotFound, message: "No such file or directory" })
[INFO] [stdout] stack backtrace:
[INFO] [stdout]    0:     0x5f233082e731 - <<std[70759c8f55707aa4]::sys::backtrace::BacktraceLock>::print::DisplayBacktrace as core[df12db4294e9bfd3]::fmt::Display>::fmt
[INFO] [stdout]    1:     0x5f2330844b1a - core[df12db4294e9bfd3]::fmt::write
[INFO] [stdout]    2:     0x5f233083344c - <alloc[2182bb758b4b3781]::vec::Vec<u8> as core[df12db4294e9bfd3]::io::write::Write>::write_fmt
[INFO] [stdout]    3:     0x5f23308089b6 - std[70759c8f55707aa4]::panicking::default_hook::{closure#0}
[INFO] [stdout]    4:     0x5f2330825b49 - std[70759c8f55707aa4]::panicking::default_hook
[INFO] [stdout]    5:     0x5f233064bf90 - test[9d35eded1c95d3be]::test_main_inner::<test[9d35eded1c95d3be]::test_main_static::{closure#0}>::{closure#0}
[INFO] [stdout]    6:     0x5f2330825e72 - std[70759c8f55707aa4]::panicking::panic_with_hook
[INFO] [stdout]    7:     0x5f2330808a62 - std[70759c8f55707aa4]::panicking::panic_handler::{closure#0}
[INFO] [stdout]    8:     0x5f2330801579 - std[70759c8f55707aa4]::sys::backtrace::__rust_end_short_backtrace::<std[70759c8f55707aa4]::panicking::panic_handler::{closure#0}, !>
[INFO] [stdout]    9:     0x5f233080984d - __rustc[8fa7c3cbc660c2b3]::rust_begin_unwind
[INFO] [stdout]   10:     0x5f233084527c - core[df12db4294e9bfd3]::panicking::panic_fmt
[INFO] [stdout]   11:     0x5f2330845052 - core[df12db4294e9bfd3]::result::unwrap_failed
[INFO] [stdout]   12:     0x5f233054f781 - gnome_dbus_api[ae780e2ca09ca897]::handlers::easy_gnome::extensions::get_extensions::{closure#0}
[INFO] [stdout]   13:     0x5f233054d2b3 - gnome_dbus_api[ae780e2ca09ca897]::tests::uninstall_extension::{closure#0}
[INFO] [stdout]   14:     0x5f2330615253 - <tokio[2134fe4b624c082]::runtime::scheduler::current_thread::Context>::enter::<core[df12db4294e9bfd3]::task::poll::Poll<()>, <tokio[2134fe4b624c082]::runtime::scheduler::current_thread::CoreGuard>::block_on<core[df12db4294e9bfd3]::pin::Pin<&mut core[df12db4294e9bfd3]::pin::Pin<&mut dyn core[df12db4294e9bfd3]::future::future::Future<Output = ()>>>>::{closure#0}::{closure#0}>
[INFO] [stdout]   15:     0x5f23305f929f - <std[70759c8f55707aa4]::thread::local::LocalKey<tokio[2134fe4b624c082]::runtime::context::Context>>::with::<tokio[2134fe4b624c082]::runtime::context::set_scheduler<(alloc[2182bb758b4b3781]::boxed::Box<tokio[2134fe4b624c082]::runtime::scheduler::current_thread::Core>, core[df12db4294e9bfd3]::option::Option<()>), <tokio[2134fe4b624c082]::runtime::scheduler::current_thread::CoreGuard>::enter<<tokio[2134fe4b624c082]::runtime::scheduler::current_thread::CoreGuard>::block_on<core[df12db4294e9bfd3]::pin::Pin<&mut core[df12db4294e9bfd3]::pin::Pin<&mut dyn core[df12db4294e9bfd3]::future::future::Future<Output = ()>>>>::{closure#0}, core[df12db4294e9bfd3]::option::Option<()>>::{closure#0}>::{closure#0}, (alloc[2182bb758b4b3781]::boxed::Box<tokio[2134fe4b624c082]::runtime::scheduler::current_thread::Core>, core[df12db4294e9bfd3]::option::Option<()>)>
[INFO] [stdout]   16:     0x5f2330615587 - <tokio[2134fe4b624c082]::runtime::scheduler::current_thread::CoreGuard>::block_on::<core[df12db4294e9bfd3]::pin::Pin<&mut core[df12db4294e9bfd3]::pin::Pin<&mut dyn core[df12db4294e9bfd3]::future::future::Future<Output = ()>>>>
[INFO] [stdout]   17:     0x5f23305e594a - tokio[2134fe4b624c082]::runtime::context::runtime::enter_runtime::<<tokio[2134fe4b624c082]::runtime::scheduler::current_thread::CurrentThread>::block_on<core[df12db4294e9bfd3]::pin::Pin<&mut dyn core[df12db4294e9bfd3]::future::future::Future<Output = ()>>>::{closure#0}, ()>
[INFO] [stdout]   18:     0x5f23305e9405 - <tokio[2134fe4b624c082]::runtime::runtime::Runtime>::block_on::<core[df12db4294e9bfd3]::pin::Pin<&mut dyn core[df12db4294e9bfd3]::future::future::Future<Output = ()>>>
[INFO] [stdout]   19:     0x5f2330550fcb - gnome_dbus_api[ae780e2ca09ca897]::tests::uninstall_extension
[INFO] [stdout]   20:     0x5f23306036d9 - <gnome_dbus_api[ae780e2ca09ca897]::tests::uninstall_extension::{closure#0} as core[df12db4294e9bfd3]::ops::function::FnOnce<()>>::call_once
[INFO] [stdout]   21:     0x5f233063f27b - test[9d35eded1c95d3be]::__rust_begin_short_backtrace::<core[df12db4294e9bfd3]::result::Result<(), alloc[2182bb758b4b3781]::string::String>, fn() -> core[df12db4294e9bfd3]::result::Result<(), alloc[2182bb758b4b3781]::string::String>>
[INFO] [stdout]   22:     0x5f233064c8e5 - test[9d35eded1c95d3be]::run_test::{closure#0}
[INFO] [stdout]   23:     0x5f23306461a4 - std[70759c8f55707aa4]::sys::backtrace::__rust_begin_short_backtrace::<test[9d35eded1c95d3be]::run_test::{closure#1}, ()>
[INFO] [stdout]   24:     0x5f233064fa42 - <std[70759c8f55707aa4]::thread::lifecycle::spawn_unchecked<test[9d35eded1c95d3be]::run_test::{closure#1}, ()>::{closure#1} as core[df12db4294e9bfd3]::ops::function::FnOnce<()>>::call_once::{shim:vtable#0}
[INFO] [stdout]   25:     0x5f233082d199 - <std[70759c8f55707aa4]::sys::thread::unix::Thread>::new::thread_start
[INFO] [stdout]   26:     0x714606cffdfa - <unknown>
[INFO] [stdout]   27:     0x714606d933d4 - clone
[INFO] [stdout]   28:                0x0 - <unknown>
[INFO] [stdout] 
[INFO] [stdout] ---- tests::set_touchpad_tap_to_click stdout ----
[INFO] [stdout] 
[INFO] [stdout] thread 'tests::set_touchpad_tap_to_click' (4069) panicked at src/tests.rs:194:5:
[INFO] [stdout] assertion `left == right` failed
[INFO] [stdout]   left: true
[INFO] [stdout]  right: false
[INFO] [stdout] stack backtrace:
[INFO] [stdout]    0:     0x5f233082e731 - <<std[70759c8f55707aa4]::sys::backtrace::BacktraceLock>::print::DisplayBacktrace as core[df12db4294e9bfd3]::fmt::Display>::fmt
[INFO] [stdout]    1:     0x5f2330844b1a - core[df12db4294e9bfd3]::fmt::write
[INFO] [stdout]    2:     0x5f233083344c - <alloc[2182bb758b4b3781]::vec::Vec<u8> as core[df12db4294e9bfd3]::io::write::Write>::write_fmt
[INFO] [stdout]    3:     0x5f23308089b6 - std[70759c8f55707aa4]::panicking::default_hook::{closure#0}
[INFO] [stdout]    4:     0x5f2330825b49 - std[70759c8f55707aa4]::panicking::default_hook
[INFO] [stdout]    5:     0x5f233064bf90 - test[9d35eded1c95d3be]::test_main_inner::<test[9d35eded1c95d3be]::test_main_static::{closure#0}>::{closure#0}
[INFO] [stdout]    6:     0x5f2330825e72 - std[70759c8f55707aa4]::panicking::panic_with_hook
[INFO] [stdout]    7:     0x5f2330808a62 - std[70759c8f55707aa4]::panicking::panic_handler::{closure#0}
[INFO] [stdout]    8:     0x5f2330801579 - std[70759c8f55707aa4]::sys::backtrace::__rust_end_short_backtrace::<std[70759c8f55707aa4]::panicking::panic_handler::{closure#0}, !>
[INFO] [stdout]    9:     0x5f233080984d - __rustc[8fa7c3cbc660c2b3]::rust_begin_unwind
[INFO] [stdout]   10:     0x5f233084527c - core[df12db4294e9bfd3]::panicking::panic_fmt
[INFO] [stdout]   11:     0x5f2330845193 - core[df12db4294e9bfd3]::panicking::assert_failed_inner
[INFO] [stdout]   12:     0x5f23305eb7ad - core[df12db4294e9bfd3]::panicking::assert_failed::<bool, bool>
[INFO] [stdout]   13:     0x5f2330551690 - gnome_dbus_api[ae780e2ca09ca897]::tests::set_touchpad_tap_to_click
[INFO] [stdout]   14:     0x5f2330603839 - <gnome_dbus_api[ae780e2ca09ca897]::tests::set_touchpad_tap_to_click::{closure#0} as core[df12db4294e9bfd3]::ops::function::FnOnce<()>>::call_once
[INFO] [stdout]   15:     0x5f233063f27b - test[9d35eded1c95d3be]::__rust_begin_short_backtrace::<core[df12db4294e9bfd3]::result::Result<(), alloc[2182bb758b4b3781]::string::String>, fn() -> core[df12db4294e9bfd3]::result::Result<(), alloc[2182bb758b4b3781]::string::String>>
[INFO] [stdout]   16:     0x5f233064c8e5 - test[9d35eded1c95d3be]::run_test::{closure#0}
[INFO] [stdout]   17:     0x5f23306461a4 - std[70759c8f55707aa4]::sys::backtrace::__rust_begin_short_backtrace::<test[9d35eded1c95d3be]::run_test::{closure#1}, ()>
[INFO] [stdout]   18:     0x5f233064fa42 - <std[70759c8f55707aa4]::thread::lifecycle::spawn_unchecked<test[9d35eded1c95d3be]::run_test::{closure#1}, ()>::{closure#1} as core[df12db4294e9bfd3]::ops::function::FnOnce<()>>::call_once::{shim:vtable#0}
[INFO] [stdout]   19:     0x5f233082d199 - <std[70759c8f55707aa4]::sys::thread::unix::Thread>::new::thread_start
[INFO] [stdout]   20:     0x714606cffdfa - <unknown>
[INFO] [stdout]   21:     0x714606d933d4 - clone
[INFO] [stdout]   22:                0x0 - <unknown>
[INFO] [stdout] 
[INFO] [stdout] ---- tests::set_nightlight_active stdout ----
[INFO] [stdout] 
[INFO] [stdout] thread 'tests::set_nightlight_active' (4058) panicked at src/handlers.rs:303:14:
[INFO] [stdout] called `Result::unwrap()` on an `Err` value: ParseBoolError
[INFO] [stdout] stack backtrace:
[INFO] [stdout]    0:     0x5f233082e731 - <<std[70759c8f55707aa4]::sys::backtrace::BacktraceLock>::print::DisplayBacktrace as core[df12db4294e9bfd3]::fmt::Display>::fmt
[INFO] [stdout]    1:     0x5f2330844b1a - core[df12db4294e9bfd3]::fmt::write
[INFO] [stdout]    2:     0x5f233083344c - <alloc[2182bb758b4b3781]::vec::Vec<u8> as core[df12db4294e9bfd3]::io::write::Write>::write_fmt
[INFO] [stdout]    3:     0x5f23308089b6 - std[70759c8f55707aa4]::panicking::default_hook::{closure#0}
[INFO] [stdout]    4:     0x5f2330825b49 - std[70759c8f55707aa4]::panicking::default_hook
[INFO] [stdout]    5:     0x5f233064bf90 - test[9d35eded1c95d3be]::test_main_inner::<test[9d35eded1c95d3be]::test_main_static::{closure#0}>::{closure#0}
[INFO] [stdout]    6:     0x5f2330825e72 - std[70759c8f55707aa4]::panicking::panic_with_hook
[INFO] [stdout]    7:     0x5f2330808a62 - std[70759c8f55707aa4]::panicking::panic_handler::{closure#0}
[INFO] [stdout]    8:     0x5f2330801579 - std[70759c8f55707aa4]::sys::backtrace::__rust_end_short_backtrace::<std[70759c8f55707aa4]::panicking::panic_handler::{closure#0}, !>
[INFO] [stdout]    9:     0x5f233080984d - __rustc[8fa7c3cbc660c2b3]::rust_begin_unwind
[INFO] [stdout]   10:     0x5f233084527c - core[df12db4294e9bfd3]::panicking::panic_fmt
[INFO] [stdout]   11:     0x5f2330845052 - core[df12db4294e9bfd3]::result::unwrap_failed
[INFO] [stdout]   12:     0x5f2330618a0f - gnome_dbus_api[ae780e2ca09ca897]::handlers::easy_gnome::nightlight::get_nightlight_active
[INFO] [stdout]   13:     0x5f233060377c - <gnome_dbus_api[ae780e2ca09ca897]::tests::set_nightlight_active::{closure#0} as core[df12db4294e9bfd3]::ops::function::FnOnce<()>>::call_once
[INFO] [stdout]   14:     0x5f233063f27b - test[9d35eded1c95d3be]::__rust_begin_short_backtrace::<core[df12db4294e9bfd3]::result::Result<(), alloc[2182bb758b4b3781]::string::String>, fn() -> core[df12db4294e9bfd3]::result::Result<(), alloc[2182bb758b4b3781]::string::String>>
[INFO] [stdout]   15:     0x5f233064c8e5 - test[9d35eded1c95d3be]::run_test::{closure#0}
[INFO] [stdout]   16:     0x5f23306461a4 - std[70759c8f55707aa4]::sys::backtrace::__rust_begin_short_backtrace::<test[9d35eded1c95d3be]::run_test::{closure#1}, ()>
[INFO] [stdout]   17:     0x5f233064fa42 - <std[70759c8f55707aa4]::thread::lifecycle::spawn_unchecked<test[9d35eded1c95d3be]::run_test::{closure#1}, ()>::{closure#1} as core[df12db4294e9bfd3]::ops::function::FnOnce<()>>::call_once::{shim:vtable#0}
[INFO] [stdout]   18:     0x5f233082d199 - <std[70759c8f55707aa4]::sys::thread::unix::Thread>::new::thread_start
[INFO] [stdout]   19:     0x714606cffdfa - <unknown>
[INFO] [stdout]   20:     0x714606d933d4 - clone
[INFO] [stdout]   21:                0x0 - <unknown>
[INFO] [stdout] 
[INFO] [stdout] ---- tests::set_show_battery_percentage stdout ----
[INFO] [stdout] 
[INFO] [stdout] thread 'tests::set_show_battery_percentage' (4060) panicked at src/tests.rs:120:5:
[INFO] [stdout] assertion `left == right` failed
[INFO] [stdout]   left: false
[INFO] [stdout]  right: true
[INFO] [stdout] stack backtrace:
[INFO] [stdout]    0:     0x5f233082e731 - <<std[70759c8f55707aa4]::sys::backtrace::BacktraceLock>::print::DisplayBacktrace as core[df12db4294e9bfd3]::fmt::Display>::fmt
[INFO] [stdout]    1:     0x5f2330844b1a - core[df12db4294e9bfd3]::fmt::write
[INFO] [stdout]    2:     0x5f233083344c - <alloc[2182bb758b4b3781]::vec::Vec<u8> as core[df12db4294e9bfd3]::io::write::Write>::write_fmt
[INFO] [stdout]    3:     0x5f23308089b6 - std[70759c8f55707aa4]::panicking::default_hook::{closure#0}
[INFO] [stdout]    4:     0x5f2330825b49 - std[70759c8f55707aa4]::panicking::default_hook
[INFO] [stdout]    5:     0x5f233064bf90 - test[9d35eded1c95d3be]::test_main_inner::<test[9d35eded1c95d3be]::test_main_static::{closure#0}>::{closure#0}
[INFO] [stdout]    6:     0x5f2330825e72 - std[70759c8f55707aa4]::panicking::panic_with_hook
[INFO] [stdout]    7:     0x5f2330808a62 - std[70759c8f55707aa4]::panicking::panic_handler::{closure#0}
[INFO] [stdout]    8:     0x5f2330801579 - std[70759c8f55707aa4]::sys::backtrace::__rust_end_short_backtrace::<std[70759c8f55707aa4]::panicking::panic_handler::{closure#0}, !>
[INFO] [stdout]    9:     0x5f233080984d - __rustc[8fa7c3cbc660c2b3]::rust_begin_unwind
[INFO] [stdout]   10:     0x5f233084527c - core[df12db4294e9bfd3]::panicking::panic_fmt
[INFO] [stdout]   11:     0x5f2330845193 - core[df12db4294e9bfd3]::panicking::assert_failed_inner
[INFO] [stdout]   12:     0x5f23305eb7ad - core[df12db4294e9bfd3]::panicking::assert_failed::<bool, bool>
[INFO] [stdout]   13:     0x5f2330551adf - gnome_dbus_api[ae780e2ca09ca897]::tests::set_show_battery_percentage
[INFO] [stdout]   14:     0x5f23306038b9 - <gnome_dbus_api[ae780e2ca09ca897]::tests::set_show_battery_percentage::{closure#0} as core[df12db4294e9bfd3]::ops::function::FnOnce<()>>::call_once
[INFO] [stdout]   15:     0x5f233063f27b - test[9d35eded1c95d3be]::__rust_begin_short_backtrace::<core[df12db4294e9bfd3]::result::Result<(), alloc[2182bb758b4b3781]::string::String>, fn() -> core[df12db4294e9bfd3]::result::Result<(), alloc[2182bb758b4b3781]::string::String>>
[INFO] [stdout]   16:     0x5f233064c8e5 - test[9d35eded1c95d3be]::run_test::{closure#0}
[INFO] [stdout]   17:     0x5f23306461a4 - std[70759c8f55707aa4]::sys::backtrace::__rust_begin_short_backtrace::<test[9d35eded1c95d3be]::run_test::{closure#1}, ()>
[INFO] [stdout]   18:     0x5f233064fa42 - <std[70759c8f55707aa4]::thread::lifecycle::spawn_unchecked<test[9d35eded1c95d3be]::run_test::{closure#1}, ()>::{closure#1} as core[df12db4294e9bfd3]::ops::function::FnOnce<()>>::call_once::{shim:vtable#0}
[INFO] [stdout]   19:     0x5f233082d199 - <std[70759c8f55707aa4]::sys::thread::unix::Thread>::new::thread_start
[INFO] [stdout]   20:     0x714606cffdfa - <unknown>
[INFO] [stdout]   21:     0x714606d933d4 - clone
[INFO] [stdout]   22:                0x0 - <unknown>
[INFO] [stdout] 
[INFO] [stdout] ---- tests::set_keyboard_repeat_interval stdout ----
[INFO] [stdout] 
[INFO] [stdout] thread 'tests::set_keyboard_repeat_interval' (4055) panicked at src/tests.rs:80:5:
[INFO] [stdout] assertion `left == right` failed
[INFO] [stdout]   left: 30
[INFO] [stdout]  right: 100
[INFO] [stdout] stack backtrace:
[INFO] [stdout]    0:     0x5f233082e731 - <<std[70759c8f55707aa4]::sys::backtrace::BacktraceLock>::print::DisplayBacktrace as core[df12db4294e9bfd3]::fmt::Display>::fmt
[INFO] [stdout]    1:     0x5f2330844b1a - core[df12db4294e9bfd3]::fmt::write
[INFO] [stdout]    2:     0x5f233083344c - <alloc[2182bb758b4b3781]::vec::Vec<u8> as core[df12db4294e9bfd3]::io::write::Write>::write_fmt
[INFO] [stdout]    3:     0x5f23308089b6 - std[70759c8f55707aa4]::panicking::default_hook::{closure#0}
[INFO] [stdout]    4:     0x5f2330825b49 - std[70759c8f55707aa4]::panicking::default_hook
[INFO] [stdout]    5:     0x5f233064bf90 - test[9d35eded1c95d3be]::test_main_inner::<test[9d35eded1c95d3be]::test_main_static::{closure#0}>::{closure#0}
[INFO] [stdout]    6:     0x5f2330825e72 - std[70759c8f55707aa4]::panicking::panic_with_hook
[INFO] [stdout]    7:     0x5f2330808a62 - std[70759c8f55707aa4]::panicking::panic_handler::{closure#0}
[INFO] [stdout]    8:     0x5f2330801579 - std[70759c8f55707aa4]::sys::backtrace::__rust_end_short_backtrace::<std[70759c8f55707aa4]::panicking::panic_handler::{closure#0}, !>
[INFO] [stdout]    9:     0x5f233080984d - __rustc[8fa7c3cbc660c2b3]::rust_begin_unwind
[INFO] [stdout]   10:     0x5f233084527c - core[df12db4294e9bfd3]::panicking::panic_fmt
[INFO] [stdout]   11:     0x5f2330845193 - core[df12db4294e9bfd3]::panicking::assert_failed_inner
[INFO] [stdout]   12:     0x5f2330800d7a - core[df12db4294e9bfd3]::panicking::assert_failed::<u32, u32>
[INFO] [stdout]   13:     0x5f2330551d43 - gnome_dbus_api[ae780e2ca09ca897]::tests::set_keyboard_repeat_interval
[INFO] [stdout]   14:     0x5f23306038f9 - <gnome_dbus_api[ae780e2ca09ca897]::tests::set_keyboard_repeat_interval::{closure#0} as core[df12db4294e9bfd3]::ops::function::FnOnce<()>>::call_once
[INFO] [stdout]   15:     0x5f233063f27b - test[9d35eded1c95d3be]::__rust_begin_short_backtrace::<core[df12db4294e9bfd3]::result::Result<(), alloc[2182bb758b4b3781]::string::String>, fn() -> core[df12db4294e9bfd3]::result::Result<(), alloc[2182bb758b4b3781]::string::String>>
[INFO] [stdout]   16:     0x5f233064c8e5 - test[9d35eded1c95d3be]::run_test::{closure#0}
[INFO] [stdout]   17:     0x5f23306461a4 - std[70759c8f55707aa4]::sys::backtrace::__rust_begin_short_backtrace::<test[9d35eded1c95d3be]::run_test::{closure#1}, ()>
[INFO] [stdout]   18:     0x5f233064fa42 - <std[70759c8f55707aa4]::thread::lifecycle::spawn_unchecked<test[9d35eded1c95d3be]::run_test::{closure#1}, ()>::{closure#1} as core[df12db4294e9bfd3]::ops::function::FnOnce<()>>::call_once::{shim:vtable#0}
[INFO] [stdout]   19:     0x5f233082d199 - <std[70759c8f55707aa4]::sys::thread::unix::Thread>::new::thread_start
[INFO] [stdout]   20:     0x714606cffdfa - <unknown>
[INFO] [stdout]   21:     0x714606d933d4 - clone
[INFO] [stdout]   22:                0x0 - <unknown>
[INFO] [stdout] 
[INFO] [stdout] ---- tests::get_all_apps stdout ----
[INFO] [stdout] 
[INFO] [stdout] thread 'tests::get_all_apps' (3993) panicked at src/tests.rs:12:17:
[INFO] [stdout] called `Result::unwrap()` on an `Err` value: BoolError { message: "Failed to initialize GTK", filename: "/opt/rustwide/cargo-home/registry/src/index.crates.io-1949cf8c6b5b557f/gtk-0.18.2/src/rt.rs", function: "gtk::rt::init", line: 141 }
[INFO] [stdout] stack backtrace:
[INFO] [stdout]    0:     0x5f233082e731 - <<std[70759c8f55707aa4]::sys::backtrace::BacktraceLock>::print::DisplayBacktrace as core[df12db4294e9bfd3]::fmt::Display>::fmt
[INFO] [stdout]    1:     0x5f2330844b1a - core[df12db4294e9bfd3]::fmt::write
[INFO] [stdout]    2:     0x5f233083344c - <alloc[2182bb758b4b3781]::vec::Vec<u8> as core[df12db4294e9bfd3]::io::write::Write>::write_fmt
[INFO] [stdout]    3:     0x5f23308089b6 - std[70759c8f55707aa4]::panicking::default_hook::{closure#0}
[INFO] [stdout]    4:     0x5f2330825b49 - std[70759c8f55707aa4]::panicking::default_hook
[INFO] [stdout]    5:     0x5f233064bf90 - test[9d35eded1c95d3be]::test_main_inner::<test[9d35eded1c95d3be]::test_main_static::{closure#0}>::{closure#0}
[INFO] [stdout]    6:     0x5f2330825e72 - std[70759c8f55707aa4]::panicking::panic_with_hook
[INFO] [stdout]    7:     0x5f2330808a62 - std[70759c8f55707aa4]::panicking::panic_handler::{closure#0}
[INFO] [stdout]    8:     0x5f2330801579 - std[70759c8f55707aa4]::sys::backtrace::__rust_end_short_backtrace::<std[70759c8f55707aa4]::panicking::panic_handler::{closure#0}, !>
[INFO] [stdout]    9:     0x5f233080984d - __rustc[8fa7c3cbc660c2b3]::rust_begin_unwind
[INFO] [stdout]   10:     0x5f233084527c - core[df12db4294e9bfd3]::panicking::panic_fmt
[INFO] [stdout]   11:     0x5f2330845052 - core[df12db4294e9bfd3]::result::unwrap_failed
[INFO] [stdout]   12:     0x5f2330550267 - gnome_dbus_api[ae780e2ca09ca897]::tests::get_all_apps
[INFO] [stdout]   13:     0x5f23306034a9 - <gnome_dbus_api[ae780e2ca09ca897]::tests::get_all_apps::{closure#0} as core[df12db4294e9bfd3]::ops::function::FnOnce<()>>::call_once
[INFO] [stdout]   14:     0x5f233063f27b - test[9d35eded1c95d3be]::__rust_begin_short_backtrace::<core[df12db4294e9bfd3]::result::Result<(), alloc[2182bb758b4b3781]::string::String>, fn() -> core[df12db4294e9bfd3]::result::Result<(), alloc[2182bb758b4b3781]::string::String>>
[INFO] [stdout]   15:     0x5f233064c8e5 - test[9d35eded1c95d3be]::run_test::{closure#0}
[INFO] [stdout]   16:     0x5f23306461a4 - std[70759c8f55707aa4]::sys::backtrace::__rust_begin_short_backtrace::<test[9d35eded1c95d3be]::run_test::{closure#1}, ()>
[INFO] [stdout]   17:     0x5f233064fa42 - <std[70759c8f55707aa4]::thread::lifecycle::spawn_unchecked<test[9d35eded1c95d3be]::run_test::{closure#1}, ()>::{closure#1} as core[df12db4294e9bfd3]::ops::function::FnOnce<()>>::call_once::{shim:vtable#0}
[INFO] [stdout]   18:     0x5f233082d199 - <std[70759c8f55707aa4]::sys::thread::unix::Thread>::new::thread_start
[INFO] [stdout]   19:     0x714606cffdfa - <unknown>
[INFO] [stdout]   20:     0x714606d933d4 - clone
[INFO] [stdout]   21:                0x0 - <unknown>
[INFO] [stdout] 
[INFO] [stdout] ---- tests::reset_touchpad_tap_to_click stdout ----
[INFO] [stdout] 
[INFO] [stdout] thread 'tests::reset_touchpad_tap_to_click' (4051) panicked at src/tests.rs:199:5:
[INFO] [stdout] assertion `left == right` failed
[INFO] [stdout]   left: true
[INFO] [stdout]  right: false
[INFO] [stdout] stack backtrace:
[INFO] [stdout]    0:     0x5f233082e731 - <<std[70759c8f55707aa4]::sys::backtrace::BacktraceLock>::print::DisplayBacktrace as core[df12db4294e9bfd3]::fmt::Display>::fmt
[INFO] [stdout]    1:     0x5f2330844b1a - core[df12db4294e9bfd3]::fmt::write
[INFO] [stdout]    2:     0x5f233083344c - <alloc[2182bb758b4b3781]::vec::Vec<u8> as core[df12db4294e9bfd3]::io::write::Write>::write_fmt
[INFO] [stdout]    3:     0x5f23308089b6 - std[70759c8f55707aa4]::panicking::default_hook::{closure#0}
[INFO] [stdout]    4:     0x5f2330825b49 - std[70759c8f55707aa4]::panicking::default_hook
[INFO] [stdout]    5:     0x5f233064bf90 - test[9d35eded1c95d3be]::test_main_inner::<test[9d35eded1c95d3be]::test_main_static::{closure#0}>::{closure#0}
[INFO] [stdout]    6:     0x5f2330825e72 - std[70759c8f55707aa4]::panicking::panic_with_hook
[INFO] [stdout]    7:     0x5f2330808a62 - std[70759c8f55707aa4]::panicking::panic_handler::{closure#0}
[INFO] [stdout]    8:     0x5f2330801579 - std[70759c8f55707aa4]::sys::backtrace::__rust_end_short_backtrace::<std[70759c8f55707aa4]::panicking::panic_handler::{closure#0}, !>
[INFO] [stdout]    9:     0x5f233080984d - __rustc[8fa7c3cbc660c2b3]::rust_begin_unwind
[INFO] [stdout]   10:     0x5f233084527c - core[df12db4294e9bfd3]::panicking::panic_fmt
[INFO] [stdout]   11:     0x5f2330845193 - core[df12db4294e9bfd3]::panicking::assert_failed_inner
[INFO] [stdout]   12:     0x5f23305eb7ad - core[df12db4294e9bfd3]::panicking::assert_failed::<bool, bool>
[INFO] [stdout]   13:     0x5f23305519d7 - gnome_dbus_api[ae780e2ca09ca897]::tests::reset_touchpad_tap_to_click
[INFO] [stdout]   14:     0x5f2330603899 - <gnome_dbus_api[ae780e2ca09ca897]::tests::reset_touchpad_tap_to_click::{closure#0} as core[df12db4294e9bfd3]::ops::function::FnOnce<()>>::call_once
[INFO] [stdout]   15:     0x5f233063f27b - test[9d35eded1c95d3be]::__rust_begin_short_backtrace::<core[df12db4294e9bfd3]::result::Result<(), alloc[2182bb758b4b3781]::string::String>, fn() -> core[df12db4294e9bfd3]::result::Result<(), alloc[2182bb758b4b3781]::string::String>>
[INFO] [stdout]   16:     0x5f233064c8e5 - test[9d35eded1c95d3be]::run_test::{closure#0}
[INFO] [stdout]   17:     0x5f23306461a4 - std[70759c8f55707aa4]::sys::backtrace::__rust_begin_short_backtrace::<test[9d35eded1c95d3be]::run_test::{closure#1}, ()>
[INFO] [stdout]   18:     0x5f233064fa42 - <std[70759c8f55707aa4]::thread::lifecycle::spawn_unchecked<test[9d35eded1c95d3be]::run_test::{closure#1}, ()>::{closure#1} as core[df12db4294e9bfd3]::ops::function::FnOnce<()>>::call_once::{shim:vtable#0}
[INFO] [stdout]   19:     0x5f233082d199 - <std[70759c8f55707aa4]::sys::thread::unix::Thread>::new::thread_start
[INFO] [stdout]   20:     0x714606cffdfa - <unknown>
[INFO] [stdout]   21:     0x714606d933d4 - clone
[INFO] [stdout]   22:                0x0 - <unknown>
[INFO] [stdout] 
[INFO] [stdout] ---- tests::set_mouse_natural_scroll stdout ----
[INFO] [stdout] 
[INFO] [stdout] thread 'tests::set_mouse_natural_scroll' (4057) panicked at src/tests.rs:184:5:
[INFO] [stdout] assertion `left == right` failed
[INFO] [stdout]   left: false
[INFO] [stdout]  right: true
[INFO] [stdout] stack backtrace:
[INFO] [stdout]    0:     0x5f233082e731 - <<std[70759c8f55707aa4]::sys::backtrace::BacktraceLock>::print::DisplayBacktrace as core[df12db4294e9bfd3]::fmt::Display>::fmt
[INFO] [stdout]    1:     0x5f2330844b1a - core[df12db4294e9bfd3]::fmt::write
[INFO] [stdout]    2:     0x5f233083344c - <alloc[2182bb758b4b3781]::vec::Vec<u8> as core[df12db4294e9bfd3]::io::write::Write>::write_fmt
[INFO] [stdout]    3:     0x5f23308089b6 - std[70759c8f55707aa4]::panicking::default_hook::{closure#0}
[INFO] [stdout]    4:     0x5f2330825b49 - std[70759c8f55707aa4]::panicking::default_hook
[INFO] [stdout]    5:     0x5f233064bf90 - test[9d35eded1c95d3be]::test_main_inner::<test[9d35eded1c95d3be]::test_main_static::{closure#0}>::{closure#0}
[INFO] [stdout]    6:     0x5f2330825e72 - std[70759c8f55707aa4]::panicking::panic_with_hook
[INFO] [stdout]    7:     0x5f2330808a62 - std[70759c8f55707aa4]::panicking::panic_handler::{closure#0}
[INFO] [stdout]    8:     0x5f2330801579 - std[70759c8f55707aa4]::sys::backtrace::__rust_end_short_backtrace::<std[70759c8f55707aa4]::panicking::panic_handler::{closure#0}, !>
[INFO] [stdout]    9:     0x5f233080984d - __rustc[8fa7c3cbc660c2b3]::rust_begin_unwind
[INFO] [stdout]   10:     0x5f233084527c - core[df12db4294e9bfd3]::panicking::panic_fmt
[INFO] [stdout]   11:     0x5f2330845193 - core[df12db4294e9bfd3]::panicking::assert_failed_inner
[INFO] [stdout]   12:     0x5f23305eb7ad - core[df12db4294e9bfd3]::panicking::assert_failed::<bool, bool>
[INFO] [stdout]   13:     0x5f2330551593 - gnome_dbus_api[ae780e2ca09ca897]::tests::set_mouse_natural_scroll
[INFO] [stdout]   14:     0x5f2330603819 - <gnome_dbus_api[ae780e2ca09ca897]::tests::set_mouse_natural_scroll::{closure#0} as core[df12db4294e9bfd3]::ops::function::FnOnce<()>>::call_once
[INFO] [stdout]   15:     0x5f233063f27b - test[9d35eded1c95d3be]::__rust_begin_short_backtrace::<core[df12db4294e9bfd3]::result::Result<(), alloc[2182bb758b4b3781]::string::String>, fn() -> core[df12db4294e9bfd3]::result::Result<(), alloc[2182bb758b4b3781]::string::String>>
[INFO] [stdout]   16:     0x5f233064c8e5 - test[9d35eded1c95d3be]::run_test::{closure#0}
[INFO] [stdout]   17:     0x5f23306461a4 - std[70759c8f55707aa4]::sys::backtrace::__rust_begin_short_backtrace::<test[9d35eded1c95d3be]::run_test::{closure#1}, ()>
[INFO] [stdout]   18:     0x5f233064fa42 - <std[70759c8f55707aa4]::thread::lifecycle::spawn_unchecked<test[9d35eded1c95d3be]::run_test::{closure#1}, ()>::{closure#1} as core[df12db4294e9bfd3]::ops::function::FnOnce<()>>::call_once::{shim:vtable#0}
[INFO] [stdout]   19:     0x5f233082d199 - <std[70759c8f55707aa4]::sys::thread::unix::Thread>::new::thread_start
[INFO] [stdout]   20:     0x714606cffdfa - <unknown>
[INFO] [stdout]   21:     0x714606d933d4 - clone
[INFO] [stdout]   22:                0x0 - <unknown>
[INFO] [stdout] 
[INFO] [stdout] ---- tests::set_two_finger_scroll stdout ----
[INFO] [stdout] 
[INFO] [stdout] thread 'tests::set_two_finger_scroll' (4093) panicked at src/tests.rs:204:5:
[INFO] [stdout] assertion `left == right` failed
[INFO] [stdout]   left: true
[INFO] [stdout]  right: false
[INFO] [stdout] stack backtrace:
[INFO] [stdout]    0:     0x5f233082e731 - <<std[70759c8f55707aa4]::sys::backtrace::BacktraceLock>::print::DisplayBacktrace as core[df12db4294e9bfd3]::fmt::Display>::fmt
[INFO] [stdout]    1:     0x5f2330844b1a - core[df12db4294e9bfd3]::fmt::write
[INFO] [stdout]    2:     0x5f233083344c - <alloc[2182bb758b4b3781]::vec::Vec<u8> as core[df12db4294e9bfd3]::io::write::Write>::write_fmt
[INFO] [stdout]    3:     0x5f23308089b6 - std[70759c8f55707aa4]::panicking::default_hook::{closure#0}
[INFO] [stdout]    4:     0x5f2330825b49 - std[70759c8f55707aa4]::panicking::default_hook
[INFO] [stdout]    5:     0x5f233064bf90 - test[9d35eded1c95d3be]::test_main_inner::<test[9d35eded1c95d3be]::test_main_static::{closure#0}>::{closure#0}
[INFO] [stdout]    6:     0x5f2330825e72 - std[70759c8f55707aa4]::panicking::panic_with_hook
[INFO] [stdout]    7:     0x5f2330808a62 - std[70759c8f55707aa4]::panicking::panic_handler::{closure#0}
[INFO] [stdout]    8:     0x5f2330801579 - std[70759c8f55707aa4]::sys::backtrace::__rust_end_short_backtrace::<std[70759c8f55707aa4]::panicking::panic_handler::{closure#0}, !>
[INFO] [stdout]    9:     0x5f233080984d - __rustc[8fa7c3cbc660c2b3]::rust_begin_unwind
[INFO] [stdout]   10:     0x5f233084527c - core[df12db4294e9bfd3]::panicking::panic_fmt
[INFO] [stdout]   11:     0x5f2330845193 - core[df12db4294e9bfd3]::panicking::assert_failed_inner
[INFO] [stdout]   12:     0x5f23305eb7ad - core[df12db4294e9bfd3]::panicking::assert_failed::<bool, bool>
[INFO] [stdout]   13:     0x5f2330551270 - gnome_dbus_api[ae780e2ca09ca897]::tests::set_two_finger_scroll
[INFO] [stdout]   14:     0x5f23306037b9 - <gnome_dbus_api[ae780e2ca09ca897]::tests::set_two_finger_scroll::{closure#0} as core[df12db4294e9bfd3]::ops::function::FnOnce<()>>::call_once
[INFO] [stdout]   15:     0x5f233063f27b - test[9d35eded1c95d3be]::__rust_begin_short_backtrace::<core[df12db4294e9bfd3]::result::Result<(), alloc[2182bb758b4b3781]::string::String>, fn() -> core[df12db4294e9bfd3]::result::Result<(), alloc[2182bb758b4b3781]::string::String>>
[INFO] [stdout]   16:     0x5f233064c8e5 - test[9d35eded1c95d3be]::run_test::{closure#0}
[INFO] [stdout]   17:     0x5f23306461a4 - std[70759c8f55707aa4]::sys::backtrace::__rust_begin_short_backtrace::<test[9d35eded1c95d3be]::run_test::{closure#1}, ()>
[INFO] [stdout]   18:     0x5f233064fa42 - <std[70759c8f55707aa4]::thread::lifecycle::spawn_unchecked<test[9d35eded1c95d3be]::run_test::{closure#1}, ()>::{closure#1} as core[df12db4294e9bfd3]::ops::function::FnOnce<()>>::call_once::{shim:vtable#0}
[INFO] [stdout]   19:     0x5f233082d199 - <std[70759c8f55707aa4]::sys::thread::unix::Thread>::new::thread_start
[INFO] [stdout]   20:     0x714606cffdfa - <unknown>
[INFO] [stdout]   21:     0x714606d933d4 - clone
[INFO] [stdout]   22:                0x0 - <unknown>
[INFO] [stdout] 
[INFO] [stdout] ---- tests::set_cursor_size stdout ----
[INFO] [stdout] 
[INFO] [stdout] thread 'tests::set_cursor_size' (4053) panicked at src/tests.rs:151:5:
[INFO] [stdout] assertion `left == right` failed
[INFO] [stdout]   left: 24
[INFO] [stdout]  right: 50
[INFO] [stdout] stack backtrace:
[INFO] [stdout]    0:     0x5f233082e731 - <<std[70759c8f55707aa4]::sys::backtrace::BacktraceLock>::print::DisplayBacktrace as core[df12db4294e9bfd3]::fmt::Display>::fmt
[INFO] [stdout]    1:     0x5f2330844b1a - core[df12db4294e9bfd3]::fmt::write
[INFO] [stdout]    2:     0x5f233083344c - <alloc[2182bb758b4b3781]::vec::Vec<u8> as core[df12db4294e9bfd3]::io::write::Write>::write_fmt
[INFO] [stdout]    3:     0x5f23308089b6 - std[70759c8f55707aa4]::panicking::default_hook::{closure#0}
[INFO] [stdout]    4:     0x5f2330825b49 - std[70759c8f55707aa4]::panicking::default_hook
[INFO] [stdout]    5:     0x5f233064bf90 - test[9d35eded1c95d3be]::test_main_inner::<test[9d35eded1c95d3be]::test_main_static::{closure#0}>::{closure#0}
[INFO] [stdout]    6:     0x5f2330825e72 - std[70759c8f55707aa4]::panicking::panic_with_hook
[INFO] [stdout]    7:     0x5f2330808a62 - std[70759c8f55707aa4]::panicking::panic_handler::{closure#0}
[INFO] [stdout]    8:     0x5f2330801579 - std[70759c8f55707aa4]::sys::backtrace::__rust_end_short_backtrace::<std[70759c8f55707aa4]::panicking::panic_handler::{closure#0}, !>
[INFO] [stdout]    9:     0x5f233080984d - __rustc[8fa7c3cbc660c2b3]::rust_begin_unwind
[INFO] [stdout]   10:     0x5f233084527c - core[df12db4294e9bfd3]::panicking::panic_fmt
[INFO] [stdout]   11:     0x5f2330845193 - core[df12db4294e9bfd3]::panicking::assert_failed_inner
[INFO] [stdout]   12:     0x5f2330800d7a - core[df12db4294e9bfd3]::panicking::assert_failed::<u32, u32>
[INFO] [stdout]   13:     0x5f2330550553 - gnome_dbus_api[ae780e2ca09ca897]::tests::set_cursor_size
[INFO] [stdout]   14:     0x5f2330603559 - <gnome_dbus_api[ae780e2ca09ca897]::tests::set_cursor_size::{closure#0} as core[df12db4294e9bfd3]::ops::function::FnOnce<()>>::call_once
[INFO] [stdout]   15:     0x5f233063f27b - test[9d35eded1c95d3be]::__rust_begin_short_backtrace::<core[df12db4294e9bfd3]::result::Result<(), alloc[2182bb758b4b3781]::string::String>, fn() -> core[df12db4294e9bfd3]::result::Result<(), alloc[2182bb758b4b3781]::string::String>>
[INFO] [stdout]   16:     0x5f233064c8e5 - test[9d35eded1c95d3be]::run_test::{closure#0}
[INFO] [stdout]   17:     0x5f23306461a4 - std[70759c8f55707aa4]::sys::backtrace::__rust_begin_short_backtrace::<test[9d35eded1c95d3be]::run_test::{closure#1}, ()>
[INFO] [stdout]   18:     0x5f233064fa42 - <std[70759c8f55707aa4]::thread::lifecycle::spawn_unchecked<test[9d35eded1c95d3be]::run_test::{closure#1}, ()>::{closure#1} as core[df12db4294e9bfd3]::ops::function::FnOnce<()>>::call_once::{shim:vtable#0}
[INFO] [stdout]   19:     0x5f233082d199 - <std[70759c8f55707aa4]::sys::thread::unix::Thread>::new::thread_start
[INFO] [stdout]   20:     0x714606cffdfa - <unknown>
[INFO] [stdout]   21:     0x714606d933d4 - clone
[INFO] [stdout]   22:                0x0 - <unknown>
[INFO] [stdout] 
[INFO] [stdout] ---- tests::set_locate_pointer stdout ----
[INFO] [stdout] 
[INFO] [stdout] thread 'tests::set_locate_pointer' (4056) panicked at src/tests.rs:138:5:
[INFO] [stdout] assertion `left == right` failed
[INFO] [stdout]   left: false
[INFO] [stdout]  right: true
[INFO] [stdout] stack backtrace:
[INFO] [stdout]    0:     0x5f233082e731 - <<std[70759c8f55707aa4]::sys::backtrace::BacktraceLock>::print::DisplayBacktrace as core[df12db4294e9bfd3]::fmt::Display>::fmt
[INFO] [stdout]    1:     0x5f2330844b1a - core[df12db4294e9bfd3]::fmt::write
[INFO] [stdout]    2:     0x5f233083344c - <alloc[2182bb758b4b3781]::vec::Vec<u8> as core[df12db4294e9bfd3]::io::write::Write>::write_fmt
[INFO] [stdout]    3:     0x5f23308089b6 - std[70759c8f55707aa4]::panicking::default_hook::{closure#0}
[INFO] [stdout]    4:     0x5f2330825b49 - std[70759c8f55707aa4]::panicking::default_hook
[INFO] [stdout]    5:     0x5f233064bf90 - test[9d35eded1c95d3be]::test_main_inner::<test[9d35eded1c95d3be]::test_main_static::{closure#0}>::{closure#0}
[INFO] [stdout]    6:     0x5f2330825e72 - std[70759c8f55707aa4]::panicking::panic_with_hook
[INFO] [stdout]    7:     0x5f2330808a62 - std[70759c8f55707aa4]::panicking::panic_handler::{closure#0}
[INFO] [stdout]    8:     0x5f2330801579 - std[70759c8f55707aa4]::sys::backtrace::__rust_end_short_backtrace::<std[70759c8f55707aa4]::panicking::panic_handler::{closure#0}, !>
[INFO] [stdout]    9:     0x5f233080984d - __rustc[8fa7c3cbc660c2b3]::rust_begin_unwind
[INFO] [stdout]   10:     0x5f233084527c - core[df12db4294e9bfd3]::panicking::panic_fmt
[INFO] [stdout]   11:     0x5f2330845193 - core[df12db4294e9bfd3]::panicking::assert_failed_inner
[INFO] [stdout]   12:     0x5f23305eb7ad - core[df12db4294e9bfd3]::panicking::assert_failed::<bool, bool>
[INFO] [stdout]   13:     0x5f2330550c5f - gnome_dbus_api[ae780e2ca09ca897]::tests::set_locate_pointer
[INFO] [stdout]   14:     0x5f2330603679 - <gnome_dbus_api[ae780e2ca09ca897]::tests::set_locate_pointer::{closure#0} as core[df12db4294e9bfd3]::ops::function::FnOnce<()>>::call_once
[INFO] [stdout]   15:     0x5f233063f27b - test[9d35eded1c95d3be]::__rust_begin_short_backtrace::<core[df12db4294e9bfd3]::result::Result<(), alloc[2182bb758b4b3781]::string::String>, fn() -> core[df12db4294e9bfd3]::result::Result<(), alloc[2182bb758b4b3781]::string::String>>
[INFO] [stdout]   16:     0x5f233064c8e5 - test[9d35eded1c95d3be]::run_test::{closure#0}
[INFO] [stdout]   17:     0x5f23306461a4 - std[70759c8f55707aa4]::sys::backtrace::__rust_begin_short_backtrace::<test[9d35eded1c95d3be]::run_test::{closure#1}, ()>
[INFO] [stdout]   18:     0x5f233064fa42 - <std[70759c8f55707aa4]::thread::lifecycle::spawn_unchecked<test[9d35eded1c95d3be]::run_test::{closure#1}, ()>::{closure#1} as core[df12db4294e9bfd3]::ops::function::FnOnce<()>>::call_once::{shim:vtable#0}
[INFO] [stdout]   19:     0x5f233082d199 - <std[70759c8f55707aa4]::sys::thread::unix::Thread>::new::thread_start
[INFO] [stdout]   20:     0x714606cffdfa - <unknown>
[INFO] [stdout]   21:     0x714606d933d4 - clone
[INFO] [stdout]   22:                0x0 - <unknown>
[INFO] [stdout] 
[INFO] [stdout] ---- tests::set_temperature stdout ----
[INFO] [stdout] 
[INFO] [stdout] thread 'tests::set_temperature' (4061) panicked at src/handlers.rs:320:14:
[INFO] [stdout] called `Result::unwrap()` on an `Err` value: ParseIntError { kind: Empty }
[INFO] [stdout] stack backtrace:
[INFO] [stdout]    0:     0x5f233082e731 - <<std[70759c8f55707aa4]::sys::backtrace::BacktraceLock>::print::DisplayBacktrace as core[df12db4294e9bfd3]::fmt::Display>::fmt
[INFO] [stdout]    1:     0x5f2330844b1a - core[df12db4294e9bfd3]::fmt::write
[INFO] [stdout]    2:     0x5f233083344c - <alloc[2182bb758b4b3781]::vec::Vec<u8> as core[df12db4294e9bfd3]::io::write::Write>::write_fmt
[INFO] [stdout]    3:     0x5f23308089b6 - std[70759c8f55707aa4]::panicking::default_hook::{closure#0}
[INFO] [stdout]    4:     0x5f2330825b49 - std[70759c8f55707aa4]::panicking::default_hook
[INFO] [stdout]    5:     0x5f233064bf90 - test[9d35eded1c95d3be]::test_main_inner::<test[9d35eded1c95d3be]::test_main_static::{closure#0}>::{closure#0}
[INFO] [stdout]    6:     0x5f2330825e72 - std[70759c8f55707aa4]::panicking::panic_with_hook
[INFO] [stdout]    7:     0x5f2330808a62 - std[70759c8f55707aa4]::panicking::panic_handler::{closure#0}
[INFO] [stdout]    8:     0x5f2330801579 - std[70759c8f55707aa4]::sys::backtrace::__rust_end_short_backtrace::<std[70759c8f55707aa4]::panicking::panic_handler::{closure#0}, !>
[INFO] [stdout]    9:     0x5f233080984d - __rustc[8fa7c3cbc660c2b3]::rust_begin_unwind
[INFO] [stdout]   10:     0x5f233084527c - core[df12db4294e9bfd3]::panicking::panic_fmt
[INFO] [stdout]   11:     0x5f2330845052 - core[df12db4294e9bfd3]::result::unwrap_failed
[INFO] [stdout]   12:     0x5f2330618742 - gnome_dbus_api[ae780e2ca09ca897]::handlers::easy_gnome::nightlight::get_temperature
[INFO] [stdout]   13:     0x5f233060358f - <gnome_dbus_api[ae780e2ca09ca897]::tests::set_temperature::{closure#0} as core[df12db4294e9bfd3]::ops::function::FnOnce<()>>::call_once
[INFO] [stdout]   14:     0x5f233063f27b - test[9d35eded1c95d3be]::__rust_begin_short_backtrace::<core[df12db4294e9bfd3]::result::Result<(), alloc[2182bb758b4b3781]::string::String>, fn() -> core[df12db4294e9bfd3]::result::Result<(), alloc[2182bb758b4b3781]::string::String>>
[INFO] [stdout]   15:     0x5f233064c8e5 - test[9d35eded1c95d3be]::run_test::{closure#0}
[INFO] [stdout]   16:     0x5f23306461a4 - std[70759c8f55707aa4]::sys::backtrace::__rust_begin_short_backtrace::<test[9d35eded1c95d3be]::run_test::{closure#1}, ()>
[INFO] [stdout]   17:     0x5f233064fa42 - <std[70759c8f55707aa4]::thread::lifecycle::spawn_unchecked<test[9d35eded1c95d3be]::run_test::{closure#1}, ()>::{closure#1} as core[df12db4294e9bfd3]::ops::function::FnOnce<()>>::call_once::{shim:vtable#0}
[INFO] [stdout]   18:     0x5f233082d199 - <std[70759c8f55707aa4]::sys::thread::unix::Thread>::new::thread_start
[INFO] [stdout]   19:     0x714606cffdfa - <unknown>
[INFO] [stdout]   20:     0x714606d933d4 - clone
[INFO] [stdout]   21:                0x0 - <unknown>
[INFO] [stdout] 
[INFO] [stdout] ---- tests::set_keyboard_press_delay stdout ----
[INFO] [stdout] 
[INFO] [stdout] thread 'tests::set_keyboard_press_delay' (4054) panicked at src/tests.rs:65:5:
[INFO] [stdout] assertion `left == right` failed
[INFO] [stdout]   left: 500
[INFO] [stdout]  right: 100
[INFO] [stdout] stack backtrace:
[INFO] [stdout]    0:     0x5f233082e731 - <<std[70759c8f55707aa4]::sys::backtrace::BacktraceLock>::print::DisplayBacktrace as core[df12db4294e9bfd3]::fmt::Display>::fmt
[INFO] [stdout]    1:     0x5f2330844b1a - core[df12db4294e9bfd3]::fmt::write
[INFO] [stdout]    2:     0x5f233083344c - <alloc[2182bb758b4b3781]::vec::Vec<u8> as core[df12db4294e9bfd3]::io::write::Write>::write_fmt
[INFO] [stdout]    3:     0x5f23308089b6 - std[70759c8f55707aa4]::panicking::default_hook::{closure#0}
[INFO] [stdout]    4:     0x5f2330825b49 - std[70759c8f55707aa4]::panicking::default_hook
[INFO] [stdout]    5:     0x5f233064bf90 - test[9d35eded1c95d3be]::test_main_inner::<test[9d35eded1c95d3be]::test_main_static::{closure#0}>::{closure#0}
[INFO] [stdout]    6:     0x5f2330825e72 - std[70759c8f55707aa4]::panicking::panic_with_hook
[INFO] [stdout]    7:     0x5f2330808a62 - std[70759c8f55707aa4]::panicking::panic_handler::{closure#0}
[INFO] [stdout]    8:     0x5f2330801579 - std[70759c8f55707aa4]::sys::backtrace::__rust_end_short_backtrace::<std[70759c8f55707aa4]::panicking::panic_handler::{closure#0}, !>
[INFO] [stdout]    9:     0x5f233080984d - __rustc[8fa7c3cbc660c2b3]::rust_begin_unwind
[INFO] [stdout]   10:     0x5f233084527c - core[df12db4294e9bfd3]::panicking::panic_fmt
[INFO] [stdout]   11:     0x5f2330845193 - core[df12db4294e9bfd3]::panicking::assert_failed_inner
[INFO] [stdout]   12:     0x5f2330800d7a - core[df12db4294e9bfd3]::panicking::assert_failed::<u32, u32>
[INFO] [stdout]   13:     0x5f2330551493 - gnome_dbus_api[ae780e2ca09ca897]::tests::set_keyboard_press_delay
[INFO] [stdout]   14:     0x5f23306037f9 - <gnome_dbus_api[ae780e2ca09ca897]::tests::set_keyboard_press_delay::{closure#0} as core[df12db4294e9bfd3]::ops::function::FnOnce<()>>::call_once
[INFO] [stdout]   15:     0x5f233063f27b - test[9d35eded1c95d3be]::__rust_begin_short_backtrace::<core[df12db4294e9bfd3]::result::Result<(), alloc[2182bb758b4b3781]::string::String>, fn() -> core[df12db4294e9bfd3]::result::Result<(), alloc[2182bb758b4b3781]::string::String>>
[INFO] [stdout]   16:     0x5f233064c8e5 - test[9d35eded1c95d3be]::run_test::{closure#0}
[INFO] [stdout]   17:     0x5f23306461a4 - std[70759c8f55707aa4]::sys::backtrace::__rust_begin_short_backtrace::<test[9d35eded1c95d3be]::run_test::{closure#1}, ()>
[INFO] [stdout]   18:     0x5f233064fa42 - <std[70759c8f55707aa4]::thread::lifecycle::spawn_unchecked<test[9d35eded1c95d3be]::run_test::{closure#1}, ()>::{closure#1} as core[df12db4294e9bfd3]::ops::function::FnOnce<()>>::call_once::{shim:vtable#0}
[INFO] [stdout]   19:     0x5f233082d199 - <std[70759c8f55707aa4]::sys::thread::unix::Thread>::new::thread_start
[INFO] [stdout]   20:     0x714606cffdfa - <unknown>
[INFO] [stdout]   21:     0x714606d933d4 - clone
[INFO] [stdout]   22:                0x0 - <unknown>
[INFO] [stdout] 
[INFO] [stdout] 
[INFO] [stdout] failures:
[INFO] [stdout]     tests::disable_extension
[INFO] [stdout]     tests::enable_extension
[INFO] [stdout]     tests::get_all_apps
[INFO] [stdout]     tests::get_battery_display
[INFO] [stdout]     tests::get_devices_battery
[INFO] [stdout]     tests::get_extensions
[INFO] [stdout]     tests::get_nightlight_active
[INFO] [stdout]     tests::get_temperature
[INFO] [stdout]     tests::launch_extension_preferences
[INFO] [stdout]     tests::reset_temperature
[INFO] [stdout]     tests::reset_touchpad_tap_to_click
[INFO] [stdout]     tests::set_cursor_size
[INFO] [stdout]     tests::set_keyboard_press_delay
[INFO] [stdout]     tests::set_keyboard_repeat_interval
[INFO] [stdout]     tests::set_locate_pointer
[INFO] [stdout]     tests::set_mouse_natural_scroll
[INFO] [stdout]     tests::set_nightlight_active
[INFO] [stdout]     tests::set_power_profile
[INFO] [stdout]     tests::set_show_battery_percentage
[INFO] [stdout]     tests::set_temperature
[INFO] [stdout]     tests::set_touchpad_tap_to_click
[INFO] [stdout]     tests::set_two_finger_scroll
[INFO] [stdout]     tests::uninstall_extension
[INFO] [stdout] 
[INFO] [stdout] test result: FAILED. 7 passed; 23 failed; 0 ignored; 0 measured; 0 filtered out; finished in 0.20s
[INFO] [stdout] 
[INFO] [stderr] error: test failed, to rerun pass `--lib`
[INFO] running `Command { std: "docker" "inspect" "6688b7949bbf0730209c264e1d6f1e14cb391451d2fc8ac3db99ddf3293df1e2", kill_on_drop: false }`
[INFO] running `Command { std: "docker" "rm" "-f" "6688b7949bbf0730209c264e1d6f1e14cb391451d2fc8ac3db99ddf3293df1e2", kill_on_drop: false }`
[INFO] [stdout] 6688b7949bbf0730209c264e1d6f1e14cb391451d2fc8ac3db99ddf3293df1e2
