[INFO] fetching crate gmo_coin 0.3.0...
[INFO] testing gmo_coin-0.3.0 against 1.99.0-beta.8+cargoflags=--release for beta-release-1.100-2
[INFO] extracting crate gmo_coin 0.3.0 into /workspace/builds/worker-0-tc1/source
[INFO] started tweaking crates.io crate gmo_coin 0.3.0
[INFO] removed 0 missing tests
[INFO] finished tweaking crates.io crate gmo_coin 0.3.0
[INFO] tweaked toml for crates.io crate gmo_coin 0.3.0 written to /workspace/builds/worker-0-tc1/source/Cargo.toml
[INFO] validating manifest of crates.io crate gmo_coin 0.3.0 on toolchain 1.99.0-beta.8
[INFO] running `Command { std: CARGO_HOME="/workspace/cargo-home" RUSTUP_HOME="/workspace/rustup-home" "/workspace/cargo-home/bin/cargo" "+1.99.0-beta.8" "metadata" "--manifest-path" "Cargo.toml" "--no-deps", kill_on_drop: false }`
[INFO] crate crates.io crate gmo_coin 0.3.0 already has a lockfile, it will not be regenerated
[INFO] running `Command { std: CARGO_HOME="/workspace/cargo-home" RUSTUP_HOME="/workspace/rustup-home" "/workspace/cargo-home/bin/cargo" "+1.99.0-beta.8" "fetch" "--manifest-path" "Cargo.toml", kill_on_drop: false }`
[INFO] [stderr]  Downloading crates ...
[INFO] [stderr]   Downloaded ureq v3.2.0
[INFO] [stderr]   Downloaded aws-lc-rs v1.15.4
[INFO] [stderr]   Downloaded aws-lc-sys v0.37.1
[INFO] running `Command { std: "docker" "create" "-v" "/var/lib/crater-agent-workspace/builds/worker-0-tc1/source:/opt/rustwide/workdir:ro,Z" "-v" "/var/lib/crater-agent-workspace/builds/worker-0-tc1/target:/opt/rustwide/target:rw,Z" "-v" "/var/lib/crater-agent-workspace/cargo-home:/opt/rustwide/cargo-home:ro,Z" "-v" "/var/lib/crater-agent-workspace/rustup-home:/opt/rustwide/rustup-home:ro,Z" "-m" "1610612736" "--network" "none" "ghcr.io/rust-lang/crates-build-env/linux@sha256:77db811e55d90add9212f6832c23229e3de5f1c1f9905e8cb07319ea15df73ac" "sleep" "infinity", kill_on_drop: false }`
[INFO] [stdout] e42a7a0238f9b6dbf926b535d772e910c93fc2dcc4294e4668f485210daeacfb
[INFO] running `Command { std: "docker" "start" "e42a7a0238f9b6dbf926b535d772e910c93fc2dcc4294e4668f485210daeacfb", kill_on_drop: false }`
[INFO] running `Command { std: "docker" "inspect" "e42a7a0238f9b6dbf926b535d772e910c93fc2dcc4294e4668f485210daeacfb", kill_on_drop: false }`
[INFO] running `Command { std: "docker" "exec" "-e" "SOURCE_DIR=/opt/rustwide/workdir" "-e" "CARGO_HOME=/opt/rustwide/cargo-home" "-e" "RUSTUP_HOME=/opt/rustwide/rustup-home" "-e" "CARGO_TARGET_DIR=/opt/rustwide/target" "-w" "/opt/rustwide/workdir" "--user" "0:0" "e42a7a0238f9b6dbf926b535d772e910c93fc2dcc4294e4668f485210daeacfb" "/opt/rustwide/cargo-home/bin/cargo" "+1.99.0-beta.8" "metadata" "--no-deps" "--format-version=1", kill_on_drop: false }`
[INFO] running `Command { std: "docker" "inspect" "e42a7a0238f9b6dbf926b535d772e910c93fc2dcc4294e4668f485210daeacfb", kill_on_drop: false }`
[INFO] running `Command { std: "docker" "exec" "-e" "SOURCE_DIR=/opt/rustwide/workdir" "-e" "CARGO_HOME=/opt/rustwide/cargo-home" "-e" "RUSTUP_HOME=/opt/rustwide/rustup-home" "-e" "CARGO_TARGET_DIR=/opt/rustwide/target" "-e" "CARGO_INCREMENTAL=0" "-e" "RUST_BACKTRACE=full" "-e" "RUSTFLAGS=--cap-lints=warn" "-e" "RUSTDOCFLAGS=--cap-lints=warn" "-w" "/opt/rustwide/workdir" "--user" "0:0" "e42a7a0238f9b6dbf926b535d772e910c93fc2dcc4294e4668f485210daeacfb" "/opt/rustwide/cargo-home/bin/cargo" "+1.99.0-beta.8" "build" "--frozen" "--message-format=json" "--release", kill_on_drop: false }`
[INFO] [stderr]    Compiling libc v0.2.182
[INFO] [stderr]    Compiling httparse v1.10.1
[INFO] [stderr]    Compiling cc v1.2.56
[INFO] [stderr]    Compiling rustls v0.23.36
[INFO] [stderr]    Compiling quote v1.0.44
[INFO] [stderr]    Compiling http v1.4.0
[INFO] [stderr]    Compiling anyhow v1.0.101
[INFO] [stderr]    Compiling flate2 v1.1.9
[INFO] [stderr]    Compiling deranged v0.5.6
[INFO] [stderr]    Compiling webpki-roots v1.0.6
[INFO] [stderr]    Compiling num-conv v0.2.0
[INFO] [stderr]    Compiling serde_json v1.0.149
[INFO] [stderr]    Compiling syn v2.0.116
[INFO] [stderr]    Compiling ring v0.17.14
[INFO] [stderr]    Compiling ureq-proto v0.5.3
[INFO] [stderr]    Compiling time v0.3.47
[INFO] [stderr]    Compiling getrandom v0.2.17
[INFO] [stderr]    Compiling serde_derive v1.0.228
[INFO] [stderr]    Compiling thiserror-impl v2.0.18
[INFO] [stderr]    Compiling thiserror v2.0.18
[INFO] [stderr]    Compiling serde v1.0.228
[INFO] [stderr]    Compiling rustls-webpki v0.103.9
[INFO] [stderr]    Compiling ureq v3.2.0
[INFO] [stderr]    Compiling gmo_coin v0.3.0 (/opt/rustwide/workdir)
[INFO] [stderr]     Finished `release` profile [optimized] target(s) in 48.41s
[INFO] running `Command { std: "docker" "inspect" "e42a7a0238f9b6dbf926b535d772e910c93fc2dcc4294e4668f485210daeacfb", kill_on_drop: false }`
[INFO] running `Command { std: "docker" "exec" "-e" "SOURCE_DIR=/opt/rustwide/workdir" "-e" "CARGO_HOME=/opt/rustwide/cargo-home" "-e" "RUSTUP_HOME=/opt/rustwide/rustup-home" "-e" "CARGO_TARGET_DIR=/opt/rustwide/target" "-e" "CARGO_INCREMENTAL=0" "-e" "RUST_BACKTRACE=full" "-e" "RUSTFLAGS=--cap-lints=warn" "-e" "RUSTDOCFLAGS=--cap-lints=warn" "-w" "/opt/rustwide/workdir" "--user" "0:0" "e42a7a0238f9b6dbf926b535d772e910c93fc2dcc4294e4668f485210daeacfb" "/opt/rustwide/cargo-home/bin/cargo" "+1.99.0-beta.8" "test" "--frozen" "--no-run" "--message-format=json" "--release", kill_on_drop: false }`
[INFO] [stderr]    Compiling syn v2.0.116
[INFO] [stderr]    Compiling serde_derive v1.0.228
[INFO] [stderr]    Compiling thiserror-impl v2.0.18
[INFO] [stderr]    Compiling tokio-macros v2.6.0
[INFO] [stderr]    Compiling tokio v1.49.0
[INFO] [stderr]    Compiling thiserror v2.0.18
[INFO] [stderr]    Compiling serde v1.0.228
[INFO] [stderr]    Compiling ureq v3.2.0
[INFO] [stderr]    Compiling gmo_coin v0.3.0 (/opt/rustwide/workdir)
[INFO] [stderr]     Finished `release` profile [optimized] target(s) in 20.54s
[INFO] running `Command { std: "docker" "inspect" "e42a7a0238f9b6dbf926b535d772e910c93fc2dcc4294e4668f485210daeacfb", kill_on_drop: false }`
[INFO] running `Command { std: "docker" "exec" "-e" "SOURCE_DIR=/opt/rustwide/workdir" "-e" "CARGO_HOME=/opt/rustwide/cargo-home" "-e" "RUSTUP_HOME=/opt/rustwide/rustup-home" "-e" "CARGO_TARGET_DIR=/opt/rustwide/target" "-e" "CARGO_INCREMENTAL=0" "-e" "RUST_BACKTRACE=full" "-e" "RUSTFLAGS=--cap-lints=warn" "-e" "RUSTDOCFLAGS=--cap-lints=warn" "-w" "/opt/rustwide/workdir" "--user" "0:0" "e42a7a0238f9b6dbf926b535d772e910c93fc2dcc4294e4668f485210daeacfb" "/opt/rustwide/cargo-home/bin/cargo" "+1.99.0-beta.8" "test" "--frozen" "--release", kill_on_drop: false }`
[INFO] [stderr]     Finished `release` profile [optimized] target(s) in 0.11s
[INFO] [stderr]      Running unittests src/lib.rs (/opt/rustwide/target/release/deps/gmo_coin-437cfea1a080c0fe)
[INFO] [stderr]      Running unittests src/main.rs (/opt/rustwide/target/release/deps/gmo_coin-cfffc615bcd83f37)
[INFO] [stdout] 
[INFO] [stdout] running 0 tests
[INFO] [stdout] 
[INFO] [stdout] test result: ok. 0 passed; 0 failed; 0 ignored; 0 measured; 0 filtered out; finished in 0.00s
[INFO] [stdout] 
[INFO] [stdout] 
[INFO] [stdout] running 0 tests
[INFO] [stdout] 
[INFO] [stdout] test result: ok. 0 passed; 0 failed; 0 ignored; 0 measured; 0 filtered out; finished in 0.00s
[INFO] [stdout] 
[INFO] [stderr]      Running tests/public_api.rs (/opt/rustwide/target/release/deps/public_api-bf6f814f39efc015)
[INFO] [stdout] 
[INFO] [stdout] running 6 tests
[INFO] [stdout] test trades_returns_non_empty_list ... FAILED
[INFO] [stdout] test status_returns_known_exchange_status ... FAILED
[INFO] [stdout] test klines_returns_candles_for_sample_date ... FAILED
[INFO] [stdout] test orderbooks_returns_asks_and_bids ... FAILED
[INFO] [stdout] test ticker_returns_btc_when_symbol_is_btc ... FAILED
[INFO] [stderr] error: test failed, to rerun pass `--test public_api`
[INFO] [stdout] test symbols_contains_core_symbols ... FAILED
[INFO] [stdout] 
[INFO] [stdout] failures:
[INFO] [stdout] 
[INFO] [stdout] ---- trades_returns_non_empty_list stdout ----
[INFO] [stdout] 
[INFO] [stdout] thread 'trades_returns_non_empty_list' (1232) panicked at tests/public_api.rs:23:5:
[INFO] [stdout] public::api::trades failed after retries: Some(Ureq(Io(Custom { kind: Uncategorized, error: "failed to lookup address information: Temporary failure in name resolution" })))
[INFO] [stdout] stack backtrace:
[INFO] [stdout]    0:     0x5ae692410b51 - <<std[70759c8f55707aa4]::sys::backtrace::BacktraceLock>::print::DisplayBacktrace as core[df12db4294e9bfd3]::fmt::Display>::fmt
[INFO] [stdout]    1:     0x5ae692426c5a - core[df12db4294e9bfd3]::fmt::write
[INFO] [stdout]    2:     0x5ae6924153dc - <alloc[2182bb758b4b3781]::vec::Vec<u8> as core[df12db4294e9bfd3]::io::write::Write>::write_fmt
[INFO] [stdout]    3:     0x5ae6923ebdf6 - std[70759c8f55707aa4]::panicking::default_hook::{closure#0}
[INFO] [stdout]    4:     0x5ae692408ce9 - std[70759c8f55707aa4]::panicking::default_hook
[INFO] [stdout]    5:     0x5ae692240430 - test[9d35eded1c95d3be]::test_main_inner::<test[9d35eded1c95d3be]::test_main_static::{closure#0}>::{closure#0}
[INFO] [stdout]    6:     0x5ae692408ea2 - std[70759c8f55707aa4]::panicking::panic_with_hook
[INFO] [stdout]    7:     0x5ae6923ebea2 - std[70759c8f55707aa4]::panicking::panic_handler::{closure#0}
[INFO] [stdout]    8:     0x5ae6923e4b49 - std[70759c8f55707aa4]::sys::backtrace::__rust_end_short_backtrace::<std[70759c8f55707aa4]::panicking::panic_handler::{closure#0}, !>
[INFO] [stdout]    9:     0x5ae6923ecc8d - __rustc[8fa7c3cbc660c2b3]::rust_begin_unwind
[INFO] [stdout]   10:     0x5ae69242738c - core[df12db4294e9bfd3]::panicking::panic_fmt
[INFO] [stdout]   11:     0x5ae692231b95 - <public_api[22f7382bf34074b7]::trades_returns_non_empty_list::{closure#0} as core[df12db4294e9bfd3]::ops::function::FnOnce<()>>::call_once
[INFO] [stdout]   12:     0x5ae69223371b - test[9d35eded1c95d3be]::__rust_begin_short_backtrace::<core[df12db4294e9bfd3]::result::Result<(), alloc[2182bb758b4b3781]::string::String>, fn() -> core[df12db4294e9bfd3]::result::Result<(), alloc[2182bb758b4b3781]::string::String>>
[INFO] [stdout]   13:     0x5ae692240d85 - test[9d35eded1c95d3be]::run_test::{closure#0}
[INFO] [stdout]   14:     0x5ae69223a644 - std[70759c8f55707aa4]::sys::backtrace::__rust_begin_short_backtrace::<test[9d35eded1c95d3be]::run_test::{closure#1}, ()>
[INFO] [stdout]   15:     0x5ae692243ee2 - <std[70759c8f55707aa4]::thread::lifecycle::spawn_unchecked<test[9d35eded1c95d3be]::run_test::{closure#1}, ()>::{closure#1} as core[df12db4294e9bfd3]::ops::function::FnOnce<()>>::call_once::{shim:vtable#0}
[INFO] [stdout]   16:     0x5ae69240ff09 - <std[70759c8f55707aa4]::sys::thread::unix::Thread>::new::thread_start
[INFO] [stdout]   17:     0x70817f1d0dfa - <unknown>
[INFO] [stdout]   18:     0x70817f2643d4 - clone
[INFO] [stdout]   19:                0x0 - <unknown>
[INFO] [stdout] 
[INFO] [stdout] ---- status_returns_known_exchange_status stdout ----
[INFO] [stdout] 
[INFO] [stdout] thread 'status_returns_known_exchange_status' (1229) panicked at tests/public_api.rs:23:5:
[INFO] [stdout] public::api::status failed after retries: Some(Ureq(Io(Custom { kind: Uncategorized, error: "failed to lookup address information: Temporary failure in name resolution" })))
[INFO] [stdout] stack backtrace:
[INFO] [stdout]    0:     0x5ae692410b51 - <<std[70759c8f55707aa4]::sys::backtrace::BacktraceLock>::print::DisplayBacktrace as core[df12db4294e9bfd3]::fmt::Display>::fmt
[INFO] [stdout]    1:     0x5ae692426c5a - core[df12db4294e9bfd3]::fmt::write
[INFO] [stdout]    2:     0x5ae6924153dc - <alloc[2182bb758b4b3781]::vec::Vec<u8> as core[df12db4294e9bfd3]::io::write::Write>::write_fmt
[INFO] [stdout]    3:     0x5ae6923ebdf6 - std[70759c8f55707aa4]::panicking::default_hook::{closure#0}
[INFO] [stdout]    4:     0x5ae692408ce9 - std[70759c8f55707aa4]::panicking::default_hook
[INFO] [stdout]    5:     0x5ae692240430 - test[9d35eded1c95d3be]::test_main_inner::<test[9d35eded1c95d3be]::test_main_static::{closure#0}>::{closure#0}
[INFO] [stdout]    6:     0x5ae692408ea2 - std[70759c8f55707aa4]::panicking::panic_with_hook
[INFO] [stdout]    7:     0x5ae6923ebea2 - std[70759c8f55707aa4]::panicking::panic_handler::{closure#0}
[INFO] [stdout]    8:     0x5ae6923e4b49 - std[70759c8f55707aa4]::sys::backtrace::__rust_end_short_backtrace::<std[70759c8f55707aa4]::panicking::panic_handler::{closure#0}, !>
[INFO] [stdout]    9:     0x5ae6923ecc8d - __rustc[8fa7c3cbc660c2b3]::rust_begin_unwind
[INFO] [stdout]   10:     0x5ae69242738c - core[df12db4294e9bfd3]::panicking::panic_fmt
[INFO] [stdout]   11:     0x5ae692232817 - <public_api[22f7382bf34074b7]::status_returns_known_exchange_status::{closure#0} as core[df12db4294e9bfd3]::ops::function::FnOnce<()>>::call_once
[INFO] [stdout]   12:     0x5ae69223371b - test[9d35eded1c95d3be]::__rust_begin_short_backtrace::<core[df12db4294e9bfd3]::result::Result<(), alloc[2182bb758b4b3781]::string::String>, fn() -> core[df12db4294e9bfd3]::result::Result<(), alloc[2182bb758b4b3781]::string::String>>
[INFO] [stdout]   13:     0x5ae692240d85 - test[9d35eded1c95d3be]::run_test::{closure#0}
[INFO] [stdout]   14:     0x5ae69223a644 - std[70759c8f55707aa4]::sys::backtrace::__rust_begin_short_backtrace::<test[9d35eded1c95d3be]::run_test::{closure#1}, ()>
[INFO] [stdout]   15:     0x5ae692243ee2 - <std[70759c8f55707aa4]::thread::lifecycle::spawn_unchecked<test[9d35eded1c95d3be]::run_test::{closure#1}, ()>::{closure#1} as core[df12db4294e9bfd3]::ops::function::FnOnce<()>>::call_once::{shim:vtable#0}
[INFO] [stdout]   16:     0x5ae69240ff09 - <std[70759c8f55707aa4]::sys::thread::unix::Thread>::new::thread_start
[INFO] [stdout]   17:     0x70817f1d0dfa - <unknown>
[INFO] [stdout]   18:     0x70817f2643d4 - clone
[INFO] [stdout]   19:                0x0 - <unknown>
[INFO] [stdout] 
[INFO] [stdout] ---- klines_returns_candles_for_sample_date stdout ----
[INFO] [stdout] 
[INFO] [stdout] thread 'klines_returns_candles_for_sample_date' (1227) panicked at tests/public_api.rs:23:5:
[INFO] [stdout] public::api::klines failed after retries: Some(Ureq(Io(Custom { kind: Uncategorized, error: "failed to lookup address information: Temporary failure in name resolution" })))
[INFO] [stdout] stack backtrace:
[INFO] [stdout]    0:     0x5ae692410b51 - <<std[70759c8f55707aa4]::sys::backtrace::BacktraceLock>::print::DisplayBacktrace as core[df12db4294e9bfd3]::fmt::Display>::fmt
[INFO] [stdout]    1:     0x5ae692426c5a - core[df12db4294e9bfd3]::fmt::write
[INFO] [stdout]    2:     0x5ae6924153dc - <alloc[2182bb758b4b3781]::vec::Vec<u8> as core[df12db4294e9bfd3]::io::write::Write>::write_fmt
[INFO] [stdout]    3:     0x5ae6923ebdf6 - std[70759c8f55707aa4]::panicking::default_hook::{closure#0}
[INFO] [stdout]    4:     0x5ae692408ce9 - std[70759c8f55707aa4]::panicking::default_hook
[INFO] [stdout]    5:     0x5ae692240430 - test[9d35eded1c95d3be]::test_main_inner::<test[9d35eded1c95d3be]::test_main_static::{closure#0}>::{closure#0}
[INFO] [stdout]    6:     0x5ae692408ea2 - std[70759c8f55707aa4]::panicking::panic_with_hook
[INFO] [stdout]    7:     0x5ae6923ebea2 - std[70759c8f55707aa4]::panicking::panic_handler::{closure#0}
[INFO] [stdout]    8:     0x5ae6923e4b49 - std[70759c8f55707aa4]::sys::backtrace::__rust_end_short_backtrace::<std[70759c8f55707aa4]::panicking::panic_handler::{closure#0}, !>
[INFO] [stdout]    9:     0x5ae6923ecc8d - __rustc[8fa7c3cbc660c2b3]::rust_begin_unwind
[INFO] [stdout]   10:     0x5ae69242738c - core[df12db4294e9bfd3]::panicking::panic_fmt
[INFO] [stdout]   11:     0x5ae692233642 - <public_api[22f7382bf34074b7]::klines_returns_candles_for_sample_date::{closure#0} as core[df12db4294e9bfd3]::ops::function::FnOnce<()>>::call_once
[INFO] [stdout]   12:     0x5ae69223371b - test[9d35eded1c95d3be]::__rust_begin_short_backtrace::<core[df12db4294e9bfd3]::result::Result<(), alloc[2182bb758b4b3781]::string::String>, fn() -> core[df12db4294e9bfd3]::result::Result<(), alloc[2182bb758b4b3781]::string::String>>
[INFO] [stdout]   13:     0x5ae692240d85 - test[9d35eded1c95d3be]::run_test::{closure#0}
[INFO] [stdout]   14:     0x5ae69223a644 - std[70759c8f55707aa4]::sys::backtrace::__rust_begin_short_backtrace::<test[9d35eded1c95d3be]::run_test::{closure#1}, ()>
[INFO] [stdout]   15:     0x5ae692243ee2 - <std[70759c8f55707aa4]::thread::lifecycle::spawn_unchecked<test[9d35eded1c95d3be]::run_test::{closure#1}, ()>::{closure#1} as core[df12db4294e9bfd3]::ops::function::FnOnce<()>>::call_once::{shim:vtable#0}
[INFO] [stdout]   16:     0x5ae69240ff09 - <std[70759c8f55707aa4]::sys::thread::unix::Thread>::new::thread_start
[INFO] [stdout]   17:     0x70817f1d0dfa - <unknown>
[INFO] [stdout]   18:     0x70817f2643d4 - clone
[INFO] [stdout]   19:                0x0 - <unknown>
[INFO] [stdout] 
[INFO] [stdout] ---- orderbooks_returns_asks_and_bids stdout ----
[INFO] [stdout] 
[INFO] [stdout] thread 'orderbooks_returns_asks_and_bids' (1228) panicked at tests/public_api.rs:23:5:
[INFO] [stdout] public::api::orderbooks failed after retries: Some(Ureq(Io(Custom { kind: Uncategorized, error: "failed to lookup address information: Temporary failure in name resolution" })))
[INFO] [stdout] stack backtrace:
[INFO] [stdout]    0:     0x5ae692410b51 - <<std[70759c8f55707aa4]::sys::backtrace::BacktraceLock>::print::DisplayBacktrace as core[df12db4294e9bfd3]::fmt::Display>::fmt
[INFO] [stdout]    1:     0x5ae692426c5a - core[df12db4294e9bfd3]::fmt::write
[INFO] [stdout]    2:     0x5ae6924153dc - <alloc[2182bb758b4b3781]::vec::Vec<u8> as core[df12db4294e9bfd3]::io::write::Write>::write_fmt
[INFO] [stdout]    3:     0x5ae6923ebdf6 - std[70759c8f55707aa4]::panicking::default_hook::{closure#0}
[INFO] [stdout]    4:     0x5ae692408ce9 - std[70759c8f55707aa4]::panicking::default_hook
[INFO] [stdout]    5:     0x5ae692240430 - test[9d35eded1c95d3be]::test_main_inner::<test[9d35eded1c95d3be]::test_main_static::{closure#0}>::{closure#0}
[INFO] [stdout]    6:     0x5ae692408ea2 - std[70759c8f55707aa4]::panicking::panic_with_hook
[INFO] [stdout]    7:     0x5ae6923ebea2 - std[70759c8f55707aa4]::panicking::panic_handler::{closure#0}
[INFO] [stdout]    8:     0x5ae6923e4b49 - std[70759c8f55707aa4]::sys::backtrace::__rust_end_short_backtrace::<std[70759c8f55707aa4]::panicking::panic_handler::{closure#0}, !>
[INFO] [stdout]    9:     0x5ae6923ecc8d - __rustc[8fa7c3cbc660c2b3]::rust_begin_unwind
[INFO] [stdout]   10:     0x5ae69242738c - core[df12db4294e9bfd3]::panicking::panic_fmt
[INFO] [stdout]   11:     0x5ae6922321c5 - <public_api[22f7382bf34074b7]::orderbooks_returns_asks_and_bids::{closure#0} as core[df12db4294e9bfd3]::ops::function::FnOnce<()>>::call_once
[INFO] [stdout]   12:     0x5ae69223371b - test[9d35eded1c95d3be]::__rust_begin_short_backtrace::<core[df12db4294e9bfd3]::result::Result<(), alloc[2182bb758b4b3781]::string::String>, fn() -> core[df12db4294e9bfd3]::result::Result<(), alloc[2182bb758b4b3781]::string::String>>
[INFO] [stdout]   13:     0x5ae692240d85 - test[9d35eded1c95d3be]::run_test::{closure#0}
[INFO] [stdout]   14:     0x5ae69223a644 - std[70759c8f55707aa4]::sys::backtrace::__rust_begin_short_backtrace::<test[9d35eded1c95d3be]::run_test::{closure#1}, ()>
[INFO] [stdout]   15:     0x5ae692243ee2 - <std[70759c8f55707aa4]::thread::lifecycle::spawn_unchecked<test[9d35eded1c95d3be]::run_test::{closure#1}, ()>::{closure#1} as core[df12db4294e9bfd3]::ops::function::FnOnce<()>>::call_once::{shim:vtable#0}
[INFO] [stdout]   16:     0x5ae69240ff09 - <std[70759c8f55707aa4]::sys::thread::unix::Thread>::new::thread_start
[INFO] [stdout]   17:     0x70817f1d0dfa - <unknown>
[INFO] [stdout]   18:     0x70817f2643d4 - clone
[INFO] [stdout]   19:                0x0 - <unknown>
[INFO] [stdout] 
[INFO] [stdout] ---- ticker_returns_btc_when_symbol_is_btc stdout ----
[INFO] [stdout] 
[INFO] [stdout] thread 'ticker_returns_btc_when_symbol_is_btc' (1231) panicked at tests/public_api.rs:23:5:
[INFO] [stdout] public::api::ticker failed after retries: Some(Ureq(Io(Custom { kind: Uncategorized, error: "failed to lookup address information: Temporary failure in name resolution" })))
[INFO] [stdout] stack backtrace:
[INFO] [stdout]    0:     0x5ae692410b51 - <<std[70759c8f55707aa4]::sys::backtrace::BacktraceLock>::print::DisplayBacktrace as core[df12db4294e9bfd3]::fmt::Display>::fmt
[INFO] [stdout]    1:     0x5ae692426c5a - core[df12db4294e9bfd3]::fmt::write
[INFO] [stdout]    2:     0x5ae6924153dc - <alloc[2182bb758b4b3781]::vec::Vec<u8> as core[df12db4294e9bfd3]::io::write::Write>::write_fmt
[INFO] [stdout]    3:     0x5ae6923ebdf6 - std[70759c8f55707aa4]::panicking::default_hook::{closure#0}
[INFO] [stdout]    4:     0x5ae692408ce9 - std[70759c8f55707aa4]::panicking::default_hook
[INFO] [stdout]    5:     0x5ae692240430 - test[9d35eded1c95d3be]::test_main_inner::<test[9d35eded1c95d3be]::test_main_static::{closure#0}>::{closure#0}
[INFO] [stdout]    6:     0x5ae692408ea2 - std[70759c8f55707aa4]::panicking::panic_with_hook
[INFO] [stdout]    7:     0x5ae6923ebea2 - std[70759c8f55707aa4]::panicking::panic_handler::{closure#0}
[INFO] [stdout]    8:     0x5ae6923e4b49 - std[70759c8f55707aa4]::sys::backtrace::__rust_end_short_backtrace::<std[70759c8f55707aa4]::panicking::panic_handler::{closure#0}, !>
[INFO] [stdout]    9:     0x5ae6923ecc8d - __rustc[8fa7c3cbc660c2b3]::rust_begin_unwind
[INFO] [stdout]   10:     0x5ae69242738c - core[df12db4294e9bfd3]::panicking::panic_fmt
[INFO] [stdout]   11:     0x5ae692232e2e - <public_api[22f7382bf34074b7]::ticker_returns_btc_when_symbol_is_btc::{closure#0} as core[df12db4294e9bfd3]::ops::function::FnOnce<()>>::call_once
[INFO] [stdout]   12:     0x5ae69223371b - test[9d35eded1c95d3be]::__rust_begin_short_backtrace::<core[df12db4294e9bfd3]::result::Result<(), alloc[2182bb758b4b3781]::string::String>, fn() -> core[df12db4294e9bfd3]::result::Result<(), alloc[2182bb758b4b3781]::string::String>>
[INFO] [stdout]   13:     0x5ae692240d85 - test[9d35eded1c95d3be]::run_test::{closure#0}
[INFO] [stdout]   14:     0x5ae69223a644 - std[70759c8f55707aa4]::sys::backtrace::__rust_begin_short_backtrace::<test[9d35eded1c95d3be]::run_test::{closure#1}, ()>
[INFO] [stdout]   15:     0x5ae692243ee2 - <std[70759c8f55707aa4]::thread::lifecycle::spawn_unchecked<test[9d35eded1c95d3be]::run_test::{closure#1}, ()>::{closure#1} as core[df12db4294e9bfd3]::ops::function::FnOnce<()>>::call_once::{shim:vtable#0}
[INFO] [stdout]   16:     0x5ae69240ff09 - <std[70759c8f55707aa4]::sys::thread::unix::Thread>::new::thread_start
[INFO] [stdout]   17:     0x70817f1d0dfa - <unknown>
[INFO] [stdout]   18:     0x70817f2643d4 - clone
[INFO] [stdout]   19:                0x0 - <unknown>
[INFO] [stdout] 
[INFO] [stdout] ---- symbols_contains_core_symbols stdout ----
[INFO] [stdout] 
[INFO] [stdout] thread 'symbols_contains_core_symbols' (1230) panicked at tests/public_api.rs:23:5:
[INFO] [stdout] public::api::symbols failed after retries: Some(Ureq(Io(Custom { kind: Uncategorized, error: "failed to lookup address information: Temporary failure in name resolution" })))
[INFO] [stdout] stack backtrace:
[INFO] [stdout]    0:     0x5ae692410b51 - <<std[70759c8f55707aa4]::sys::backtrace::BacktraceLock>::print::DisplayBacktrace as core[df12db4294e9bfd3]::fmt::Display>::fmt
[INFO] [stdout]    1:     0x5ae692426c5a - core[df12db4294e9bfd3]::fmt::write
[INFO] [stdout]    2:     0x5ae6924153dc - <alloc[2182bb758b4b3781]::vec::Vec<u8> as core[df12db4294e9bfd3]::io::write::Write>::write_fmt
[INFO] [stdout]    3:     0x5ae6923ebdf6 - std[70759c8f55707aa4]::panicking::default_hook::{closure#0}
[INFO] [stdout]    4:     0x5ae692408ce9 - std[70759c8f55707aa4]::panicking::default_hook
[INFO] [stdout]    5:     0x5ae692240430 - test[9d35eded1c95d3be]::test_main_inner::<test[9d35eded1c95d3be]::test_main_static::{closure#0}>::{closure#0}
[INFO] [stdout]    6:     0x5ae692408ea2 - std[70759c8f55707aa4]::panicking::panic_with_hook
[INFO] [stdout]    7:     0x5ae6923ebea2 - std[70759c8f55707aa4]::panicking::panic_handler::{closure#0}
[INFO] [stdout]    8:     0x5ae6923e4b49 - std[70759c8f55707aa4]::sys::backtrace::__rust_end_short_backtrace::<std[70759c8f55707aa4]::panicking::panic_handler::{closure#0}, !>
[INFO] [stdout]    9:     0x5ae6923ecc8d - __rustc[8fa7c3cbc660c2b3]::rust_begin_unwind
[INFO] [stdout]   10:     0x5ae69242738c - core[df12db4294e9bfd3]::panicking::panic_fmt
[INFO] [stdout]   11:     0x5ae69223148b - <public_api[22f7382bf34074b7]::symbols_contains_core_symbols::{closure#0} as core[df12db4294e9bfd3]::ops::function::FnOnce<()>>::call_once
[INFO] [stdout]   12:     0x5ae69223371b - test[9d35eded1c95d3be]::__rust_begin_short_backtrace::<core[df12db4294e9bfd3]::result::Result<(), alloc[2182bb758b4b3781]::string::String>, fn() -> core[df12db4294e9bfd3]::result::Result<(), alloc[2182bb758b4b3781]::string::String>>
[INFO] [stdout]   13:     0x5ae692240d85 - test[9d35eded1c95d3be]::run_test::{closure#0}
[INFO] [stdout]   14:     0x5ae69223a644 - std[70759c8f55707aa4]::sys::backtrace::__rust_begin_short_backtrace::<test[9d35eded1c95d3be]::run_test::{closure#1}, ()>
[INFO] [stdout]   15:     0x5ae692243ee2 - <std[70759c8f55707aa4]::thread::lifecycle::spawn_unchecked<test[9d35eded1c95d3be]::run_test::{closure#1}, ()>::{closure#1} as core[df12db4294e9bfd3]::ops::function::FnOnce<()>>::call_once::{shim:vtable#0}
[INFO] [stdout]   16:     0x5ae69240ff09 - <std[70759c8f55707aa4]::sys::thread::unix::Thread>::new::thread_start
[INFO] [stdout]   17:     0x70817f1d0dfa - <unknown>
[INFO] [stdout]   18:     0x70817f2643d4 - clone
[INFO] [stdout]   19:                0x0 - <unknown>
[INFO] [stdout] 
[INFO] [stdout] 
[INFO] [stdout] failures:
[INFO] [stdout]     klines_returns_candles_for_sample_date
[INFO] [stdout]     orderbooks_returns_asks_and_bids
[INFO] [stdout]     status_returns_known_exchange_status
[INFO] [stdout]     symbols_contains_core_symbols
[INFO] [stdout]     ticker_returns_btc_when_symbol_is_btc
[INFO] [stdout]     trades_returns_non_empty_list
[INFO] [stdout] 
[INFO] [stdout] test result: FAILED. 0 passed; 6 failed; 0 ignored; 0 measured; 0 filtered out; finished in 4.01s
[INFO] [stdout] 
[INFO] running `Command { std: "docker" "inspect" "e42a7a0238f9b6dbf926b535d772e910c93fc2dcc4294e4668f485210daeacfb", kill_on_drop: false }`
[INFO] running `Command { std: "docker" "rm" "-f" "e42a7a0238f9b6dbf926b535d772e910c93fc2dcc4294e4668f485210daeacfb", kill_on_drop: false }`
[INFO] [stdout] e42a7a0238f9b6dbf926b535d772e910c93fc2dcc4294e4668f485210daeacfb
