[INFO] fetching crate gmeow-gts 1.0.0-rc.1...
[INFO] testing gmeow-gts-1.0.0-rc.1 against 1.100.0-beta.1+cargoflags=--release for beta-release-1.100-2
[INFO] extracting crate gmeow-gts 1.0.0-rc.1 into /workspace/builds/worker-2-tc2/source
[INFO] started tweaking crates.io crate gmeow-gts 1.0.0-rc.1
[INFO] removed 0 missing examples
[INFO] removed 0 missing tests
[INFO] finished tweaking crates.io crate gmeow-gts 1.0.0-rc.1
[INFO] tweaked toml for crates.io crate gmeow-gts 1.0.0-rc.1 written to /workspace/builds/worker-2-tc2/source/Cargo.toml
[INFO] validating manifest of crates.io crate gmeow-gts 1.0.0-rc.1 on toolchain 1.100.0-beta.1
[INFO] running `Command { std: CARGO_HOME="/workspace/cargo-home" RUSTUP_HOME="/workspace/rustup-home" "/workspace/cargo-home/bin/cargo" "+1.100.0-beta.1" "metadata" "--manifest-path" "Cargo.toml" "--no-deps", kill_on_drop: false }`
[INFO] crate crates.io crate gmeow-gts 1.0.0-rc.1 already has a lockfile, it will not be regenerated
[INFO] running `Command { std: CARGO_HOME="/workspace/cargo-home" RUSTUP_HOME="/workspace/rustup-home" "/workspace/cargo-home/bin/cargo" "+1.100.0-beta.1" "fetch" "--manifest-path" "Cargo.toml", kill_on_drop: false }`
[INFO] running `Command { std: "docker" "create" "-v" "/var/lib/crater-agent-workspace/builds/worker-2-tc2/source:/opt/rustwide/workdir:ro,Z" "-v" "/var/lib/crater-agent-workspace/builds/worker-2-tc2/target:/opt/rustwide/target:rw,Z" "-v" "/var/lib/crater-agent-workspace/cargo-home:/opt/rustwide/cargo-home:ro,Z" "-v" "/var/lib/crater-agent-workspace/rustup-home:/opt/rustwide/rustup-home:ro,Z" "-m" "1610612736" "--network" "none" "ghcr.io/rust-lang/crates-build-env/linux@sha256:77db811e55d90add9212f6832c23229e3de5f1c1f9905e8cb07319ea15df73ac" "sleep" "infinity", kill_on_drop: false }`
[INFO] [stdout] ebf060d55ff40e26c800d0cfa06f4a7174acf364ce2d4f453a776ab3eae049b7
[INFO] running `Command { std: "docker" "start" "ebf060d55ff40e26c800d0cfa06f4a7174acf364ce2d4f453a776ab3eae049b7", kill_on_drop: false }`
[INFO] running `Command { std: "docker" "inspect" "ebf060d55ff40e26c800d0cfa06f4a7174acf364ce2d4f453a776ab3eae049b7", kill_on_drop: false }`
[INFO] running `Command { std: "docker" "exec" "-e" "SOURCE_DIR=/opt/rustwide/workdir" "-e" "CARGO_HOME=/opt/rustwide/cargo-home" "-e" "RUSTUP_HOME=/opt/rustwide/rustup-home" "-e" "CARGO_TARGET_DIR=/opt/rustwide/target" "-w" "/opt/rustwide/workdir" "--user" "0:0" "ebf060d55ff40e26c800d0cfa06f4a7174acf364ce2d4f453a776ab3eae049b7" "/opt/rustwide/cargo-home/bin/cargo" "+1.100.0-beta.1" "metadata" "--no-deps" "--format-version=1", kill_on_drop: false }`
[INFO] running `Command { std: "docker" "inspect" "ebf060d55ff40e26c800d0cfa06f4a7174acf364ce2d4f453a776ab3eae049b7", kill_on_drop: false }`
[INFO] running `Command { std: "docker" "exec" "-e" "SOURCE_DIR=/opt/rustwide/workdir" "-e" "CARGO_HOME=/opt/rustwide/cargo-home" "-e" "RUSTUP_HOME=/opt/rustwide/rustup-home" "-e" "CARGO_TARGET_DIR=/opt/rustwide/target" "-e" "CARGO_INCREMENTAL=0" "-e" "RUST_BACKTRACE=full" "-e" "RUSTFLAGS=--cap-lints=warn" "-e" "RUSTDOCFLAGS=--cap-lints=warn" "-w" "/opt/rustwide/workdir" "--user" "0:0" "ebf060d55ff40e26c800d0cfa06f4a7174acf364ce2d4f453a776ab3eae049b7" "/opt/rustwide/cargo-home/bin/cargo" "+1.100.0-beta.1" "build" "--frozen" "--message-format=json" "--release", kill_on_drop: false }`
[INFO] [stderr]    Compiling find-msvc-tools v0.1.11
[INFO] [stderr]    Compiling hybrid-array v0.4.14
[INFO] [stderr]    Compiling serde v1.0.229
[INFO] [stderr]    Compiling crc32fast v1.5.1
[INFO] [stderr]    Compiling simd-adler32 v0.3.10
[INFO] [stderr]    Compiling const-oid v0.10.2
[INFO] [stderr]    Compiling curve25519-dalek v4.1.3
[INFO] [stderr]    Compiling zeroize v1.9.0
[INFO] [stderr]    Compiling ed25519 v2.2.3
[INFO] [stderr]    Compiling generic-array v0.14.7
[INFO] [stderr]    Compiling twox-hash v2.1.4
[INFO] [stderr]    Compiling syn v3.0.4
[INFO] [stderr]    Compiling time v0.3.55
[INFO] [stderr]    Compiling filetime v0.2.29
[INFO] [stderr]    Compiling getrandom v0.2.17
[INFO] [stderr]    Compiling half v2.7.1
[INFO] [stderr]    Compiling curve25519-dalek-derive v0.1.1
[INFO] [stderr]    Compiling cc v1.4.4
[INFO] [stderr]    Compiling miniz_oxide v0.9.1
[INFO] [stderr]    Compiling structured-zstd v0.0.48
[INFO] [stderr]    Compiling ciborium-ll v0.2.2
[INFO] [stderr]    Compiling block-buffer v0.12.1
[INFO] [stderr]    Compiling crypto-common v0.2.2
[INFO] [stderr]    Compiling flate2 v1.1.10
[INFO] [stderr]    Compiling crypto-common v0.1.7
[INFO] [stderr]    Compiling inout v0.1.4
[INFO] [stderr]    Compiling block-buffer v0.10.4
[INFO] [stderr]    Compiling universal-hash v0.5.1
[INFO] [stderr]    Compiling digest v0.10.7
[INFO] [stderr]    Compiling aead v0.5.2
[INFO] [stderr]    Compiling cipher v0.4.4
[INFO] [stderr]    Compiling polyval v0.6.2
[INFO] [stderr]    Compiling sha2 v0.10.9
[INFO] [stderr]    Compiling ghash v0.5.1
[INFO] [stderr]    Compiling aes v0.8.4
[INFO] [stderr]    Compiling ctr v0.9.2
[INFO] [stderr]    Compiling ed25519-dalek v2.2.0
[INFO] [stderr]    Compiling aes-gcm v0.10.3
[INFO] [stderr]    Compiling blake3 v1.8.7
[INFO] [stderr]    Compiling digest v0.11.3
[INFO] [stderr]    Compiling sha1 v0.11.0
[INFO] [stderr]    Compiling serde_derive v1.0.229
[INFO] [stderr]    Compiling visual-hashing v0.1.3
[INFO] [stderr]    Compiling ciborium v0.2.2
[INFO] [stderr]    Compiling gmeow-gts v1.0.0-rc.1 (/opt/rustwide/workdir)
[INFO] [stderr]     Finished `release` profile [optimized] target(s) in 1m 00s
[INFO] running `Command { std: "docker" "inspect" "ebf060d55ff40e26c800d0cfa06f4a7174acf364ce2d4f453a776ab3eae049b7", kill_on_drop: false }`
[INFO] running `Command { std: "docker" "exec" "-e" "SOURCE_DIR=/opt/rustwide/workdir" "-e" "CARGO_HOME=/opt/rustwide/cargo-home" "-e" "RUSTUP_HOME=/opt/rustwide/rustup-home" "-e" "CARGO_TARGET_DIR=/opt/rustwide/target" "-e" "CARGO_INCREMENTAL=0" "-e" "RUST_BACKTRACE=full" "-e" "RUSTFLAGS=--cap-lints=warn" "-e" "RUSTDOCFLAGS=--cap-lints=warn" "-w" "/opt/rustwide/workdir" "--user" "0:0" "ebf060d55ff40e26c800d0cfa06f4a7174acf364ce2d4f453a776ab3eae049b7" "/opt/rustwide/cargo-home/bin/cargo" "+1.100.0-beta.1" "test" "--frozen" "--no-run" "--message-format=json" "--release", kill_on_drop: false }`
[INFO] [stderr]    Compiling serde_json v1.0.151
[INFO] [stderr]    Compiling gmeow-gts v1.0.0-rc.1 (/opt/rustwide/workdir)
[INFO] [stderr]     Finished `release` profile [optimized] target(s) in 26.01s
[INFO] running `Command { std: "docker" "inspect" "ebf060d55ff40e26c800d0cfa06f4a7174acf364ce2d4f453a776ab3eae049b7", kill_on_drop: false }`
[INFO] running `Command { std: "docker" "exec" "-e" "SOURCE_DIR=/opt/rustwide/workdir" "-e" "CARGO_HOME=/opt/rustwide/cargo-home" "-e" "RUSTUP_HOME=/opt/rustwide/rustup-home" "-e" "CARGO_TARGET_DIR=/opt/rustwide/target" "-e" "CARGO_INCREMENTAL=0" "-e" "RUST_BACKTRACE=full" "-e" "RUSTFLAGS=--cap-lints=warn" "-e" "RUSTDOCFLAGS=--cap-lints=warn" "-w" "/opt/rustwide/workdir" "--user" "0:0" "ebf060d55ff40e26c800d0cfa06f4a7174acf364ce2d4f453a776ab3eae049b7" "/opt/rustwide/cargo-home/bin/cargo" "+1.100.0-beta.1" "test" "--frozen" "--release", kill_on_drop: false }`
[INFO] [stderr]     Finished `release` profile [optimized] target(s) in 0.12s
[INFO] [stderr]      Running unittests src/lib.rs (/opt/rustwide/target/release/build/gmeow-gts/621dcae9651ac10d/out/gmeow_gts-621dcae9651ac10d)
[INFO] [stdout] 
[INFO] [stdout] running 21 tests
[INFO] [stdout] test db::tests::load_script_decode_failure_stops_before_commit ... ok
[INFO] [stdout] test mmr::tests::proof_round_trip_and_tamper ... ok
[INFO] [stdout] test openpgp::tests::rejects_non_pgp ... ok
[INFO] [stdout] test openpgp::tests::secret_mpi_to_seed_left_pads_short_mpis ... ok
[INFO] [stdout] test db::tests::load_script_decodes_lazy_blob_without_caching_it ... ok
[INFO] [stdout] test openpgp::tests::secret_signing_key_rejects_encrypted_secret_packets ... FAILED
[INFO] [stdout] test openpgp::tests::secret_signing_key_rejects_unsupported_trailer_structure ... FAILED
[INFO] [stdout] test openpgp::tests::secret_signing_key_rejects_bad_checksum ... FAILED
[INFO] [stdout] test codec::tests::zstd_rsyncable_decodes_concatenated_frames ... ok
[INFO] [stdout] test openpgp::tests::secret_signing_key_rejects_unsupported_algorithms_and_versions ... FAILED
[INFO] [stdout] test openpgp::tests::secret_signing_key_rejects_public_secret_mismatch ... FAILED
[INFO] [stdout] test openpgp::tests::parses_secret_signing_key_with_kid_override ... FAILED
[INFO] [stdout] test replication::tests::missing_returns_exact_tail_range ... ok
[INFO] [stdout] test openpgp::tests::secret_signing_key_rejects_public_armor ... FAILED
[INFO] [stdout] test openpgp::tests::parses_secret_signing_key_with_default_fingerprint_kid ... FAILED
[INFO] [stdout] test codec::tests::gzip_encoding_is_deterministic ... ok
[INFO] [stdout] test openpgp::tests::parses_frozen_vector ... FAILED
[INFO] [stdout] test mmr::tests::roots_change_with_order ... ok
[INFO] [stdout] test codec::tests::encoded_core_codecs_round_trip ... ok
[INFO] [stdout] test codec::tests::zstd_level_is_per_encode_chain ... ok
[INFO] [stdout] test codec::tests::zstd_decode_accepts_payloads_over_former_safety_bound ... ok
[INFO] [stdout] 
[INFO] [stdout] failures:
[INFO] [stdout] 
[INFO] [stdout] ---- openpgp::tests::secret_signing_key_rejects_encrypted_secret_packets stdout ----
[INFO] [stdout] 
[INFO] [stdout] thread 'openpgp::tests::secret_signing_key_rejects_encrypted_secret_packets' (2010) panicked at src/openpgp.rs:456:60:
[INFO] [stdout] called `Result::unwrap()` on an `Err` value: Os { code: 2, kind: NotFound, message: "No such file or directory" }
[INFO] [stdout] stack backtrace:
[INFO] [stdout]    0:     0x5c6c31ffeea1 - <<std[617be2ca0a6fd877]::sys::backtrace::BacktraceLock>::print::DisplayBacktrace as core[a373ad73a504971]::fmt::Display>::fmt
[INFO] [stdout]    1:     0x5c6c32014cca - core[a373ad73a504971]::fmt::write
[INFO] [stdout]    2:     0x5c6c320030bc - <alloc[2e1b2a31b91974c5]::vec::Vec<u8> as core[a373ad73a504971]::io::write::Write>::write_fmt
[INFO] [stdout]    3:     0x5c6c31fdae16 - std[617be2ca0a6fd877]::panicking::default_hook::{closure#0}
[INFO] [stdout]    4:     0x5c6c31ff71d9 - std[617be2ca0a6fd877]::panicking::default_hook
[INFO] [stdout]    5:     0x5c6c31e34cc0 - test[aada8e7e76ba119b]::test_main_inner::{closure#0}
[INFO] [stdout]    6:     0x5c6c31ff7392 - std[617be2ca0a6fd877]::panicking::panic_with_hook
[INFO] [stdout]    7:     0x5c6c31fdaec2 - std[617be2ca0a6fd877]::panicking::panic_handler::{closure#0}
[INFO] [stdout]    8:     0x5c6c31fd3a49 - std[617be2ca0a6fd877]::sys::backtrace::__rust_end_short_backtrace::<std[617be2ca0a6fd877]::panicking::panic_handler::{closure#0}, !>
[INFO] [stdout]    9:     0x5c6c31fdbacd - __rustc[ea4f61d10b84890b]::rust_begin_unwind
[INFO] [stdout]   10:     0x5c6c320153fc - core[a373ad73a504971]::panicking::panic_fmt
[INFO] [stdout]   11:     0x5c6c320151d2 - core[a373ad73a504971]::result::unwrap_failed
[INFO] [stdout]   12:     0x5c6c31e12ad1 - gmeow_gts[6adee49c9035c456]::openpgp::tests::fixture
[INFO] [stdout]   13:     0x5c6c31e126b7 - gmeow_gts[6adee49c9035c456]::openpgp::tests::secret_packet_body
[INFO] [stdout]   14:     0x5c6c31e14aeb - <gmeow_gts[6adee49c9035c456]::openpgp::tests::secret_signing_key_rejects_encrypted_secret_packets::{closure#0} as core[a373ad73a504971]::ops::function::FnOnce<()>>::call_once
[INFO] [stdout]   15:     0x5c6c31e2810b - test[aada8e7e76ba119b]::__rust_begin_short_backtrace::<core[a373ad73a504971]::result::Result<(), alloc[2e1b2a31b91974c5]::string::String>, fn() -> core[a373ad73a504971]::result::Result<(), alloc[2e1b2a31b91974c5]::string::String>>
[INFO] [stdout]   16:     0x5c6c31e352e5 - test[aada8e7e76ba119b]::run_test::{closure#0}
[INFO] [stdout]   17:     0x5c6c31e2ebd4 - std[617be2ca0a6fd877]::sys::backtrace::__rust_begin_short_backtrace::<test[aada8e7e76ba119b]::run_test::{closure#1}, ()>
[INFO] [stdout]   18:     0x5c6c31e38372 - <std[617be2ca0a6fd877]::thread::lifecycle::spawn_unchecked<test[aada8e7e76ba119b]::run_test::{closure#1}, ()>::{closure#1} as core[a373ad73a504971]::ops::function::FnOnce<()>>::call_once::{shim:vtable#0}
[INFO] [stdout]   19:     0x5c6c31ffe39f - <std[617be2ca0a6fd877]::sys::thread::unix::Thread>::new::thread_start
[INFO] [stdout]   20:     0x7cfb18ca9dfa - <unknown>
[INFO] [stdout]   21:     0x7cfb18d3d3d4 - clone
[INFO] [stdout]   22:                0x0 - <unknown>
[INFO] [stdout] 
[INFO] [stdout] ---- openpgp::tests::secret_signing_key_rejects_unsupported_trailer_structure stdout ----
[INFO] [stdout] 
[INFO] [stdout] thread 'openpgp::tests::secret_signing_key_rejects_unsupported_trailer_structure' (2014) panicked at src/openpgp.rs:456:60:
[INFO] [stdout] called `Result::unwrap()` on an `Err` value: Os { code: 2, kind: NotFound, message: "No such file or directory" }
[INFO] [stdout] stack backtrace:
[INFO] [stdout]    0:     0x5c6c31ffeea1 - <<std[617be2ca0a6fd877]::sys::backtrace::BacktraceLock>::print::DisplayBacktrace as core[a373ad73a504971]::fmt::Display>::fmt
[INFO] [stdout]    1:     0x5c6c32014cca - core[a373ad73a504971]::fmt::write
[INFO] [stdout]    2:     0x5c6c320030bc - <alloc[2e1b2a31b91974c5]::vec::Vec<u8> as core[a373ad73a504971]::io::write::Write>::write_fmt
[INFO] [stdout]    3:     0x5c6c31fdae16 - std[617be2ca0a6fd877]::panicking::default_hook::{closure#0}
[INFO] [stdout]    4:     0x5c6c31ff71d9 - std[617be2ca0a6fd877]::panicking::default_hook
[INFO] [stdout]    5:     0x5c6c31e34cc0 - test[aada8e7e76ba119b]::test_main_inner::{closure#0}
[INFO] [stdout]    6:     0x5c6c31ff7392 - std[617be2ca0a6fd877]::panicking::panic_with_hook
[INFO] [stdout]    7:     0x5c6c31fdaec2 - std[617be2ca0a6fd877]::panicking::panic_handler::{closure#0}
[INFO] [stdout]    8:     0x5c6c31fd3a49 - std[617be2ca0a6fd877]::sys::backtrace::__rust_end_short_backtrace::<std[617be2ca0a6fd877]::panicking::panic_handler::{closure#0}, !>
[INFO] [stdout]    9:     0x5c6c31fdbacd - __rustc[ea4f61d10b84890b]::rust_begin_unwind
[INFO] [stdout]   10:     0x5c6c320153fc - core[a373ad73a504971]::panicking::panic_fmt
[INFO] [stdout]   11:     0x5c6c320151d2 - core[a373ad73a504971]::result::unwrap_failed
[INFO] [stdout]   12:     0x5c6c31e12ad1 - gmeow_gts[6adee49c9035c456]::openpgp::tests::fixture
[INFO] [stdout]   13:     0x5c6c31e126b7 - gmeow_gts[6adee49c9035c456]::openpgp::tests::secret_packet_body
[INFO] [stdout]   14:     0x5c6c31e1529b - <gmeow_gts[6adee49c9035c456]::openpgp::tests::secret_signing_key_rejects_unsupported_trailer_structure::{closure#0} as core[a373ad73a504971]::ops::function::FnOnce<()>>::call_once
[INFO] [stdout]   15:     0x5c6c31e2810b - test[aada8e7e76ba119b]::__rust_begin_short_backtrace::<core[a373ad73a504971]::result::Result<(), alloc[2e1b2a31b91974c5]::string::String>, fn() -> core[a373ad73a504971]::result::Result<(), alloc[2e1b2a31b91974c5]::string::String>>
[INFO] [stdout]   16:     0x5c6c31e352e5 - test[aada8e7e76ba119b]::run_test::{closure#0}
[INFO] [stdout]   17:     0x5c6c31e2ebd4 - std[617be2ca0a6fd877]::sys::backtrace::__rust_begin_short_backtrace::<test[aada8e7e76ba119b]::run_test::{closure#1}, ()>
[INFO] [stdout]   18:     0x5c6c31e38372 - <std[617be2ca0a6fd877]::thread::lifecycle::spawn_unchecked<test[aada8e7e76ba119b]::run_test::{closure#1}, ()>::{closure#1} as core[a373ad73a504971]::ops::function::FnOnce<()>>::call_once::{shim:vtable#0}
[INFO] [stdout]   19:     0x5c6c31ffe39f - <std[617be2ca0a6fd877]::sys::thread::unix::Thread>::new::thread_start
[INFO] [stdout]   20:     0x7cfb18ca9dfa - <unknown>
[INFO] [stdout]   21:     0x7cfb18d3d3d4 - clone
[INFO] [stdout]   22:                0x0 - <unknown>
[INFO] [stdout] 
[INFO] [stdout] ---- openpgp::tests::secret_signing_key_rejects_bad_checksum stdout ----
[INFO] [stdout] 
[INFO] [stdout] thread 'openpgp::tests::secret_signing_key_rejects_bad_checksum' (2009) panicked at src/openpgp.rs:456:60:
[INFO] [stdout] called `Result::unwrap()` on an `Err` value: Os { code: 2, kind: NotFound, message: "No such file or directory" }
[INFO] [stdout] stack backtrace:
[INFO] [stdout]    0:     0x5c6c31ffeea1 - <<std[617be2ca0a6fd877]::sys::backtrace::BacktraceLock>::print::DisplayBacktrace as core[a373ad73a504971]::fmt::Display>::fmt
[INFO] [stdout]    1:     0x5c6c32014cca - core[a373ad73a504971]::fmt::write
[INFO] [stdout]    2:     0x5c6c320030bc - <alloc[2e1b2a31b91974c5]::vec::Vec<u8> as core[a373ad73a504971]::io::write::Write>::write_fmt
[INFO] [stdout]    3:     0x5c6c31fdae16 - std[617be2ca0a6fd877]::panicking::default_hook::{closure#0}
[INFO] [stdout]    4:     0x5c6c31ff71d9 - std[617be2ca0a6fd877]::panicking::default_hook
[INFO] [stdout]    5:     0x5c6c31e34cc0 - test[aada8e7e76ba119b]::test_main_inner::{closure#0}
[INFO] [stdout]    6:     0x5c6c31ff7392 - std[617be2ca0a6fd877]::panicking::panic_with_hook
[INFO] [stdout]    7:     0x5c6c31fdaec2 - std[617be2ca0a6fd877]::panicking::panic_handler::{closure#0}
[INFO] [stdout]    8:     0x5c6c31fd3a49 - std[617be2ca0a6fd877]::sys::backtrace::__rust_end_short_backtrace::<std[617be2ca0a6fd877]::panicking::panic_handler::{closure#0}, !>
[INFO] [stdout]    9:     0x5c6c31fdbacd - __rustc[ea4f61d10b84890b]::rust_begin_unwind
[INFO] [stdout]   10:     0x5c6c320153fc - core[a373ad73a504971]::panicking::panic_fmt
[INFO] [stdout]   11:     0x5c6c320151d2 - core[a373ad73a504971]::result::unwrap_failed
[INFO] [stdout]   12:     0x5c6c31e12ad1 - gmeow_gts[6adee49c9035c456]::openpgp::tests::fixture
[INFO] [stdout]   13:     0x5c6c31e126b7 - gmeow_gts[6adee49c9035c456]::openpgp::tests::secret_packet_body
[INFO] [stdout]   14:     0x5c6c31e142cb - <gmeow_gts[6adee49c9035c456]::openpgp::tests::secret_signing_key_rejects_bad_checksum::{closure#0} as core[a373ad73a504971]::ops::function::FnOnce<()>>::call_once
[INFO] [stdout]   15:     0x5c6c31e2810b - test[aada8e7e76ba119b]::__rust_begin_short_backtrace::<core[a373ad73a504971]::result::Result<(), alloc[2e1b2a31b91974c5]::string::String>, fn() -> core[a373ad73a504971]::result::Result<(), alloc[2e1b2a31b91974c5]::string::String>>
[INFO] [stdout]   16:     0x5c6c31e352e5 - test[aada8e7e76ba119b]::run_test::{closure#0}
[INFO] [stdout]   17:     0x5c6c31e2ebd4 - std[617be2ca0a6fd877]::sys::backtrace::__rust_begin_short_backtrace::<test[aada8e7e76ba119b]::run_test::{closure#1}, ()>
[INFO] [stdout]   18:     0x5c6c31e38372 - <std[617be2ca0a6fd877]::thread::lifecycle::spawn_unchecked<test[aada8e7e76ba119b]::run_test::{closure#1}, ()>::{closure#1} as core[a373ad73a504971]::ops::function::FnOnce<()>>::call_once::{shim:vtable#0}
[INFO] [stdout]   19:     0x5c6c31ffe39f - <std[617be2ca0a6fd877]::sys::thread::unix::Thread>::new::thread_start
[INFO] [stdout]   20:     0x7cfb18ca9dfa - <unknown>
[INFO] [stdout]   21:     0x7cfb18d3d3d4 - clone
[INFO] [stdout]   22:                0x0 - <unknown>
[INFO] [stdout] 
[INFO] [stdout] ---- openpgp::tests::secret_signing_key_rejects_unsupported_algorithms_and_versions stdout ----
[INFO] [stdout] 
[INFO] [stdout] thread 'openpgp::tests::secret_signing_key_rejects_unsupported_algorithms_and_versions' (2013) panicked at src/openpgp.rs:456:60:
[INFO] [stdout] called `Result::unwrap()` on an `Err` value: Os { code: 2, kind: NotFound, message: "No such file or directory" }
[INFO] [stdout] stack backtrace:
[INFO] [stdout]    0:     0x5c6c31ffeea1 - <<std[617be2ca0a6fd877]::sys::backtrace::BacktraceLock>::print::DisplayBacktrace as core[a373ad73a504971]::fmt::Display>::fmt
[INFO] [stdout]    1:     0x5c6c32014cca - core[a373ad73a504971]::fmt::write
[INFO] [stdout]    2:     0x5c6c320030bc - <alloc[2e1b2a31b91974c5]::vec::Vec<u8> as core[a373ad73a504971]::io::write::Write>::write_fmt
[INFO] [stdout]    3:     0x5c6c31fdae16 - std[617be2ca0a6fd877]::panicking::default_hook::{closure#0}
[INFO] [stdout]    4:     0x5c6c31ff71d9 - std[617be2ca0a6fd877]::panicking::default_hook
[INFO] [stdout]    5:     0x5c6c31e34cc0 - test[aada8e7e76ba119b]::test_main_inner::{closure#0}
[INFO] [stdout]    6:     0x5c6c31ff7392 - std[617be2ca0a6fd877]::panicking::panic_with_hook
[INFO] [stdout]    7:     0x5c6c31fdaec2 - std[617be2ca0a6fd877]::panicking::panic_handler::{closure#0}
[INFO] [stdout]    8:     0x5c6c31fd3a49 - std[617be2ca0a6fd877]::sys::backtrace::__rust_end_short_backtrace::<std[617be2ca0a6fd877]::panicking::panic_handler::{closure#0}, !>
[INFO] [stdout]    9:     0x5c6c31fdbacd - __rustc[ea4f61d10b84890b]::rust_begin_unwind
[INFO] [stdout]   10:     0x5c6c320153fc - core[a373ad73a504971]::panicking::panic_fmt
[INFO] [stdout]   11:     0x5c6c320151d2 - core[a373ad73a504971]::result::unwrap_failed
[INFO] [stdout]   12:     0x5c6c31e12ad1 - gmeow_gts[6adee49c9035c456]::openpgp::tests::fixture
[INFO] [stdout]   13:     0x5c6c31e126b7 - gmeow_gts[6adee49c9035c456]::openpgp::tests::secret_packet_body
[INFO] [stdout]   14:     0x5c6c31e1549e - <gmeow_gts[6adee49c9035c456]::openpgp::tests::secret_signing_key_rejects_unsupported_algorithms_and_versions::{closure#0} as core[a373ad73a504971]::ops::function::FnOnce<()>>::call_once
[INFO] [stdout]   15:     0x5c6c31e2810b - test[aada8e7e76ba119b]::__rust_begin_short_backtrace::<core[a373ad73a504971]::result::Result<(), alloc[2e1b2a31b91974c5]::string::String>, fn() -> core[a373ad73a504971]::result::Result<(), alloc[2e1b2a31b91974c5]::string::String>>
[INFO] [stdout]   16:     0x5c6c31e352e5 - test[aada8e7e76ba119b]::run_test::{closure#0}
[INFO] [stdout]   17:     0x5c6c31e2ebd4 - std[617be2ca0a6fd877]::sys::backtrace::__rust_begin_short_backtrace::<test[aada8e7e76ba119b]::run_test::{closure#1}, ()>
[INFO] [stdout]   18:     0x5c6c31e38372 - <std[617be2ca0a6fd877]::thread::lifecycle::spawn_unchecked<test[aada8e7e76ba119b]::run_test::{closure#1}, ()>::{closure#1} as core[a373ad73a504971]::ops::function::FnOnce<()>>::call_once::{shim:vtable#0}
[INFO] [stdout]   19:     0x5c6c31ffe39f - <std[617be2ca0a6fd877]::sys::thread::unix::Thread>::new::thread_start
[INFO] [stdout]   20:     0x7cfb18ca9dfa - <unknown>
[INFO] [stdout]   21:     0x7cfb18d3d3d4 - clone
[INFO] [stdout]   22:                0x0 - <unknown>
[INFO] [stdout] 
[INFO] [stdout] ---- openpgp::tests::secret_signing_key_rejects_public_secret_mismatch stdout ----
[INFO] [stdout] 
[INFO] [stdout] thread 'openpgp::tests::secret_signing_key_rejects_public_secret_mismatch' (2012) panicked at src/openpgp.rs:456:60:
[INFO] [stdout] called `Result::unwrap()` on an `Err` value: Os { code: 2, kind: NotFound, message: "No such file or directory" }
[INFO] [stdout] stack backtrace:
[INFO] [stdout]    0:     0x5c6c31ffeea1 - <<std[617be2ca0a6fd877]::sys::backtrace::BacktraceLock>::print::DisplayBacktrace as core[a373ad73a504971]::fmt::Display>::fmt
[INFO] [stdout]    1:     0x5c6c32014cca - core[a373ad73a504971]::fmt::write
[INFO] [stdout]    2:     0x5c6c320030bc - <alloc[2e1b2a31b91974c5]::vec::Vec<u8> as core[a373ad73a504971]::io::write::Write>::write_fmt
[INFO] [stdout]    3:     0x5c6c31fdae16 - std[617be2ca0a6fd877]::panicking::default_hook::{closure#0}
[INFO] [stdout]    4:     0x5c6c31ff71d9 - std[617be2ca0a6fd877]::panicking::default_hook
[INFO] [stdout]    5:     0x5c6c31e34cc0 - test[aada8e7e76ba119b]::test_main_inner::{closure#0}
[INFO] [stdout]    6:     0x5c6c31ff7392 - std[617be2ca0a6fd877]::panicking::panic_with_hook
[INFO] [stdout]    7:     0x5c6c31fdaec2 - std[617be2ca0a6fd877]::panicking::panic_handler::{closure#0}
[INFO] [stdout]    8:     0x5c6c31fd3a49 - std[617be2ca0a6fd877]::sys::backtrace::__rust_end_short_backtrace::<std[617be2ca0a6fd877]::panicking::panic_handler::{closure#0}, !>
[INFO] [stdout]    9:     0x5c6c31fdbacd - __rustc[ea4f61d10b84890b]::rust_begin_unwind
[INFO] [stdout]   10:     0x5c6c320153fc - core[a373ad73a504971]::panicking::panic_fmt
[INFO] [stdout]   11:     0x5c6c320151d2 - core[a373ad73a504971]::result::unwrap_failed
[INFO] [stdout]   12:     0x5c6c31e12ad1 - gmeow_gts[6adee49c9035c456]::openpgp::tests::fixture
[INFO] [stdout]   13:     0x5c6c31e126b7 - gmeow_gts[6adee49c9035c456]::openpgp::tests::secret_packet_body
[INFO] [stdout]   14:     0x5c6c31e1487b - <gmeow_gts[6adee49c9035c456]::openpgp::tests::secret_signing_key_rejects_public_secret_mismatch::{closure#0} as core[a373ad73a504971]::ops::function::FnOnce<()>>::call_once
[INFO] [stdout]   15:     0x5c6c31e2810b - test[aada8e7e76ba119b]::__rust_begin_short_backtrace::<core[a373ad73a504971]::result::Result<(), alloc[2e1b2a31b91974c5]::string::String>, fn() -> core[a373ad73a504971]::result::Result<(), alloc[2e1b2a31b91974c5]::string::String>>
[INFO] [stdout]   16:     0x5c6c31e352e5 - test[aada8e7e76ba119b]::run_test::{closure#0}
[INFO] [stdout]   17:     0x5c6c31e2ebd4 - std[617be2ca0a6fd877]::sys::backtrace::__rust_begin_short_backtrace::<test[aada8e7e76ba119b]::run_test::{closure#1}, ()>
[INFO] [stdout]   18:     0x5c6c31e38372 - <std[617be2ca0a6fd877]::thread::lifecycle::spawn_unchecked<test[aada8e7e76ba119b]::run_test::{closure#1}, ()>::{closure#1} as core[a373ad73a504971]::ops::function::FnOnce<()>>::call_once::{shim:vtable#0}
[INFO] [stdout]   19:     0x5c6c31ffe39f - <std[617be2ca0a6fd877]::sys::thread::unix::Thread>::new::thread_start
[INFO] [stdout]   20:     0x7cfb18ca9dfa - <unknown>
[INFO] [stdout]   21:     0x7cfb18d3d3d4 - clone
[INFO] [stdout]   22:                0x0 - <unknown>
[INFO] [stdout] 
[INFO] [stdout] ---- openpgp::tests::parses_secret_signing_key_with_kid_override stdout ----
[INFO] [stdout] 
[INFO] [stdout] thread 'openpgp::tests::parses_secret_signing_key_with_kid_override' (2006) panicked at src/openpgp.rs:456:60:
[INFO] [stdout] called `Result::unwrap()` on an `Err` value: Os { code: 2, kind: NotFound, message: "No such file or directory" }
[INFO] [stdout] stack backtrace:
[INFO] [stdout]    0:     0x5c6c31ffeea1 - <<std[617be2ca0a6fd877]::sys::backtrace::BacktraceLock>::print::DisplayBacktrace as core[a373ad73a504971]::fmt::Display>::fmt
[INFO] [stdout]    1:     0x5c6c32014cca - core[a373ad73a504971]::fmt::write
[INFO] [stdout]    2:     0x5c6c320030bc - <alloc[2e1b2a31b91974c5]::vec::Vec<u8> as core[a373ad73a504971]::io::write::Write>::write_fmt
[INFO] [stdout]    3:     0x5c6c31fdae16 - std[617be2ca0a6fd877]::panicking::default_hook::{closure#0}
[INFO] [stdout]    4:     0x5c6c31ff71d9 - std[617be2ca0a6fd877]::panicking::default_hook
[INFO] [stdout]    5:     0x5c6c31e34cc0 - test[aada8e7e76ba119b]::test_main_inner::{closure#0}
[INFO] [stdout]    6:     0x5c6c31ff7392 - std[617be2ca0a6fd877]::panicking::panic_with_hook
[INFO] [stdout]    7:     0x5c6c31fdaec2 - std[617be2ca0a6fd877]::panicking::panic_handler::{closure#0}
[INFO] [stdout]    8:     0x5c6c31fd3a49 - std[617be2ca0a6fd877]::sys::backtrace::__rust_end_short_backtrace::<std[617be2ca0a6fd877]::panicking::panic_handler::{closure#0}, !>
[INFO] [stdout]    9:     0x5c6c31fdbacd - __rustc[ea4f61d10b84890b]::rust_begin_unwind
[INFO] [stdout]   10:     0x5c6c320153fc - core[a373ad73a504971]::panicking::panic_fmt
[INFO] [stdout]   11:     0x5c6c320151d2 - core[a373ad73a504971]::result::unwrap_failed
[INFO] [stdout]   12:     0x5c6c31e12ad1 - gmeow_gts[6adee49c9035c456]::openpgp::tests::fixture
[INFO] [stdout]   13:     0x5c6c31e14617 - <gmeow_gts[6adee49c9035c456]::openpgp::tests::parses_secret_signing_key_with_kid_override::{closure#0} as core[a373ad73a504971]::ops::function::FnOnce<()>>::call_once
[INFO] [stdout]   14:     0x5c6c31e2810b - test[aada8e7e76ba119b]::__rust_begin_short_backtrace::<core[a373ad73a504971]::result::Result<(), alloc[2e1b2a31b91974c5]::string::String>, fn() -> core[a373ad73a504971]::result::Result<(), alloc[2e1b2a31b91974c5]::string::String>>
[INFO] [stdout]   15:     0x5c6c31e352e5 - test[aada8e7e76ba119b]::run_test::{closure#0}
[INFO] [stderr] error: test failed, to rerun pass `--lib`
[INFO] [stdout]   16:     0x5c6c31e2ebd4 - std[617be2ca0a6fd877]::sys::backtrace::__rust_begin_short_backtrace::<test[aada8e7e76ba119b]::run_test::{closure#1}, ()>
[INFO] [stdout]   17:     0x5c6c31e38372 - <std[617be2ca0a6fd877]::thread::lifecycle::spawn_unchecked<test[aada8e7e76ba119b]::run_test::{closure#1}, ()>::{closure#1} as core[a373ad73a504971]::ops::function::FnOnce<()>>::call_once::{shim:vtable#0}
[INFO] [stdout]   18:     0x5c6c31ffe39f - <std[617be2ca0a6fd877]::sys::thread::unix::Thread>::new::thread_start
[INFO] [stdout]   19:     0x7cfb18ca9dfa - <unknown>
[INFO] [stdout]   20:     0x7cfb18d3d3d4 - clone
[INFO] [stdout]   21:                0x0 - <unknown>
[INFO] [stdout] 
[INFO] [stdout] ---- openpgp::tests::secret_signing_key_rejects_public_armor stdout ----
[INFO] [stdout] 
[INFO] [stdout] thread 'openpgp::tests::secret_signing_key_rejects_public_armor' (2011) panicked at src/openpgp.rs:456:60:
[INFO] [stdout] called `Result::unwrap()` on an `Err` value: Os { code: 2, kind: NotFound, message: "No such file or directory" }
[INFO] [stdout] stack backtrace:
[INFO] [stdout]    0:     0x5c6c31ffeea1 - <<std[617be2ca0a6fd877]::sys::backtrace::BacktraceLock>::print::DisplayBacktrace as core[a373ad73a504971]::fmt::Display>::fmt
[INFO] [stdout]    1:     0x5c6c32014cca - core[a373ad73a504971]::fmt::write
[INFO] [stdout]    2:     0x5c6c320030bc - <alloc[2e1b2a31b91974c5]::vec::Vec<u8> as core[a373ad73a504971]::io::write::Write>::write_fmt
[INFO] [stdout]    3:     0x5c6c31fdae16 - std[617be2ca0a6fd877]::panicking::default_hook::{closure#0}
[INFO] [stdout]    4:     0x5c6c31ff71d9 - std[617be2ca0a6fd877]::panicking::default_hook
[INFO] [stdout]    5:     0x5c6c31e34cc0 - test[aada8e7e76ba119b]::test_main_inner::{closure#0}
[INFO] [stdout]    6:     0x5c6c31ff7392 - std[617be2ca0a6fd877]::panicking::panic_with_hook
[INFO] [stdout]    7:     0x5c6c31fdaec2 - std[617be2ca0a6fd877]::panicking::panic_handler::{closure#0}
[INFO] [stdout]    8:     0x5c6c31fd3a49 - std[617be2ca0a6fd877]::sys::backtrace::__rust_end_short_backtrace::<std[617be2ca0a6fd877]::panicking::panic_handler::{closure#0}, !>
[INFO] [stdout]    9:     0x5c6c31fdbacd - __rustc[ea4f61d10b84890b]::rust_begin_unwind
[INFO] [stdout]   10:     0x5c6c320153fc - core[a373ad73a504971]::panicking::panic_fmt
[INFO] [stdout]   11:     0x5c6c320151d2 - core[a373ad73a504971]::result::unwrap_failed
[INFO] [stdout]   12:     0x5c6c31e12ad1 - gmeow_gts[6adee49c9035c456]::openpgp::tests::fixture
[INFO] [stdout]   13:     0x5c6c31e144c9 - <gmeow_gts[6adee49c9035c456]::openpgp::tests::secret_signing_key_rejects_public_armor::{closure#0} as core[a373ad73a504971]::ops::function::FnOnce<()>>::call_once
[INFO] [stdout]   14:     0x5c6c31e2810b - test[aada8e7e76ba119b]::__rust_begin_short_backtrace::<core[a373ad73a504971]::result::Result<(), alloc[2e1b2a31b91974c5]::string::String>, fn() -> core[a373ad73a504971]::result::Result<(), alloc[2e1b2a31b91974c5]::string::String>>
[INFO] [stdout]   15:     0x5c6c31e352e5 - test[aada8e7e76ba119b]::run_test::{closure#0}
[INFO] [stdout]   16:     0x5c6c31e2ebd4 - std[617be2ca0a6fd877]::sys::backtrace::__rust_begin_short_backtrace::<test[aada8e7e76ba119b]::run_test::{closure#1}, ()>
[INFO] [stdout]   17:     0x5c6c31e38372 - <std[617be2ca0a6fd877]::thread::lifecycle::spawn_unchecked<test[aada8e7e76ba119b]::run_test::{closure#1}, ()>::{closure#1} as core[a373ad73a504971]::ops::function::FnOnce<()>>::call_once::{shim:vtable#0}
[INFO] [stdout]   18:     0x5c6c31ffe39f - <std[617be2ca0a6fd877]::sys::thread::unix::Thread>::new::thread_start
[INFO] [stdout]   19:     0x7cfb18ca9dfa - <unknown>
[INFO] [stdout]   20:     0x7cfb18d3d3d4 - clone
[INFO] [stdout]   21:                0x0 - <unknown>
[INFO] [stdout] 
[INFO] [stdout] ---- openpgp::tests::parses_secret_signing_key_with_default_fingerprint_kid stdout ----
[INFO] [stdout] 
[INFO] [stdout] thread 'openpgp::tests::parses_secret_signing_key_with_default_fingerprint_kid' (2005) panicked at src/openpgp.rs:456:60:
[INFO] [stdout] called `Result::unwrap()` on an `Err` value: Os { code: 2, kind: NotFound, message: "No such file or directory" }
[INFO] [stdout] stack backtrace:
[INFO] [stdout]    0:     0x5c6c31ffeea1 - <<std[617be2ca0a6fd877]::sys::backtrace::BacktraceLock>::print::DisplayBacktrace as core[a373ad73a504971]::fmt::Display>::fmt
[INFO] [stdout]    1:     0x5c6c32014cca - core[a373ad73a504971]::fmt::write
[INFO] [stdout]    2:     0x5c6c320030bc - <alloc[2e1b2a31b91974c5]::vec::Vec<u8> as core[a373ad73a504971]::io::write::Write>::write_fmt
[INFO] [stdout]    3:     0x5c6c31fdae16 - std[617be2ca0a6fd877]::panicking::default_hook::{closure#0}
[INFO] [stdout]    4:     0x5c6c31ff71d9 - std[617be2ca0a6fd877]::panicking::default_hook
[INFO] [stdout]    5:     0x5c6c31e34cc0 - test[aada8e7e76ba119b]::test_main_inner::{closure#0}
[INFO] [stdout]    6:     0x5c6c31ff7392 - std[617be2ca0a6fd877]::panicking::panic_with_hook
[INFO] [stdout]    7:     0x5c6c31fdaec2 - std[617be2ca0a6fd877]::panicking::panic_handler::{closure#0}
[INFO] [stdout]    8:     0x5c6c31fd3a49 - std[617be2ca0a6fd877]::sys::backtrace::__rust_end_short_backtrace::<std[617be2ca0a6fd877]::panicking::panic_handler::{closure#0}, !>
[INFO] [stdout]    9:     0x5c6c31fdbacd - __rustc[ea4f61d10b84890b]::rust_begin_unwind
[INFO] [stdout]   10:     0x5c6c320153fc - core[a373ad73a504971]::panicking::panic_fmt
[INFO] [stdout]   11:     0x5c6c320151d2 - core[a373ad73a504971]::result::unwrap_failed
[INFO] [stdout]   12:     0x5c6c31e12ad1 - gmeow_gts[6adee49c9035c456]::openpgp::tests::fixture
[INFO] [stdout]   13:     0x5c6c31e14d6a - <gmeow_gts[6adee49c9035c456]::openpgp::tests::parses_secret_signing_key_with_default_fingerprint_kid::{closure#0} as core[a373ad73a504971]::ops::function::FnOnce<()>>::call_once
[INFO] [stdout]   14:     0x5c6c31e2810b - test[aada8e7e76ba119b]::__rust_begin_short_backtrace::<core[a373ad73a504971]::result::Result<(), alloc[2e1b2a31b91974c5]::string::String>, fn() -> core[a373ad73a504971]::result::Result<(), alloc[2e1b2a31b91974c5]::string::String>>
[INFO] [stdout]   15:     0x5c6c31e352e5 - test[aada8e7e76ba119b]::run_test::{closure#0}
[INFO] [stdout]   16:     0x5c6c31e2ebd4 - std[617be2ca0a6fd877]::sys::backtrace::__rust_begin_short_backtrace::<test[aada8e7e76ba119b]::run_test::{closure#1}, ()>
[INFO] [stdout]   17:     0x5c6c31e38372 - <std[617be2ca0a6fd877]::thread::lifecycle::spawn_unchecked<test[aada8e7e76ba119b]::run_test::{closure#1}, ()>::{closure#1} as core[a373ad73a504971]::ops::function::FnOnce<()>>::call_once::{shim:vtable#0}
[INFO] [stdout]   18:     0x5c6c31ffe39f - <std[617be2ca0a6fd877]::sys::thread::unix::Thread>::new::thread_start
[INFO] [stdout]   19:     0x7cfb18ca9dfa - <unknown>
[INFO] [stdout]   20:     0x7cfb18d3d3d4 - clone
[INFO] [stdout]   21:                0x0 - <unknown>
[INFO] [stdout] 
[INFO] [stdout] ---- openpgp::tests::parses_frozen_vector stdout ----
[INFO] [stdout] 
[INFO] [stdout] thread 'openpgp::tests::parses_frozen_vector' (2004) panicked at src/openpgp.rs:527:80:
[INFO] [stdout] called `Result::unwrap()` on an `Err` value: Os { code: 2, kind: NotFound, message: "No such file or directory" }
[INFO] [stdout] stack backtrace:
[INFO] [stdout]    0:     0x5c6c31ffeea1 - <<std[617be2ca0a6fd877]::sys::backtrace::BacktraceLock>::print::DisplayBacktrace as core[a373ad73a504971]::fmt::Display>::fmt
[INFO] [stdout]    1:     0x5c6c32014cca - core[a373ad73a504971]::fmt::write
[INFO] [stdout]    2:     0x5c6c320030bc - <alloc[2e1b2a31b91974c5]::vec::Vec<u8> as core[a373ad73a504971]::io::write::Write>::write_fmt
[INFO] [stdout]    3:     0x5c6c31fdae16 - std[617be2ca0a6fd877]::panicking::default_hook::{closure#0}
[INFO] [stdout]    4:     0x5c6c31ff71d9 - std[617be2ca0a6fd877]::panicking::default_hook
[INFO] [stdout]    5:     0x5c6c31e34cc0 - test[aada8e7e76ba119b]::test_main_inner::{closure#0}
[INFO] [stdout]    6:     0x5c6c31ff7392 - std[617be2ca0a6fd877]::panicking::panic_with_hook
[INFO] [stdout]    7:     0x5c6c31fdaec2 - std[617be2ca0a6fd877]::panicking::panic_handler::{closure#0}
[INFO] [stdout]    8:     0x5c6c31fd3a49 - std[617be2ca0a6fd877]::sys::backtrace::__rust_end_short_backtrace::<std[617be2ca0a6fd877]::panicking::panic_handler::{closure#0}, !>
[INFO] [stdout]    9:     0x5c6c31fdbacd - __rustc[ea4f61d10b84890b]::rust_begin_unwind
[INFO] [stdout]   10:     0x5c6c320153fc - core[a373ad73a504971]::panicking::panic_fmt
[INFO] [stdout]   11:     0x5c6c320151d2 - core[a373ad73a504971]::result::unwrap_failed
[INFO] [stdout]   12:     0x5c6c31e14041 - <gmeow_gts[6adee49c9035c456]::openpgp::tests::parses_frozen_vector::{closure#0} as core[a373ad73a504971]::ops::function::FnOnce<()>>::call_once
[INFO] [stdout]   13:     0x5c6c31e2810b - test[aada8e7e76ba119b]::__rust_begin_short_backtrace::<core[a373ad73a504971]::result::Result<(), alloc[2e1b2a31b91974c5]::string::String>, fn() -> core[a373ad73a504971]::result::Result<(), alloc[2e1b2a31b91974c5]::string::String>>
[INFO] [stdout]   14:     0x5c6c31e352e5 - test[aada8e7e76ba119b]::run_test::{closure#0}
[INFO] [stdout]   15:     0x5c6c31e2ebd4 - std[617be2ca0a6fd877]::sys::backtrace::__rust_begin_short_backtrace::<test[aada8e7e76ba119b]::run_test::{closure#1}, ()>
[INFO] [stdout]   16:     0x5c6c31e38372 - <std[617be2ca0a6fd877]::thread::lifecycle::spawn_unchecked<test[aada8e7e76ba119b]::run_test::{closure#1}, ()>::{closure#1} as core[a373ad73a504971]::ops::function::FnOnce<()>>::call_once::{shim:vtable#0}
[INFO] [stdout]   17:     0x5c6c31ffe39f - <std[617be2ca0a6fd877]::sys::thread::unix::Thread>::new::thread_start
[INFO] [stdout]   18:     0x7cfb18ca9dfa - <unknown>
[INFO] [stdout]   19:     0x7cfb18d3d3d4 - clone
[INFO] [stdout]   20:                0x0 - <unknown>
[INFO] [stdout] 
[INFO] [stdout] 
[INFO] [stdout] failures:
[INFO] [stdout]     openpgp::tests::parses_frozen_vector
[INFO] [stdout]     openpgp::tests::parses_secret_signing_key_with_default_fingerprint_kid
[INFO] [stdout]     openpgp::tests::parses_secret_signing_key_with_kid_override
[INFO] [stdout]     openpgp::tests::secret_signing_key_rejects_bad_checksum
[INFO] [stdout]     openpgp::tests::secret_signing_key_rejects_encrypted_secret_packets
[INFO] [stdout]     openpgp::tests::secret_signing_key_rejects_public_armor
[INFO] [stdout]     openpgp::tests::secret_signing_key_rejects_public_secret_mismatch
[INFO] [stdout]     openpgp::tests::secret_signing_key_rejects_unsupported_algorithms_and_versions
[INFO] [stdout]     openpgp::tests::secret_signing_key_rejects_unsupported_trailer_structure
[INFO] [stdout] 
[INFO] [stdout] test result: FAILED. 12 passed; 9 failed; 0 ignored; 0 measured; 0 filtered out; finished in 0.22s
[INFO] [stdout] 
[INFO] running `Command { std: "docker" "inspect" "ebf060d55ff40e26c800d0cfa06f4a7174acf364ce2d4f453a776ab3eae049b7", kill_on_drop: false }`
[INFO] running `Command { std: "docker" "rm" "-f" "ebf060d55ff40e26c800d0cfa06f4a7174acf364ce2d4f453a776ab3eae049b7", kill_on_drop: false }`
[INFO] [stdout] ebf060d55ff40e26c800d0cfa06f4a7174acf364ce2d4f453a776ab3eae049b7
