[INFO] fetching crate gmac_rs 0.2.0...
[INFO] testing gmac_rs-0.2.0 against 1.100.0-beta.1+cargoflags=--release for beta-release-1.100-2
[INFO] extracting crate gmac_rs 0.2.0 into /workspace/builds/worker-6-tc2/source
[INFO] started tweaking crates.io crate gmac_rs 0.2.0
[INFO] removed 0 missing examples
[INFO] removed 0 missing tests
[INFO] finished tweaking crates.io crate gmac_rs 0.2.0
[INFO] tweaked toml for crates.io crate gmac_rs 0.2.0 written to /workspace/builds/worker-6-tc2/source/Cargo.toml
[INFO] validating manifest of crates.io crate gmac_rs 0.2.0 on toolchain 1.100.0-beta.1
[INFO] running `Command { std: CARGO_HOME="/workspace/cargo-home" RUSTUP_HOME="/workspace/rustup-home" "/workspace/cargo-home/bin/cargo" "+1.100.0-beta.1" "metadata" "--manifest-path" "Cargo.toml" "--no-deps", kill_on_drop: false }`
[INFO] crate crates.io crate gmac_rs 0.2.0 already has a lockfile, it will not be regenerated
[INFO] running `Command { std: CARGO_HOME="/workspace/cargo-home" RUSTUP_HOME="/workspace/rustup-home" "/workspace/cargo-home/bin/cargo" "+1.100.0-beta.1" "fetch" "--manifest-path" "Cargo.toml", kill_on_drop: false }`
[INFO] running `Command { std: "docker" "create" "-v" "/var/lib/crater-agent-workspace/builds/worker-6-tc2/source:/opt/rustwide/workdir:ro,Z" "-v" "/var/lib/crater-agent-workspace/builds/worker-6-tc2/target:/opt/rustwide/target:rw,Z" "-v" "/var/lib/crater-agent-workspace/cargo-home:/opt/rustwide/cargo-home:ro,Z" "-v" "/var/lib/crater-agent-workspace/rustup-home:/opt/rustwide/rustup-home:ro,Z" "-m" "1610612736" "--network" "none" "ghcr.io/rust-lang/crates-build-env/linux@sha256:77db811e55d90add9212f6832c23229e3de5f1c1f9905e8cb07319ea15df73ac" "sleep" "infinity", kill_on_drop: false }`
[INFO] [stdout] a52a21d3723802ebef0ecfad6cbd07917c068fdb3a32d9e5e02f3af7dcd522da
[INFO] running `Command { std: "docker" "start" "a52a21d3723802ebef0ecfad6cbd07917c068fdb3a32d9e5e02f3af7dcd522da", kill_on_drop: false }`
[INFO] running `Command { std: "docker" "inspect" "a52a21d3723802ebef0ecfad6cbd07917c068fdb3a32d9e5e02f3af7dcd522da", kill_on_drop: false }`
[INFO] running `Command { std: "docker" "exec" "-e" "SOURCE_DIR=/opt/rustwide/workdir" "-e" "CARGO_HOME=/opt/rustwide/cargo-home" "-e" "RUSTUP_HOME=/opt/rustwide/rustup-home" "-e" "CARGO_TARGET_DIR=/opt/rustwide/target" "-w" "/opt/rustwide/workdir" "--user" "0:0" "a52a21d3723802ebef0ecfad6cbd07917c068fdb3a32d9e5e02f3af7dcd522da" "/opt/rustwide/cargo-home/bin/cargo" "+1.100.0-beta.1" "metadata" "--no-deps" "--format-version=1", kill_on_drop: false }`
[INFO] running `Command { std: "docker" "inspect" "a52a21d3723802ebef0ecfad6cbd07917c068fdb3a32d9e5e02f3af7dcd522da", kill_on_drop: false }`
[INFO] running `Command { std: "docker" "exec" "-e" "SOURCE_DIR=/opt/rustwide/workdir" "-e" "CARGO_HOME=/opt/rustwide/cargo-home" "-e" "RUSTUP_HOME=/opt/rustwide/rustup-home" "-e" "CARGO_TARGET_DIR=/opt/rustwide/target" "-e" "CARGO_INCREMENTAL=0" "-e" "RUST_BACKTRACE=full" "-e" "RUSTFLAGS=--cap-lints=warn" "-e" "RUSTDOCFLAGS=--cap-lints=warn" "-w" "/opt/rustwide/workdir" "--user" "0:0" "a52a21d3723802ebef0ecfad6cbd07917c068fdb3a32d9e5e02f3af7dcd522da" "/opt/rustwide/cargo-home/bin/cargo" "+1.100.0-beta.1" "build" "--frozen" "--message-format=json" "--release", kill_on_drop: false }`
[INFO] [stderr]    Compiling rayon-core v1.12.1
[INFO] [stderr]    Compiling either v1.15.0
[INFO] [stderr]    Compiling rayon v1.10.0
[INFO] [stderr]    Compiling hologram v0.1.4
[INFO] [stderr]    Compiling gmac_rs v0.2.0 (/opt/rustwide/workdir)
[INFO] [stderr]     Finished `release` profile [optimized] target(s) in 10.45s
[INFO] running `Command { std: "docker" "inspect" "a52a21d3723802ebef0ecfad6cbd07917c068fdb3a32d9e5e02f3af7dcd522da", kill_on_drop: false }`
[INFO] running `Command { std: "docker" "exec" "-e" "SOURCE_DIR=/opt/rustwide/workdir" "-e" "CARGO_HOME=/opt/rustwide/cargo-home" "-e" "RUSTUP_HOME=/opt/rustwide/rustup-home" "-e" "CARGO_TARGET_DIR=/opt/rustwide/target" "-e" "CARGO_INCREMENTAL=0" "-e" "RUST_BACKTRACE=full" "-e" "RUSTFLAGS=--cap-lints=warn" "-e" "RUSTDOCFLAGS=--cap-lints=warn" "-w" "/opt/rustwide/workdir" "--user" "0:0" "a52a21d3723802ebef0ecfad6cbd07917c068fdb3a32d9e5e02f3af7dcd522da" "/opt/rustwide/cargo-home/bin/cargo" "+1.100.0-beta.1" "test" "--frozen" "--no-run" "--message-format=json" "--release", kill_on_drop: false }`
[INFO] [stderr]    Compiling autocfg v1.1.0
[INFO] [stderr]    Compiling num-traits v0.2.19
[INFO] [stderr]    Compiling approx v0.5.1
[INFO] [stderr]    Compiling gmac_rs v0.2.0 (/opt/rustwide/workdir)
[INFO] [stderr]     Finished `release` profile [optimized] target(s) in 9.01s
[INFO] running `Command { std: "docker" "inspect" "a52a21d3723802ebef0ecfad6cbd07917c068fdb3a32d9e5e02f3af7dcd522da", kill_on_drop: false }`
[INFO] running `Command { std: "docker" "exec" "-e" "SOURCE_DIR=/opt/rustwide/workdir" "-e" "CARGO_HOME=/opt/rustwide/cargo-home" "-e" "RUSTUP_HOME=/opt/rustwide/rustup-home" "-e" "CARGO_TARGET_DIR=/opt/rustwide/target" "-e" "CARGO_INCREMENTAL=0" "-e" "RUST_BACKTRACE=full" "-e" "RUSTFLAGS=--cap-lints=warn" "-e" "RUSTDOCFLAGS=--cap-lints=warn" "-w" "/opt/rustwide/workdir" "--user" "0:0" "a52a21d3723802ebef0ecfad6cbd07917c068fdb3a32d9e5e02f3af7dcd522da" "/opt/rustwide/cargo-home/bin/cargo" "+1.100.0-beta.1" "test" "--frozen" "--release", kill_on_drop: false }`
[INFO] [stderr]     Finished `release` profile [optimized] target(s) in 0.07s
[INFO] [stderr]      Running unittests src/lib.rs (/opt/rustwide/target/release/build/gmac_rs/999a35dd546de48e/out/gmac-999a35dd546de48e)
[INFO] [stdout] 
[INFO] [stdout] running 49 tests
[INFO] [stdout] test core::clusters::tests::test_generate_block_cluster ... ok
[INFO] [stdout] test core::mesh::tests::test_slice_mesh_no_intersection ... ok
[INFO] [stdout] test core::mesh::tests::test_slice_mesh_with_plane ... ok
[INFO] [stdout] test core::mesh::tests::test_clip_mesh_from_plane ... ok
[INFO] [stdout] test core::primitives::tests::test_generate_uvsphere ... ok
[INFO] [stdout] test core::primitives::tests::test_generate_cone ... ok
[INFO] [stdout] test core::mesh::tests::test_get_face_normals ... ok
[INFO] [stdout] test core::primitives::tests::test_generate_capsule ... ok
[INFO] [stdout] test core::selection::tests::test_select_nodes_on_line ... ok
[INFO] [stdout] test core::mesh::tests::test_get_triangles ... ok
[INFO] [stdout] test core::algebra::tests::test_mat3_vec3_mul ... ok
[INFO] [stdout] test core::clusters::tests::test_generate_sphere_cluster ... ok
[INFO] [stdout] test core::selection::tests::test_select_node_closest_to ... ok
[INFO] [stdout] test core::primitives::tests::test_generate_torus ... ok
[INFO] [stdout] test core::transformation::tests::test_rotation_matrix ... ok
[INFO] [stdout] test core::selection::tests::test_select_nodes_in_sphere ... ok
[INFO] [stdout] test core::transformation::tests::test_scale_nodes ... ok
[INFO] [stdout] test core::transformation::tests::test_transform_nodes ... ok
[INFO] [stdout] test core::transformation::tests::test_rotate_node ... ok
[INFO] [stdout] test io::obj::tests::test_read_obj_simple ... FAILED
[INFO] [stdout] test core::primitives::tests::test_generate_box ... ok
[INFO] [stdout] test core::primitives::tests::test_generate_icosphere ... ok
[INFO] [stdout] test core::selection::tests::test_select_nodes_in_box ... ok
[INFO] [stdout] test core::primitives::tests::test_generate_cylinder ... ok
[INFO] [stdout] test core::algebra::tests::test_mat3_mat3_mul ... ok
[INFO] [stdout] test core::transformation::tests::test_rotate_nodes ... ok
[INFO] [stdout] test io::vtk::tests::test_read_vtp ... FAILED
[INFO] [stdout] test io::vtk::tests::test_read_file_not_found ... ok
[INFO] [stdout] test morph::ffd::tests::test_evaluate_deltas ... ok
[INFO] [stdout] test morph::rbf::tests::test_deform_standard ... ok
[INFO] [stdout] test morph::rbf::tests::test_identity_deformation ... ok
[INFO] [stdout] test morph::rbf::tests::test_mismatched_lengths - should panic ... ok
[INFO] [stdout] test core::transformation::tests::test_translate_nodes ... ok
[INFO] [stdout] test io::obj::tests::test_read_obj_complex_faces ... FAILED
[INFO] [stdout] test io::obj::tests::test_read_obj_quad_triangulation ... FAILED
[INFO] [stdout] test io::obj::tests::test_write_obj_simple ... FAILED
[INFO] [stdout] test morph::rbf::tests::test_single_point ... ok
[INFO] [stdout] test morph::rbf::tests::test_different_kernels ... ok
[INFO] [stdout] test io::vtk::tests::test_read_vtu ... FAILED
[INFO] [stdout] test io::stl::tests::test_write_stl_ascii_creates_file ... FAILED
[INFO] [stdout] test morph::transforms::tests::test_affine_translation ... ok
[INFO] [stdout] test morph::transforms::tests::test_bernstein_simple_linear ... ok
[INFO] [stdout] test morph::transforms::tests::test_bernstein_zero_deltas ... ok
[INFO] [stdout] test morph::transforms::tests::test_affine_identity ... ok
[INFO] [stdout] test io::vtk::tests::test_write_vtu ... FAILED
[INFO] [stdout] test io::vtk::tests::test_write_vtp ... FAILED
[INFO] [stdout] test io::stl::tests::test_write_stl_defaults_to_binary ... FAILED
[INFO] [stdout] test io::stl::tests::test_write_stl_binary_creates_file ... FAILED
[INFO] [stdout] test morph::rbf::tests::test_constant_deformation ... ok
[INFO] [stdout] 
[INFO] [stdout] failures:
[INFO] [stdout] 
[INFO] [stdout] ---- io::obj::tests::test_read_obj_simple stdout ----
[INFO] [stdout] 
[INFO] [stdout] thread 'io::obj::tests::test_read_obj_simple' (495) panicked at src/io/obj.rs:142:48:
[INFO] [stdout] called `Result::unwrap()` on an `Err` value: Os { code: 30, kind: ReadOnlyFilesystem, message: "Read-only file system" }
[INFO] [stdout] stack backtrace:
[INFO] [stdout]    0:     0x5f17cdfc5bc1 - <<std[617be2ca0a6fd877]::sys::backtrace::BacktraceLock>::print::DisplayBacktrace as core[a373ad73a504971]::fmt::Display>::fmt
[INFO] [stdout]    1:     0x5f17cdfdabea - core[a373ad73a504971]::fmt::write
[INFO] [stdout]    2:     0x5f17cdfc9e2c - <alloc[2e1b2a31b91974c5]::vec::Vec<u8> as core[a373ad73a504971]::io::write::Write>::write_fmt
[INFO] [stdout]    3:     0x5f17cdfa1936 - std[617be2ca0a6fd877]::panicking::default_hook::{closure#0}
[INFO] [stdout]    4:     0x5f17cdfbdc99 - std[617be2ca0a6fd877]::panicking::default_hook
[INFO] [stdout]    5:     0x5f17cdf4eb70 - test[aada8e7e76ba119b]::test_main_inner::{closure#0}
[INFO] [stdout]    6:     0x5f17cdfbdfc2 - std[617be2ca0a6fd877]::panicking::panic_with_hook
[INFO] [stdout]    7:     0x5f17cdfa19e2 - std[617be2ca0a6fd877]::panicking::panic_handler::{closure#0}
[INFO] [stdout]    8:     0x5f17cdf9a4b9 - std[617be2ca0a6fd877]::sys::backtrace::__rust_end_short_backtrace::<std[617be2ca0a6fd877]::panicking::panic_handler::{closure#0}, !>
[INFO] [stdout]    9:     0x5f17cdfa25ed - __rustc[ea4f61d10b84890b]::rust_begin_unwind
[INFO] [stdout]   10:     0x5f17cdfdb31c - core[a373ad73a504971]::panicking::panic_fmt
[INFO] [stdout]   11:     0x5f17cdfdb0f2 - core[a373ad73a504971]::result::unwrap_failed
[INFO] [stdout]   12:     0x5f17cdf239fc - gmac[81962b546383b430]::io::obj::tests::create_temp_file
[INFO] [stdout]   13:     0x5f17cdf243da - <gmac[81962b546383b430]::io::obj::tests::test_read_obj_simple::{closure#0} as core[a373ad73a504971]::ops::function::FnOnce<()>>::call_once
[INFO] [stdout]   14:     0x5f17cdf41fbb - test[aada8e7e76ba119b]::__rust_begin_short_backtrace::<core[a373ad73a504971]::result::Result<(), alloc[2e1b2a31b91974c5]::string::String>, fn() -> core[a373ad73a504971]::result::Result<(), alloc[2e1b2a31b91974c5]::string::String>>
[INFO] [stdout]   15:     0x5f17cdf4f195 - test[aada8e7e76ba119b]::run_test::{closure#0}
[INFO] [stdout]   16:     0x5f17cdf48a84 - std[617be2ca0a6fd877]::sys::backtrace::__rust_begin_short_backtrace::<test[aada8e7e76ba119b]::run_test::{closure#1}, ()>
[INFO] [stdout]   17:     0x5f17cdf52222 - <std[617be2ca0a6fd877]::thread::lifecycle::spawn_unchecked<test[aada8e7e76ba119b]::run_test::{closure#1}, ()>::{closure#1} as core[a373ad73a504971]::ops::function::FnOnce<()>>::call_once::{shim:vtable#0}
[INFO] [stdout]   18:     0x5f17cdfc50af - <std[617be2ca0a6fd877]::sys::thread::unix::Thread>::new::thread_start
[INFO] [stdout]   19:     0x789c63283dfa - <unknown>
[INFO] [stdout]   20:     0x789c633173d4 - clone
[INFO] [stdout]   21:                0x0 - <unknown>
[INFO] [stdout] 
[INFO] [stdout] ---- io::vtk::tests::test_read_vtp stdout ----
[INFO] [stdout] 
[INFO] [stdout] thread 'io::vtk::tests::test_read_vtp' (501) panicked at src/io/vtk.rs:368:49:
[INFO] [stdout] called `Result::unwrap()` on an `Err` value: FileSystem(Os { code: 30, kind: ReadOnlyFilesystem, message: "Read-only file system" })
[INFO] [stdout] stack backtrace:
[INFO] [stdout]    0:     0x5f17cdfc5bc1 - <<std[617be2ca0a6fd877]::sys::backtrace::BacktraceLock>::print::DisplayBacktrace as core[a373ad73a504971]::fmt::Display>::fmt
[INFO] [stdout]    1:     0x5f17cdfdabea - core[a373ad73a504971]::fmt::write
[INFO] [stdout]    2:     0x5f17cdfc9e2c - <alloc[2e1b2a31b91974c5]::vec::Vec<u8> as core[a373ad73a504971]::io::write::Write>::write_fmt
[INFO] [stdout]    3:     0x5f17cdfa1936 - std[617be2ca0a6fd877]::panicking::default_hook::{closure#0}
[INFO] [stdout]    4:     0x5f17cdfbdc99 - std[617be2ca0a6fd877]::panicking::default_hook
[INFO] [stdout]    5:     0x5f17cdf4eb70 - test[aada8e7e76ba119b]::test_main_inner::{closure#0}
[INFO] [stdout]    6:     0x5f17cdfbdfc2 - std[617be2ca0a6fd877]::panicking::panic_with_hook
[INFO] [stdout]    7:     0x5f17cdfa19e2 - std[617be2ca0a6fd877]::panicking::panic_handler::{closure#0}
[INFO] [stdout]    8:     0x5f17cdf9a4b9 - std[617be2ca0a6fd877]::sys::backtrace::__rust_end_short_backtrace::<std[617be2ca0a6fd877]::panicking::panic_handler::{closure#0}, !>
[INFO] [stdout]    9:     0x5f17cdfa25ed - __rustc[ea4f61d10b84890b]::rust_begin_unwind
[INFO] [stdout]   10:     0x5f17cdfdb31c - core[a373ad73a504971]::panicking::panic_fmt
[INFO] [stdout]   11:     0x5f17cdfdb0f2 - core[a373ad73a504971]::result::unwrap_failed
[INFO] [stdout]   12:     0x5f17cdf2f226 - <gmac[81962b546383b430]::io::vtk::tests::test_read_vtp::{closure#0} as core[a373ad73a504971]::ops::function::FnOnce<()>>::call_once
[INFO] [stdout]   13:     0x5f17cdf41fbb - test[aada8e7e76ba119b]::__rust_begin_short_backtrace::<core[a373ad73a504971]::result::Result<(), alloc[2e1b2a31b91974c5]::string::String>, fn() -> core[a373ad73a504971]::result::Result<(), alloc[2e1b2a31b91974c5]::string::String>>
[INFO] [stdout]   14:     0x5f17cdf4f195 - test[aada8e7e76ba119b]::run_test::{closure#0}
[INFO] [stdout]   15:     0x5f17cdf48a84 - std[617be2ca0a6fd877]::sys::backtrace::__rust_begin_short_backtrace::<test[aada8e7e76ba119b]::run_test::{closure#1}, ()>
[INFO] [stdout]   16:     0x5f17cdf52222 - <std[617be2ca0a6fd877]::thread::lifecycle::spawn_unchecked<test[aada8e7e76ba119b]::run_test::{closure#1}, ()>::{closure#1} as core[a373ad73a504971]::ops::function::FnOnce<()>>::call_once::{shim:vtable#0}
[INFO] [stdout]   17:     0x5f17cdfc50af - <std[617be2ca0a6fd877]::sys::thread::unix::Thread>::new::thread_start
[INFO] [stdout]   18:     0x789c63283dfa - <unknown>
[INFO] [stdout]   19:     0x789c633173d4 - clone
[INFO] [stdout]   20:                0x0 - <unknown>
[INFO] [stdout] 
[INFO] [stdout] ---- io::obj::tests::test_read_obj_complex_faces stdout ----
[INFO] [stdout] 
[INFO] [stdout] thread 'io::obj::tests::test_read_obj_complex_faces' (493) panicked at src/io/obj.rs:142:48:
[INFO] [stdout] called `Result::unwrap()` on an `Err` value: Os { code: 30, kind: ReadOnlyFilesystem, message: "Read-only file system" }
[INFO] [stdout] stack backtrace:
[INFO] [stdout]    0:     0x5f17cdfc5bc1 - <<std[617be2ca0a6fd877]::sys::backtrace::BacktraceLock>::print::DisplayBacktrace as core[a373ad73a504971]::fmt::Display>::fmt
[INFO] [stdout]    1:     0x5f17cdfdabea - core[a373ad73a504971]::fmt::write
[INFO] [stdout]    2:     0x5f17cdfc9e2c - <alloc[2e1b2a31b91974c5]::vec::Vec<u8> as core[a373ad73a504971]::io::write::Write>::write_fmt
[INFO] [stdout]    3:     0x5f17cdfa1936 - std[617be2ca0a6fd877]::panicking::default_hook::{closure#0}
[INFO] [stdout]    4:     0x5f17cdfbdc99 - std[617be2ca0a6fd877]::panicking::default_hook
[INFO] [stdout]    5:     0x5f17cdf4eb70 - test[aada8e7e76ba119b]::test_main_inner::{closure#0}
[INFO] [stdout]    6:     0x5f17cdfbdfc2 - std[617be2ca0a6fd877]::panicking::panic_with_hook
[INFO] [stdout]    7:     0x5f17cdfa19e2 - std[617be2ca0a6fd877]::panicking::panic_handler::{closure#0}
[INFO] [stdout]    8:     0x5f17cdf9a4b9 - std[617be2ca0a6fd877]::sys::backtrace::__rust_end_short_backtrace::<std[617be2ca0a6fd877]::panicking::panic_handler::{closure#0}, !>
[INFO] [stdout]    9:     0x5f17cdfa25ed - __rustc[ea4f61d10b84890b]::rust_begin_unwind
[INFO] [stdout]   10:     0x5f17cdfdb31c - core[a373ad73a504971]::panicking::panic_fmt
[INFO] [stdout]   11:     0x5f17cdfdb0f2 - core[a373ad73a504971]::result::unwrap_failed
[INFO] [stdout]   12:     0x5f17cdf239fc - gmac[81962b546383b430]::io::obj::tests::create_temp_file
[INFO] [stdout]   13:     0x5f17cdf24a7a - <gmac[81962b546383b430]::io::obj::tests::test_read_obj_complex_faces::{closure#0} as core[a373ad73a504971]::ops::function::FnOnce<()>>::call_once
[INFO] [stdout]   14:     0x5f17cdf41fbb - test[aada8e7e76ba119b]::__rust_begin_short_backtrace::<core[a373ad73a504971]::result::Result<(), alloc[2e1b2a31b91974c5]::string::String>, fn() -> core[a373ad73a504971]::result::Result<(), alloc[2e1b2a31b91974c5]::string::String>>
[INFO] [stdout]   15:     0x5f17cdf4f195 - test[aada8e7e76ba119b]::run_test::{closure#0}
[INFO] [stdout]   16:     0x5f17cdf48a84 - std[617be2ca0a6fd877]::sys::backtrace::__rust_begin_short_backtrace::<test[aada8e7e76ba119b]::run_test::{closure#1}, ()>
[INFO] [stdout]   17:     0x5f17cdf52222 - <std[617be2ca0a6fd877]::thread::lifecycle::spawn_unchecked<test[aada8e7e76ba119b]::run_test::{closure#1}, ()>::{closure#1} as core[a373ad73a504971]::ops::function::FnOnce<()>>::call_once::{shim:vtable#0}
[INFO] [stdout]   18:     0x5f17cdfc50af - <std[617be2ca0a6fd877]::sys::thread::unix::Thread>::new::thread_start
[INFO] [stdout]   19:     0x789c63283dfa - <unknown>
[INFO] [stdout]   20:     0x789c633173d4 - clone
[INFO] [stdout]   21:                0x0 - <unknown>
[INFO] [stdout] 
[INFO] [stdout] ---- io::obj::tests::test_read_obj_quad_triangulation stdout ----
[INFO] [stdout] 
[INFO] [stdout] thread 'io::obj::tests::test_read_obj_quad_triangulation' (494) panicked at src/io/obj.rs:142:48:
[INFO] [stdout] called `Result::unwrap()` on an `Err` value: Os { code: 30, kind: ReadOnlyFilesystem, message: "Read-only file system" }
[INFO] [stdout] stack backtrace:
[INFO] [stdout]    0:     0x5f17cdfc5bc1 - <<std[617be2ca0a6fd877]::sys::backtrace::BacktraceLock>::print::DisplayBacktrace as core[a373ad73a504971]::fmt::Display>::fmt
[INFO] [stdout]    1:     0x5f17cdfdabea - core[a373ad73a504971]::fmt::write
[INFO] [stdout]    2:     0x5f17cdfc9e2c - <alloc[2e1b2a31b91974c5]::vec::Vec<u8> as core[a373ad73a504971]::io::write::Write>::write_fmt
[INFO] [stdout]    3:     0x5f17cdfa1936 - std[617be2ca0a6fd877]::panicking::default_hook::{closure#0}
[INFO] [stdout]    4:     0x5f17cdfbdc99 - std[617be2ca0a6fd877]::panicking::default_hook
[INFO] [stdout]    5:     0x5f17cdf4eb70 - test[aada8e7e76ba119b]::test_main_inner::{closure#0}
[INFO] [stdout]    6:     0x5f17cdfbdfc2 - std[617be2ca0a6fd877]::panicking::panic_with_hook
[INFO] [stdout]    7:     0x5f17cdfa19e2 - std[617be2ca0a6fd877]::panicking::panic_handler::{closure#0}
[INFO] [stdout]    8:     0x5f17cdf9a4b9 - std[617be2ca0a6fd877]::sys::backtrace::__rust_end_short_backtrace::<std[617be2ca0a6fd877]::panicking::panic_handler::{closure#0}, !>
[INFO] [stdout]    9:     0x5f17cdfa25ed - __rustc[ea4f61d10b84890b]::rust_begin_unwind
[INFO] [stdout]   10:     0x5f17cdfdb31c - core[a373ad73a504971]::panicking::panic_fmt
[INFO] [stdout]   11:     0x5f17cdfdb0f2 - core[a373ad73a504971]::result::unwrap_failed
[INFO] [stdout]   12:     0x5f17cdf239fc - gmac[81962b546383b430]::io::obj::tests::create_temp_file
[INFO] [stdout]   13:     0x5f17cdf24d57 - <gmac[81962b546383b430]::io::obj::tests::test_read_obj_quad_triangulation::{closure#0} as core[a373ad73a504971]::ops::function::FnOnce<()>>::call_once
[INFO] [stdout]   14:     0x5f17cdf41fbb - test[aada8e7e76ba119b]::__rust_begin_short_backtrace::<core[a373ad73a504971]::result::Result<(), alloc[2e1b2a31b91974c5]::string::String>, fn() -> core[a373ad73a504971]::result::Result<(), alloc[2e1b2a31b91974c5]::string::String>>
[INFO] [stdout]   15:     0x5f17cdf4f195 - test[aada8e7e76ba119b]::run_test::{closure#0}
[INFO] [stdout]   16:     0x5f17cdf48a84 - std[617be2ca0a6fd877]::sys::backtrace::__rust_begin_short_backtrace::<test[aada8e7e76ba119b]::run_test::{closure#1}, ()>
[INFO] [stdout]   17:     0x5f17cdf52222 - <std[617be2ca0a6fd877]::thread::lifecycle::spawn_unchecked<test[aada8e7e76ba119b]::run_test::{closure#1}, ()>::{closure#1} as core[a373ad73a504971]::ops::function::FnOnce<()>>::call_once::{shim:vtable#0}
[INFO] [stdout]   18:     0x5f17cdfc50af - <std[617be2ca0a6fd877]::sys::thread::unix::Thread>::new::thread_start
[INFO] [stdout]   19:     0x789c63283dfa - <unknown>
[INFO] [stdout]   20:     0x789c633173d4 - clone
[INFO] [stdout]   21:                0x0 - <unknown>
[INFO] [stdout] 
[INFO] [stdout] ---- io::obj::tests::test_write_obj_simple stdout ----
[INFO] [stdout] 
[INFO] [stdout] thread 'io::obj::tests::test_write_obj_simple' (496) panicked at src/io/obj.rs:154:9:
[INFO] [stdout] assertion failed: result.is_ok()
[INFO] [stdout] stack backtrace:
[INFO] [stdout]    0:     0x5f17cdfc5bc1 - <<std[617be2ca0a6fd877]::sys::backtrace::BacktraceLock>::print::DisplayBacktrace as core[a373ad73a504971]::fmt::Display>::fmt
[INFO] [stdout]    1:     0x5f17cdfdabea - core[a373ad73a504971]::fmt::write
[INFO] [stdout]    2:     0x5f17cdfc9e2c - <alloc[2e1b2a31b91974c5]::vec::Vec<u8> as core[a373ad73a504971]::io::write::Write>::write_fmt
[INFO] [stdout]    3:     0x5f17cdfa1936 - std[617be2ca0a6fd877]::panicking::default_hook::{closure#0}
[INFO] [stdout]    4:     0x5f17cdfbdc99 - std[617be2ca0a6fd877]::panicking::default_hook
[INFO] [stdout]    5:     0x5f17cdf4eb70 - test[aada8e7e76ba119b]::test_main_inner::{closure#0}
[INFO] [stdout]    6:     0x5f17cdfbdfc2 - std[617be2ca0a6fd877]::panicking::panic_with_hook
[INFO] [stdout]    7:     0x5f17cdfa1a14 - std[617be2ca0a6fd877]::panicking::panic_handler::{closure#0}
[INFO] [stdout]    8:     0x5f17cdf9a4b9 - std[617be2ca0a6fd877]::sys::backtrace::__rust_end_short_backtrace::<std[617be2ca0a6fd877]::panicking::panic_handler::{closure#0}, !>
[INFO] [stdout]    9:     0x5f17cdfa25ed - __rustc[ea4f61d10b84890b]::rust_begin_unwind
[INFO] [stdout]   10:     0x5f17cdfdb31c - core[a373ad73a504971]::panicking::panic_fmt
[INFO] [stdout]   11:     0x5f17cdfdb2e2 - core[a373ad73a504971]::panicking::panic
[INFO] [stdout]   12:     0x5f17cdf24911 - <gmac[81962b546383b430]::io::obj::tests::test_write_obj_simple::{closure#0} as core[a373ad73a504971]::ops::function::FnOnce<()>>::call_once
[INFO] [stdout]   13:     0x5f17cdf41fbb - test[aada8e7e76ba119b]::__rust_begin_short_backtrace::<core[a373ad73a504971]::result::Result<(), alloc[2e1b2a31b91974c5]::string::String>, fn() -> core[a373ad73a504971]::result::Result<(), alloc[2e1b2a31b91974c5]::string::String>>
[INFO] [stdout]   14:     0x5f17cdf4f195 - test[aada8e7e76ba119b]::run_test::{closure#0}
[INFO] [stdout]   15:     0x5f17cdf48a84 - std[617be2ca0a6fd877]::sys::backtrace::__rust_begin_short_backtrace::<test[aada8e7e76ba119b]::run_test::{closure#1}, ()>
[INFO] [stdout]   16:     0x5f17cdf52222 - <std[617be2ca0a6fd877]::thread::lifecycle::spawn_unchecked<test[aada8e7e76ba119b]::run_test::{closure#1}, ()>::{closure#1} as core[a373ad73a504971]::ops::function::FnOnce<()>>::call_once::{shim:vtable#0}
[INFO] [stdout]   17:     0x5f17cdfc50af - <std[617be2ca0a6fd877]::sys::thread::unix::Thread>::new::thread_start
[INFO] [stdout]   18:     0x789c63283dfa - <unknown>
[INFO] [stdout]   19:     0x789c633173d4 - clone
[INFO] [stdout]   20:                0x0 - <unknown>
[INFO] [stdout] 
[INFO] [stdout] ---- io::vtk::tests::test_read_vtu stdout ----
[INFO] [stdout] 
[INFO] [stdout] thread 'io::vtk::tests::test_read_vtu' (502) panicked at src/io/vtk.rs:403:49:
[INFO] [stdout] called `Result::unwrap()` on an `Err` value: FileSystem(Os { code: 30, kind: ReadOnlyFilesystem, message: "Read-only file system" })
[INFO] [stdout] stack backtrace:
[INFO] [stdout]    0:     0x5f17cdfc5bc1 - <<std[617be2ca0a6fd877]::sys::backtrace::BacktraceLock>::print::DisplayBacktrace as core[a373ad73a504971]::fmt::Display>::fmt
[INFO] [stdout]    1:     0x5f17cdfdabea - core[a373ad73a504971]::fmt::write
[INFO] [stdout]    2:     0x5f17cdfc9e2c - <alloc[2e1b2a31b91974c5]::vec::Vec<u8> as core[a373ad73a504971]::io::write::Write>::write_fmt
[INFO] [stdout]    3:     0x5f17cdfa1936 - std[617be2ca0a6fd877]::panicking::default_hook::{closure#0}
[INFO] [stdout]    4:     0x5f17cdfbdc99 - std[617be2ca0a6fd877]::panicking::default_hook
[INFO] [stdout]    5:     0x5f17cdf4eb70 - test[aada8e7e76ba119b]::test_main_inner::{closure#0}
[INFO] [stdout]    6:     0x5f17cdfbdfc2 - std[617be2ca0a6fd877]::panicking::panic_with_hook
[INFO] [stdout]    7:     0x5f17cdfa19e2 - std[617be2ca0a6fd877]::panicking::panic_handler::{closure#0}
[INFO] [stdout]    8:     0x5f17cdf9a4b9 - std[617be2ca0a6fd877]::sys::backtrace::__rust_end_short_backtrace::<std[617be2ca0a6fd877]::panicking::panic_handler::{closure#0}, !>
[INFO] [stdout]    9:     0x5f17cdfa25ed - __rustc[ea4f61d10b84890b]::rust_begin_unwind
[INFO] [stdout]   10:     0x5f17cdfdb31c - core[a373ad73a504971]::panicking::panic_fmt
[INFO] [stdout]   11:     0x5f17cdfdb0f2 - core[a373ad73a504971]::result::unwrap_failed
[INFO] [stdout]   12:     0x5f17cdf2f619 - <gmac[81962b546383b430]::io::vtk::tests::test_read_vtu::{closure#0} as core[a373ad73a504971]::ops::function::FnOnce<()>>::call_once
[INFO] [stdout]   13:     0x5f17cdf41fbb - test[aada8e7e76ba119b]::__rust_begin_short_backtrace::<core[a373ad73a504971]::result::Result<(), alloc[2e1b2a31b91974c5]::string::String>, fn() -> core[a373ad73a504971]::result::Result<(), alloc[2e1b2a31b91974c5]::string::String>>
[INFO] [stdout]   14:     0x5f17cdf4f195 - test[aada8e7e76ba119b]::run_test::{closure#0}
[INFO] [stdout]   15:     0x5f17cdf48a84 - std[617be2ca0a6fd877]::sys::backtrace::__rust_begin_short_backtrace::<test[aada8e7e76ba119b]::run_test::{closure#1}, ()>
[INFO] [stdout]   16:     0x5f17cdf52222 - <std[617be2ca0a6fd877]::thread::lifecycle::spawn_unchecked<test[aada8e7e76ba119b]::run_test::{closure#1}, ()>::{closure#1} as core[a373ad73a504971]::ops::function::FnOnce<()>>::call_once::{shim:vtable#0}
[INFO] [stdout]   17:     0x5f17cdfc50af - <std[617be2ca0a6fd877]::sys::thread::unix::Thread>::new::thread_start
[INFO] [stdout]   18:     0x789c63283dfa - <unknown>
[INFO] [stdout]   19:     0x789c633173d4 - clone
[INFO] [stdout]   20:                0x0 - <unknown>
[INFO] [stdout] 
[INFO] [stdout] ---- io::stl::tests::test_write_stl_ascii_creates_file stdout ----
[INFO] [stdout] 
[INFO] [stdout] thread 'io::stl::tests::test_write_stl_ascii_creates_file' (497) panicked at src/io/stl.rs:375:9:
[INFO] [stdout] assertion failed: result.is_ok()
[INFO] [stdout] stack backtrace:
[INFO] [stdout]    0:     0x5f17cdfc5bc1 - <<std[617be2ca0a6fd877]::sys::backtrace::BacktraceLock>::print::DisplayBacktrace as core[a373ad73a504971]::fmt::Display>::fmt
[INFO] [stdout]    1:     0x5f17cdfdabea - core[a373ad73a504971]::fmt::write
[INFO] [stdout]    2:     0x5f17cdfc9e2c - <alloc[2e1b2a31b91974c5]::vec::Vec<u8> as core[a373ad73a504971]::io::write::Write>::write_fmt
[INFO] [stdout]    3:     0x5f17cdfa1936 - std[617be2ca0a6fd877]::panicking::default_hook::{closure#0}
[INFO] [stdout]    4:     0x5f17cdfbdc99 - std[617be2ca0a6fd877]::panicking::default_hook
[INFO] [stdout]    5:     0x5f17cdf4eb70 - test[aada8e7e76ba119b]::test_main_inner::{closure#0}
[INFO] [stdout]    6:     0x5f17cdfbdfc2 - std[617be2ca0a6fd877]::panicking::panic_with_hook
[INFO] [stdout]    7:     0x5f17cdfa1a14 - std[617be2ca0a6fd877]::panicking::panic_handler::{closure#0}
[INFO] [stdout]    8:     0x5f17cdf9a4b9 - std[617be2ca0a6fd877]::sys::backtrace::__rust_end_short_backtrace::<std[617be2ca0a6fd877]::panicking::panic_handler::{closure#0}, !>
[INFO] [stdout]    9:     0x5f17cdfa25ed - __rustc[ea4f61d10b84890b]::rust_begin_unwind
[INFO] [stdout]   10:     0x5f17cdfdb31c - core[a373ad73a504971]::panicking::panic_fmt
[INFO] [stdout]   11:     0x5f17cdfdb2e2 - core[a373ad73a504971]::panicking::panic
[INFO] [stdout]   12:     0x5f17cdf28d25 - <gmac[81962b546383b430]::io::stl::tests::test_write_stl_ascii_creates_file::{closure#0} as core[a373ad73a504971]::ops::function::FnOnce<()>>::call_once
[INFO] [stdout]   13:     0x5f17cdf41fbb - test[aada8e7e76ba119b]::__rust_begin_short_backtrace::<core[a373ad73a504971]::result::Result<(), alloc[2e1b2a31b91974c5]::string::String>, fn() -> core[a373ad73a504971]::result::Result<(), alloc[2e1b2a31b91974c5]::string::String>>
[INFO] [stdout]   14:     0x5f17cdf4f195 - test[aada8e7e76ba119b]::run_test::{closure#0}
[INFO] [stdout]   15:     0x5f17cdf48a84 - std[617be2ca0a6fd877]::sys::backtrace::__rust_begin_short_backtrace::<test[aada8e7e76ba119b]::run_test::{closure#1}, ()>
[INFO] [stdout]   16:     0x5f17cdf52222 - <std[617be2ca0a6fd877]::thread::lifecycle::spawn_unchecked<test[aada8e7e76ba119b]::run_test::{closure#1}, ()>::{closure#1} as core[a373ad73a504971]::ops::function::FnOnce<()>>::call_once::{shim:vtable#0}
[INFO] [stdout]   17:     0x5f17cdfc50af - <std[617be2ca0a6fd877]::sys::thread::unix::Thread>::new::thread_start
[INFO] [stdout]   18:     0x789c63283dfa - <unknown>
[INFO] [stdout]   19:     0x789c633173d4 - clone
[INFO] [stdout]   20:                0x0 - <unknown>
[INFO] [stdout] 
[INFO] [stdout] ---- io::vtk::tests::test_write_vtu stdout ----
[INFO] [stdout] 
[INFO] [stdout] thread 'io::vtk::tests::test_write_vtu' (504) panicked at src/io/vtk.rs:445:69:
[INFO] [stdout] called `Result::unwrap()` on an `Err` value: FileSystem(Os { code: 30, kind: ReadOnlyFilesystem, message: "Read-only file system" })
[INFO] [stdout] stack backtrace:
[INFO] [stdout]    0:     0x5f17cdfc5bc1 - <<std[617be2ca0a6fd877]::sys::backtrace::BacktraceLock>::print::DisplayBacktrace as core[a373ad73a504971]::fmt::Display>::fmt
[INFO] [stdout]    1:     0x5f17cdfdabea - core[a373ad73a504971]::fmt::write
[INFO] [stdout]    2:     0x5f17cdfc9e2c - <alloc[2e1b2a31b91974c5]::vec::Vec<u8> as core[a373ad73a504971]::io::write::Write>::write_fmt
[INFO] [stdout]    3:     0x5f17cdfa1936 - std[617be2ca0a6fd877]::panicking::default_hook::{closure#0}
[INFO] [stdout]    4:     0x5f17cdfbdc99 - std[617be2ca0a6fd877]::panicking::default_hook
[INFO] [stdout]    5:     0x5f17cdf4eb70 - test[aada8e7e76ba119b]::test_main_inner::{closure#0}
[INFO] [stdout]    6:     0x5f17cdfbdfc2 - std[617be2ca0a6fd877]::panicking::panic_with_hook
[INFO] [stdout]    7:     0x5f17cdfa19e2 - std[617be2ca0a6fd877]::panicking::panic_handler::{closure#0}
[INFO] [stdout]    8:     0x5f17cdf9a4b9 - std[617be2ca0a6fd877]::sys::backtrace::__rust_end_short_backtrace::<std[617be2ca0a6fd877]::panicking::panic_handler::{closure#0}, !>
[INFO] [stdout]    9:     0x5f17cdfa25ed - __rustc[ea4f61d10b84890b]::rust_begin_unwind
[INFO] [stdout]   10:     0x5f17cdfdb31c - core[a373ad73a504971]::panicking::panic_fmt
[INFO] [stdout]   11:     0x5f17cdfdb0f2 - core[a373ad73a504971]::result::unwrap_failed
[INFO] [stdout]   12:     0x5f17cdf2fe4e - <gmac[81962b546383b430]::io::vtk::tests::test_write_vtu::{closure#0} as core[a373ad73a504971]::ops::function::FnOnce<()>>::call_once
[INFO] [stdout]   13:     0x5f17cdf41fbb - test[aada8e7e76ba119b]::__rust_begin_short_backtrace::<core[a373ad73a504971]::result::Result<(), alloc[2e1b2a31b91974c5]::string::String>, fn() -> core[a373ad73a504971]::result::Result<(), alloc[2e1b2a31b91974c5]::string::String>>
[INFO] [stdout]   14:     0x5f17cdf4f195 - test[aada8e7e76ba119b]::run_test::{closure#0}
[INFO] [stdout]   15:     0x5f17cdf48a84 - std[617be2ca0a6fd877]::sys::backtrace::__rust_begin_short_backtrace::<test[aada8e7e76ba119b]::run_test::{closure#1}, ()>
[INFO] [stdout]   16:     0x5f17cdf52222 - <std[617be2ca0a6fd877]::thread::lifecycle::spawn_unchecked<test[aada8e7e76ba119b]::run_test::{closure#1}, ()>::{closure#1} as core[a373ad73a504971]::ops::function::FnOnce<()>>::call_once::{shim:vtable#0}
[INFO] [stdout]   17:     0x5f17cdfc50af - <std[617be2ca0a6fd877]::sys::thread::unix::Thread>::new::thread_start
[INFO] [stdout]   18:     0x789c63283dfa - <unknown>
[INFO] [stdout]   19:     0x789c633173d4 - clone
[INFO] [stdout]   20:                0x0 - <unknown>
[INFO] [stdout] 
[INFO] [stdout] ---- io::vtk::tests::test_write_vtp stdout ----
[INFO] [stdout] 
[INFO] [stdout] thread 'io::vtk::tests::test_write_vtp' (503) panicked at src/io/vtk.rs:426:52:
[INFO] [stdout] called `Result::unwrap()` on an `Err` value: FileSystem(Os { code: 30, kind: ReadOnlyFilesystem, message: "Read-only file system" })
[INFO] [stdout] stack backtrace:
[INFO] [stdout]    0:     0x5f17cdfc5bc1 - <<std[617be2ca0a6fd877]::sys::backtrace::BacktraceLock>::print::DisplayBacktrace as core[a373ad73a504971]::fmt::Display>::fmt
[INFO] [stdout]    1:     0x5f17cdfdabea - core[a373ad73a504971]::fmt::write
[INFO] [stdout]    2:     0x5f17cdfc9e2c - <alloc[2e1b2a31b91974c5]::vec::Vec<u8> as core[a373ad73a504971]::io::write::Write>::write_fmt
[INFO] [stdout]    3:     0x5f17cdfa1936 - std[617be2ca0a6fd877]::panicking::default_hook::{closure#0}
[INFO] [stdout]    4:     0x5f17cdfbdc99 - std[617be2ca0a6fd877]::panicking::default_hook
[INFO] [stdout]    5:     0x5f17cdf4eb70 - test[aada8e7e76ba119b]::test_main_inner::{closure#0}
[INFO] [stdout]    6:     0x5f17cdfbdfc2 - std[617be2ca0a6fd877]::panicking::panic_with_hook
[INFO] [stdout]    7:     0x5f17cdfa19e2 - std[617be2ca0a6fd877]::panicking::panic_handler::{closure#0}
[INFO] [stdout]    8:     0x5f17cdf9a4b9 - std[617be2ca0a6fd877]::sys::backtrace::__rust_end_short_backtrace::<std[617be2ca0a6fd877]::panicking::panic_handler::{closure#0}, !>
[INFO] [stdout]    9:     0x5f17cdfa25ed - __rustc[ea4f61d10b84890b]::rust_begin_unwind
[INFO] [stdout]   10:     0x5f17cdfdb31c - core[a373ad73a504971]::panicking::panic_fmt
[INFO] [stdout]   11:     0x5f17cdfdb0f2 - core[a373ad73a504971]::result::unwrap_failed
[INFO] [stdout]   12:     0x5f17cdf2f939 - <gmac[81962b546383b430]::io::vtk::tests::test_write_vtp::{closure#0} as core[a373ad73a504971]::ops::function::FnOnce<()>>::call_once
[INFO] [stdout]   13:     0x5f17cdf41fbb - test[aada8e7e76ba119b]::__rust_begin_short_backtrace::<core[a373ad73a504971]::result::Result<(), alloc[2e1b2a31b91974c5]::string::String>, fn() -> core[a373ad73a504971]::result::Result<(), alloc[2e1b2a31b91974c5]::string::String>>
[INFO] [stdout]   14:     0x5f17cdf4f195 - test[aada8e7e76ba119b]::run_test::{closure#0}
[INFO] [stdout]   15:     0x5f17cdf48a84 - std[617be2ca0a6fd877]::sys::backtrace::__rust_begin_short_backtrace::<test[aada8e7e76ba119b]::run_test::{closure#1}, ()>
[INFO] [stdout]   16:     0x5f17cdf52222 - <std[617be2ca0a6fd877]::thread::lifecycle::spawn_unchecked<test[aada8e7e76ba119b]::run_test::{closure#1}, ()>::{closure#1} as core[a373ad73a504971]::ops::function::FnOnce<()>>::call_once::{shim:vtable#0}
[INFO] [stdout]   17:     0x5f17cdfc50af - <std[617be2ca0a6fd877]::sys::thread::unix::Thread>::new::thread_start
[INFO] [stdout]   18:     0x789c63283dfa - <unknown>
[INFO] [stdout]   19:     0x789c633173d4 - clone
[INFO] [stdout]   20:                0x0 - <unknown>
[INFO] [stdout] 
[INFO] [stdout] ---- io::stl::tests::test_write_stl_defaults_to_binary stdout ----
[INFO] [stdout] 
[INFO] [stdout] thread 'io::stl::tests::test_write_stl_defaults_to_binary' (499) panicked at src/io/stl.rs:403:9:
[INFO] [stdout] assertion failed: result.is_ok()
[INFO] [stdout] stack backtrace:
[INFO] [stdout]    0:     0x5f17cdfc5bc1 - <<std[617be2ca0a6fd877]::sys::backtrace::BacktraceLock>::print::DisplayBacktrace as core[a373ad73a504971]::fmt::Display>::fmt
[INFO] [stdout]    1:     0x5f17cdfdabea - core[a373ad73a504971]::fmt::write
[INFO] [stdout]    2:     0x5f17cdfc9e2c - <alloc[2e1b2a31b91974c5]::vec::Vec<u8> as core[a373ad73a504971]::io::write::Write>::write_fmt
[INFO] [stdout]    3:     0x5f17cdfa1936 - std[617be2ca0a6fd877]::panicking::default_hook::{closure#0}
[INFO] [stdout]    4:     0x5f17cdfbdc99 - std[617be2ca0a6fd877]::panicking::default_hook
[INFO] [stdout]    5:     0x5f17cdf4eb70 - test[aada8e7e76ba119b]::test_main_inner::{closure#0}
[INFO] [stdout]    6:     0x5f17cdfbdfc2 - std[617be2ca0a6fd877]::panicking::panic_with_hook
[INFO] [stdout]    7:     0x5f17cdfa1a14 - std[617be2ca0a6fd877]::panicking::panic_handler::{closure#0}
[INFO] [stdout]    8:     0x5f17cdf9a4b9 - std[617be2ca0a6fd877]::sys::backtrace::__rust_end_short_backtrace::<std[617be2ca0a6fd877]::panicking::panic_handler::{closure#0}, !>
[INFO] [stdout]    9:     0x5f17cdfa25ed - __rustc[ea4f61d10b84890b]::rust_begin_unwind
[INFO] [stdout]   10:     0x5f17cdfdb31c - core[a373ad73a504971]::panicking::panic_fmt
[INFO] [stdout]   11:     0x5f17cdfdb2e2 - core[a373ad73a504971]::panicking::panic
[INFO] [stdout]   12:     0x5f17cdf29022 - <gmac[81962b546383b430]::io::stl::tests::test_write_stl_defaults_to_binary::{closure#0} as core[a373ad73a504971]::ops::function::FnOnce<()>>::call_once
[INFO] [stdout]   13:     0x5f17cdf41fbb - test[aada8e7e76ba119b]::__rust_begin_short_backtrace::<core[a373ad73a504971]::result::Result<(), alloc[2e1b2a31b91974c5]::string::String>, fn() -> core[a373ad73a504971]::result::Result<(), alloc[2e1b2a31b91974c5]::string::String>>
[INFO] [stdout]   14:     0x5f17cdf4f195 - test[aada8e7e76ba119b]::run_test::{closure#0}
[INFO] [stdout]   15:     0x5f17cdf48a84 - std[617be2ca0a6fd877]::sys::backtrace::__rust_begin_short_backtrace::<test[aada8e7e76ba119b]::run_test::{closure#1}, ()>
[INFO] [stdout]   16:     0x5f17cdf52222 - <std[617be2ca0a6fd877]::thread::lifecycle::spawn_unchecked<test[aada8e7e76ba119b]::run_test::{closure#1}, ()>::{closure#1} as core[a373ad73a504971]::ops::function::FnOnce<()>>::call_once::{shim:vtable#0}
[INFO] [stdout]   17:     0x5f17cdfc50af - <std[617be2ca0a6fd877]::sys::thread::unix::Thread>::new::thread_start
[INFO] [stdout]   18:     0x789c63283dfa - <unknown>
[INFO] [stdout]   19:     0x789c633173d4 - clone
[INFO] [stdout]   20:                0x0 - <unknown>
[INFO] [stdout] 
[INFO] [stdout] ---- io::stl::tests::test_write_stl_binary_creates_file stdout ----
[INFO] [stdout] 
[INFO] [stdout] thread 'io::stl::tests::test_write_stl_binary_creates_file' (498) panicked at src/io/stl.rs:389:9:
[INFO] [stdout] assertion failed: result.is_ok()
[INFO] [stdout] stack backtrace:
[INFO] [stdout]    0:     0x5f17cdfc5bc1 - <<std[617be2ca0a6fd877]::sys::backtrace::BacktraceLock>::print::DisplayBacktrace as core[a373ad73a504971]::fmt::Display>::fmt
[INFO] [stdout]    1:     0x5f17cdfdabea - core[a373ad73a504971]::fmt::write
[INFO] [stdout]    2:     0x5f17cdfc9e2c - <alloc[2e1b2a31b91974c5]::vec::Vec<u8> as core[a373ad73a504971]::io::write::Write>::write_fmt
[INFO] [stdout]    3:     0x5f17cdfa1936 - std[617be2ca0a6fd877]::panicking::default_hook::{closure#0}
[INFO] [stdout]    4:     0x5f17cdfbdc99 - std[617be2ca0a6fd877]::panicking::default_hook
[INFO] [stdout]    5:     0x5f17cdf4eb70 - test[aada8e7e76ba119b]::test_main_inner::{closure#0}
[INFO] [stdout]    6:     0x5f17cdfbdfc2 - std[617be2ca0a6fd877]::panicking::panic_with_hook
[INFO] [stdout]    7:     0x5f17cdfa1a14 - std[617be2ca0a6fd877]::panicking::panic_handler::{closure#0}
[INFO] [stdout]    8:     0x5f17cdf9a4b9 - std[617be2ca0a6fd877]::sys::backtrace::__rust_end_short_backtrace::<std[617be2ca0a6fd877]::panicking::panic_handler::{closure#0}, !>
[INFO] [stdout]    9:     0x5f17cdfa25ed - __rustc[ea4f61d10b84890b]::rust_begin_unwind
[INFO] [stdout]   10:     0x5f17cdfdb31c - core[a373ad73a504971]::panicking::panic_fmt
[INFO] [stdout]   11:     0x5f17cdfdb2e2 - core[a373ad73a504971]::panicking::panic
[INFO] [stdout]   12:     0x5f17cdf292d2 - <gmac[81962b546383b430]::io::stl::tests::test_write_stl_binary_creates_file::{closure#0} as core[a373ad73a504971]::ops::function::FnOnce<()>>::call_once
[INFO] [stdout]   13:     0x5f17cdf41fbb - test[aada8e7e76ba119b]::__rust_begin_short_backtrace::<core[a373ad73a504971]::result::Result<(), alloc[2e1b2a31b91974c5]::string::String>, fn() -> core[a373ad73a504971]::result::Result<(), alloc[2e1b2a31b91974c5]::string::String>>
[INFO] [stdout]   14:     0x5f17cdf4f195 - test[aada8e7e76ba119b]::run_test::{closure#0}
[INFO] [stdout]   15:     0x5f17cdf48a84 - std[617be2ca0a6fd877]::sys::backtrace::__rust_begin_short_backtrace::<test[aada8e7e76ba119b]::run_test::{closure#1}, ()>
[INFO] [stdout]   16:     0x5f17cdf52222 - <std[617be2ca0a6fd877]::thread::lifecycle::spawn_unchecked<test[aada8e7e76ba119b]::run_test::{closure#1}, ()>::{closure#1} as core[a373ad73a504971]::ops::function::FnOnce<()>>::call_once::{shim:vtable#0}
[INFO] [stdout]   17:     0x5f17cdfc50af - <std[617be2ca0a6fd877]::sys::thread::unix::Thread>::new::thread_start
[INFO] [stdout]   18:     0x789c63283dfa - <unknown>
[INFO] [stdout]   19:     0x789c633173d4 - clone
[INFO] [stdout]   20:                0x0 - <unknown>
[INFO] [stdout] 
[INFO] [stdout] 
[INFO] [stdout] failures:
[INFO] [stdout]     io::obj::tests::test_read_obj_complex_faces
[INFO] [stdout]     io::obj::tests::test_read_obj_quad_triangulation
[INFO] [stdout]     io::obj::tests::test_read_obj_simple
[INFO] [stdout]     io::obj::tests::test_write_obj_simple
[INFO] [stdout]     io::stl::tests::test_write_stl_ascii_creates_file
[INFO] [stdout]     io::stl::tests::test_write_stl_binary_creates_file
[INFO] [stdout]     io::stl::tests::test_write_stl_defaults_to_binary
[INFO] [stdout]     io::vtk::tests::test_read_vtp
[INFO] [stdout]     io::vtk::tests::test_read_vtu
[INFO] [stdout]     io::vtk::tests::test_write_vtp
[INFO] [stdout]     io::vtk::tests::test_write_vtu
[INFO] [stdout] 
[INFO] [stdout] test result: FAILED. 38 passed; 11 failed; 0 ignored; 0 measured; 0 filtered out; finished in 0.04s
[INFO] [stdout] 
[INFO] [stderr] error: test failed, to rerun pass `--lib`
[INFO] running `Command { std: "docker" "inspect" "a52a21d3723802ebef0ecfad6cbd07917c068fdb3a32d9e5e02f3af7dcd522da", kill_on_drop: false }`
[INFO] running `Command { std: "docker" "rm" "-f" "a52a21d3723802ebef0ecfad6cbd07917c068fdb3a32d9e5e02f3af7dcd522da", kill_on_drop: false }`
[INFO] [stdout] a52a21d3723802ebef0ecfad6cbd07917c068fdb3a32d9e5e02f3af7dcd522da
