[INFO] fetching crate glyphcull-pipeline 0.1.0...
[INFO] testing glyphcull-pipeline-0.1.0 against 1.100.0-beta.1+cargoflags=--release for beta-release-1.100-2
[INFO] extracting crate glyphcull-pipeline 0.1.0 into /workspace/builds/worker-1-tc2/source
[INFO] started tweaking crates.io crate glyphcull-pipeline 0.1.0
[INFO] removed 0 missing tests
[INFO] finished tweaking crates.io crate glyphcull-pipeline 0.1.0
[INFO] tweaked toml for crates.io crate glyphcull-pipeline 0.1.0 written to /workspace/builds/worker-1-tc2/source/Cargo.toml
[INFO] validating manifest of crates.io crate glyphcull-pipeline 0.1.0 on toolchain 1.100.0-beta.1
[INFO] running `Command { std: CARGO_HOME="/workspace/cargo-home" RUSTUP_HOME="/workspace/rustup-home" "/workspace/cargo-home/bin/cargo" "+1.100.0-beta.1" "metadata" "--manifest-path" "Cargo.toml" "--no-deps", kill_on_drop: false }`
[INFO] crate crates.io crate glyphcull-pipeline 0.1.0 already has a lockfile, it will not be regenerated
[INFO] running `Command { std: CARGO_HOME="/workspace/cargo-home" RUSTUP_HOME="/workspace/rustup-home" "/workspace/cargo-home/bin/cargo" "+1.100.0-beta.1" "fetch" "--manifest-path" "Cargo.toml", kill_on_drop: false }`
[INFO] [stderr]     Blocking waiting for file lock on package cache
[INFO] running `Command { std: "docker" "create" "-v" "/var/lib/crater-agent-workspace/builds/worker-1-tc2/source:/opt/rustwide/workdir:ro,Z" "-v" "/var/lib/crater-agent-workspace/builds/worker-1-tc2/target:/opt/rustwide/target:rw,Z" "-v" "/var/lib/crater-agent-workspace/cargo-home:/opt/rustwide/cargo-home:ro,Z" "-v" "/var/lib/crater-agent-workspace/rustup-home:/opt/rustwide/rustup-home:ro,Z" "-m" "1610612736" "--network" "none" "ghcr.io/rust-lang/crates-build-env/linux@sha256:77db811e55d90add9212f6832c23229e3de5f1c1f9905e8cb07319ea15df73ac" "sleep" "infinity", kill_on_drop: false }`
[INFO] [stdout] 45592f723e3f361de06b199f96d0f13a995ab09f0ee35e02eb045e955f7a0d59
[INFO] running `Command { std: "docker" "start" "45592f723e3f361de06b199f96d0f13a995ab09f0ee35e02eb045e955f7a0d59", kill_on_drop: false }`
[INFO] running `Command { std: "docker" "inspect" "45592f723e3f361de06b199f96d0f13a995ab09f0ee35e02eb045e955f7a0d59", kill_on_drop: false }`
[INFO] running `Command { std: "docker" "exec" "-e" "SOURCE_DIR=/opt/rustwide/workdir" "-e" "CARGO_HOME=/opt/rustwide/cargo-home" "-e" "RUSTUP_HOME=/opt/rustwide/rustup-home" "-e" "CARGO_TARGET_DIR=/opt/rustwide/target" "-w" "/opt/rustwide/workdir" "--user" "0:0" "45592f723e3f361de06b199f96d0f13a995ab09f0ee35e02eb045e955f7a0d59" "/opt/rustwide/cargo-home/bin/cargo" "+1.100.0-beta.1" "metadata" "--no-deps" "--format-version=1", kill_on_drop: false }`
[INFO] running `Command { std: "docker" "inspect" "45592f723e3f361de06b199f96d0f13a995ab09f0ee35e02eb045e955f7a0d59", kill_on_drop: false }`
[INFO] running `Command { std: "docker" "exec" "-e" "SOURCE_DIR=/opt/rustwide/workdir" "-e" "CARGO_HOME=/opt/rustwide/cargo-home" "-e" "RUSTUP_HOME=/opt/rustwide/rustup-home" "-e" "CARGO_TARGET_DIR=/opt/rustwide/target" "-e" "CARGO_INCREMENTAL=0" "-e" "RUST_BACKTRACE=full" "-e" "RUSTFLAGS=--cap-lints=warn" "-e" "RUSTDOCFLAGS=--cap-lints=warn" "-w" "/opt/rustwide/workdir" "--user" "0:0" "45592f723e3f361de06b199f96d0f13a995ab09f0ee35e02eb045e955f7a0d59" "/opt/rustwide/cargo-home/bin/cargo" "+1.100.0-beta.1" "build" "--frozen" "--message-format=json" "--release", kill_on_drop: false }`
[INFO] [stderr]    Compiling siphasher v1.0.3
[INFO] [stderr]    Compiling fastrand v2.5.0
[INFO] [stderr]    Compiling new_debug_unreachable v1.0.6
[INFO] [stderr]    Compiling smallvec v1.15.2
[INFO] [stderr]    Compiling crc32fast v1.5.0
[INFO] [stderr]    Compiling simd-adler32 v0.3.10
[INFO] [stderr]    Compiling precomputed-hash v0.1.1
[INFO] [stderr]    Compiling crypto-common v0.1.7
[INFO] [stderr]    Compiling tendril v0.5.1
[INFO] [stderr]    Compiling digest v0.10.7
[INFO] [stderr]    Compiling miniz_oxide v0.8.9
[INFO] [stderr]    Compiling phf_shared v0.13.1
[INFO] [stderr]    Compiling parking_lot_core v0.9.12
[INFO] [stderr]    Compiling mac v0.1.1
[INFO] [stderr]    Compiling pulldown-cmark v0.12.2
[INFO] [stderr]    Compiling tinyvec v1.12.0
[INFO] [stderr]    Compiling getopts v0.2.24
[INFO] [stderr]    Compiling phf_generator v0.13.1
[INFO] [stderr]    Compiling sha2 v0.10.9
[INFO] [stderr]    Compiling phf_codegen v0.13.1
[INFO] [stderr]    Compiling string_cache_codegen v0.6.1
[INFO] [stderr]    Compiling parking_lot v0.12.5
[INFO] [stderr]    Compiling futf v0.1.5
[INFO] [stderr]    Compiling phf v0.13.1
[INFO] [stderr]    Compiling unicase v2.9.0
[INFO] [stderr]    Compiling bitflags v2.13.1
[INFO] [stderr]    Compiling web_atoms v0.2.5
[INFO] [stderr]    Compiling string_cache v0.9.0
[INFO] [stderr]    Compiling flate2 v1.1.9
[INFO] [stderr]    Compiling pulldown-cmark-escape v0.11.0
[INFO] [stderr]    Compiling utf-8 v0.7.6
[INFO] [stderr]    Compiling tendril v0.4.3
[INFO] [stderr]    Compiling unicode-normalization v0.1.25
[INFO] [stderr]    Compiling glyphcull-format v0.1.0
[INFO] [stderr]    Compiling either v1.17.0
[INFO] [stderr]    Compiling fdeflate v0.3.7
[INFO] [stderr]    Compiling rayon v1.12.0
[INFO] [stderr]    Compiling ttf-parser v0.24.1
[INFO] [stderr]    Compiling png v0.17.16
[INFO] [stderr]    Compiling markup5ever v0.39.0
[INFO] [stderr]    Compiling html5ever v0.39.0
[INFO] [stderr]    Compiling glyphcull-semantic v0.1.0
[INFO] [stderr]    Compiling glyphcull-atlas v0.1.0
[INFO] [stderr]    Compiling jpeg-decoder v0.3.2
[INFO] [stderr]    Compiling glyphcull-chunk v0.1.0
[INFO] [stderr]    Compiling glyphcull-pipeline v0.1.0 (/opt/rustwide/workdir)
[INFO] [stderr]     Finished `release` profile [optimized] target(s) in 1m 00s
[INFO] running `Command { std: "docker" "inspect" "45592f723e3f361de06b199f96d0f13a995ab09f0ee35e02eb045e955f7a0d59", kill_on_drop: false }`
[INFO] running `Command { std: "docker" "exec" "-e" "SOURCE_DIR=/opt/rustwide/workdir" "-e" "CARGO_HOME=/opt/rustwide/cargo-home" "-e" "RUSTUP_HOME=/opt/rustwide/rustup-home" "-e" "CARGO_TARGET_DIR=/opt/rustwide/target" "-e" "CARGO_INCREMENTAL=0" "-e" "RUST_BACKTRACE=full" "-e" "RUSTFLAGS=--cap-lints=warn" "-e" "RUSTDOCFLAGS=--cap-lints=warn" "-w" "/opt/rustwide/workdir" "--user" "0:0" "45592f723e3f361de06b199f96d0f13a995ab09f0ee35e02eb045e955f7a0d59" "/opt/rustwide/cargo-home/bin/cargo" "+1.100.0-beta.1" "test" "--frozen" "--no-run" "--message-format=json" "--release", kill_on_drop: false }`
[INFO] [stderr]    Compiling glyphcull-pipeline v0.1.0 (/opt/rustwide/workdir)
[INFO] [stderr]     Finished `release` profile [optimized] target(s) in 6.85s
[INFO] running `Command { std: "docker" "inspect" "45592f723e3f361de06b199f96d0f13a995ab09f0ee35e02eb045e955f7a0d59", kill_on_drop: false }`
[INFO] running `Command { std: "docker" "exec" "-e" "SOURCE_DIR=/opt/rustwide/workdir" "-e" "CARGO_HOME=/opt/rustwide/cargo-home" "-e" "RUSTUP_HOME=/opt/rustwide/rustup-home" "-e" "CARGO_TARGET_DIR=/opt/rustwide/target" "-e" "CARGO_INCREMENTAL=0" "-e" "RUST_BACKTRACE=full" "-e" "RUSTFLAGS=--cap-lints=warn" "-e" "RUSTDOCFLAGS=--cap-lints=warn" "-w" "/opt/rustwide/workdir" "--user" "0:0" "45592f723e3f361de06b199f96d0f13a995ab09f0ee35e02eb045e955f7a0d59" "/opt/rustwide/cargo-home/bin/cargo" "+1.100.0-beta.1" "test" "--frozen" "--release", kill_on_drop: false }`
[INFO] [stderr]     Finished `release` profile [optimized] target(s) in 0.14s
[INFO] [stderr]      Running unittests src/lib.rs (/opt/rustwide/target/release/build/glyphcull-pipeline/7fc5e53b5db600ec/out/glyphcull_pipeline-7fc5e53b5db600ec)
[INFO] [stdout] 
[INFO] [stdout] running 17 tests
[INFO] [stdout] test images::tests::decodes_jpeg_rgb ... ok
[INFO] [stdout] test fonts::tests::resolution_is_deterministic ... ok
[INFO] [stdout] test fonts::tests::bundled_resolves_defaults ... ok
[INFO] [stdout] test images::tests::rejects_unknown_format ... ok
[INFO] [stdout] test images::tests::decodes_png_rgba ... ok
[INFO] [stdout] test images::tests::rejects_garbage_signatures ... ok
[INFO] [stdout] test pipeline::tests::invalid_css_errors ... ok
[INFO] [stdout] test pipeline::tests::empty_document_compiles ... ok
[INFO] [stdout] test pipeline::tests::image_load_error_propagates ... ok
[INFO] [stdout] test pipeline::tests::image_loader_wired ... ok
[INFO] [stdout] test fonts::tests::bundled_faces_parse ... ok
[INFO] [stdout] test pipeline::tests::unknown_family_errors ... ok
[INFO] [stdout] test pipeline::tests::compiles_markdown_end_to_end ... ok
[INFO] [stdout] test pipeline::tests::missing_codepoints_reported ... ok
[INFO] [stdout] test pipeline::tests::compiles_html_with_style ... ok
[INFO] [stdout] test pipeline::tests::deterministic_bytes ... FAILED
[INFO] [stdout] test pipeline::tests::italic_face_produces_second_atlas ... ok
[INFO] [stdout] 
[INFO] [stdout] failures:
[INFO] [stdout] 
[INFO] [stdout] ---- pipeline::tests::deterministic_bytes stdout ----
[INFO] [stdout] 
[INFO] [stdout] thread 'pipeline::tests::deterministic_bytes' (920) panicked at src/pipeline.rs:485:69:
[INFO] [stdout] a: Format(UnknownValue { what: "self-validation", value: 0 })
[INFO] [stdout] stack backtrace:
[INFO] [stdout]    0:     0x5be402bb7361 - <<std[617be2ca0a6fd877]::sys::backtrace::BacktraceLock>::print::DisplayBacktrace as core[a373ad73a504971]::fmt::Display>::fmt
[INFO] [stdout]    1:     0x5be402bcdf5a - core[a373ad73a504971]::fmt::write
[INFO] [stdout]    2:     0x5be402bbb67c - <alloc[2e1b2a31b91974c5]::vec::Vec<u8> as core[a373ad73a504971]::io::write::Write>::write_fmt
[INFO] [stdout]    3:     0x5be402b93516 - std[617be2ca0a6fd877]::panicking::default_hook::{closure#0}
[INFO] [stdout]    4:     0x5be402baf879 - std[617be2ca0a6fd877]::panicking::default_hook
[INFO] [stdout]    5:     0x5be402a9ae90 - test[aada8e7e76ba119b]::test_main_inner::{closure#0}
[INFO] [stdout]    6:     0x5be402bafba2 - std[617be2ca0a6fd877]::panicking::panic_with_hook
[INFO] [stdout]    7:     0x5be402b935c2 - std[617be2ca0a6fd877]::panicking::panic_handler::{closure#0}
[INFO] [stdout]    8:     0x5be402b8c2a9 - std[617be2ca0a6fd877]::sys::backtrace::__rust_end_short_backtrace::<std[617be2ca0a6fd877]::panicking::panic_handler::{closure#0}, !>
[INFO] [stdout]    9:     0x5be402b941cd - __rustc[ea4f61d10b84890b]::rust_begin_unwind
[INFO] [stdout]   10:     0x5be402bce6bc - core[a373ad73a504971]::panicking::panic_fmt
[INFO] [stdout]   11:     0x5be402bce492 - core[a373ad73a504971]::result::unwrap_failed
[INFO] [stdout]   12:     0x5be402a2c914 - <glyphcull_pipeline[62ff5be653ce274c]::pipeline::tests::deterministic_bytes::{closure#0} as core[a373ad73a504971]::ops::function::FnOnce<()>>::call_once
[INFO] [stdout]   13:     0x5be402a8e2db - test[aada8e7e76ba119b]::__rust_begin_short_backtrace::<core[a373ad73a504971]::result::Result<(), alloc[2e1b2a31b91974c5]::string::String>, fn() -> core[a373ad73a504971]::result::Result<(), alloc[2e1b2a31b91974c5]::string::String>>
[INFO] [stdout]   14:     0x5be402a9b4b5 - test[aada8e7e76ba119b]::run_test::{closure#0}
[INFO] [stdout]   15:     0x5be402a94da4 - std[617be2ca0a6fd877]::sys::backtrace::__rust_begin_short_backtrace::<test[aada8e7e76ba119b]::run_test::{closure#1}, ()>
[INFO] [stdout]   16:     0x5be402a9e542 - <std[617be2ca0a6fd877]::thread::lifecycle::spawn_unchecked<test[aada8e7e76ba119b]::run_test::{closure#1}, ()>::{closure#1} as core[a373ad73a504971]::ops::function::FnOnce<()>>::call_once::{shim:vtable#0}
[INFO] [stdout]   17:     0x5be402bb6baf - <std[617be2ca0a6fd877]::sys::thread::unix::Thread>::new::thread_start
[INFO] [stdout]   18:     0x7ecf61d8fdfa - <unknown>
[INFO] [stdout]   19:     0x7ecf61e233d4 - clone
[INFO] [stdout]   20:                0x0 - <unknown>
[INFO] [stdout] 
[INFO] [stdout] 
[INFO] [stdout] failures:
[INFO] [stdout]     pipeline::tests::deterministic_bytes
[INFO] [stdout] 
[INFO] [stdout] test result: FAILED. 16 passed; 1 failed; 0 ignored; 0 measured; 0 filtered out; finished in 0.17s
[INFO] [stdout] 
[INFO] [stderr] error: test failed, to rerun pass `--lib`
[INFO] running `Command { std: "docker" "inspect" "45592f723e3f361de06b199f96d0f13a995ab09f0ee35e02eb045e955f7a0d59", kill_on_drop: false }`
[INFO] running `Command { std: "docker" "rm" "-f" "45592f723e3f361de06b199f96d0f13a995ab09f0ee35e02eb045e955f7a0d59", kill_on_drop: false }`
[INFO] [stdout] 45592f723e3f361de06b199f96d0f13a995ab09f0ee35e02eb045e955f7a0d59
