[INFO] fetching crate gluon_doc 0.18.4...
[INFO] testing gluon_doc-0.18.4 against 1.100.0-beta.1+cargoflags=--release for beta-release-1.100-2
[INFO] extracting crate gluon_doc 0.18.4 into /workspace/builds/worker-5-tc2/source
[INFO] started tweaking crates.io crate gluon_doc 0.18.4
[INFO] removed 0 missing tests
[INFO] finished tweaking crates.io crate gluon_doc 0.18.4
[INFO] tweaked toml for crates.io crate gluon_doc 0.18.4 written to /workspace/builds/worker-5-tc2/source/Cargo.toml
[INFO] validating manifest of crates.io crate gluon_doc 0.18.4 on toolchain 1.100.0-beta.1
[INFO] running `Command { std: CARGO_HOME="/workspace/cargo-home" RUSTUP_HOME="/workspace/rustup-home" "/workspace/cargo-home/bin/cargo" "+1.100.0-beta.1" "metadata" "--manifest-path" "Cargo.toml" "--no-deps", kill_on_drop: false }`
[INFO] crate crates.io crate gluon_doc 0.18.4 already has a lockfile, it will not be regenerated
[INFO] running `Command { std: CARGO_HOME="/workspace/cargo-home" RUSTUP_HOME="/workspace/rustup-home" "/workspace/cargo-home/bin/cargo" "+1.100.0-beta.1" "fetch" "--manifest-path" "Cargo.toml", kill_on_drop: false }`
[INFO] running `Command { std: "docker" "create" "-v" "/var/lib/crater-agent-workspace/builds/worker-5-tc2/source:/opt/rustwide/workdir:ro,Z" "-v" "/var/lib/crater-agent-workspace/builds/worker-5-tc2/target:/opt/rustwide/target:rw,Z" "-v" "/var/lib/crater-agent-workspace/cargo-home:/opt/rustwide/cargo-home:ro,Z" "-v" "/var/lib/crater-agent-workspace/rustup-home:/opt/rustwide/rustup-home:ro,Z" "-m" "1610612736" "--network" "none" "ghcr.io/rust-lang/crates-build-env/linux@sha256:77db811e55d90add9212f6832c23229e3de5f1c1f9905e8cb07319ea15df73ac" "sleep" "infinity", kill_on_drop: false }`
[INFO] [stdout] f0bd4035c8b6074f09abb3fcd1311935f828c8d349f000b24fdd89626b5c3e21
[INFO] running `Command { std: "docker" "start" "f0bd4035c8b6074f09abb3fcd1311935f828c8d349f000b24fdd89626b5c3e21", kill_on_drop: false }`
[INFO] running `Command { std: "docker" "inspect" "f0bd4035c8b6074f09abb3fcd1311935f828c8d349f000b24fdd89626b5c3e21", kill_on_drop: false }`
[INFO] running `Command { std: "docker" "exec" "-e" "SOURCE_DIR=/opt/rustwide/workdir" "-e" "CARGO_HOME=/opt/rustwide/cargo-home" "-e" "RUSTUP_HOME=/opt/rustwide/rustup-home" "-e" "CARGO_TARGET_DIR=/opt/rustwide/target" "-w" "/opt/rustwide/workdir" "--user" "0:0" "f0bd4035c8b6074f09abb3fcd1311935f828c8d349f000b24fdd89626b5c3e21" "/opt/rustwide/cargo-home/bin/cargo" "+1.100.0-beta.1" "metadata" "--no-deps" "--format-version=1", kill_on_drop: false }`
[INFO] running `Command { std: "docker" "inspect" "f0bd4035c8b6074f09abb3fcd1311935f828c8d349f000b24fdd89626b5c3e21", kill_on_drop: false }`
[INFO] running `Command { std: "docker" "exec" "-e" "SOURCE_DIR=/opt/rustwide/workdir" "-e" "CARGO_HOME=/opt/rustwide/cargo-home" "-e" "RUSTUP_HOME=/opt/rustwide/rustup-home" "-e" "CARGO_TARGET_DIR=/opt/rustwide/target" "-e" "CARGO_INCREMENTAL=0" "-e" "RUST_BACKTRACE=full" "-e" "RUSTFLAGS=--cap-lints=warn" "-e" "RUSTDOCFLAGS=--cap-lints=warn" "-w" "/opt/rustwide/workdir" "--user" "0:0" "f0bd4035c8b6074f09abb3fcd1311935f828c8d349f000b24fdd89626b5c3e21" "/opt/rustwide/cargo-home/bin/cargo" "+1.100.0-beta.1" "build" "--frozen" "--message-format=json" "--release", kill_on_drop: false }`
[INFO] [stderr]    Compiling smallvec v1.15.2
[INFO] [stderr]    Compiling syn v2.0.118
[INFO] [stderr]    Compiling hashbrown v0.17.1
[INFO] [stderr]    Compiling either v1.16.0
[INFO] [stderr]    Compiling codespan-reporting v0.13.1
[INFO] [stderr]    Compiling regex-automata v0.4.14
[INFO] [stderr]    Compiling regex-syntax v0.8.11
[INFO] [stderr]    Compiling typed-arena v2.0.2
[INFO] [stderr]    Compiling arrayvec v0.5.2
[INFO] [stderr]    Compiling parking_lot_core v0.9.12
[INFO] [stderr]    Compiling itertools v0.15.0
[INFO] [stderr]    Compiling pretty v0.10.0
[INFO] [stderr]    Compiling codespan v0.13.1
[INFO] [stderr]    Compiling ordered-float v5.3.0
[INFO] [stderr]    Compiling collect-mac v0.1.0
[INFO] [stderr]    Compiling lalrpop-util v0.23.1
[INFO] [stderr]    Compiling digest v0.10.7
[INFO] [stderr]    Compiling indexmap v2.14.0
[INFO] [stderr]    Compiling parking_lot v0.12.5
[INFO] [stderr]    Compiling term v1.2.1
[INFO] [stderr]    Compiling futures v0.1.31
[INFO] [stderr]    Compiling keccak v0.1.6
[INFO] [stderr]    Compiling string_cache v0.9.0
[INFO] [stderr]    Compiling petgraph v0.8.3
[INFO] [stderr]    Compiling sha3 v0.10.9
[INFO] [stderr]    Compiling ascii-canvas v4.0.0
[INFO] [stderr]    Compiling itertools v0.14.0
[INFO] [stderr]    Compiling ena v0.14.4
[INFO] [stderr]    Compiling unicode-xid v0.2.6
[INFO] [stderr]    Compiling pico-args v0.5.0
[INFO] [stderr]    Compiling triomphe v0.1.16
[INFO] [stderr]    Compiling pest v2.8.7
[INFO] [stderr]    Compiling archery v1.2.2
[INFO] [stderr]    Compiling darling_core v0.20.11
[INFO] [stderr]    Compiling instant v0.1.13
[INFO] [stderr]    Compiling crossbeam-utils v0.7.2
[INFO] [stderr]    Compiling vec_map v0.8.2
[INFO] [stderr]    Compiling bitflags v1.3.2
[INFO] [stderr]    Compiling regex v1.12.4
[INFO] [stderr]    Compiling quick-error v2.0.1
[INFO] [stderr]    Compiling heck v0.3.3
[INFO] [stderr]    Compiling hashbrown v0.15.5
[INFO] [stderr]    Compiling lalrpop v0.23.1
[INFO] [stderr]    Compiling pest_meta v2.8.7
[INFO] [stderr]    Compiling indexmap v1.9.3
[INFO] [stderr]    Compiling parking_lot_core v0.8.6
[INFO] [stderr]    Compiling rpds v1.2.1
[INFO] [stderr]    Compiling syn v1.0.109
[INFO] [stderr]    Compiling gluon_codegen v0.18.4
[INFO] [stderr]    Compiling futures-macro v0.3.32
[INFO] [stderr]    Compiling gluon_vm v0.18.4
[INFO] [stderr]    Compiling serde v1.0.228
[INFO] [stderr]    Compiling fixedbitset v0.5.7
[INFO] [stderr]    Compiling darling_macro v0.20.11
[INFO] [stderr]    Compiling futures-util v0.3.32
[INFO] [stderr]    Compiling gluon_base v0.18.4
[INFO] [stderr]    Compiling darling v0.20.11
[INFO] [stderr]    Compiling derive_builder_core v0.20.2
[INFO] [stderr]    Compiling derive_builder_macro v0.20.2
[INFO] [stderr]    Compiling pest_generator v2.8.7
[INFO] [stderr]    Compiling async-trait v0.1.89
[INFO] [stderr]    Compiling gluon v0.18.4
[INFO] [stderr]    Compiling gluon_check v0.18.4
[INFO] [stderr]    Compiling futures-executor v0.3.32
[INFO] [stderr]    Compiling gluon-salsa-macros v0.15.2
[INFO] [stderr]    Compiling futures v0.3.32
[INFO] [stderr]    Compiling thiserror-impl v2.0.18
[INFO] [stderr]    Compiling parking_lot v0.11.2
[INFO] [stderr]    Compiling downcast-rs v2.0.2
[INFO] [stderr]    Compiling pulldown-cmark v0.13.4
[INFO] [stderr]    Compiling ucd-trie v0.1.7
[INFO] [stderr]    Compiling frunk_core v0.5.0
[INFO] [stderr]    Compiling num-modular v0.6.4
[INFO] [stderr]    Compiling clap_derive v4.6.1
[INFO] [stderr]    Compiling num-order v1.2.0
[INFO] [stderr]    Compiling gluon-salsa v0.15.2
[INFO] [stderr]    Compiling env_filter v2.0.0
[INFO] [stderr]    Compiling thiserror v2.0.18
[INFO] [stderr]    Compiling serde_json v1.0.150
[INFO] [stderr]    Compiling anyhow v1.0.103
[INFO] [stderr]    Compiling gluon_format v0.18.4
[INFO] [stderr]    Compiling pest_derive v2.8.7
[INFO] [stderr]    Compiling derive_builder v0.20.2
[INFO] [stderr]    Compiling bstr v1.12.3
[INFO] [stderr]    Compiling getopts v0.2.24
[INFO] [stderr]    Compiling pulldown-cmark-escape v0.11.0
[INFO] [stderr]    Compiling unicase v2.9.0
[INFO] [stderr]    Compiling gluon_parser v0.18.4
[INFO] [stderr]    Compiling gluon_doc v0.18.4 (/opt/rustwide/workdir)
[INFO] [stderr]    Compiling jiff v0.2.31
[INFO] [stderr]    Compiling opener v0.8.5
[INFO] [stderr]    Compiling handlebars v6.4.2
[INFO] [stderr]    Compiling rayon v1.12.0
[INFO] [stderr]    Compiling clap v4.6.1
[INFO] [stderr]    Compiling gluon_completion v0.18.4
[INFO] [stderr]    Compiling env_logger v0.11.11
[INFO] [stderr]    Compiling serde_derive v1.0.228
[INFO] [stderr]     Finished `release` profile [optimized] target(s) in 3m 05s
[INFO] running `Command { std: "docker" "inspect" "f0bd4035c8b6074f09abb3fcd1311935f828c8d349f000b24fdd89626b5c3e21", kill_on_drop: false }`
[INFO] running `Command { std: "docker" "exec" "-e" "SOURCE_DIR=/opt/rustwide/workdir" "-e" "CARGO_HOME=/opt/rustwide/cargo-home" "-e" "RUSTUP_HOME=/opt/rustwide/rustup-home" "-e" "CARGO_TARGET_DIR=/opt/rustwide/target" "-e" "CARGO_INCREMENTAL=0" "-e" "RUST_BACKTRACE=full" "-e" "RUSTFLAGS=--cap-lints=warn" "-e" "RUSTDOCFLAGS=--cap-lints=warn" "-w" "/opt/rustwide/workdir" "--user" "0:0" "f0bd4035c8b6074f09abb3fcd1311935f828c8d349f000b24fdd89626b5c3e21" "/opt/rustwide/cargo-home/bin/cargo" "+1.100.0-beta.1" "test" "--frozen" "--no-run" "--message-format=json" "--release", kill_on_drop: false }`
[INFO] [stderr]    Compiling stable_deref_trait v1.2.1
[INFO] [stderr]    Compiling syn v2.0.118
[INFO] [stderr]    Compiling getrandom v0.1.16
[INFO] [stderr]    Compiling syn v1.0.109
[INFO] [stderr]    Compiling zerocopy v0.8.52
[INFO] [stderr]    Compiling serde_core v1.0.228
[INFO] [stderr]    Compiling phf_shared v0.8.0
[INFO] [stderr]    Compiling cc v1.2.65
[INFO] [stderr]    Compiling serde_json v1.0.150
[INFO] [stderr]    Compiling rand_core v0.5.1
[INFO] [stderr]    Compiling dtoa v1.0.11
[INFO] [stderr]    Compiling rustls v0.23.41
[INFO] [stderr]    Compiling dtoa-short v0.3.5
[INFO] [stderr]    Compiling rand_pcg v0.2.1
[INFO] [stderr]    Compiling nodrop v0.1.14
[INFO] [stderr]    Compiling camino v1.2.4
[INFO] [stderr]    Compiling servo_arc v0.1.1
[INFO] [stderr]    Compiling fxhash v0.2.1
[INFO] [stderr]    Compiling ahash v0.8.12
[INFO] [stderr]    Compiling webpki-roots v1.0.8
[INFO] [stderr]    Compiling thin-slice v0.1.1
[INFO] [stderr]    Compiling precomputed-hash v0.1.1
[INFO] [stderr]    Compiling hashbrown v0.13.2
[INFO] [stderr]    Compiling atty v0.2.14
[INFO] [stderr]    Compiling webpki-roots v0.26.11
[INFO] [stderr]    Compiling hashbrown v0.11.2
[INFO] [stderr]    Compiling humantime v2.4.0
[INFO] [stderr]    Compiling lazycell v1.3.0
[INFO] [stderr]    Compiling safemem v0.3.3
[INFO] [stderr]    Compiling env_logger v0.9.3
[INFO] [stderr]    Compiling cached v0.25.1
[INFO] [stderr]    Compiling num_cpus v1.17.0
[INFO] [stderr]    Compiling ring v0.17.14
[INFO] [stderr]    Compiling pico-args v0.3.4
[INFO] [stderr]    Compiling semver v1.0.28
[INFO] [stderr]    Compiling synstructure v0.13.2
[INFO] [stderr]    Compiling darling_core v0.20.11
[INFO] [stderr]    Compiling pest_generator v2.8.7
[INFO] [stderr]    Compiling ppv-lite86 v0.2.21
[INFO] [stderr]    Compiling rand_chacha v0.2.2
[INFO] [stderr]    Compiling rand v0.7.3
[INFO] [stderr]    Compiling zerofrom-derive v0.1.7
[INFO] [stderr]    Compiling yoke-derive v0.8.2
[INFO] [stderr]    Compiling zerovec-derive v0.11.3
[INFO] [stderr]    Compiling gluon_codegen v0.18.4
[INFO] [stderr]    Compiling displaydoc v0.2.6
[INFO] [stderr]    Compiling phf_generator v0.8.0
[INFO] [stderr]    Compiling futures-macro v0.3.32
[INFO] [stderr]    Compiling serde_derive v1.0.228
[INFO] [stderr]    Compiling phf_macros v0.8.0
[INFO] [stderr]    Compiling futures-util v0.3.32
[INFO] [stderr]    Compiling zerofrom v0.1.8
[INFO] [stderr]    Compiling phf_codegen v0.8.0
[INFO] [stderr]    Compiling yoke v0.8.3
[INFO] [stderr]    Compiling cssparser v0.27.2
[INFO] [stderr]    Compiling zerovec v0.11.6
[INFO] [stderr]    Compiling gluon_base v0.18.4
[INFO] [stderr]    Compiling zerotrie v0.2.4
[INFO] [stderr]    Compiling darling_macro v0.20.11
[INFO] [stderr]    Compiling darling v0.20.11
[INFO] [stderr]    Compiling derive_builder_core v0.20.2
[INFO] [stderr]    Compiling tinystr v0.8.3
[INFO] [stderr]    Compiling icu_locale_core v2.2.0
[INFO] [stderr]    Compiling potential_utf v0.1.5
[INFO] [stderr]    Compiling icu_collections v2.2.0
[INFO] [stderr]    Compiling derive_builder_macro v0.20.2
[INFO] [stderr]    Compiling phf v0.8.0
[INFO] [stderr]    Compiling gluon_check v0.18.4
[INFO] [stderr]    Compiling selectors v0.22.0
[INFO] [stderr]    Compiling gluon-salsa-macros v0.15.2
[INFO] [stderr]    Compiling icu_provider v2.2.0
[INFO] [stderr]    Compiling serde v1.0.228
[INFO] [stderr]    Compiling icu_properties v2.2.0
[INFO] [stderr]    Compiling futures-executor v0.3.32
[INFO] [stderr]    Compiling icu_normalizer v2.2.0
[INFO] [stderr]    Compiling futures v0.3.32
[INFO] [stderr]    Compiling gluon v0.18.4
[INFO] [stderr]    Compiling cssparser-macros v0.6.1
[INFO] [stderr]    Compiling thiserror-impl v2.0.18
[INFO] [stderr]    Compiling async-trait v0.1.89
[INFO] [stderr]    Compiling idna_adapter v1.2.2
[INFO] [stderr]    Compiling idna v1.1.0
[INFO] [stderr]    Compiling gluon-salsa v0.15.2
[INFO] [stderr]    Compiling gluon_parser v0.18.4
[INFO] [stderr]    Compiling thiserror v2.0.18
[INFO] [stderr]    Compiling gluon_format v0.18.4
[INFO] [stderr]    Compiling gluon_vm v0.18.4
[INFO] [stderr]    Compiling derive_builder v0.20.2
[INFO] [stderr]    Compiling clap_derive v4.6.1
[INFO] [stderr]    Compiling derive_more v0.99.20
[INFO] [stderr]    Compiling thiserror-impl v1.0.69
[INFO] [stderr]    Compiling rustls-webpki v0.103.13
[INFO] [stderr]    Compiling pest_derive v2.8.7
[INFO] [stderr]    Compiling handlebars v6.4.2
[INFO] [stderr]    Compiling clap v4.6.1
[INFO] [stderr]    Compiling thiserror v1.0.69
[INFO] [stderr]    Compiling url v2.5.8
[INFO] [stderr]    Compiling cargo-platform v0.1.9
[INFO] [stderr]    Compiling gluon_completion v0.18.4
[INFO] [stderr]    Compiling cargo_metadata v0.14.2
[INFO] [stderr]    Compiling lol_html v0.3.3
[INFO] [stderr]    Compiling ureq v2.12.1
[INFO] [stderr]    Compiling cargo-deadlinks v0.8.1
[INFO] [stderr]    Compiling gluon_doc v0.18.4 (/opt/rustwide/workdir)
[INFO] [stderr]     Finished `release` profile [optimized] target(s) in 1m 37s
[INFO] running `Command { std: "docker" "inspect" "f0bd4035c8b6074f09abb3fcd1311935f828c8d349f000b24fdd89626b5c3e21", kill_on_drop: false }`
[INFO] running `Command { std: "docker" "exec" "-e" "SOURCE_DIR=/opt/rustwide/workdir" "-e" "CARGO_HOME=/opt/rustwide/cargo-home" "-e" "RUSTUP_HOME=/opt/rustwide/rustup-home" "-e" "CARGO_TARGET_DIR=/opt/rustwide/target" "-e" "CARGO_INCREMENTAL=0" "-e" "RUST_BACKTRACE=full" "-e" "RUSTFLAGS=--cap-lints=warn" "-e" "RUSTDOCFLAGS=--cap-lints=warn" "-w" "/opt/rustwide/workdir" "--user" "0:0" "f0bd4035c8b6074f09abb3fcd1311935f828c8d349f000b24fdd89626b5c3e21" "/opt/rustwide/cargo-home/bin/cargo" "+1.100.0-beta.1" "test" "--frozen" "--release", kill_on_drop: false }`
[INFO] [stderr]     Finished `release` profile [optimized] target(s) in 0.41s
[INFO] [stdout] 
[INFO] [stderr]      Running unittests src/lib.rs (/opt/rustwide/target/release/build/gluon_doc/bb13fb24db3b6b12/out/gluon_doc-bb13fb24db3b6b12)
[INFO] [stdout] running 0 tests
[INFO] [stderr]      Running unittests src/main.rs (/opt/rustwide/target/release/build/gluon_doc/642cb3cd7420e4c7/out/gluon_doc-642cb3cd7420e4c7)
[INFO] [stdout] 
[INFO] [stdout] test result: ok. 0 passed; 0 failed; 0 ignored; 0 measured; 0 filtered out; finished in 0.00s
[INFO] [stdout] 
[INFO] [stdout] 
[INFO] [stdout] running 0 tests
[INFO] [stdout] 
[INFO] [stdout] test result: ok. 0 passed; 0 failed; 0 ignored; 0 measured; 0 filtered out; finished in 0.00s
[INFO] [stdout] 
[INFO] [stderr]      Running tests/doc.rs (/opt/rustwide/target/release/build/gluon_doc/54a086122702a32b/out/doc-54a086122702a32b)
[INFO] [stdout] 
[INFO] [stdout] running 3 tests
[INFO] [stdout] test check_links ... FAILED
[INFO] [stdout] test basic ... ok
[INFO] [stdout] test doc_hidden ... ok
[INFO] [stderr] error: test failed, to rerun pass `--test doc`
[INFO] [stdout] 
[INFO] [stdout] failures:
[INFO] [stdout] 
[INFO] [stdout] ---- check_links stdout ----
[INFO] [stdout] 
[INFO] [stdout] thread 'check_links' (4157) panicked at tests/doc.rs:82:75:
[INFO] [stdout] IO error for operation on ../std: No such file or directory (os error 2)
[INFO] [stdout] stack backtrace:
[INFO] [stdout]    0:     0x63a65c163b51 - <<std[617be2ca0a6fd877]::sys::backtrace::BacktraceLock>::print::DisplayBacktrace as core[a373ad73a504971]::fmt::Display>::fmt
[INFO] [stdout]    1:     0x63a65c17f61a - core[a373ad73a504971]::fmt::write
[INFO] [stdout]    2:     0x63a65c16b1ac - <alloc[2e1b2a31b91974c5]::vec::Vec<u8> as core[a373ad73a504971]::io::write::Write>::write_fmt
[INFO] [stdout]    3:     0x63a65c13a9f6 - std[617be2ca0a6fd877]::panicking::default_hook::{closure#0}
[INFO] [stdout]    4:     0x63a65c15a489 - std[617be2ca0a6fd877]::panicking::default_hook
[INFO] [stdout]    5:     0x63a65bbab0e0 - test[aada8e7e76ba119b]::test_main_inner::{closure#0}
[INFO] [stdout]    6:     0x63a65c15a7b2 - std[617be2ca0a6fd877]::panicking::panic_with_hook
[INFO] [stdout]    7:     0x63a65c13aaa2 - std[617be2ca0a6fd877]::panicking::panic_handler::{closure#0}
[INFO] [stdout]    8:     0x63a65c132ce9 - std[617be2ca0a6fd877]::sys::backtrace::__rust_end_short_backtrace::<std[617be2ca0a6fd877]::panicking::panic_handler::{closure#0}, !>
[INFO] [stdout]    9:     0x63a65c13ba2d - __rustc[ea4f61d10b84890b]::rust_begin_unwind
[INFO] [stdout]   10:     0x63a65c17fe3c - core[a373ad73a504971]::panicking::panic_fmt
[INFO] [stdout]   11:     0x63a65b9f99f9 - doc[bbd17a0ffabbb842]::check_links::{closure#1}
[INFO] [stdout]   12:     0x63a65b9facf9 - <doc[bbd17a0ffabbb842]::check_links::{closure#0} as core[a373ad73a504971]::ops::function::FnOnce<()>>::call_once
[INFO] [stdout]   13:     0x63a65bb9e52b - test[aada8e7e76ba119b]::__rust_begin_short_backtrace::<core[a373ad73a504971]::result::Result<(), alloc[2e1b2a31b91974c5]::string::String>, fn() -> core[a373ad73a504971]::result::Result<(), alloc[2e1b2a31b91974c5]::string::String>>
[INFO] [stdout]   14:     0x63a65bbab705 - test[aada8e7e76ba119b]::run_test::{closure#0}
[INFO] [stdout]   15:     0x63a65bba4ff4 - std[617be2ca0a6fd877]::sys::backtrace::__rust_begin_short_backtrace::<test[aada8e7e76ba119b]::run_test::{closure#1}, ()>
[INFO] [stdout]   16:     0x63a65bbae792 - <std[617be2ca0a6fd877]::thread::lifecycle::spawn_unchecked<test[aada8e7e76ba119b]::run_test::{closure#1}, ()>::{closure#1} as core[a373ad73a504971]::ops::function::FnOnce<()>>::call_once::{shim:vtable#0}
[INFO] [stdout]   17:     0x63a65c1626bf - <std[617be2ca0a6fd877]::sys::thread::unix::Thread>::new::thread_start
[INFO] [stdout]   18:     0x7610157d8dfa - <unknown>
[INFO] [stdout]   19:     0x76101586c3d4 - clone
[INFO] [stdout]   20:                0x0 - <unknown>
[INFO] [stdout] 
[INFO] [stdout] 
[INFO] [stdout] failures:
[INFO] [stdout]     check_links
[INFO] [stdout] 
[INFO] [stdout] test result: FAILED. 2 passed; 1 failed; 0 ignored; 0 measured; 0 filtered out; finished in 0.04s
[INFO] [stdout] 
[INFO] running `Command { std: "docker" "inspect" "f0bd4035c8b6074f09abb3fcd1311935f828c8d349f000b24fdd89626b5c3e21", kill_on_drop: false }`
[INFO] running `Command { std: "docker" "rm" "-f" "f0bd4035c8b6074f09abb3fcd1311935f828c8d349f000b24fdd89626b5c3e21", kill_on_drop: false }`
[INFO] [stdout] f0bd4035c8b6074f09abb3fcd1311935f828c8d349f000b24fdd89626b5c3e21
