[INFO] fetching crate gltf_kun 0.4.0...
[INFO] testing gltf_kun-0.4.0 against 1.99.0-beta.8+cargoflags=--release for beta-release-1.100-2
[INFO] extracting crate gltf_kun 0.4.0 into /workspace/builds/worker-2-tc1/source
[INFO] started tweaking crates.io crate gltf_kun 0.4.0
[INFO] removed 0 missing tests
[INFO] finished tweaking crates.io crate gltf_kun 0.4.0
[INFO] tweaked toml for crates.io crate gltf_kun 0.4.0 written to /workspace/builds/worker-2-tc1/source/Cargo.toml
[INFO] validating manifest of crates.io crate gltf_kun 0.4.0 on toolchain 1.99.0-beta.8
[INFO] running `Command { std: CARGO_HOME="/workspace/cargo-home" RUSTUP_HOME="/workspace/rustup-home" "/workspace/cargo-home/bin/cargo" "+1.99.0-beta.8" "metadata" "--manifest-path" "Cargo.toml" "--no-deps", kill_on_drop: false }`
[INFO] crate crates.io crate gltf_kun 0.4.0 already has a lockfile, it will not be regenerated
[INFO] running `Command { std: CARGO_HOME="/workspace/cargo-home" RUSTUP_HOME="/workspace/rustup-home" "/workspace/cargo-home/bin/cargo" "+1.99.0-beta.8" "fetch" "--manifest-path" "Cargo.toml", kill_on_drop: false }`
[INFO] [stderr]     Updating crates.io index
[INFO] [stderr]  Downloading crates ...
[INFO] [stderr]   Downloaded gltf v1.4.1
[INFO] [stderr]   Downloaded gltf-json v1.4.1
[INFO] [stderr]   Downloaded bevy_macro_utils v0.18.1
[INFO] [stderr]   Downloaded gltf-derive v1.4.1
[INFO] [stderr]   Downloaded bevy_utils v0.18.1
[INFO] [stderr]   Downloaded bevy_platform v0.18.1
[INFO] [stderr]   Downloaded bevy_ptr v0.18.1
[INFO] [stderr]   Downloaded bevy_derive v0.18.1
[INFO] [stderr]   Downloaded bevy_android v0.18.1
[INFO] [stderr]   Downloaded bevy_diagnostic v0.18.1
[INFO] [stderr]   Downloaded bevy_reflect_derive v0.18.1
[INFO] [stderr]   Downloaded bevy_ecs_macros v0.18.1
[INFO] [stderr]   Downloaded bevy_transform v0.18.1
[INFO] [stderr]   Downloaded bevy_time v0.18.1
[INFO] [stderr]   Downloaded bevy_internal v0.18.1
[INFO] [stderr]   Downloaded bevy_app v0.18.1
[INFO] [stderr]   Downloaded bevy_tasks v0.18.1
[INFO] [stderr]   Downloaded bevy_input v0.18.1
[INFO] [stderr]   Downloaded toml_edit v0.25.10+spec-1.1.0
[INFO] [stderr]   Downloaded bevy_math v0.18.1
[INFO] [stderr]   Downloaded bevy_reflect v0.18.1
[INFO] [stderr]   Downloaded bevy_ecs v0.18.1
[INFO] [stderr]   Downloaded bevy v0.18.1
[INFO] running `Command { std: "docker" "create" "-v" "/var/lib/crater-agent-workspace/builds/worker-2-tc1/source:/opt/rustwide/workdir:ro,Z" "-v" "/var/lib/crater-agent-workspace/builds/worker-2-tc1/target:/opt/rustwide/target:rw,Z" "-v" "/var/lib/crater-agent-workspace/cargo-home:/opt/rustwide/cargo-home:ro,Z" "-v" "/var/lib/crater-agent-workspace/rustup-home:/opt/rustwide/rustup-home:ro,Z" "-m" "1610612736" "--network" "none" "ghcr.io/rust-lang/crates-build-env/linux@sha256:77db811e55d90add9212f6832c23229e3de5f1c1f9905e8cb07319ea15df73ac" "sleep" "infinity", kill_on_drop: false }`
[INFO] [stdout] dda3d8f5b945a6f392332842d0db37d8dbaca613ec81c8be5f91743e1938d81d
[INFO] running `Command { std: "docker" "start" "dda3d8f5b945a6f392332842d0db37d8dbaca613ec81c8be5f91743e1938d81d", kill_on_drop: false }`
[INFO] running `Command { std: "docker" "inspect" "dda3d8f5b945a6f392332842d0db37d8dbaca613ec81c8be5f91743e1938d81d", kill_on_drop: false }`
[INFO] running `Command { std: "docker" "exec" "-e" "SOURCE_DIR=/opt/rustwide/workdir" "-e" "CARGO_HOME=/opt/rustwide/cargo-home" "-e" "RUSTUP_HOME=/opt/rustwide/rustup-home" "-e" "CARGO_TARGET_DIR=/opt/rustwide/target" "-w" "/opt/rustwide/workdir" "--user" "0:0" "dda3d8f5b945a6f392332842d0db37d8dbaca613ec81c8be5f91743e1938d81d" "/opt/rustwide/cargo-home/bin/cargo" "+1.99.0-beta.8" "metadata" "--no-deps" "--format-version=1", kill_on_drop: false }`
[INFO] running `Command { std: "docker" "inspect" "dda3d8f5b945a6f392332842d0db37d8dbaca613ec81c8be5f91743e1938d81d", kill_on_drop: false }`
[INFO] running `Command { std: "docker" "exec" "-e" "SOURCE_DIR=/opt/rustwide/workdir" "-e" "CARGO_HOME=/opt/rustwide/cargo-home" "-e" "RUSTUP_HOME=/opt/rustwide/rustup-home" "-e" "CARGO_TARGET_DIR=/opt/rustwide/target" "-e" "CARGO_INCREMENTAL=0" "-e" "RUST_BACKTRACE=full" "-e" "RUSTFLAGS=--cap-lints=warn" "-e" "RUSTDOCFLAGS=--cap-lints=warn" "-w" "/opt/rustwide/workdir" "--user" "0:0" "dda3d8f5b945a6f392332842d0db37d8dbaca613ec81c8be5f91743e1938d81d" "/opt/rustwide/cargo-home/bin/cargo" "+1.99.0-beta.8" "build" "--frozen" "--message-format=json" "--release", kill_on_drop: false }`
[INFO] [stderr]    Compiling rand_core v0.9.5
[INFO] [stderr]    Compiling pxfm v0.1.28
[INFO] [stderr]    Compiling fdeflate v0.3.7
[INFO] [stderr]    Compiling zune-core v0.5.1
[INFO] [stderr]    Compiling inflections v1.1.1
[INFO] [stderr]    Compiling flate2 v1.1.9
[INFO] [stderr]    Compiling serde_json v1.0.149
[INFO] [stderr]    Compiling indexmap v2.13.1
[INFO] [stderr]    Compiling itertools v0.14.0
[INFO] [stderr]    Compiling bytemuck_derive v1.10.2
[INFO] [stderr]    Compiling derive_more-impl v2.1.1
[INFO] [stderr]    Compiling thiserror-impl v2.0.18
[INFO] [stderr]    Compiling variadics_please v1.1.0
[INFO] [stderr]    Compiling serde v1.0.228
[INFO] [stderr]    Compiling hashbrown v0.15.5
[INFO] [stderr]    Compiling tracing v0.1.44
[INFO] [stderr]    Compiling rand v0.9.2
[INFO] [stderr]    Compiling gltf-derive v1.4.1
[INFO] [stderr]    Compiling zune-jpeg v0.5.15
[INFO] [stderr]    Compiling png v0.18.1
[INFO] [stderr]    Compiling rand_distr v0.5.1
[INFO] [stderr]    Compiling thiserror v2.0.18
[INFO] [stderr]    Compiling bytemuck v1.25.0
[INFO] [stderr]    Compiling petgraph v0.8.3
[INFO] [stderr]    Compiling derive_more v2.1.1
[INFO] [stderr]    Compiling gltf-json v1.4.1
[INFO] [stderr]    Compiling glam v0.30.10
[INFO] [stderr]    Compiling moxcms v0.8.1
[INFO] [stderr]    Compiling bevy_math v0.18.1
[INFO] [stderr]    Compiling image v0.25.10
[INFO] [stderr]    Compiling gltf v1.4.1
[INFO] [stderr]    Compiling gltf_kun v0.4.0 (/opt/rustwide/workdir)
[INFO] [stderr]     Finished `release` profile [optimized] target(s) in 1m 34s
[INFO] running `Command { std: "docker" "inspect" "dda3d8f5b945a6f392332842d0db37d8dbaca613ec81c8be5f91743e1938d81d", kill_on_drop: false }`
[INFO] running `Command { std: "docker" "exec" "-e" "SOURCE_DIR=/opt/rustwide/workdir" "-e" "CARGO_HOME=/opt/rustwide/cargo-home" "-e" "RUSTUP_HOME=/opt/rustwide/rustup-home" "-e" "CARGO_TARGET_DIR=/opt/rustwide/target" "-e" "CARGO_INCREMENTAL=0" "-e" "RUST_BACKTRACE=full" "-e" "RUSTFLAGS=--cap-lints=warn" "-e" "RUSTDOCFLAGS=--cap-lints=warn" "-w" "/opt/rustwide/workdir" "--user" "0:0" "dda3d8f5b945a6f392332842d0db37d8dbaca613ec81c8be5f91743e1938d81d" "/opt/rustwide/cargo-home/bin/cargo" "+1.99.0-beta.8" "test" "--frozen" "--no-run" "--message-format=json" "--release", kill_on_drop: false }`
[INFO] [stderr]    Compiling regex-automata v0.4.14
[INFO] [stderr]    Compiling tracing-log v0.2.0
[INFO] [stderr]    Compiling parking_lot_core v0.9.12
[INFO] [stderr]    Compiling tracing v0.1.44
[INFO] [stderr]    Compiling thread_local v1.1.9
[INFO] [stderr]    Compiling tracing-test-macro v0.2.6
[INFO] [stderr]    Compiling gltf_kun v0.4.0 (/opt/rustwide/workdir)
[INFO] [stderr]    Compiling parking_lot v0.12.5
[INFO] [stderr]    Compiling tokio v1.51.0
[INFO] [stderr]    Compiling matchers v0.2.0
[INFO] [stderr]    Compiling tracing-subscriber v0.3.23
[INFO] [stderr]    Compiling tracing-test v0.2.6
[INFO] [stderr]     Finished `release` profile [optimized] target(s) in 1m 10s
[INFO] running `Command { std: "docker" "inspect" "dda3d8f5b945a6f392332842d0db37d8dbaca613ec81c8be5f91743e1938d81d", kill_on_drop: false }`
[INFO] running `Command { std: "docker" "exec" "-e" "SOURCE_DIR=/opt/rustwide/workdir" "-e" "CARGO_HOME=/opt/rustwide/cargo-home" "-e" "RUSTUP_HOME=/opt/rustwide/rustup-home" "-e" "CARGO_TARGET_DIR=/opt/rustwide/target" "-e" "CARGO_INCREMENTAL=0" "-e" "RUST_BACKTRACE=full" "-e" "RUSTFLAGS=--cap-lints=warn" "-e" "RUSTDOCFLAGS=--cap-lints=warn" "-w" "/opt/rustwide/workdir" "--user" "0:0" "dda3d8f5b945a6f392332842d0db37d8dbaca613ec81c8be5f91743e1938d81d" "/opt/rustwide/cargo-home/bin/cargo" "+1.99.0-beta.8" "test" "--frozen" "--release", kill_on_drop: false }`
[INFO] [stderr]     Finished `release` profile [optimized] target(s) in 0.20s
[INFO] [stderr]      Running unittests src/lib.rs (/opt/rustwide/target/release/deps/gltf_kun-fbae5ff603efb345)
[INFO] [stdout] 
[INFO] [stdout] running 46 tests
[INFO] [stdout] test extensions::omi_physics_shape::json::tests::box_serde ... ok
[INFO] [stdout] test extensions::omi_physics_shape::json::tests::default_cylinder_serde ... ok
[INFO] [stdout] test graph::gltf::animation::tests::channels ... ok
[INFO] [stdout] test graph::gltf::animation::sampler::tests::input ... ok
[INFO] [stdout] test extensions::omi_physics_shape::json::tests::default_sphere_serde ... ok
[INFO] [stdout] test graph::gltf::animation::sampler::tests::output ... ok
[INFO] [stdout] test extensions::omi_physics_shape::json::tests::capsule_serde ... ok
[INFO] [stdout] test graph::gltf::image::tests::buffer ... ok
[INFO] [stdout] test extensions::omi_physics_shape::json::tests::cylinder_serde ... ok
[INFO] [stdout] test graph::gltf::document::tests::default_scene ... ok
[INFO] [stdout] test graph::gltf::document::tests::test_property_methods ... ok
[INFO] [stdout] test extensions::omi_physics_body::json::tests::motion_serde ... ok
[INFO] [stdout] test graph::gltf::material::tests::base_color_texture ... ok
[INFO] [stdout] test extensions::omi_physics_body::weight::tests::default_quat ... ok
[INFO] [stdout] test graph::gltf::material::tests::metallic_roughness_texture ... ok
[INFO] [stdout] test graph::gltf::mesh::tests::nodes ... ok
[INFO] [stdout] test extensions::omi_physics_shape::json::tests::default_capsule_serde ... ok
[INFO] [stdout] test graph::gltf::animation::channel::tests::sampler ... ok
[INFO] [stdout] test graph::gltf::material::tests::emmissive_texture ... ok
[INFO] [stdout] test extensions::omi_physics_shape::json::tests::default_box_serde ... ok
[INFO] [stdout] test graph::gltf::material::tests::normal_texture ... ok
[INFO] [stdout] test extensions::omi_physics_body::weight::tests::default_mass ... ok
[INFO] [stdout] test graph::gltf::animation::channel::tests::target ... ok
[INFO] [stdout] test extensions::omi_physics_shape::json::tests::sphere_serde ... ok
[INFO] [stdout] test graph::gltf::material::tests::occlusion_texture ... ok
[INFO] [stdout] test graph::gltf::node::tests::skin ... ok
[INFO] [stdout] test graph::gltf::primitive::tests::mesh ... ok
[INFO] [stdout] test graph::gltf::primitive::tests::attributes ... ok
[INFO] [stdout] test graph::gltf::primitive::tests::morph_targets ... ok
[INFO] [stdout] test graph::gltf::primitive::tests::material ... ok
[INFO] [stdout] test graph::gltf::skin::tests::skeleton ... ok
[INFO] [stdout] test io::format::glb::tests::test_header_length ... ok
[INFO] [stdout] test io::format::glb::tests::test_no_uri ... ok
[INFO] [stdout] test graph::gltf::scene::tests::nodes ... ok
[INFO] [stdout] test io::format::glb::tests::test_set_image_buffer ... ok
[INFO] [stdout] test graph::gltf::skin::tests::inverse_bind_matrices ... ok
[INFO] [stdout] test graph::gltf::skin::tests::joints ... ok
[INFO] [stdout] test graph::gltf::texture::tests::image ... ok
[INFO] [stdout] test io::format::glb::tests::test_multiple_buffers ... ok
[INFO] [stdout] test io::format::glb::tests::test_no_buffer ... ok
[INFO] [stdout] test io::format::gltf::export::tests::test_export ... ok
[INFO] [stderr]      Running tests/glb.rs (/opt/rustwide/target/release/deps/glb-2b60f64d2b990dc0)
[INFO] [stdout] test graph::gltf::mesh::tests::primitives ... ok
[INFO] [stdout] test graph::gltf::node::tests::children ... ok
[INFO] [stdout] test graph::gltf::node::tests::mesh ... ok
[INFO] [stdout] test graph::gltf::primitive::tests::indices ... ok
[INFO] [stdout] test io::format::gltf::import::tests::test_import ... ok
[INFO] [stdout] 
[INFO] [stdout] test result: ok. 46 passed; 0 failed; 0 ignored; 0 measured; 0 filtered out; finished in 0.01s
[INFO] [stdout] 
[INFO] [stdout] 
[INFO] [stdout] running 1 test
[INFO] [stdout] test main ... FAILED
[INFO] [stdout] 
[INFO] [stdout] failures:
[INFO] [stdout] 
[INFO] [stdout] ---- main stdout ----
[INFO] [stdout] 
[INFO] [stdout] thread 'main' (1283) panicked at tests/glb.rs:24:10:
[INFO] [stdout] Failed to import glb: Io(Os { code: 2, kind: NotFound, message: "No such file or directory" })
[INFO] [stdout] stack backtrace:
[INFO] [stdout]    0:     0x5dc4abb28e81 - <<std[70759c8f55707aa4]::sys::backtrace::BacktraceLock>::print::DisplayBacktrace as core[df12db4294e9bfd3]::fmt::Display>::fmt
[INFO] [stdout]    1:     0x5dc4abb3fcca - core[df12db4294e9bfd3]::fmt::write
[INFO] [stdout]    2:     0x5dc4abb2d46c - <alloc[2182bb758b4b3781]::vec::Vec<u8> as core[df12db4294e9bfd3]::io::write::Write>::write_fmt
[INFO] [stdout]    3:     0x5dc4abb03ec6 - std[70759c8f55707aa4]::panicking::default_hook::{closure#0}
[INFO] [stdout]    4:     0x5dc4abb20ea9 - std[70759c8f55707aa4]::panicking::default_hook
[INFO] [stdout]    5:     0x5dc4ab9ae440 - test[9d35eded1c95d3be]::test_main_inner::<test[9d35eded1c95d3be]::test_main_static::{closure#0}>::{closure#0}
[INFO] [stdout]    6:     0x5dc4abb21062 - std[70759c8f55707aa4]::panicking::panic_with_hook
[INFO] [stdout]    7:     0x5dc4abb03f72 - std[70759c8f55707aa4]::panicking::panic_handler::{closure#0}
[INFO] [stdout]    8:     0x5dc4abafca49 - std[70759c8f55707aa4]::sys::backtrace::__rust_end_short_backtrace::<std[70759c8f55707aa4]::panicking::panic_handler::{closure#0}, !>
[INFO] [stdout]    9:     0x5dc4abb04b6d - __rustc[8fa7c3cbc660c2b3]::rust_begin_unwind
[INFO] [stdout]   10:     0x5dc4abb404ac - core[df12db4294e9bfd3]::panicking::panic_fmt
[INFO] [stdout]   11:     0x5dc4abb40282 - core[df12db4294e9bfd3]::result::unwrap_failed
[INFO] [stdout]   12:     0x5dc4ab97c438 - glb[aa0fe7503432625b]::main::{closure#1}
[INFO] [stdout]   13:     0x5dc4ab9962f3 - <tokio[2ea1b7539f611a96]::runtime::scheduler::current_thread::Context>::enter::<core[df12db4294e9bfd3]::task::poll::Poll<()>, <tokio[2ea1b7539f611a96]::runtime::scheduler::current_thread::CoreGuard>::block_on<core[df12db4294e9bfd3]::pin::Pin<&mut core[df12db4294e9bfd3]::pin::Pin<&mut dyn core[df12db4294e9bfd3]::future::future::Future<Output = ()>>>>::{closure#0}::{closure#0}>
[INFO] [stdout]   14:     0x5dc4ab997919 - <std[70759c8f55707aa4]::thread::local::LocalKey<tokio[2ea1b7539f611a96]::runtime::context::Context>>::with::<tokio[2ea1b7539f611a96]::runtime::context::set_scheduler<(alloc[2182bb758b4b3781]::boxed::Box<tokio[2ea1b7539f611a96]::runtime::scheduler::current_thread::Core>, core[df12db4294e9bfd3]::option::Option<()>), <tokio[2ea1b7539f611a96]::runtime::scheduler::current_thread::CoreGuard>::enter<<tokio[2ea1b7539f611a96]::runtime::scheduler::current_thread::CoreGuard>::block_on<core[df12db4294e9bfd3]::pin::Pin<&mut core[df12db4294e9bfd3]::pin::Pin<&mut dyn core[df12db4294e9bfd3]::future::future::Future<Output = ()>>>>::{closure#0}, core[df12db4294e9bfd3]::option::Option<()>>::{closure#0}>::{closure#0}, (alloc[2182bb758b4b3781]::boxed::Box<tokio[2ea1b7539f611a96]::runtime::scheduler::current_thread::Core>, core[df12db4294e9bfd3]::option::Option<()>)>
[INFO] [stdout]   15:     0x5dc4ab996627 - <tokio[2ea1b7539f611a96]::runtime::scheduler::current_thread::CoreGuard>::block_on::<core[df12db4294e9bfd3]::pin::Pin<&mut core[df12db4294e9bfd3]::pin::Pin<&mut dyn core[df12db4294e9bfd3]::future::future::Future<Output = ()>>>>
[INFO] [stdout]   16:     0x5dc4ab99ed6d - tokio[2ea1b7539f611a96]::runtime::context::runtime::enter_runtime::<<tokio[2ea1b7539f611a96]::runtime::scheduler::current_thread::CurrentThread>::block_on<core[df12db4294e9bfd3]::pin::Pin<&mut dyn core[df12db4294e9bfd3]::future::future::Future<Output = ()>>>::{closure#0}, ()>
[INFO] [stdout]   17:     0x5dc4ab99f4b5 - <tokio[2ea1b7539f611a96]::runtime::runtime::Runtime>::block_on::<core[df12db4294e9bfd3]::pin::Pin<&mut dyn core[df12db4294e9bfd3]::future::future::Future<Output = ()>>>
[INFO] [stdout]   18:     0x5dc4ab98058b - <glb[aa0fe7503432625b]::main::{closure#0} as core[df12db4294e9bfd3]::ops::function::FnOnce<()>>::call_once
[INFO] [stdout]   19:     0x5dc4ab9a172b - test[9d35eded1c95d3be]::__rust_begin_short_backtrace::<core[df12db4294e9bfd3]::result::Result<(), alloc[2182bb758b4b3781]::string::String>, fn() -> core[df12db4294e9bfd3]::result::Result<(), alloc[2182bb758b4b3781]::string::String>>
[INFO] [stdout]   20:     0x5dc4ab9aed95 - test[9d35eded1c95d3be]::run_test::{closure#0}
[INFO] [stdout]   21:     0x5dc4ab9a8654 - std[70759c8f55707aa4]::sys::backtrace::__rust_begin_short_backtrace::<test[9d35eded1c95d3be]::run_test::{closure#1}, ()>
[INFO] [stdout]   22:     0x5dc4ab9b1ef2 - <std[70759c8f55707aa4]::thread::lifecycle::spawn_unchecked<test[9d35eded1c95d3be]::run_test::{closure#1}, ()>::{closure#1} as core[df12db4294e9bfd3]::ops::function::FnOnce<()>>::call_once::{shim:vtable#0}
[INFO] [stdout]   23:     0x5dc4abb28219 - <std[70759c8f55707aa4]::sys::thread::unix::Thread>::new::thread_start
[INFO] [stdout]   24:     0x71c2dd241dfa - <unknown>
[INFO] [stdout]   25:     0x71c2dd2d53d4 - clone
[INFO] [stdout]   26:                0x0 - <unknown>
[INFO] [stdout] 
[INFO] [stdout] 
[INFO] [stdout] failures:
[INFO] [stdout]     main
[INFO] [stdout] 
[INFO] [stdout] test result: FAILED. 0 passed; 1 failed; 0 ignored; 0 measured; 0 filtered out; finished in 0.00s
[INFO] [stdout] 
[INFO] [stderr] error: test failed, to rerun pass `--test glb`
[INFO] running `Command { std: "docker" "inspect" "dda3d8f5b945a6f392332842d0db37d8dbaca613ec81c8be5f91743e1938d81d", kill_on_drop: false }`
[INFO] running `Command { std: "docker" "rm" "-f" "dda3d8f5b945a6f392332842d0db37d8dbaca613ec81c8be5f91743e1938d81d", kill_on_drop: false }`
[INFO] [stdout] dda3d8f5b945a6f392332842d0db37d8dbaca613ec81c8be5f91743e1938d81d
