[INFO] fetching crate gloss-word 0.3.5...
[INFO] testing gloss-word-0.3.5 against 1.100.0-beta.1+cargoflags=--release for beta-release-1.100-2
[INFO] extracting crate gloss-word 0.3.5 into /workspace/builds/worker-1-tc2/source
[INFO] started tweaking crates.io crate gloss-word 0.3.5
[INFO] finished tweaking crates.io crate gloss-word 0.3.5
[INFO] tweaked toml for crates.io crate gloss-word 0.3.5 written to /workspace/builds/worker-1-tc2/source/Cargo.toml
[INFO] validating manifest of crates.io crate gloss-word 0.3.5 on toolchain 1.100.0-beta.1
[INFO] running `Command { std: CARGO_HOME="/workspace/cargo-home" RUSTUP_HOME="/workspace/rustup-home" "/workspace/cargo-home/bin/cargo" "+1.100.0-beta.1" "metadata" "--manifest-path" "Cargo.toml" "--no-deps", kill_on_drop: false }`
[INFO] crate crates.io crate gloss-word 0.3.5 already has a lockfile, it will not be regenerated
[INFO] running `Command { std: CARGO_HOME="/workspace/cargo-home" RUSTUP_HOME="/workspace/rustup-home" "/workspace/cargo-home/bin/cargo" "+1.100.0-beta.1" "fetch" "--manifest-path" "Cargo.toml", kill_on_drop: false }`
[INFO] [stderr] warning: `package.homepage` is redundant with `package.repository`
[INFO] [stderr]   --> Cargo.toml:51:12
[INFO] [stderr]    |
[INFO] [stderr] 51 | homepage = "https://github.com/theodore-s-beers/gloss-word"
[INFO] [stderr]    |            ^^^^^^^^^^^^^^^^^^^^^^^^^^^^^^^^^^^^^^^^^^^^^^^^
[INFO] [stderr] ...
[INFO] [stderr] 56 | repository = "https://github.com/theodore-s-beers/gloss-word"
[INFO] [stderr]    |              ------------------------------------------------
[INFO] [stderr]    |
[INFO] [stderr]    = note: `cargo::redundant_homepage` is set to `warn` by default
[INFO] [stderr] help: consider removing `package.homepage`
[INFO] [stderr] warning: `gloss-word` (manifest) generated 1 warning
[INFO] running `Command { std: "docker" "create" "-v" "/var/lib/crater-agent-workspace/builds/worker-1-tc2/source:/opt/rustwide/workdir:ro,Z" "-v" "/var/lib/crater-agent-workspace/builds/worker-1-tc2/target:/opt/rustwide/target:rw,Z" "-v" "/var/lib/crater-agent-workspace/cargo-home:/opt/rustwide/cargo-home:ro,Z" "-v" "/var/lib/crater-agent-workspace/rustup-home:/opt/rustwide/rustup-home:ro,Z" "-m" "1610612736" "--network" "none" "ghcr.io/rust-lang/crates-build-env/linux@sha256:77db811e55d90add9212f6832c23229e3de5f1c1f9905e8cb07319ea15df73ac" "sleep" "infinity", kill_on_drop: false }`
[INFO] [stdout] 51887fdcaf4a71c51811c54e03b915a2789b56348496b642f8c8015a74c4d444
[INFO] running `Command { std: "docker" "start" "51887fdcaf4a71c51811c54e03b915a2789b56348496b642f8c8015a74c4d444", kill_on_drop: false }`
[INFO] running `Command { std: "docker" "inspect" "51887fdcaf4a71c51811c54e03b915a2789b56348496b642f8c8015a74c4d444", kill_on_drop: false }`
[INFO] running `Command { std: "docker" "exec" "-e" "SOURCE_DIR=/opt/rustwide/workdir" "-e" "CARGO_HOME=/opt/rustwide/cargo-home" "-e" "RUSTUP_HOME=/opt/rustwide/rustup-home" "-e" "CARGO_TARGET_DIR=/opt/rustwide/target" "-w" "/opt/rustwide/workdir" "--user" "0:0" "51887fdcaf4a71c51811c54e03b915a2789b56348496b642f8c8015a74c4d444" "/opt/rustwide/cargo-home/bin/cargo" "+1.100.0-beta.1" "metadata" "--no-deps" "--format-version=1", kill_on_drop: false }`
[INFO] running `Command { std: "docker" "inspect" "51887fdcaf4a71c51811c54e03b915a2789b56348496b642f8c8015a74c4d444", kill_on_drop: false }`
[INFO] running `Command { std: "docker" "exec" "-e" "SOURCE_DIR=/opt/rustwide/workdir" "-e" "CARGO_HOME=/opt/rustwide/cargo-home" "-e" "RUSTUP_HOME=/opt/rustwide/rustup-home" "-e" "CARGO_TARGET_DIR=/opt/rustwide/target" "-e" "CARGO_INCREMENTAL=0" "-e" "RUST_BACKTRACE=full" "-e" "RUSTFLAGS=--cap-lints=warn" "-e" "RUSTDOCFLAGS=--cap-lints=warn" "-w" "/opt/rustwide/workdir" "--user" "0:0" "51887fdcaf4a71c51811c54e03b915a2789b56348496b642f8c8015a74c4d444" "/opt/rustwide/cargo-home/bin/cargo" "+1.100.0-beta.1" "build" "--frozen" "--message-format=json" "--release", kill_on_drop: false }`
[INFO] [stderr] warning: `package.homepage` is redundant with `package.repository`
[INFO] [stderr]   --> Cargo.toml:51:12
[INFO] [stderr]    |
[INFO] [stderr] 51 | homepage = "https://github.com/theodore-s-beers/gloss-word"
[INFO] [stderr]    |            ^^^^^^^^^^^^^^^^^^^^^^^^^^^^^^^^^^^^^^^^^^^^^^^^
[INFO] [stderr] ...
[INFO] [stderr] 56 | repository = "https://github.com/theodore-s-beers/gloss-word"
[INFO] [stderr]    |              ------------------------------------------------
[INFO] [stderr]    |
[INFO] [stderr]    = note: `cargo::redundant_homepage` is set to `warn` by default
[INFO] [stderr] help: consider removing `package.homepage`
[INFO] [stderr] warning: `gloss-word` (manifest) generated 1 warning
[INFO] [stderr]    Compiling stable_deref_trait v1.2.1
[INFO] [stderr]    Compiling fastrand v2.4.1
[INFO] [stderr]    Compiling phf_shared v0.13.1
[INFO] [stderr]    Compiling hashbrown v0.17.1
[INFO] [stderr]    Compiling tokio v1.52.3
[INFO] [stderr]    Compiling syn v2.0.118
[INFO] [stderr]    Compiling lock_api v0.4.14
[INFO] [stderr]    Compiling futures-util v0.3.32
[INFO] [stderr]    Compiling libsqlite3-sys v0.38.1
[INFO] [stderr]    Compiling tendril v0.5.0
[INFO] [stderr]    Compiling anstyle-parse v1.0.0
[INFO] [stderr]    Compiling portable-atomic v1.13.1
[INFO] [stderr]    Compiling anstyle v1.0.14
[INFO] [stderr]    Compiling colorchoice v1.0.5
[INFO] [stderr]    Compiling servo_arc v0.4.3
[INFO] [stderr]    Compiling clap_lex v1.1.0
[INFO] [stderr]    Compiling chrono v0.4.45
[INFO] [stderr]    Compiling dirs-sys v0.5.0
[INFO] [stderr]    Compiling console v0.16.4
[INFO] [stderr]    Compiling parking_lot v0.12.5
[INFO] [stderr]    Compiling anstream v1.0.0
[INFO] [stderr]    Compiling phf_generator v0.13.1
[INFO] [stderr]    Compiling getopts v0.2.24
[INFO] [stderr]    Compiling indexmap v2.14.0
[INFO] [stderr]    Compiling hashlink v0.12.0
[INFO] [stderr]    Compiling phf_codegen v0.13.1
[INFO] [stderr]    Compiling string_cache_codegen v0.6.1
[INFO] [stderr]    Compiling string_cache v0.9.0
[INFO] [stderr]    Compiling selectors v0.38.0
[INFO] [stderr]    Compiling clap_builder v4.6.0
[INFO] [stderr]    Compiling encoding_rs v0.8.35
[INFO] [stderr]    Compiling fallible-streaming-iterator v0.1.9
[INFO] [stderr]    Compiling unit-prefix v0.5.2
[INFO] [stderr]    Compiling ego-tree v0.11.0
[INFO] [stderr]    Compiling fallible-iterator v0.3.0
[INFO] [stderr]    Compiling web_atoms v0.2.5
[INFO] [stderr]    Compiling directories v6.0.0
[INFO] [stderr]    Compiling indicatif v0.18.5
[INFO] [stderr]    Compiling trash v5.2.6
[INFO] [stderr]    Compiling clap v4.6.1
[INFO] [stderr]    Compiling synstructure v0.13.2
[INFO] [stderr]    Compiling zerofrom-derive v0.1.7
[INFO] [stderr]    Compiling yoke-derive v0.8.2
[INFO] [stderr]    Compiling zerovec-derive v0.11.3
[INFO] [stderr]    Compiling displaydoc v0.2.6
[INFO] [stderr]    Compiling phf_macros v0.13.1
[INFO] [stderr]    Compiling derive_more-impl v2.1.1
[INFO] [stderr]    Compiling cssparser-macros v0.7.0
[INFO] [stderr]    Compiling zerofrom v0.1.8
[INFO] [stderr]    Compiling yoke v0.8.3
[INFO] [stderr]    Compiling tokio-util v0.7.18
[INFO] [stderr]    Compiling tower v0.5.3
[INFO] [stderr]    Compiling tokio-rustls v0.26.4
[INFO] [stderr]    Compiling derive_more v2.1.1
[INFO] [stderr]    Compiling zerotrie v0.2.4
[INFO] [stderr]    Compiling phf v0.13.1
[INFO] [stderr]    Compiling cssparser v0.37.0
[INFO] [stderr]    Compiling h2 v0.4.15
[INFO] [stderr]    Compiling zerovec v0.11.6
[INFO] [stderr]    Compiling markup5ever v0.39.0
[INFO] [stderr]    Compiling html5ever v0.39.0
[INFO] [stderr]    Compiling tinystr v0.8.3
[INFO] [stderr]    Compiling potential_utf v0.1.5
[INFO] [stderr]    Compiling icu_collections v2.2.0
[INFO] [stderr]    Compiling icu_locale_core v2.2.0
[INFO] [stderr]    Compiling scraper v0.27.0
[INFO] [stderr]    Compiling icu_provider v2.2.0
[INFO] [stderr]    Compiling icu_properties v2.2.0
[INFO] [stderr]    Compiling icu_normalizer v2.2.0
[INFO] [stderr]    Compiling hyper v1.10.1
[INFO] [stderr]    Compiling idna_adapter v1.2.2
[INFO] [stderr]    Compiling idna v1.1.0
[INFO] [stderr]    Compiling url v2.5.8
[INFO] [stderr]    Compiling hyper-util v0.1.20
[INFO] [stderr]    Compiling tower-http v0.6.11
[INFO] [stderr]    Compiling hyper-rustls v0.27.9
[INFO] [stderr]    Compiling reqwest v0.13.4
[INFO] [stderr]    Compiling rusqlite v0.40.1
[INFO] [stderr]    Compiling gloss-word v0.3.5 (/opt/rustwide/workdir)
[INFO] [stderr]     Finished `release` profile [optimized] target(s) in 2m 22s
[INFO] running `Command { std: "docker" "inspect" "51887fdcaf4a71c51811c54e03b915a2789b56348496b642f8c8015a74c4d444", kill_on_drop: false }`
[INFO] running `Command { std: "docker" "exec" "-e" "SOURCE_DIR=/opt/rustwide/workdir" "-e" "CARGO_HOME=/opt/rustwide/cargo-home" "-e" "RUSTUP_HOME=/opt/rustwide/rustup-home" "-e" "CARGO_TARGET_DIR=/opt/rustwide/target" "-e" "CARGO_INCREMENTAL=0" "-e" "RUST_BACKTRACE=full" "-e" "RUSTFLAGS=--cap-lints=warn" "-e" "RUSTDOCFLAGS=--cap-lints=warn" "-w" "/opt/rustwide/workdir" "--user" "0:0" "51887fdcaf4a71c51811c54e03b915a2789b56348496b642f8c8015a74c4d444" "/opt/rustwide/cargo-home/bin/cargo" "+1.100.0-beta.1" "test" "--frozen" "--no-run" "--message-format=json" "--release", kill_on_drop: false }`
[INFO] [stderr] warning: `package.homepage` is redundant with `package.repository`
[INFO] [stderr]   --> Cargo.toml:51:12
[INFO] [stderr]    |
[INFO] [stderr] 51 | homepage = "https://github.com/theodore-s-beers/gloss-word"
[INFO] [stderr]    |            ^^^^^^^^^^^^^^^^^^^^^^^^^^^^^^^^^^^^^^^^^^^^^^^^
[INFO] [stderr] ...
[INFO] [stderr] 56 | repository = "https://github.com/theodore-s-beers/gloss-word"
[INFO] [stderr]    |              ------------------------------------------------
[INFO] [stderr]    |
[INFO] [stderr]    = note: `cargo::redundant_homepage` is set to `warn` by default
[INFO] [stderr] help: consider removing `package.homepage`
[INFO] [stderr] warning: `gloss-word` (manifest) generated 1 warning
[INFO] [stderr]    Compiling gloss-word v0.3.5 (/opt/rustwide/workdir)
[INFO] [stderr]     Finished `release` profile [optimized] target(s) in 2.54s
[INFO] running `Command { std: "docker" "inspect" "51887fdcaf4a71c51811c54e03b915a2789b56348496b642f8c8015a74c4d444", kill_on_drop: false }`
[INFO] running `Command { std: "docker" "exec" "-e" "SOURCE_DIR=/opt/rustwide/workdir" "-e" "CARGO_HOME=/opt/rustwide/cargo-home" "-e" "RUSTUP_HOME=/opt/rustwide/rustup-home" "-e" "CARGO_TARGET_DIR=/opt/rustwide/target" "-e" "CARGO_INCREMENTAL=0" "-e" "RUST_BACKTRACE=full" "-e" "RUSTFLAGS=--cap-lints=warn" "-e" "RUSTDOCFLAGS=--cap-lints=warn" "-w" "/opt/rustwide/workdir" "--user" "0:0" "51887fdcaf4a71c51811c54e03b915a2789b56348496b642f8c8015a74c4d444" "/opt/rustwide/cargo-home/bin/cargo" "+1.100.0-beta.1" "test" "--frozen" "--release", kill_on_drop: false }`
[INFO] [stderr] warning: `package.homepage` is redundant with `package.repository`
[INFO] [stderr]   --> Cargo.toml:51:12
[INFO] [stderr]    |
[INFO] [stderr] 51 | homepage = "https://github.com/theodore-s-beers/gloss-word"
[INFO] [stderr]    |            ^^^^^^^^^^^^^^^^^^^^^^^^^^^^^^^^^^^^^^^^^^^^^^^^
[INFO] [stderr] ...
[INFO] [stderr] 56 | repository = "https://github.com/theodore-s-beers/gloss-word"
[INFO] [stderr]    |              ------------------------------------------------
[INFO] [stderr]    |
[INFO] [stderr]    = note: `cargo::redundant_homepage` is set to `warn` by default
[INFO] [stderr] help: consider removing `package.homepage`
[INFO] [stderr] warning: `gloss-word` (manifest) generated 1 warning
[INFO] [stderr]     Finished `release` profile [optimized] target(s) in 0.24s
[INFO] [stderr]      Running unittests src/lib.rs (/opt/rustwide/target/release/build/gloss-word/3bb661a0c24c9e88/out/gloss_word-3bb661a0c24c9e88)
[INFO] [stdout] 
[INFO] [stdout] running 5 tests
[INFO] [stdout] test tests::lookup_urls_encode_spaces_for_the_selected_source ... ok
[INFO] [stdout] test tests::etym_forest ... FAILED
[INFO] [stdout] test tests::etym_cummerbund ... FAILED
[INFO] [stdout] test tests::def_atavism ... FAILED
[INFO] [stdout] test tests::def_isthmus ... FAILED
[INFO] [stdout] 
[INFO] [stdout] failures:
[INFO] [stdout] 
[INFO] [stdout] ---- tests::etym_forest stdout ----
[INFO] [stdout] 
[INFO] [stdout] thread 'tests::etym_forest' (1588) panicked at src/lib.rs:286:33:
[INFO] [stdout] Test failed for https://www.etymonline.com/word/forest: Failed to complete HTTP request
[INFO] [stdout] stack backtrace:
[INFO] [stdout]    0:     0x5d68e4916701 - <<std[617be2ca0a6fd877]::sys::backtrace::BacktraceLock>::print::DisplayBacktrace as core[a373ad73a504971]::fmt::Display>::fmt
[INFO] [stdout]    1:     0x5d68e492e11a - core[a373ad73a504971]::fmt::write
[INFO] [stdout]    2:     0x5d68e491b9dc - <alloc[2e1b2a31b91974c5]::vec::Vec<u8> as core[a373ad73a504971]::io::write::Write>::write_fmt
[INFO] [stdout]    3:     0x5d68e48f01a6 - std[617be2ca0a6fd877]::panicking::default_hook::{closure#0}
[INFO] [stdout]    4:     0x5d68e490dc29 - std[617be2ca0a6fd877]::panicking::default_hook
[INFO] [stdout]    5:     0x5d68e4788650 - test[aada8e7e76ba119b]::test_main_inner::{closure#0}
[INFO] [stdout]    6:     0x5d68e490df52 - std[617be2ca0a6fd877]::panicking::panic_with_hook
[INFO] [stdout]    7:     0x5d68e48f0252 - std[617be2ca0a6fd877]::panicking::panic_handler::{closure#0}
[INFO] [stdout]    8:     0x5d68e48e8859 - std[617be2ca0a6fd877]::sys::backtrace::__rust_end_short_backtrace::<std[617be2ca0a6fd877]::panicking::panic_handler::{closure#0}, !>
[INFO] [stdout]    9:     0x5d68e48f115d - __rustc[ea4f61d10b84890b]::rust_begin_unwind
[INFO] [stdout]   10:     0x5d68e492e8fc - core[a373ad73a504971]::panicking::panic_fmt
[INFO] [stdout]   11:     0x5d68e437e70a - gloss_word[e7f14a813a0f9f2]::tests::etym_forest::{closure#0}
[INFO] [stdout]   12:     0x5d68e437f6c3 - <gloss_word[e7f14a813a0f9f2]::tests::etym_forest::{closure#0} as core[a373ad73a504971]::ops::function::FnOnce<()>>::call_once
[INFO] [stdout]   13:     0x5d68e477ba9b - test[aada8e7e76ba119b]::__rust_begin_short_backtrace::<core[a373ad73a504971]::result::Result<(), alloc[2e1b2a31b91974c5]::string::String>, fn() -> core[a373ad73a504971]::result::Result<(), alloc[2e1b2a31b91974c5]::string::String>>
[INFO] [stdout]   14:     0x5d68e4788c75 - test[aada8e7e76ba119b]::run_test::{closure#0}
[INFO] [stdout]   15:     0x5d68e4782564 - std[617be2ca0a6fd877]::sys::backtrace::__rust_begin_short_backtrace::<test[aada8e7e76ba119b]::run_test::{closure#1}, ()>
[INFO] [stdout]   16:     0x5d68e478bd02 - <std[617be2ca0a6fd877]::thread::lifecycle::spawn_unchecked<test[aada8e7e76ba119b]::run_test::{closure#1}, ()>::{closure#1} as core[a373ad73a504971]::ops::function::FnOnce<()>>::call_once::{shim:vtable#0}
[INFO] [stdout]   17:     0x5d68e4915baf - <std[617be2ca0a6fd877]::sys::thread::unix::Thread>::new::thread_start
[INFO] [stdout]   18:     0x798e5047edfa - <unknown>
[INFO] [stdout]   19:     0x798e505123d4 - clone
[INFO] [stdout]   20:                0x0 - <unknown>
[INFO] [stdout] 
[INFO] [stdout] ---- tests::etym_cummerbund stdout ----
[INFO] [stdout] 
[INFO] [stdout] thread 'tests::etym_cummerbund' (1587) panicked at src/lib.rs:275:33:
[INFO] [stdout] Test failed for https://www.etymonline.com/word/cummerbund: Failed to complete HTTP request
[INFO] [stdout] stack backtrace:
[INFO] [stdout]    0:     0x5d68e4916701 - <<std[617be2ca0a6fd877]::sys::backtrace::BacktraceLock>::print::DisplayBacktrace as core[a373ad73a504971]::fmt::Display>::fmt
[INFO] [stdout]    1:     0x5d68e492e11a - core[a373ad73a504971]::fmt::write
[INFO] [stdout]    2:     0x5d68e491b9dc - <alloc[2e1b2a31b91974c5]::vec::Vec<u8> as core[a373ad73a504971]::io::write::Write>::write_fmt
[INFO] [stdout]    3:     0x5d68e48f01a6 - std[617be2ca0a6fd877]::panicking::default_hook::{closure#0}
[INFO] [stdout]    4:     0x5d68e490dc29 - std[617be2ca0a6fd877]::panicking::default_hook
[INFO] [stdout]    5:     0x5d68e4788650 - test[aada8e7e76ba119b]::test_main_inner::{closure#0}
[INFO] [stdout]    6:     0x5d68e490df52 - std[617be2ca0a6fd877]::panicking::panic_with_hook
[INFO] [stdout]    7:     0x5d68e48f0252 - std[617be2ca0a6fd877]::panicking::panic_handler::{closure#0}
[INFO] [stdout]    8:     0x5d68e48e8859 - std[617be2ca0a6fd877]::sys::backtrace::__rust_end_short_backtrace::<std[617be2ca0a6fd877]::panicking::panic_handler::{closure#0}, !>
[INFO] [stdout]    9:     0x5d68e48f115d - __rustc[ea4f61d10b84890b]::rust_begin_unwind
[INFO] [stdout]   10:     0x5d68e492e8fc - core[a373ad73a504971]::panicking::panic_fmt
[INFO] [stdout]   11:     0x5d68e437e77a - gloss_word[e7f14a813a0f9f2]::tests::etym_cummerbund::{closure#0}
[INFO] [stdout]   12:     0x5d68e437f7d3 - <gloss_word[e7f14a813a0f9f2]::tests::etym_cummerbund::{closure#0} as core[a373ad73a504971]::ops::function::FnOnce<()>>::call_once
[INFO] [stdout]   13:     0x5d68e477ba9b - test[aada8e7e76ba119b]::__rust_begin_short_backtrace::<core[a373ad73a504971]::result::Result<(), alloc[2e1b2a31b91974c5]::string::String>, fn() -> core[a373ad73a504971]::result::Result<(), alloc[2e1b2a31b91974c5]::string::String>>
[INFO] [stdout]   14:     0x5d68e4788c75 - test[aada8e7e76ba119b]::run_test::{closure#0}
[INFO] [stdout]   15:     0x5d68e4782564 - std[617be2ca0a6fd877]::sys::backtrace::__rust_begin_short_backtrace::<test[aada8e7e76ba119b]::run_test::{closure#1}, ()>
[INFO] [stdout]   16:     0x5d68e478bd02 - <std[617be2ca0a6fd877]::thread::lifecycle::spawn_unchecked<test[aada8e7e76ba119b]::run_test::{closure#1}, ()>::{closure#1} as core[a373ad73a504971]::ops::function::FnOnce<()>>::call_once::{shim:vtable#0}
[INFO] [stdout]   17:     0x5d68e4915baf - <std[617be2ca0a6fd877]::sys::thread::unix::Thread>::new::thread_start
[INFO] [stdout]   18:     0x798e5047edfa - <unknown>
[INFO] [stdout]   19:     0x798e505123d4 - clone
[INFO] [stdout]   20:                0x0 - <unknown>
[INFO] [stdout] 
[INFO] [stdout] ---- tests::def_atavism stdout ----
[INFO] [stdout] 
[INFO] [stdout] thread 'tests::def_atavism' (1585) panicked at src/lib.rs:251:33:
[INFO] [stdout] Test failed for https://www.thefreedictionary.com/atavism: Failed to complete HTTP request
[INFO] [stdout] stack backtrace:
[INFO] [stdout]    0:     0x5d68e4916701 - <<std[617be2ca0a6fd877]::sys::backtrace::BacktraceLock>::print::DisplayBacktrace as core[a373ad73a504971]::fmt::Display>::fmt
[INFO] [stdout]    1:     0x5d68e492e11a - core[a373ad73a504971]::fmt::write
[INFO] [stdout]    2:     0x5d68e491b9dc - <alloc[2e1b2a31b91974c5]::vec::Vec<u8> as core[a373ad73a504971]::io::write::Write>::write_fmt
[INFO] [stdout]    3:     0x5d68e48f01a6 - std[617be2ca0a6fd877]::panicking::default_hook::{closure#0}
[INFO] [stdout]    4:     0x5d68e490dc29 - std[617be2ca0a6fd877]::panicking::default_hook
[INFO] [stdout]    5:     0x5d68e4788650 - test[aada8e7e76ba119b]::test_main_inner::{closure#0}
[INFO] [stdout]    6:     0x5d68e490df52 - std[617be2ca0a6fd877]::panicking::panic_with_hook
[INFO] [stdout]    7:     0x5d68e48f0252 - std[617be2ca0a6fd877]::panicking::panic_handler::{closure#0}
[INFO] [stdout]    8:     0x5d68e48e8859 - std[617be2ca0a6fd877]::sys::backtrace::__rust_end_short_backtrace::<std[617be2ca0a6fd877]::panicking::panic_handler::{closure#0}, !>
[INFO] [stdout]    9:     0x5d68e48f115d - __rustc[ea4f61d10b84890b]::rust_begin_unwind
[INFO] [stdout]   10:     0x5d68e492e8fc - core[a373ad73a504971]::panicking::panic_fmt
[INFO] [stdout]   11:     0x5d68e437e62a - gloss_word[e7f14a813a0f9f2]::tests::def_atavism::{closure#0}
[INFO] [stdout]   12:     0x5d68e437f490 - <gloss_word[e7f14a813a0f9f2]::tests::def_atavism::{closure#0} as core[a373ad73a504971]::ops::function::FnOnce<()>>::call_once
[INFO] [stdout]   13:     0x5d68e477ba9b - test[aada8e7e76ba119b]::__rust_begin_short_backtrace::<core[a373ad73a504971]::result::Result<(), alloc[2e1b2a31b91974c5]::string::String>, fn() -> core[a373ad73a504971]::result::Result<(), alloc[2e1b2a31b91974c5]::string::String>>
[INFO] [stdout]   14:     0x5d68e4788c75 - test[aada8e7e76ba119b]::run_test::{closure#0}
[INFO] [stdout]   15:     0x5d68e4782564 - std[617be2ca0a6fd877]::sys::backtrace::__rust_begin_short_backtrace::<test[aada8e7e76ba119b]::run_test::{closure#1}, ()>
[INFO] [stdout]   16:     0x5d68e478bd02 - <std[617be2ca0a6fd877]::thread::lifecycle::spawn_unchecked<test[aada8e7e76ba119b]::run_test::{closure#1}, ()>::{closure#1} as core[a373ad73a504971]::ops::function::FnOnce<()>>::call_once::{shim:vtable#0}
[INFO] [stdout]   17:     0x5d68e4915baf - <std[617be2ca0a6fd877]::sys::thread::unix::Thread>::new::thread_start
[INFO] [stdout]   18:     0x798e5047edfa - <unknown>
[INFO] [stdout]   19:     0x798e505123d4 - clone
[INFO] [stdout]   20:                0x0 - <unknown>
[INFO] [stdout] 
[INFO] [stdout] ---- tests::def_isthmus stdout ----
[INFO] [stdout] 
[INFO] [stdout] thread 'tests::def_isthmus' (1586) panicked at src/lib.rs:264:33:
[INFO] [stdout] Test failed for https://www.thefreedictionary.com/isthmus: Failed to complete HTTP request
[INFO] [stdout] stack backtrace:
[INFO] [stdout]    0:     0x5d68e4916701 - <<std[617be2ca0a6fd877]::sys::backtrace::BacktraceLock>::print::DisplayBacktrace as core[a373ad73a504971]::fmt::Display>::fmt
[INFO] [stdout]    1:     0x5d68e492e11a - core[a373ad73a504971]::fmt::write
[INFO] [stdout]    2:     0x5d68e491b9dc - <alloc[2e1b2a31b91974c5]::vec::Vec<u8> as core[a373ad73a504971]::io::write::Write>::write_fmt
[INFO] [stdout]    3:     0x5d68e48f01a6 - std[617be2ca0a6fd877]::panicking::default_hook::{closure#0}
[INFO] [stdout]    4:     0x5d68e490dc29 - std[617be2ca0a6fd877]::panicking::default_hook
[INFO] [stdout]    5:     0x5d68e4788650 - test[aada8e7e76ba119b]::test_main_inner::{closure#0}
[INFO] [stdout]    6:     0x5d68e490df52 - std[617be2ca0a6fd877]::panicking::panic_with_hook
[INFO] [stdout]    7:     0x5d68e48f0252 - std[617be2ca0a6fd877]::panicking::panic_handler::{closure#0}
[INFO] [stdout]    8:     0x5d68e48e8859 - std[617be2ca0a6fd877]::sys::backtrace::__rust_end_short_backtrace::<std[617be2ca0a6fd877]::panicking::panic_handler::{closure#0}, !>
[INFO] [stdout]    9:     0x5d68e48f115d - __rustc[ea4f61d10b84890b]::rust_begin_unwind
[INFO] [stdout]   10:     0x5d68e492e8fc - core[a373ad73a504971]::panicking::panic_fmt
[INFO] [stdout]   11:     0x5d68e437e69a - gloss_word[e7f14a813a0f9f2]::tests::def_isthmus::{closure#0}
[INFO] [stdout]   12:     0x5d68e437f5ad - <gloss_word[e7f14a813a0f9f2]::tests::def_isthmus::{closure#0} as core[a373ad73a504971]::ops::function::FnOnce<()>>::call_once
[INFO] [stdout]   13:     0x5d68e477ba9b - test[aada8e7e76ba119b]::__rust_begin_short_backtrace::<core[a373ad73a504971]::result::Result<(), alloc[2e1b2a31b91974c5]::string::String>, fn() -> core[a373ad73a504971]::result::Result<(), alloc[2e1b2a31b91974c5]::string::String>>
[INFO] [stdout]   14:     0x5d68e4788c75 - test[aada8e7e76ba119b]::run_test::{closure#0}
[INFO] [stdout]   15:     0x5d68e4782564 - std[617be2ca0a6fd877]::sys::backtrace::__rust_begin_short_backtrace::<test[aada8e7e76ba119b]::run_test::{closure#1}, ()>
[INFO] [stdout]   16:     0x5d68e478bd02 - <std[617be2ca0a6fd877]::thread::lifecycle::spawn_unchecked<test[aada8e7e76ba119b]::run_test::{closure#1}, ()>::{closure#1} as core[a373ad73a504971]::ops::function::FnOnce<()>>::call_once::{shim:vtable#0}
[INFO] [stdout]   17:     0x5d68e4915baf - <std[617be2ca0a6fd877]::sys::thread::unix::Thread>::new::thread_start
[INFO] [stdout]   18:     0x798e5047edfa - <unknown>
[INFO] [stdout]   19:     0x798e505123d4 - clone
[INFO] [stdout]   20:                0x0 - <unknown>
[INFO] [stdout] 
[INFO] [stdout] 
[INFO] [stdout] failures:
[INFO] [stdout]     tests::def_atavism
[INFO] [stdout]     tests::def_isthmus
[INFO] [stdout]     tests::etym_cummerbund
[INFO] [stdout]     tests::etym_forest
[INFO] [stdout] 
[INFO] [stdout] test result: FAILED. 1 passed; 4 failed; 0 ignored; 0 measured; 0 filtered out; finished in 5.03s
[INFO] [stdout] 
[INFO] [stderr] error: test failed, to rerun pass `--lib`
[INFO] running `Command { std: "docker" "inspect" "51887fdcaf4a71c51811c54e03b915a2789b56348496b642f8c8015a74c4d444", kill_on_drop: false }`
[INFO] running `Command { std: "docker" "rm" "-f" "51887fdcaf4a71c51811c54e03b915a2789b56348496b642f8c8015a74c4d444", kill_on_drop: false }`
[INFO] [stdout] 51887fdcaf4a71c51811c54e03b915a2789b56348496b642f8c8015a74c4d444
