[INFO] fetching crate globenv 0.2.1...
[INFO] testing globenv-0.2.1 against 1.100.0-beta.1+cargoflags=--release for beta-release-1.100-2
[INFO] extracting crate globenv 0.2.1 into /workspace/builds/worker-4-tc2/source
[INFO] started tweaking crates.io crate globenv 0.2.1
[INFO] finished tweaking crates.io crate globenv 0.2.1
[INFO] tweaked toml for crates.io crate globenv 0.2.1 written to /workspace/builds/worker-4-tc2/source/Cargo.toml
[INFO] validating manifest of crates.io crate globenv 0.2.1 on toolchain 1.100.0-beta.1
[INFO] running `Command { std: CARGO_HOME="/workspace/cargo-home" RUSTUP_HOME="/workspace/rustup-home" "/workspace/cargo-home/bin/cargo" "+1.100.0-beta.1" "metadata" "--manifest-path" "Cargo.toml" "--no-deps", kill_on_drop: false }`
[INFO] running `Command { std: CARGO_HOME="/workspace/cargo-home" RUSTUP_HOME="/workspace/rustup-home" "/workspace/cargo-home/bin/cargo" "+1.100.0-beta.1" "generate-lockfile" "--manifest-path" "Cargo.toml", kill_on_drop: false }`
[INFO] [stderr]     Updating crates.io index
[INFO] [stderr]      Locking 11 packages to highest compatible versions
[INFO] [stderr]       Adding winreg v0.52.0 (available: v0.56.0)
[INFO] running `Command { std: CARGO_HOME="/workspace/cargo-home" RUSTUP_HOME="/workspace/rustup-home" "/workspace/cargo-home/bin/cargo" "+1.100.0-beta.1" "fetch" "--manifest-path" "Cargo.toml", kill_on_drop: false }`
[INFO] running `Command { std: "docker" "create" "-v" "/var/lib/crater-agent-workspace/builds/worker-4-tc2/source:/opt/rustwide/workdir:ro,Z" "-v" "/var/lib/crater-agent-workspace/builds/worker-4-tc2/target:/opt/rustwide/target:rw,Z" "-v" "/var/lib/crater-agent-workspace/cargo-home:/opt/rustwide/cargo-home:ro,Z" "-v" "/var/lib/crater-agent-workspace/rustup-home:/opt/rustwide/rustup-home:ro,Z" "-m" "1610612736" "--network" "none" "ghcr.io/rust-lang/crates-build-env/linux@sha256:77db811e55d90add9212f6832c23229e3de5f1c1f9905e8cb07319ea15df73ac" "sleep" "infinity", kill_on_drop: false }`
[INFO] [stdout] dbb0910bea6246b1700b0e4de94976420b4fca905b50a5dc0d8fbf96e9818631
[INFO] running `Command { std: "docker" "start" "dbb0910bea6246b1700b0e4de94976420b4fca905b50a5dc0d8fbf96e9818631", kill_on_drop: false }`
[INFO] running `Command { std: "docker" "inspect" "dbb0910bea6246b1700b0e4de94976420b4fca905b50a5dc0d8fbf96e9818631", kill_on_drop: false }`
[INFO] running `Command { std: "docker" "exec" "-e" "SOURCE_DIR=/opt/rustwide/workdir" "-e" "CARGO_HOME=/opt/rustwide/cargo-home" "-e" "RUSTUP_HOME=/opt/rustwide/rustup-home" "-e" "CARGO_TARGET_DIR=/opt/rustwide/target" "-w" "/opt/rustwide/workdir" "--user" "0:0" "dbb0910bea6246b1700b0e4de94976420b4fca905b50a5dc0d8fbf96e9818631" "/opt/rustwide/cargo-home/bin/cargo" "+1.100.0-beta.1" "metadata" "--no-deps" "--format-version=1", kill_on_drop: false }`
[INFO] running `Command { std: "docker" "inspect" "dbb0910bea6246b1700b0e4de94976420b4fca905b50a5dc0d8fbf96e9818631", kill_on_drop: false }`
[INFO] running `Command { std: "docker" "exec" "-e" "SOURCE_DIR=/opt/rustwide/workdir" "-e" "CARGO_HOME=/opt/rustwide/cargo-home" "-e" "RUSTUP_HOME=/opt/rustwide/rustup-home" "-e" "CARGO_TARGET_DIR=/opt/rustwide/target" "-e" "CARGO_INCREMENTAL=0" "-e" "RUST_BACKTRACE=full" "-e" "RUSTFLAGS=--cap-lints=warn" "-e" "RUSTDOCFLAGS=--cap-lints=warn" "-w" "/opt/rustwide/workdir" "--user" "0:0" "dbb0910bea6246b1700b0e4de94976420b4fca905b50a5dc0d8fbf96e9818631" "/opt/rustwide/cargo-home/bin/cargo" "+1.100.0-beta.1" "build" "--frozen" "--message-format=json" "--release", kill_on_drop: false }`
[INFO] [stderr]    Compiling globenv v0.2.1 (/opt/rustwide/workdir)
[INFO] [stderr]     Finished `release` profile [optimized] target(s) in 0.51s
[INFO] running `Command { std: "docker" "inspect" "dbb0910bea6246b1700b0e4de94976420b4fca905b50a5dc0d8fbf96e9818631", kill_on_drop: false }`
[INFO] running `Command { std: "docker" "exec" "-e" "SOURCE_DIR=/opt/rustwide/workdir" "-e" "CARGO_HOME=/opt/rustwide/cargo-home" "-e" "RUSTUP_HOME=/opt/rustwide/rustup-home" "-e" "CARGO_TARGET_DIR=/opt/rustwide/target" "-e" "CARGO_INCREMENTAL=0" "-e" "RUST_BACKTRACE=full" "-e" "RUSTFLAGS=--cap-lints=warn" "-e" "RUSTDOCFLAGS=--cap-lints=warn" "-w" "/opt/rustwide/workdir" "--user" "0:0" "dbb0910bea6246b1700b0e4de94976420b4fca905b50a5dc0d8fbf96e9818631" "/opt/rustwide/cargo-home/bin/cargo" "+1.100.0-beta.1" "test" "--frozen" "--no-run" "--message-format=json" "--release", kill_on_drop: false }`
[INFO] [stderr]    Compiling globenv v0.2.1 (/opt/rustwide/workdir)
[INFO] [stderr]     Finished `release` profile [optimized] target(s) in 0.46s
[INFO] running `Command { std: "docker" "inspect" "dbb0910bea6246b1700b0e4de94976420b4fca905b50a5dc0d8fbf96e9818631", kill_on_drop: false }`
[INFO] running `Command { std: "docker" "exec" "-e" "SOURCE_DIR=/opt/rustwide/workdir" "-e" "CARGO_HOME=/opt/rustwide/cargo-home" "-e" "RUSTUP_HOME=/opt/rustwide/rustup-home" "-e" "CARGO_TARGET_DIR=/opt/rustwide/target" "-e" "CARGO_INCREMENTAL=0" "-e" "RUST_BACKTRACE=full" "-e" "RUSTFLAGS=--cap-lints=warn" "-e" "RUSTDOCFLAGS=--cap-lints=warn" "-w" "/opt/rustwide/workdir" "--user" "0:0" "dbb0910bea6246b1700b0e4de94976420b4fca905b50a5dc0d8fbf96e9818631" "/opt/rustwide/cargo-home/bin/cargo" "+1.100.0-beta.1" "test" "--frozen" "--release", kill_on_drop: false }`
[INFO] [stderr]     Finished `release` profile [optimized] target(s) in 0.02s
[INFO] [stderr]      Running unittests src/lib.rs (/opt/rustwide/target/release/build/globenv/ce1abf18214bb7ad/out/globenv-ce1abf18214bb7ad)
[INFO] [stderr]      Running tests/mod.rs (/opt/rustwide/target/release/build/globenv/ea5367655397989b/out/mod-ea5367655397989b)
[INFO] [stdout] 
[INFO] [stdout] running 0 tests
[INFO] [stdout] 
[INFO] [stdout] test result: ok. 0 passed; 0 failed; 0 ignored; 0 measured; 0 filtered out; finished in 0.00s
[INFO] [stdout] 
[INFO] [stdout] 
[INFO] [stdout] running 12 tests
[INFO] [stdout] test tests::get_paths ... ok
[INFO] [stdout] test tests::set_path ... FAILED
[INFO] [stdout] test tests::remove_var ... FAILED
[INFO] [stdout] test tests::remove_get_path ... FAILED
[INFO] [stdout] test tests::set_get_path ... FAILED
[INFO] [stdout] test tests::remove_get_var ... FAILED
[INFO] [stdout] test tests::set_get_var ... FAILED
[INFO] [stdout] test tests::set_var ... FAILED
[INFO] [stdout] test tests::set_set_var ... FAILED
[INFO] [stdout] test tests::remove_path ... FAILED
[INFO] [stdout] test tests::get_var ... FAILED
[INFO] [stdout] test tests::set_remove_get_path ... FAILED
[INFO] [stdout] 
[INFO] [stdout] failures:
[INFO] [stdout] 
[INFO] [stdout] ---- tests::set_path stdout ----
[INFO] [stdout] 
[INFO] [stdout] thread 'tests::set_path' (185) panicked at tests/mod.rs:75:40:
[INFO] [stdout] called `Result::unwrap()` on an `Err` value: VarError
[INFO] [stdout] stack backtrace:
[INFO] [stdout]    0:     0x624c1720ddd1 - <<std[617be2ca0a6fd877]::sys::backtrace::BacktraceLock>::print::DisplayBacktrace as core[a373ad73a504971]::fmt::Display>::fmt
[INFO] [stdout]    1:     0x624c17221d5a - core[a373ad73a504971]::fmt::write
[INFO] [stdout]    2:     0x624c17211fec - <alloc[2e1b2a31b91974c5]::vec::Vec<u8> as core[a373ad73a504971]::io::write::Write>::write_fmt
[INFO] [stdout]    3:     0x624c171e9926 - std[617be2ca0a6fd877]::panicking::default_hook::{closure#0}
[INFO] [stdout]    4:     0x624c17205d79 - std[617be2ca0a6fd877]::panicking::default_hook
[INFO] [stdout]    5:     0x624c171a1a00 - test[aada8e7e76ba119b]::test_main_inner::{closure#0}
[INFO] [stdout]    6:     0x624c17205f32 - std[617be2ca0a6fd877]::panicking::panic_with_hook
[INFO] [stdout]    7:     0x624c171e99d2 - std[617be2ca0a6fd877]::panicking::panic_handler::{closure#0}
[INFO] [stdout]    8:     0x624c171e2319 - std[617be2ca0a6fd877]::sys::backtrace::__rust_end_short_backtrace::<std[617be2ca0a6fd877]::panicking::panic_handler::{closure#0}, !>
[INFO] [stdout]    9:     0x624c171ea7fd - __rustc[ea4f61d10b84890b]::rust_begin_unwind
[INFO] [stdout]   10:     0x624c1722248c - core[a373ad73a504971]::panicking::panic_fmt
[INFO] [stdout]   11:     0x624c17222262 - core[a373ad73a504971]::result::unwrap_failed
[INFO] [stdout]   12:     0x624c17191987 - <mod[c08cb14a22b662b]::tests::set_path::{closure#0} as core[a373ad73a504971]::ops::function::FnOnce<()>>::call_once
[INFO] [stdout]   13:     0x624c17194e4b - test[aada8e7e76ba119b]::__rust_begin_short_backtrace::<core[a373ad73a504971]::result::Result<(), alloc[2e1b2a31b91974c5]::string::String>, fn() -> core[a373ad73a504971]::result::Result<(), alloc[2e1b2a31b91974c5]::string::String>>
[INFO] [stdout]   14:     0x624c171a2025 - test[aada8e7e76ba119b]::run_test::{closure#0}
[INFO] [stdout]   15:     0x624c1719b914 - std[617be2ca0a6fd877]::sys::backtrace::__rust_begin_short_backtrace::<test[aada8e7e76ba119b]::run_test::{closure#1}, ()>
[INFO] [stdout]   16:     0x624c171a50b2 - <std[617be2ca0a6fd877]::thread::lifecycle::spawn_unchecked<test[aada8e7e76ba119b]::run_test::{closure#1}, ()>::{closure#1} as core[a373ad73a504971]::ops::function::FnOnce<()>>::call_once::{shim:vtable#0}
[INFO] [stdout]   17:     0x624c1720d0ef - <std[617be2ca0a6fd877]::sys::thread::unix::Thread>::new::thread_start
[INFO] [stdout]   18:     0x7dac20a1cdfa - <unknown>
[INFO] [stdout]   19:     0x7dac20ab03d4 - clone
[INFO] [stdout]   20:                0x0 - <unknown>
[INFO] [stdout] 
[INFO] [stdout] ---- tests::remove_var stdout ----
[INFO] [stdout] 
[INFO] [stdout] thread 'tests::remove_var' (182) panicked at tests/mod.rs:33:41:
[INFO] [stdout] called `Result::unwrap()` on an `Err` value: VarError
[INFO] [stdout] stack backtrace:
[INFO] [stdout]    0:     0x624c1720ddd1 - <<std[617be2ca0a6fd877]::sys::backtrace::BacktraceLock>::print::DisplayBacktrace as core[a373ad73a504971]::fmt::Display>::fmt
[INFO] [stderr] error: test failed, to rerun pass `--test mod`
[INFO] [stdout]    1:     0x624c17221d5a - core[a373ad73a504971]::fmt::write
[INFO] [stdout]    2:     0x624c17211fec - <alloc[2e1b2a31b91974c5]::vec::Vec<u8> as core[a373ad73a504971]::io::write::Write>::write_fmt
[INFO] [stdout]    3:     0x624c171e9926 - std[617be2ca0a6fd877]::panicking::default_hook::{closure#0}
[INFO] [stdout]    4:     0x624c17205d79 - std[617be2ca0a6fd877]::panicking::default_hook
[INFO] [stdout]    5:     0x624c171a1a00 - test[aada8e7e76ba119b]::test_main_inner::{closure#0}
[INFO] [stdout]    6:     0x624c17205f32 - std[617be2ca0a6fd877]::panicking::panic_with_hook
[INFO] [stdout]    7:     0x624c171e99d2 - std[617be2ca0a6fd877]::panicking::panic_handler::{closure#0}
[INFO] [stdout]    8:     0x624c171e2319 - std[617be2ca0a6fd877]::sys::backtrace::__rust_end_short_backtrace::<std[617be2ca0a6fd877]::panicking::panic_handler::{closure#0}, !>
[INFO] [stdout]    9:     0x624c171ea7fd - __rustc[ea4f61d10b84890b]::rust_begin_unwind
[INFO] [stdout]   10:     0x624c1722248c - core[a373ad73a504971]::panicking::panic_fmt
[INFO] [stdout]   11:     0x624c17222262 - core[a373ad73a504971]::result::unwrap_failed
[INFO] [stdout]   12:     0x624c17190f27 - <mod[c08cb14a22b662b]::tests::remove_var::{closure#0} as core[a373ad73a504971]::ops::function::FnOnce<()>>::call_once
[INFO] [stdout]   13:     0x624c17194e4b - test[aada8e7e76ba119b]::__rust_begin_short_backtrace::<core[a373ad73a504971]::result::Result<(), alloc[2e1b2a31b91974c5]::string::String>, fn() -> core[a373ad73a504971]::result::Result<(), alloc[2e1b2a31b91974c5]::string::String>>
[INFO] [stdout]   14:     0x624c171a2025 - test[aada8e7e76ba119b]::run_test::{closure#0}
[INFO] [stdout]   15:     0x624c1719b914 - std[617be2ca0a6fd877]::sys::backtrace::__rust_begin_short_backtrace::<test[aada8e7e76ba119b]::run_test::{closure#1}, ()>
[INFO] [stdout]   16:     0x624c171a50b2 - <std[617be2ca0a6fd877]::thread::lifecycle::spawn_unchecked<test[aada8e7e76ba119b]::run_test::{closure#1}, ()>::{closure#1} as core[a373ad73a504971]::ops::function::FnOnce<()>>::call_once::{shim:vtable#0}
[INFO] [stdout]   17:     0x624c1720d0ef - <std[617be2ca0a6fd877]::sys::thread::unix::Thread>::new::thread_start
[INFO] [stdout]   18:     0x7dac20a1cdfa - <unknown>
[INFO] [stdout]   19:     0x7dac20ab03d4 - clone
[INFO] [stdout]   20:                0x0 - <unknown>
[INFO] [stdout] 
[INFO] [stdout] ---- tests::remove_get_path stdout ----
[INFO] [stdout] 
[INFO] [stdout] thread 'tests::remove_get_path' (179) panicked at tests/mod.rs:94:43:
[INFO] [stdout] called `Result::unwrap()` on an `Err` value: VarError
[INFO] [stdout] stack backtrace:
[INFO] [stdout]    0:     0x624c1720ddd1 - <<std[617be2ca0a6fd877]::sys::backtrace::BacktraceLock>::print::DisplayBacktrace as core[a373ad73a504971]::fmt::Display>::fmt
[INFO] [stdout]    1:     0x624c17221d5a - core[a373ad73a504971]::fmt::write
[INFO] [stdout]    2:     0x624c17211fec - <alloc[2e1b2a31b91974c5]::vec::Vec<u8> as core[a373ad73a504971]::io::write::Write>::write_fmt
[INFO] [stdout]    3:     0x624c171e9926 - std[617be2ca0a6fd877]::panicking::default_hook::{closure#0}
[INFO] [stdout]    4:     0x624c17205d79 - std[617be2ca0a6fd877]::panicking::default_hook
[INFO] [stdout]    5:     0x624c171a1a00 - test[aada8e7e76ba119b]::test_main_inner::{closure#0}
[INFO] [stdout]    6:     0x624c17205f32 - std[617be2ca0a6fd877]::panicking::panic_with_hook
[INFO] [stdout]    7:     0x624c171e99d2 - std[617be2ca0a6fd877]::panicking::panic_handler::{closure#0}
[INFO] [stdout]    8:     0x624c171e2319 - std[617be2ca0a6fd877]::sys::backtrace::__rust_end_short_backtrace::<std[617be2ca0a6fd877]::panicking::panic_handler::{closure#0}, !>
[INFO] [stdout]    9:     0x624c171ea7fd - __rustc[ea4f61d10b84890b]::rust_begin_unwind
[INFO] [stdout]   10:     0x624c1722248c - core[a373ad73a504971]::panicking::panic_fmt
[INFO] [stdout]   11:     0x624c17222262 - core[a373ad73a504971]::result::unwrap_failed
[INFO] [stdout]   12:     0x624c171915ad - <mod[c08cb14a22b662b]::tests::remove_get_path::{closure#0} as core[a373ad73a504971]::ops::function::FnOnce<()>>::call_once
[INFO] [stdout]   13:     0x624c17194e4b - test[aada8e7e76ba119b]::__rust_begin_short_backtrace::<core[a373ad73a504971]::result::Result<(), alloc[2e1b2a31b91974c5]::string::String>, fn() -> core[a373ad73a504971]::result::Result<(), alloc[2e1b2a31b91974c5]::string::String>>
[INFO] [stdout]   14:     0x624c171a2025 - test[aada8e7e76ba119b]::run_test::{closure#0}
[INFO] [stdout]   15:     0x624c1719b914 - std[617be2ca0a6fd877]::sys::backtrace::__rust_begin_short_backtrace::<test[aada8e7e76ba119b]::run_test::{closure#1}, ()>
[INFO] [stdout]   16:     0x624c171a50b2 - <std[617be2ca0a6fd877]::thread::lifecycle::spawn_unchecked<test[aada8e7e76ba119b]::run_test::{closure#1}, ()>::{closure#1} as core[a373ad73a504971]::ops::function::FnOnce<()>>::call_once::{shim:vtable#0}
[INFO] [stdout]   17:     0x624c1720d0ef - <std[617be2ca0a6fd877]::sys::thread::unix::Thread>::new::thread_start
[INFO] [stdout]   18:     0x7dac20a1cdfa - <unknown>
[INFO] [stdout]   19:     0x7dac20ab03d4 - clone
[INFO] [stdout]   20:                0x0 - <unknown>
[INFO] [stdout] 
[INFO] [stdout] ---- tests::set_get_path stdout ----
[INFO] [stdout] 
[INFO] [stdout] thread 'tests::set_get_path' (183) panicked at tests/mod.rs:85:40:
[INFO] [stdout] called `Result::unwrap()` on an `Err` value: VarError
[INFO] [stdout] stack backtrace:
[INFO] [stdout]    0:     0x624c1720ddd1 - <<std[617be2ca0a6fd877]::sys::backtrace::BacktraceLock>::print::DisplayBacktrace as core[a373ad73a504971]::fmt::Display>::fmt
[INFO] [stdout]    1:     0x624c17221d5a - core[a373ad73a504971]::fmt::write
[INFO] [stdout]    2:     0x624c17211fec - <alloc[2e1b2a31b91974c5]::vec::Vec<u8> as core[a373ad73a504971]::io::write::Write>::write_fmt
[INFO] [stdout]    3:     0x624c171e9926 - std[617be2ca0a6fd877]::panicking::default_hook::{closure#0}
[INFO] [stdout]    4:     0x624c17205d79 - std[617be2ca0a6fd877]::panicking::default_hook
[INFO] [stdout]    5:     0x624c171a1a00 - test[aada8e7e76ba119b]::test_main_inner::{closure#0}
[INFO] [stdout]    6:     0x624c17205f32 - std[617be2ca0a6fd877]::panicking::panic_with_hook
[INFO] [stdout]    7:     0x624c171e99d2 - std[617be2ca0a6fd877]::panicking::panic_handler::{closure#0}
[INFO] [stdout]    8:     0x624c171e2319 - std[617be2ca0a6fd877]::sys::backtrace::__rust_end_short_backtrace::<std[617be2ca0a6fd877]::panicking::panic_handler::{closure#0}, !>
[INFO] [stdout]    9:     0x624c171ea7fd - __rustc[ea4f61d10b84890b]::rust_begin_unwind
[INFO] [stdout]   10:     0x624c1722248c - core[a373ad73a504971]::panicking::panic_fmt
[INFO] [stdout]   11:     0x624c17222262 - core[a373ad73a504971]::result::unwrap_failed
[INFO] [stdout]   12:     0x624c171912dd - <mod[c08cb14a22b662b]::tests::set_get_path::{closure#0} as core[a373ad73a504971]::ops::function::FnOnce<()>>::call_once
[INFO] [stdout]   13:     0x624c17194e4b - test[aada8e7e76ba119b]::__rust_begin_short_backtrace::<core[a373ad73a504971]::result::Result<(), alloc[2e1b2a31b91974c5]::string::String>, fn() -> core[a373ad73a504971]::result::Result<(), alloc[2e1b2a31b91974c5]::string::String>>
[INFO] [stdout]   14:     0x624c171a2025 - test[aada8e7e76ba119b]::run_test::{closure#0}
[INFO] [stdout]   15:     0x624c1719b914 - std[617be2ca0a6fd877]::sys::backtrace::__rust_begin_short_backtrace::<test[aada8e7e76ba119b]::run_test::{closure#1}, ()>
[INFO] [stdout]   16:     0x624c171a50b2 - <std[617be2ca0a6fd877]::thread::lifecycle::spawn_unchecked<test[aada8e7e76ba119b]::run_test::{closure#1}, ()>::{closure#1} as core[a373ad73a504971]::ops::function::FnOnce<()>>::call_once::{shim:vtable#0}
[INFO] [stdout]   17:     0x624c1720d0ef - <std[617be2ca0a6fd877]::sys::thread::unix::Thread>::new::thread_start
[INFO] [stdout]   18:     0x7dac20a1cdfa - <unknown>
[INFO] [stdout]   19:     0x7dac20ab03d4 - clone
[INFO] [stdout]   20:                0x0 - <unknown>
[INFO] [stdout] 
[INFO] [stdout] ---- tests::remove_get_var stdout ----
[INFO] [stdout] 
[INFO] [stdout] thread 'tests::remove_get_var' (180) panicked at tests/mod.rs:49:41:
[INFO] [stdout] called `Result::unwrap()` on an `Err` value: VarError
[INFO] [stdout] stack backtrace:
[INFO] [stdout]    0:     0x624c1720ddd1 - <<std[617be2ca0a6fd877]::sys::backtrace::BacktraceLock>::print::DisplayBacktrace as core[a373ad73a504971]::fmt::Display>::fmt
[INFO] [stdout]    1:     0x624c17221d5a - core[a373ad73a504971]::fmt::write
[INFO] [stdout]    2:     0x624c17211fec - <alloc[2e1b2a31b91974c5]::vec::Vec<u8> as core[a373ad73a504971]::io::write::Write>::write_fmt
[INFO] [stdout]    3:     0x624c171e9926 - std[617be2ca0a6fd877]::panicking::default_hook::{closure#0}
[INFO] [stdout]    4:     0x624c17205d79 - std[617be2ca0a6fd877]::panicking::default_hook
[INFO] [stdout]    5:     0x624c171a1a00 - test[aada8e7e76ba119b]::test_main_inner::{closure#0}
[INFO] [stdout]    6:     0x624c17205f32 - std[617be2ca0a6fd877]::panicking::panic_with_hook
[INFO] [stdout]    7:     0x624c171e99d2 - std[617be2ca0a6fd877]::panicking::panic_handler::{closure#0}
[INFO] [stdout]    8:     0x624c171e2319 - std[617be2ca0a6fd877]::sys::backtrace::__rust_end_short_backtrace::<std[617be2ca0a6fd877]::panicking::panic_handler::{closure#0}, !>
[INFO] [stdout]    9:     0x624c171ea7fd - __rustc[ea4f61d10b84890b]::rust_begin_unwind
[INFO] [stdout]   10:     0x624c1722248c - core[a373ad73a504971]::panicking::panic_fmt
[INFO] [stdout]   11:     0x624c17222262 - core[a373ad73a504971]::result::unwrap_failed
[INFO] [stdout]   12:     0x624c17191442 - <mod[c08cb14a22b662b]::tests::remove_get_var::{closure#0} as core[a373ad73a504971]::ops::function::FnOnce<()>>::call_once
[INFO] [stdout]   13:     0x624c17194e4b - test[aada8e7e76ba119b]::__rust_begin_short_backtrace::<core[a373ad73a504971]::result::Result<(), alloc[2e1b2a31b91974c5]::string::String>, fn() -> core[a373ad73a504971]::result::Result<(), alloc[2e1b2a31b91974c5]::string::String>>
[INFO] [stdout]   14:     0x624c171a2025 - test[aada8e7e76ba119b]::run_test::{closure#0}
[INFO] [stdout]   15:     0x624c1719b914 - std[617be2ca0a6fd877]::sys::backtrace::__rust_begin_short_backtrace::<test[aada8e7e76ba119b]::run_test::{closure#1}, ()>
[INFO] [stdout]   16:     0x624c171a50b2 - <std[617be2ca0a6fd877]::thread::lifecycle::spawn_unchecked<test[aada8e7e76ba119b]::run_test::{closure#1}, ()>::{closure#1} as core[a373ad73a504971]::ops::function::FnOnce<()>>::call_once::{shim:vtable#0}
[INFO] [stdout]   17:     0x624c1720d0ef - <std[617be2ca0a6fd877]::sys::thread::unix::Thread>::new::thread_start
[INFO] [stdout]   18:     0x7dac20a1cdfa - <unknown>
[INFO] [stdout]   19:     0x7dac20ab03d4 - clone
[INFO] [stdout]   20:                0x0 - <unknown>
[INFO] [stdout] 
[INFO] [stdout] ---- tests::set_get_var stdout ----
[INFO] [stdout] 
[INFO] [stdout] thread 'tests::set_get_var' (184) panicked at tests/mod.rs:38:45:
[INFO] [stdout] called `Result::unwrap()` on an `Err` value: VarError
[INFO] [stdout] stack backtrace:
[INFO] [stdout]    0:     0x624c1720ddd1 - <<std[617be2ca0a6fd877]::sys::backtrace::BacktraceLock>::print::DisplayBacktrace as core[a373ad73a504971]::fmt::Display>::fmt
[INFO] [stdout]    1:     0x624c17221d5a - core[a373ad73a504971]::fmt::write
[INFO] [stdout]    2:     0x624c17211fec - <alloc[2e1b2a31b91974c5]::vec::Vec<u8> as core[a373ad73a504971]::io::write::Write>::write_fmt
[INFO] [stdout]    3:     0x624c171e9926 - std[617be2ca0a6fd877]::panicking::default_hook::{closure#0}
[INFO] [stdout]    4:     0x624c17205d79 - std[617be2ca0a6fd877]::panicking::default_hook
[INFO] [stdout]    5:     0x624c171a1a00 - test[aada8e7e76ba119b]::test_main_inner::{closure#0}
[INFO] [stdout]    6:     0x624c17205f32 - std[617be2ca0a6fd877]::panicking::panic_with_hook
[INFO] [stdout]    7:     0x624c171e99d2 - std[617be2ca0a6fd877]::panicking::panic_handler::{closure#0}
[INFO] [stdout]    8:     0x624c171e2319 - std[617be2ca0a6fd877]::sys::backtrace::__rust_end_short_backtrace::<std[617be2ca0a6fd877]::panicking::panic_handler::{closure#0}, !>
[INFO] [stdout]    9:     0x624c171ea7fd - __rustc[ea4f61d10b84890b]::rust_begin_unwind
[INFO] [stdout]   10:     0x624c1722248c - core[a373ad73a504971]::panicking::panic_fmt
[INFO] [stdout]   11:     0x624c17222262 - core[a373ad73a504971]::result::unwrap_failed
[INFO] [stdout]   12:     0x624c171910be - <mod[c08cb14a22b662b]::tests::set_get_var::{closure#0} as core[a373ad73a504971]::ops::function::FnOnce<()>>::call_once
[INFO] [stdout]   13:     0x624c17194e4b - test[aada8e7e76ba119b]::__rust_begin_short_backtrace::<core[a373ad73a504971]::result::Result<(), alloc[2e1b2a31b91974c5]::string::String>, fn() -> core[a373ad73a504971]::result::Result<(), alloc[2e1b2a31b91974c5]::string::String>>
[INFO] [stdout]   14:     0x624c171a2025 - test[aada8e7e76ba119b]::run_test::{closure#0}
[INFO] [stdout]   15:     0x624c1719b914 - std[617be2ca0a6fd877]::sys::backtrace::__rust_begin_short_backtrace::<test[aada8e7e76ba119b]::run_test::{closure#1}, ()>
[INFO] [stdout]   16:     0x624c171a50b2 - <std[617be2ca0a6fd877]::thread::lifecycle::spawn_unchecked<test[aada8e7e76ba119b]::run_test::{closure#1}, ()>::{closure#1} as core[a373ad73a504971]::ops::function::FnOnce<()>>::call_once::{shim:vtable#0}
[INFO] [stdout]   17:     0x624c1720d0ef - <std[617be2ca0a6fd877]::sys::thread::unix::Thread>::new::thread_start
[INFO] [stdout]   18:     0x7dac20a1cdfa - <unknown>
[INFO] [stdout]   19:     0x7dac20ab03d4 - clone
[INFO] [stdout]   20:                0x0 - <unknown>
[INFO] [stdout] 
[INFO] [stdout] ---- tests::set_var stdout ----
[INFO] [stdout] 
[INFO] [stdout] thread 'tests::set_var' (188) panicked at tests/mod.rs:28:45:
[INFO] [stdout] called `Result::unwrap()` on an `Err` value: VarError
[INFO] [stdout] stack backtrace:
[INFO] [stdout]    0:     0x624c1720ddd1 - <<std[617be2ca0a6fd877]::sys::backtrace::BacktraceLock>::print::DisplayBacktrace as core[a373ad73a504971]::fmt::Display>::fmt
[INFO] [stdout]    1:     0x624c17221d5a - core[a373ad73a504971]::fmt::write
[INFO] [stdout]    2:     0x624c17211fec - <alloc[2e1b2a31b91974c5]::vec::Vec<u8> as core[a373ad73a504971]::io::write::Write>::write_fmt
[INFO] [stdout]    3:     0x624c171e9926 - std[617be2ca0a6fd877]::panicking::default_hook::{closure#0}
[INFO] [stdout]    4:     0x624c17205d79 - std[617be2ca0a6fd877]::panicking::default_hook
[INFO] [stdout]    5:     0x624c171a1a00 - test[aada8e7e76ba119b]::test_main_inner::{closure#0}
[INFO] [stdout]    6:     0x624c17205f32 - std[617be2ca0a6fd877]::panicking::panic_with_hook
[INFO] [stdout]    7:     0x624c171e99d2 - std[617be2ca0a6fd877]::panicking::panic_handler::{closure#0}
[INFO] [stdout]    8:     0x624c171e2319 - std[617be2ca0a6fd877]::sys::backtrace::__rust_end_short_backtrace::<std[617be2ca0a6fd877]::panicking::panic_handler::{closure#0}, !>
[INFO] [stdout]    9:     0x624c171ea7fd - __rustc[ea4f61d10b84890b]::rust_begin_unwind
[INFO] [stdout]   10:     0x624c1722248c - core[a373ad73a504971]::panicking::panic_fmt
[INFO] [stdout]   11:     0x624c17222262 - core[a373ad73a504971]::result::unwrap_failed
[INFO] [stdout]   12:     0x624c17191923 - <mod[c08cb14a22b662b]::tests::set_var::{closure#0} as core[a373ad73a504971]::ops::function::FnOnce<()>>::call_once
[INFO] [stdout]   13:     0x624c17194e4b - test[aada8e7e76ba119b]::__rust_begin_short_backtrace::<core[a373ad73a504971]::result::Result<(), alloc[2e1b2a31b91974c5]::string::String>, fn() -> core[a373ad73a504971]::result::Result<(), alloc[2e1b2a31b91974c5]::string::String>>
[INFO] [stdout]   14:     0x624c171a2025 - test[aada8e7e76ba119b]::run_test::{closure#0}
[INFO] [stdout]   15:     0x624c1719b914 - std[617be2ca0a6fd877]::sys::backtrace::__rust_begin_short_backtrace::<test[aada8e7e76ba119b]::run_test::{closure#1}, ()>
[INFO] [stdout]   16:     0x624c171a50b2 - <std[617be2ca0a6fd877]::thread::lifecycle::spawn_unchecked<test[aada8e7e76ba119b]::run_test::{closure#1}, ()>::{closure#1} as core[a373ad73a504971]::ops::function::FnOnce<()>>::call_once::{shim:vtable#0}
[INFO] [stdout]   17:     0x624c1720d0ef - <std[617be2ca0a6fd877]::sys::thread::unix::Thread>::new::thread_start
[INFO] [stdout]   18:     0x7dac20a1cdfa - <unknown>
[INFO] [stdout]   19:     0x7dac20ab03d4 - clone
[INFO] [stdout]   20:                0x0 - <unknown>
[INFO] [stdout] 
[INFO] [stdout] ---- tests::set_set_var stdout ----
[INFO] [stdout] 
[INFO] [stdout] thread 'tests::set_set_var' (187) panicked at tests/mod.rs:60:45:
[INFO] [stdout] called `Result::unwrap()` on an `Err` value: VarError
[INFO] [stdout] stack backtrace:
[INFO] [stdout]    0:     0x624c1720ddd1 - <<std[617be2ca0a6fd877]::sys::backtrace::BacktraceLock>::print::DisplayBacktrace as core[a373ad73a504971]::fmt::Display>::fmt
[INFO] [stdout]    1:     0x624c17221d5a - core[a373ad73a504971]::fmt::write
[INFO] [stdout]    2:     0x624c17211fec - <alloc[2e1b2a31b91974c5]::vec::Vec<u8> as core[a373ad73a504971]::io::write::Write>::write_fmt
[INFO] [stdout]    3:     0x624c171e9926 - std[617be2ca0a6fd877]::panicking::default_hook::{closure#0}
[INFO] [stdout]    4:     0x624c17205d79 - std[617be2ca0a6fd877]::panicking::default_hook
[INFO] [stdout]    5:     0x624c171a1a00 - test[aada8e7e76ba119b]::test_main_inner::{closure#0}
[INFO] [stdout]    6:     0x624c17205f32 - std[617be2ca0a6fd877]::panicking::panic_with_hook
[INFO] [stdout]    7:     0x624c171e99d2 - std[617be2ca0a6fd877]::panicking::panic_handler::{closure#0}
[INFO] [stdout]    8:     0x624c171e2319 - std[617be2ca0a6fd877]::sys::backtrace::__rust_end_short_backtrace::<std[617be2ca0a6fd877]::panicking::panic_handler::{closure#0}, !>
[INFO] [stdout]    9:     0x624c171ea7fd - __rustc[ea4f61d10b84890b]::rust_begin_unwind
[INFO] [stdout]   10:     0x624c1722248c - core[a373ad73a504971]::panicking::panic_fmt
[INFO] [stdout]   11:     0x624c17222262 - core[a373ad73a504971]::result::unwrap_failed
[INFO] [stdout]   12:     0x624c171911b5 - <mod[c08cb14a22b662b]::tests::set_set_var::{closure#0} as core[a373ad73a504971]::ops::function::FnOnce<()>>::call_once
[INFO] [stdout]   13:     0x624c17194e4b - test[aada8e7e76ba119b]::__rust_begin_short_backtrace::<core[a373ad73a504971]::result::Result<(), alloc[2e1b2a31b91974c5]::string::String>, fn() -> core[a373ad73a504971]::result::Result<(), alloc[2e1b2a31b91974c5]::string::String>>
[INFO] [stdout]   14:     0x624c171a2025 - test[aada8e7e76ba119b]::run_test::{closure#0}
[INFO] [stdout]   15:     0x624c1719b914 - std[617be2ca0a6fd877]::sys::backtrace::__rust_begin_short_backtrace::<test[aada8e7e76ba119b]::run_test::{closure#1}, ()>
[INFO] [stdout]   16:     0x624c171a50b2 - <std[617be2ca0a6fd877]::thread::lifecycle::spawn_unchecked<test[aada8e7e76ba119b]::run_test::{closure#1}, ()>::{closure#1} as core[a373ad73a504971]::ops::function::FnOnce<()>>::call_once::{shim:vtable#0}
[INFO] [stdout]   17:     0x624c1720d0ef - <std[617be2ca0a6fd877]::sys::thread::unix::Thread>::new::thread_start
[INFO] [stdout]   18:     0x7dac20a1cdfa - <unknown>
[INFO] [stdout]   19:     0x7dac20ab03d4 - clone
[INFO] [stdout]   20:                0x0 - <unknown>
[INFO] [stdout] 
[INFO] [stdout] ---- tests::remove_path stdout ----
[INFO] [stdout] 
[INFO] [stdout] thread 'tests::remove_path' (181) panicked at tests/mod.rs:80:43:
[INFO] [stdout] called `Result::unwrap()` on an `Err` value: VarError
[INFO] [stdout] stack backtrace:
[INFO] [stdout]    0:     0x624c1720ddd1 - <<std[617be2ca0a6fd877]::sys::backtrace::BacktraceLock>::print::DisplayBacktrace as core[a373ad73a504971]::fmt::Display>::fmt
[INFO] [stdout]    1:     0x624c17221d5a - core[a373ad73a504971]::fmt::write
[INFO] [stdout]    2:     0x624c17211fec - <alloc[2e1b2a31b91974c5]::vec::Vec<u8> as core[a373ad73a504971]::io::write::Write>::write_fmt
[INFO] [stdout]    3:     0x624c171e9926 - std[617be2ca0a6fd877]::panicking::default_hook::{closure#0}
[INFO] [stdout]    4:     0x624c17205d79 - std[617be2ca0a6fd877]::panicking::default_hook
[INFO] [stdout]    5:     0x624c171a1a00 - test[aada8e7e76ba119b]::test_main_inner::{closure#0}
[INFO] [stdout]    6:     0x624c17205f32 - std[617be2ca0a6fd877]::panicking::panic_with_hook
[INFO] [stdout]    7:     0x624c171e99d2 - std[617be2ca0a6fd877]::panicking::panic_handler::{closure#0}
[INFO] [stdout]    8:     0x624c171e2319 - std[617be2ca0a6fd877]::sys::backtrace::__rust_end_short_backtrace::<std[617be2ca0a6fd877]::panicking::panic_handler::{closure#0}, !>
[INFO] [stdout]    9:     0x624c171ea7fd - __rustc[ea4f61d10b84890b]::rust_begin_unwind
[INFO] [stdout]   10:     0x624c1722248c - core[a373ad73a504971]::panicking::panic_fmt
[INFO] [stdout]   11:     0x624c17222262 - core[a373ad73a504971]::result::unwrap_failed
[INFO] [stdout]   12:     0x624c17190f87 - <mod[c08cb14a22b662b]::tests::remove_path::{closure#0} as core[a373ad73a504971]::ops::function::FnOnce<()>>::call_once
[INFO] [stdout]   13:     0x624c17194e4b - test[aada8e7e76ba119b]::__rust_begin_short_backtrace::<core[a373ad73a504971]::result::Result<(), alloc[2e1b2a31b91974c5]::string::String>, fn() -> core[a373ad73a504971]::result::Result<(), alloc[2e1b2a31b91974c5]::string::String>>
[INFO] [stdout]   14:     0x624c171a2025 - test[aada8e7e76ba119b]::run_test::{closure#0}
[INFO] [stdout]   15:     0x624c1719b914 - std[617be2ca0a6fd877]::sys::backtrace::__rust_begin_short_backtrace::<test[aada8e7e76ba119b]::run_test::{closure#1}, ()>
[INFO] [stdout]   16:     0x624c171a50b2 - <std[617be2ca0a6fd877]::thread::lifecycle::spawn_unchecked<test[aada8e7e76ba119b]::run_test::{closure#1}, ()>::{closure#1} as core[a373ad73a504971]::ops::function::FnOnce<()>>::call_once::{shim:vtable#0}
[INFO] [stdout]   17:     0x624c1720d0ef - <std[617be2ca0a6fd877]::sys::thread::unix::Thread>::new::thread_start
[INFO] [stdout]   18:     0x7dac20a1cdfa - <unknown>
[INFO] [stdout]   19:     0x7dac20ab03d4 - clone
[INFO] [stdout]   20:                0x0 - <unknown>
[INFO] [stdout] 
[INFO] [stdout] ---- tests::get_var stdout ----
[INFO] [stdout] 
[INFO] [stdout] thread 'tests::get_var' (178) panicked at tests/mod.rs:21:18:
[INFO] [stdout] called `Result::unwrap()` on an `Err` value: VarError
[INFO] [stdout] stack backtrace:
[INFO] [stdout]    0:     0x624c1720ddd1 - <<std[617be2ca0a6fd877]::sys::backtrace::BacktraceLock>::print::DisplayBacktrace as core[a373ad73a504971]::fmt::Display>::fmt
[INFO] [stdout]    1:     0x624c17221d5a - core[a373ad73a504971]::fmt::write
[INFO] [stdout]    2:     0x624c17211fec - <alloc[2e1b2a31b91974c5]::vec::Vec<u8> as core[a373ad73a504971]::io::write::Write>::write_fmt
[INFO] [stdout]    3:     0x624c171e9926 - std[617be2ca0a6fd877]::panicking::default_hook::{closure#0}
[INFO] [stdout]    4:     0x624c17205d79 - std[617be2ca0a6fd877]::panicking::default_hook
[INFO] [stdout]    5:     0x624c171a1a00 - test[aada8e7e76ba119b]::test_main_inner::{closure#0}
[INFO] [stdout]    6:     0x624c17205f32 - std[617be2ca0a6fd877]::panicking::panic_with_hook
[INFO] [stdout]    7:     0x624c171e99d2 - std[617be2ca0a6fd877]::panicking::panic_handler::{closure#0}
[INFO] [stdout]    8:     0x624c171e2319 - std[617be2ca0a6fd877]::sys::backtrace::__rust_end_short_backtrace::<std[617be2ca0a6fd877]::panicking::panic_handler::{closure#0}, !>
[INFO] [stdout]    9:     0x624c171ea7fd - __rustc[ea4f61d10b84890b]::rust_begin_unwind
[INFO] [stdout]   10:     0x624c1722248c - core[a373ad73a504971]::panicking::panic_fmt
[INFO] [stdout]   11:     0x624c17222262 - core[a373ad73a504971]::result::unwrap_failed
[INFO] [stdout]   12:     0x624c1719187d - <mod[c08cb14a22b662b]::tests::get_var::{closure#0} as core[a373ad73a504971]::ops::function::FnOnce<()>>::call_once
[INFO] [stdout]   13:     0x624c17194e4b - test[aada8e7e76ba119b]::__rust_begin_short_backtrace::<core[a373ad73a504971]::result::Result<(), alloc[2e1b2a31b91974c5]::string::String>, fn() -> core[a373ad73a504971]::result::Result<(), alloc[2e1b2a31b91974c5]::string::String>>
[INFO] [stdout]   14:     0x624c171a2025 - test[aada8e7e76ba119b]::run_test::{closure#0}
[INFO] [stdout]   15:     0x624c1719b914 - std[617be2ca0a6fd877]::sys::backtrace::__rust_begin_short_backtrace::<test[aada8e7e76ba119b]::run_test::{closure#1}, ()>
[INFO] [stdout]   16:     0x624c171a50b2 - <std[617be2ca0a6fd877]::thread::lifecycle::spawn_unchecked<test[aada8e7e76ba119b]::run_test::{closure#1}, ()>::{closure#1} as core[a373ad73a504971]::ops::function::FnOnce<()>>::call_once::{shim:vtable#0}
[INFO] [stdout]   17:     0x624c1720d0ef - <std[617be2ca0a6fd877]::sys::thread::unix::Thread>::new::thread_start
[INFO] [stdout]   18:     0x7dac20a1cdfa - <unknown>
[INFO] [stdout]   19:     0x7dac20ab03d4 - clone
[INFO] [stdout]   20:                0x0 - <unknown>
[INFO] [stdout] 
[INFO] [stdout] ---- tests::set_remove_get_path stdout ----
[INFO] [stdout] 
[INFO] [stdout] thread 'tests::set_remove_get_path' (186) panicked at tests/mod.rs:103:40:
[INFO] [stdout] called `Result::unwrap()` on an `Err` value: VarError
[INFO] [stdout] stack backtrace:
[INFO] [stdout]    0:     0x624c1720ddd1 - <<std[617be2ca0a6fd877]::sys::backtrace::BacktraceLock>::print::DisplayBacktrace as core[a373ad73a504971]::fmt::Display>::fmt
[INFO] [stdout]    1:     0x624c17221d5a - core[a373ad73a504971]::fmt::write
[INFO] [stdout]    2:     0x624c17211fec - <alloc[2e1b2a31b91974c5]::vec::Vec<u8> as core[a373ad73a504971]::io::write::Write>::write_fmt
[INFO] [stdout]    3:     0x624c171e9926 - std[617be2ca0a6fd877]::panicking::default_hook::{closure#0}
[INFO] [stdout]    4:     0x624c17205d79 - std[617be2ca0a6fd877]::panicking::default_hook
[INFO] [stdout]    5:     0x624c171a1a00 - test[aada8e7e76ba119b]::test_main_inner::{closure#0}
[INFO] [stdout]    6:     0x624c17205f32 - std[617be2ca0a6fd877]::panicking::panic_with_hook
[INFO] [stdout]    7:     0x624c171e99d2 - std[617be2ca0a6fd877]::panicking::panic_handler::{closure#0}
[INFO] [stdout]    8:     0x624c171e2319 - std[617be2ca0a6fd877]::sys::backtrace::__rust_end_short_backtrace::<std[617be2ca0a6fd877]::panicking::panic_handler::{closure#0}, !>
[INFO] [stdout]    9:     0x624c171ea7fd - __rustc[ea4f61d10b84890b]::rust_begin_unwind
[INFO] [stdout]   10:     0x624c1722248c - core[a373ad73a504971]::panicking::panic_fmt
[INFO] [stdout]   11:     0x624c17222262 - core[a373ad73a504971]::result::unwrap_failed
[INFO] [stdout]   12:     0x624c1719170c - <mod[c08cb14a22b662b]::tests::set_remove_get_path::{closure#0} as core[a373ad73a504971]::ops::function::FnOnce<()>>::call_once
[INFO] [stdout]   13:     0x624c17194e4b - test[aada8e7e76ba119b]::__rust_begin_short_backtrace::<core[a373ad73a504971]::result::Result<(), alloc[2e1b2a31b91974c5]::string::String>, fn() -> core[a373ad73a504971]::result::Result<(), alloc[2e1b2a31b91974c5]::string::String>>
[INFO] [stdout]   14:     0x624c171a2025 - test[aada8e7e76ba119b]::run_test::{closure#0}
[INFO] [stdout]   15:     0x624c1719b914 - std[617be2ca0a6fd877]::sys::backtrace::__rust_begin_short_backtrace::<test[aada8e7e76ba119b]::run_test::{closure#1}, ()>
[INFO] [stdout]   16:     0x624c171a50b2 - <std[617be2ca0a6fd877]::thread::lifecycle::spawn_unchecked<test[aada8e7e76ba119b]::run_test::{closure#1}, ()>::{closure#1} as core[a373ad73a504971]::ops::function::FnOnce<()>>::call_once::{shim:vtable#0}
[INFO] [stdout]   17:     0x624c1720d0ef - <std[617be2ca0a6fd877]::sys::thread::unix::Thread>::new::thread_start
[INFO] [stdout]   18:     0x7dac20a1cdfa - <unknown>
[INFO] [stdout]   19:     0x7dac20ab03d4 - clone
[INFO] [stdout]   20:                0x0 - <unknown>
[INFO] [stdout] 
[INFO] [stdout] 
[INFO] [stdout] failures:
[INFO] [stdout]     tests::get_var
[INFO] [stdout]     tests::remove_get_path
[INFO] [stdout]     tests::remove_get_var
[INFO] [stdout]     tests::remove_path
[INFO] [stdout]     tests::remove_var
[INFO] [stdout]     tests::set_get_path
[INFO] [stdout]     tests::set_get_var
[INFO] [stdout]     tests::set_path
[INFO] [stdout]     tests::set_remove_get_path
[INFO] [stdout]     tests::set_set_var
[INFO] [stdout]     tests::set_var
[INFO] [stdout] 
[INFO] [stdout] test result: FAILED. 1 passed; 11 failed; 0 ignored; 0 measured; 0 filtered out; finished in 0.01s
[INFO] [stdout] 
[INFO] running `Command { std: "docker" "inspect" "dbb0910bea6246b1700b0e4de94976420b4fca905b50a5dc0d8fbf96e9818631", kill_on_drop: false }`
[INFO] running `Command { std: "docker" "rm" "-f" "dbb0910bea6246b1700b0e4de94976420b4fca905b50a5dc0d8fbf96e9818631", kill_on_drop: false }`
[INFO] [stdout] dbb0910bea6246b1700b0e4de94976420b4fca905b50a5dc0d8fbf96e9818631
