[INFO] fetching crate glimps 0.1.0...
[INFO] testing glimps-0.1.0 against 1.99.0-beta.8+cargoflags=--release for beta-release-1.100-2
[INFO] extracting crate glimps 0.1.0 into /workspace/builds/worker-5-tc1/source
[INFO] started tweaking crates.io crate glimps 0.1.0
[INFO] removed 0 missing tests
[INFO] finished tweaking crates.io crate glimps 0.1.0
[INFO] tweaked toml for crates.io crate glimps 0.1.0 written to /workspace/builds/worker-5-tc1/source/Cargo.toml
[INFO] validating manifest of crates.io crate glimps 0.1.0 on toolchain 1.99.0-beta.8
[INFO] running `Command { std: CARGO_HOME="/workspace/cargo-home" RUSTUP_HOME="/workspace/rustup-home" "/workspace/cargo-home/bin/cargo" "+1.99.0-beta.8" "metadata" "--manifest-path" "Cargo.toml" "--no-deps", kill_on_drop: false }`
[INFO] crate crates.io crate glimps 0.1.0 already has a lockfile, it will not be regenerated
[INFO] running `Command { std: CARGO_HOME="/workspace/cargo-home" RUSTUP_HOME="/workspace/rustup-home" "/workspace/cargo-home/bin/cargo" "+1.99.0-beta.8" "fetch" "--manifest-path" "Cargo.toml", kill_on_drop: false }`
[INFO] running `Command { std: "docker" "create" "-v" "/var/lib/crater-agent-workspace/builds/worker-5-tc1/source:/opt/rustwide/workdir:ro,Z" "-v" "/var/lib/crater-agent-workspace/builds/worker-5-tc1/target:/opt/rustwide/target:rw,Z" "-v" "/var/lib/crater-agent-workspace/cargo-home:/opt/rustwide/cargo-home:ro,Z" "-v" "/var/lib/crater-agent-workspace/rustup-home:/opt/rustwide/rustup-home:ro,Z" "-m" "1610612736" "--network" "none" "ghcr.io/rust-lang/crates-build-env/linux@sha256:77db811e55d90add9212f6832c23229e3de5f1c1f9905e8cb07319ea15df73ac" "sleep" "infinity", kill_on_drop: false }`
[INFO] [stdout] 6c61fe981ff18f5c815c5c0837a1ad60b718e4611bce58128fb576a3751cfd7c
[INFO] running `Command { std: "docker" "start" "6c61fe981ff18f5c815c5c0837a1ad60b718e4611bce58128fb576a3751cfd7c", kill_on_drop: false }`
[INFO] running `Command { std: "docker" "inspect" "6c61fe981ff18f5c815c5c0837a1ad60b718e4611bce58128fb576a3751cfd7c", kill_on_drop: false }`
[INFO] running `Command { std: "docker" "exec" "-e" "SOURCE_DIR=/opt/rustwide/workdir" "-e" "CARGO_HOME=/opt/rustwide/cargo-home" "-e" "RUSTUP_HOME=/opt/rustwide/rustup-home" "-e" "CARGO_TARGET_DIR=/opt/rustwide/target" "-w" "/opt/rustwide/workdir" "--user" "0:0" "6c61fe981ff18f5c815c5c0837a1ad60b718e4611bce58128fb576a3751cfd7c" "/opt/rustwide/cargo-home/bin/cargo" "+1.99.0-beta.8" "metadata" "--no-deps" "--format-version=1", kill_on_drop: false }`
[INFO] running `Command { std: "docker" "inspect" "6c61fe981ff18f5c815c5c0837a1ad60b718e4611bce58128fb576a3751cfd7c", kill_on_drop: false }`
[INFO] running `Command { std: "docker" "exec" "-e" "SOURCE_DIR=/opt/rustwide/workdir" "-e" "CARGO_HOME=/opt/rustwide/cargo-home" "-e" "RUSTUP_HOME=/opt/rustwide/rustup-home" "-e" "CARGO_TARGET_DIR=/opt/rustwide/target" "-e" "CARGO_INCREMENTAL=0" "-e" "RUST_BACKTRACE=full" "-e" "RUSTFLAGS=--cap-lints=warn" "-e" "RUSTDOCFLAGS=--cap-lints=warn" "-w" "/opt/rustwide/workdir" "--user" "0:0" "6c61fe981ff18f5c815c5c0837a1ad60b718e4611bce58128fb576a3751cfd7c" "/opt/rustwide/cargo-home/bin/cargo" "+1.99.0-beta.8" "build" "--frozen" "--message-format=json" "--release", kill_on_drop: false }`
[INFO] [stderr]    Compiling libc v0.2.186
[INFO] [stderr]    Compiling proc-macro2 v1.0.106
[INFO] [stderr]    Compiling unicode-ident v1.0.24
[INFO] [stderr]    Compiling quote v1.0.46
[INFO] [stderr]    Compiling serde_core v1.0.228
[INFO] [stderr]    Compiling cfg-if v1.0.4
[INFO] [stderr]    Compiling serde v1.0.228
[INFO] [stderr]    Compiling signal-hook v0.3.18
[INFO] [stderr]    Compiling cfg_aliases v0.1.1
[INFO] [stderr]    Compiling log v0.4.33
[INFO] [stderr]    Compiling bitflags v2.13.0
[INFO] [stderr]    Compiling hashbrown v0.17.1
[INFO] [stderr]    Compiling thiserror v1.0.69
[INFO] [stderr]    Compiling parking_lot_core v0.9.12
[INFO] [stderr]    Compiling equivalent v1.0.2
[INFO] [stderr]    Compiling anyhow v1.0.103
[INFO] [stderr]    Compiling zmij v1.0.21
[INFO] [stderr]    Compiling smallvec v1.15.2
[INFO] [stderr]    Compiling nix v0.28.0
[INFO] [stderr]    Compiling scopeguard v1.2.0
[INFO] [stderr]    Compiling rustix v0.38.44
[INFO] [stderr]    Compiling linux-raw-sys v0.4.15
[INFO] [stderr]    Compiling serde_json v1.0.150
[INFO] [stderr]    Compiling lock_api v0.4.14
[INFO] [stderr]    Compiling winnow v0.7.15
[INFO] [stderr]    Compiling toml_write v0.1.2
[INFO] [stderr]    Compiling time-core v0.1.9
[INFO] [stderr]    Compiling powerfmt v0.2.0
[INFO] [stderr]    Compiling num_threads v0.1.7
[INFO] [stderr]    Compiling num-conv v0.2.2
[INFO] [stderr]    Compiling shell-words v1.1.1
[INFO] [stderr]    Compiling downcast-rs v1.2.1
[INFO] [stderr]    Compiling deranged v0.5.8
[INFO] [stderr]    Compiling itoa v1.0.18
[INFO] [stderr]    Compiling memchr v2.8.2
[INFO] [stderr]    Compiling indexmap v2.14.0
[INFO] [stderr]    Compiling syn v2.0.118
[INFO] [stderr]    Compiling errno v0.3.14
[INFO] [stderr]    Compiling mio v1.2.1
[INFO] [stderr]    Compiling serial2 v0.2.37
[INFO] [stderr]    Compiling time v0.3.51
[INFO] [stderr]    Compiling signal-hook-registry v1.4.8
[INFO] [stderr]    Compiling parking_lot v0.12.5
[INFO] [stderr]    Compiling signal-hook-mio v0.2.5
[INFO] [stderr]    Compiling crossterm v0.28.1
[INFO] [stderr]    Compiling serde_derive v1.0.228
[INFO] [stderr]    Compiling thiserror-impl v1.0.69
[INFO] [stderr]    Compiling filedescriptor v0.8.3
[INFO] [stderr]    Compiling portable-pty v0.9.0
[INFO] [stderr]    Compiling toml_datetime v0.6.11
[INFO] [stderr]    Compiling serde_spanned v0.6.9
[INFO] [stderr]    Compiling toml_edit v0.22.27
[INFO] [stderr]    Compiling toml v0.8.23
[INFO] [stderr]    Compiling glimps v0.1.0 (/opt/rustwide/workdir)
[INFO] [stderr]     Finished `release` profile [optimized] target(s) in 53.37s
[INFO] running `Command { std: "docker" "inspect" "6c61fe981ff18f5c815c5c0837a1ad60b718e4611bce58128fb576a3751cfd7c", kill_on_drop: false }`
[INFO] running `Command { std: "docker" "exec" "-e" "SOURCE_DIR=/opt/rustwide/workdir" "-e" "CARGO_HOME=/opt/rustwide/cargo-home" "-e" "RUSTUP_HOME=/opt/rustwide/rustup-home" "-e" "CARGO_TARGET_DIR=/opt/rustwide/target" "-e" "CARGO_INCREMENTAL=0" "-e" "RUST_BACKTRACE=full" "-e" "RUSTFLAGS=--cap-lints=warn" "-e" "RUSTDOCFLAGS=--cap-lints=warn" "-w" "/opt/rustwide/workdir" "--user" "0:0" "6c61fe981ff18f5c815c5c0837a1ad60b718e4611bce58128fb576a3751cfd7c" "/opt/rustwide/cargo-home/bin/cargo" "+1.99.0-beta.8" "test" "--frozen" "--no-run" "--message-format=json" "--release", kill_on_drop: false }`
[INFO] [stderr]    Compiling syn v2.0.118
[INFO] [stderr]    Compiling libc v0.2.186
[INFO] [stderr]    Compiling serde_core v1.0.228
[INFO] [stderr]    Compiling cfg-if v1.0.4
[INFO] [stderr]    Compiling serde v1.0.228
[INFO] [stderr]    Compiling zerocopy v0.8.52
[INFO] [stderr]    Compiling bitflags v2.13.0
[INFO] [stderr]    Compiling hashbrown v0.17.1
[INFO] [stderr]    Compiling crossbeam-utils v0.8.21
[INFO] [stderr]    Compiling equivalent v1.0.2
[INFO] [stderr]    Compiling getrandom v0.3.4
[INFO] [stderr]    Compiling autocfg v1.5.1
[INFO] [stderr]    Compiling crossbeam-epoch v0.9.20
[INFO] [stderr]    Compiling rustix v1.1.4
[INFO] [stderr]    Compiling getrandom v0.4.3
[INFO] [stderr]    Compiling log v0.4.33
[INFO] [stderr]    Compiling zmij v1.0.21
[INFO] [stderr]    Compiling either v1.16.0
[INFO] [stderr]    Compiling itoa v1.0.18
[INFO] [stderr]    Compiling linux-raw-sys v0.12.1
[INFO] [stderr]    Compiling once_cell v1.21.4
[INFO] [stderr]    Compiling scopeguard v1.2.0
[INFO] [stderr]    Compiling rayon-core v1.13.0
[INFO] [stderr]    Compiling memchr v2.8.2
[INFO] [stderr]    Compiling regex-syntax v0.8.11
[INFO] [stderr]    Compiling smallvec v1.15.2
[INFO] [stderr]    Compiling lock_api v0.4.14
[INFO] [stderr]    Compiling fastrand v2.4.1
[INFO] [stderr]    Compiling plotters-backend v0.3.7
[INFO] [stderr]    Compiling ciborium-io v0.2.2
[INFO] [stderr]    Compiling linux-raw-sys v0.4.15
[INFO] [stderr]    Compiling winnow v0.7.15
[INFO] [stderr]    Compiling num-traits v0.2.19
[INFO] [stderr]    Compiling anstyle v1.0.14
[INFO] [stderr]    Compiling clap_lex v1.1.0
[INFO] [stderr]    Compiling toml_write v0.1.2
[INFO] [stderr]    Compiling plotters-svg v0.3.7
[INFO] [stderr]    Compiling rustix v0.38.44
[INFO] [stderr]    Compiling itertools v0.10.5
[INFO] [stderr]    Compiling clap_builder v4.6.0
[INFO] [stderr]    Compiling anyhow v1.0.103
[INFO] [stderr]    Compiling time-core v0.1.9
[INFO] [stderr]    Compiling powerfmt v0.2.0
[INFO] [stderr]    Compiling indexmap v2.14.0
[INFO] [stderr]    Compiling bit-vec v0.8.0
[INFO] [stderr]    Compiling num_threads v0.1.7
[INFO] [stderr]    Compiling num-conv v0.2.2
[INFO] [stderr]    Compiling crossbeam-deque v0.8.6
[INFO] [stderr]    Compiling deranged v0.5.8
[INFO] [stderr]    Compiling quick-error v1.2.3
[INFO] [stderr]    Compiling fnv v1.0.7
[INFO] [stderr]    Compiling cast v0.3.0
[INFO] [stderr]    Compiling shell-words v1.1.1
[INFO] [stderr]    Compiling same-file v1.0.6
[INFO] [stderr]    Compiling downcast-rs v1.2.1
[INFO] [stderr]    Compiling plotters v0.3.7
[INFO] [stderr]    Compiling bit-set v0.8.0
[INFO] [stderr]    Compiling walkdir v2.5.0
[INFO] [stderr]    Compiling anes v0.1.6
[INFO] [stderr]    Compiling oorandom v11.1.5
[INFO] [stderr]    Compiling unarray v0.1.4
[INFO] [stderr]    Compiling errno v0.3.14
[INFO] [stderr]    Compiling mio v1.2.1
[INFO] [stderr]    Compiling parking_lot_core v0.9.12
[INFO] [stderr]    Compiling signal-hook-registry v1.4.8
[INFO] [stderr]    Compiling wait-timeout v0.2.1
[INFO] [stderr]    Compiling rand_core v0.9.5
[INFO] [stderr]    Compiling signal-hook v0.3.18
[INFO] [stderr]    Compiling nix v0.28.0
[INFO] [stderr]    Compiling regex-automata v0.4.14
[INFO] [stderr]    Compiling parking_lot v0.12.5
[INFO] [stderr]    Compiling serial2 v0.2.37
[INFO] [stderr]    Compiling rand v0.9.4
[INFO] [stderr]    Compiling rand_xorshift v0.4.0
[INFO] [stderr]    Compiling criterion-plot v0.5.0
[INFO] [stderr]    Compiling signal-hook-mio v0.2.5
[INFO] [stderr]    Compiling crossterm v0.28.1
[INFO] [stderr]    Compiling rayon v1.12.0
[INFO] [stderr]    Compiling is-terminal v0.4.17
[INFO] [stderr]    Compiling tempfile v3.27.0
[INFO] [stderr]    Compiling time v0.3.51
[INFO] [stderr]    Compiling serde_json v1.0.150
[INFO] [stderr]    Compiling clap v4.6.1
[INFO] [stderr]    Compiling rusty-fork v0.3.1
[INFO] [stderr]    Compiling serde_derive v1.0.228
[INFO] [stderr]    Compiling thiserror-impl v1.0.69
[INFO] [stderr]    Compiling zerocopy-derive v0.8.52
[INFO] [stderr]    Compiling thiserror v1.0.69
[INFO] [stderr]    Compiling filedescriptor v0.8.3
[INFO] [stderr]    Compiling portable-pty v0.9.0
[INFO] [stderr]    Compiling regex v1.12.4
[INFO] [stderr]    Compiling serde_spanned v0.6.9
[INFO] [stderr]    Compiling toml_datetime v0.6.11
[INFO] [stderr]    Compiling tinytemplate v1.2.1
[INFO] [stderr]    Compiling toml_edit v0.22.27
[INFO] [stderr]    Compiling half v2.7.1
[INFO] [stderr]    Compiling ppv-lite86 v0.2.21
[INFO] [stderr]    Compiling rand_chacha v0.9.0
[INFO] [stderr]    Compiling ciborium-ll v0.2.2
[INFO] [stderr]    Compiling proptest v1.11.0
[INFO] [stderr]    Compiling toml v0.8.23
[INFO] [stderr]    Compiling ciborium v0.2.2
[INFO] [stderr]    Compiling glimps v0.1.0 (/opt/rustwide/workdir)
[INFO] [stderr]    Compiling criterion v0.5.1
[INFO] [stderr]     Finished `release` profile [optimized] target(s) in 2m 50s
[INFO] running `Command { std: "docker" "inspect" "6c61fe981ff18f5c815c5c0837a1ad60b718e4611bce58128fb576a3751cfd7c", kill_on_drop: false }`
[INFO] running `Command { std: "docker" "exec" "-e" "SOURCE_DIR=/opt/rustwide/workdir" "-e" "CARGO_HOME=/opt/rustwide/cargo-home" "-e" "RUSTUP_HOME=/opt/rustwide/rustup-home" "-e" "CARGO_TARGET_DIR=/opt/rustwide/target" "-e" "CARGO_INCREMENTAL=0" "-e" "RUST_BACKTRACE=full" "-e" "RUSTFLAGS=--cap-lints=warn" "-e" "RUSTDOCFLAGS=--cap-lints=warn" "-w" "/opt/rustwide/workdir" "--user" "0:0" "6c61fe981ff18f5c815c5c0837a1ad60b718e4611bce58128fb576a3751cfd7c" "/opt/rustwide/cargo-home/bin/cargo" "+1.99.0-beta.8" "test" "--frozen" "--release", kill_on_drop: false }`
[INFO] [stderr]     Finished `release` profile [optimized] target(s) in 0.25s
[INFO] [stderr]      Running unittests src/lib.rs (/opt/rustwide/target/release/deps/glimps-2bb0d425e1d27035)
[INFO] [stdout] 
[INFO] [stdout] running 451 tests
[INFO] [stdout] test config::tests::default_is_everything_on ... ok
[INFO] [stdout] test config::tests::limits_are_clamped_to_sane_bounds ... ok
[INFO] [stdout] test config::tests::failures_default_to_on_dim_explained ... ok
[INFO] [stdout] test config::tests::unknown_keys_are_rejected ... ok
[INFO] [stdout] test config::tests::failures_section_overrides ... ok
[INFO] [stdout] test config::tests::theme_choice_parses_and_defaults_dark ... ok
[INFO] [stdout] test config::tests::pretty_max_lines_defaults_and_overrides ... ok
[INFO] [stdout] test doctor::tests::coexistence_flags_other_integrations_and_terminals ... ok
[INFO] [stdout] test doctor::tests::placement_hazard_flags_frameworks_above_the_glimps_line ... ok
[INFO] [stdout] test doctor::tests::commented_integration_does_not_count_as_enabled ... ok
[INFO] [stdout] test config::tests::empty_config_is_defaults ... ok
[INFO] [stdout] test config::tests::limits_override ... ok
[INFO] [stdout] test doctor::tests::recognizes_supported_shells_by_basename ... ok
[INFO] [stdout] test config::tests::invalid_toml_is_an_error ... ok
[INFO] [stdout] test format::cmdline::tests::finds_commands_inside_shell_lists_without_matching_arguments ... ok
[INFO] [stdout] test format::cmdline::tests::plain_theme_is_byte_identical ... ok
[INFO] [stdout] test config::tests::failures_bad_values_are_errors ... ok
[INFO] [stdout] test format::cmdline::tests::recognizes_shell_negation_but_not_bang_prefixed_commands ... ok
[INFO] [stdout] test doctor::tests::diagnostic_reads_are_bounded_and_require_regular_files ... ok
[INFO] [stdout] test format::diff::tests::declines_without_a_hunk_header ... ok
[INFO] [stdout] test config::tests::partial_config_keeps_other_defaults ... ok
[INFO] [stdout] test format::diff::tests::hunk_header_variants ... ok
[INFO] [stdout] test format::cmdline::tests::prop_sanitize_display_removes_all_controls ... ok
[INFO] [stdout] test config::tests::no_color_convention_requires_a_non_empty_value ... ok
[INFO] [stdout] test format::cmdline::tests::prop_plain_render_is_identity ... ok
[INFO] [stdout] test format::exitcode::tests::negated_success_is_a_neutral_notice ... ok
[INFO] [stdout] test doctor::tests::validates_config_without_falling_back_silently ... ok
[INFO] [stdout] test format::exitcode::tests::env_problems_are_decoded ... ok
[INFO] [stdout] test format::cmdline::tests::prop_first_word_never_panics ... ok
[INFO] [stdout] test format::exitcode::tests::platform_divergent_signal_codes_stay_raw ... ok
[INFO] [stdout] test format::exitcode::tests::plain_failures_get_no_invented_story ... ok
[INFO] [stdout] test format::cmdline::tests::sanitize_display_strips_controls_keeps_text ... ok
[INFO] [stdout] test format::html::tests::attribute_with_gt_is_handled ... ok
[INFO] [stdout] test format::diff::tests::plain_theme_is_byte_identical ... ok
[INFO] [stdout] test format::diff::tests::declines_plain_prose_and_flags ... ok
[INFO] [stdout] test format::diff::tests::detects_and_colors_a_unified_diff ... ok
[INFO] [stdout] test format::diff::tests::looks_like_start_is_tight ... ok
[INFO] [stdout] test format::cmdline::tests::first_word_basenames_and_skips_wrappers ... ok
[INFO] [stdout] test format::exitcode::tests::crashes_are_loud_failures ... ok
[INFO] [stdout] test format::cmdline::tests::colors_both_sides_of_a_pipe ... ok
[INFO] [stdout] test format::exitcode::tests::user_actions_are_notices_not_failures ... ok
[INFO] [stdout] test format::html::tests::colored_output_uses_semantic_html_colors_and_is_valid_utf8 ... ok
[INFO] [stdout] test format::diff::tests::file_headers_are_not_treated_as_add_remove ... ok
[INFO] [stdout] test format::html::tests::close_lookalike_inside_script_does_not_end_it_early ... ok
[INFO] [stdout] test format::cmdline::tests::colors_command_string_and_flag ... ok
[INFO] [stdout] test format::exitcode::tests::zero_is_quiet_success ... ok
[INFO] [stdout] test format::html::tests::doctype_and_declaration_render ... ok
[INFO] [stdout] test format::diff::tests::prop_plain_is_identity_and_never_panics ... ok
[INFO] [stdout] test format::html::tests::golden_nested_document ... ok
[INFO] [stdout] test format::html::tests::detects_real_html_but_not_lookalikes ... ok
[INFO] [stdout] test format::html::tests::document_prefix_confidence_rejects_prompt_shaped_markup ... ok
[INFO] [stdout] test format::html::tests::json_ld_script_is_indented_and_semantically_colored ... ok
[INFO] [stdout] test format::html::tests::malformed_json_script_remains_verbatim ... ok
[INFO] [stdout] test format::html::tests::non_ascii_whitespace_is_preserved ... ok
[INFO] [stdout] test format::html::tests::ordinary_javascript_and_json_lookalikes_remain_verbatim ... ok
[INFO] [stdout] test format::html::tests::prop_idempotent ... ok
[INFO] [stdout] test format::html::tests::prop_never_panics_and_utf8 ... ok
[INFO] [stdout] test format::html::tests::raw_text_elements_are_preserved_verbatim ... ok
[INFO] [stdout] test format::html::tests::script_with_angle_brackets_is_not_mistokenized ... ok
[INFO] [stdout] test format::html::tests::truncated_document_formats_complete_prefix_and_preserves_tail ... ok
[INFO] [stdout] test format::html::tests::truncated_tail_is_not_colored_or_completed ... ok
[INFO] [stdout] test format::html::tests::unterminated_constructs_pass_through ... ok
[INFO] [stdout] test format::html::tests::unterminated_doctype_passes_through ... ok
[INFO] [stdout] test format::json::tests::does_not_detect_non_containers ... ok
[INFO] [stdout] test format::html::tests::void_elements_do_not_indent_following_content ... ok
[INFO] [stdout] test format::http::tests::colored_output_is_valid_utf8 ... ok
[INFO] [stdout] test format::http::tests::declines_incomplete_headers ... ok
[INFO] [stdout] test format::http::tests::formats_headers_only_response ... ok
[INFO] [stdout] test format::http::tests::only_a_terminated_status_line_holds_across_a_stall ... ok
[INFO] [stdout] test format::html::tests::truncated_raw_element_is_preserved_from_its_open_tag ... ok
[INFO] [stdout] test format::html::tests::unclosed_tags_are_auto_closed_leniently ... ok
[INFO] [stdout] test format::json::tests::looks_like_json_but_isnt_passes_through ... ok
[INFO] [stdout] test format::json::tests::preserves_object_key_order ... ok
[INFO] [stdout] test format::http::tests::formats_headers_and_json_body ... ok
[INFO] [stdout] test format::http::tests::formats_redirect_chain ... ok
[INFO] [stdout] test format::json::tests::does_not_detect_partial_brackets ... ok
[INFO] [stdout] test format::json::tests::golden_array_plain ... ok
[INFO] [stdout] test format::json::tests::golden_object_plain ... ok
[INFO] [stdout] test format::json::tests::empty_containers_render_inline ... ok
[INFO] [stdout] test format::http::tests::prop_try_format_never_panics_and_emits_utf8 ... ok
[INFO] [stdout] test format::linefmt::tests::cli_diagnostics_color_errors_and_usage ... ok
[INFO] [stdout] test format::http::tests::prop_cr_padding_does_not_change_the_render ... ok
[INFO] [stdout] test format::json::tests::surrounding_whitespace_is_tolerated ... ok
[INFO] [stdout] test format::http::tests::status_line_evidence_matches_real_first_chunks ... ok
[INFO] [stdout] test format::linefmt::tests::colors_severity_lines_without_case_inconsistency ... ok
[INFO] [stdout] test format::json::tests::arrays_with_objects_stay_expanded ... ok
[INFO] [stdout] test format::json::tests::golden_malformed_passes_through_unchanged ... ok
[INFO] [stdout] test format::json::tests::colored_output_contains_ansi_and_is_valid_utf8 ... ok
[INFO] [stdout] test format::linefmt::tests::does_not_color_non_status_http_like_lines ... ok
[INFO] [stdout] test format::linefmt::tests::does_not_mistake_prose_for_a_stack_trace ... ok
[INFO] [stdout] test format::linefmt::tests::does_not_color_prose_or_embedded_level_words ... ok
[INFO] [stdout] test format::json::tests::short_scalar_arrays_render_inline ... ok
[INFO] [stdout] test format::json::tests::prop_byte_safe_and_never_panics ... ok
[INFO] [stdout] test format::osc133::tests::alt_screen_enter_and_exit_are_tracked ... ok
[INFO] [stdout] test format::linefmt::tests::ssh_auth_formatter_rejects_unstructured_lookalikes ... ok
[INFO] [stdout] test format::osc133::tests::alt_screen_legacy_modes_and_split_across_chunks ... ok
[INFO] [stdout] test format::json::tests::prop_idempotent_on_valid_json ... ok
[INFO] [stdout] test format::osc133::tests::command_marker_does_not_change_zone ... ok
[INFO] [stdout] test format::linefmt::tests::preserves_content_and_line_ending ... ok
[INFO] [stdout] test format::linefmt::tests::plain_theme_is_byte_identical_on_match ... ok
[INFO] [stdout] test format::osc133::tests::d_with_exit_code_payload ... ok
[INFO] [stdout] test format::osc133::tests::empty_command_marker_captures_empty ... ok
[INFO] [stdout] test format::osc133::tests::feed_segments_edges_survive_chunk_splits ... ok
[INFO] [stdout] test format::osc133::tests::feed_segments_no_edge_for_ansi_within_output ... ok
[INFO] [stdout] test format::osc133::tests::feed_segments_partitions_output_and_marks_edges ... ok
[INFO] [stdout] test format::osc133::tests::coalesced_private_modes_toggle_alt_screen ... ok
[INFO] [stdout] test format::osc133::tests::dcs_payload_cannot_spoof_a_marker ... ok
[INFO] [stdout] test format::linefmt::tests::highlights_stack_traces ... ok
[INFO] [stdout] test format::linefmt::tests::stacktrace_gate_off_disables_it ... ok
[INFO] [stdout] test format::osc133::tests::forged_command_and_c_marker_in_output_are_ignored ... ok
[INFO] [stdout] test format::osc133::tests::legacy_1047_mode_toggles_alt_screen ... ok
[INFO] [stdout] test format::osc133::tests::legit_d_still_closes_output_after_forged_markers ... ok
[INFO] [stdout] test format::osc133::tests::malformed_pipeline_status_marker_is_ignored ... ok
[INFO] [stdout] test format::osc133::tests::esc_inside_osc_starting_new_marker_is_recovered ... ok
[INFO] [stdout] test format::osc133::tests::forged_end_command_and_reopen_sequence_is_rejected ... ok
[INFO] [stdout] test format::linefmt::tests::prop_plain_is_identity_and_never_panics ... ok
[INFO] [stdout] test format::osc133::tests::marker_split_across_every_byte_boundary ... ok
[INFO] [stdout] test format::osc133::tests::non_133_osc_is_ignored ... ok
[INFO] [stdout] test format::osc133::tests::ordinary_csi_does_not_toggle_alt_screen ... ok
[INFO] [stdout] test format::osc133::tests::output_surrounds_real_content ... ok
[INFO] [stdout] test format::osc133::tests::private_pipeline_status_marker_is_captured ... ok
[INFO] [stdout] test format::osc133::tests::captures_command_from_marker ... ok
[INFO] [stdout] test format::osc133::tests::captures_cwd_from_marker ... ok
[INFO] [stdout] test format::osc133::tests::st_marker_split_exactly_at_esc_backslash_seam ... ok
[INFO] [stdout] test format::osc133::tests::long_osc_payload_stays_within_cap_mid_scan ... ok
[INFO] [stdout] test format::osc133::tests::starts_unknown ... ok
[INFO] [stdout] test format::osc133::tests::prop_feed_segments_reconstructs ... ok
[INFO] [stdout] test format::osc133::tests::toggle_provenance_matches_only_a_bare_glimps_toggle_invocation ... ok
[INFO] [stdout] test format::osc133::tests::legit_command_capture_and_output_start_edge ... ok
[INFO] [stdout] test format::osc133::tests::st_terminated_transitions ... ok
[INFO] [stdout] test format::pin::tests::colored_rustc_error_is_stripped_then_matched ... ok
[INFO] [stdout] test format::linefmt::tests::http_status_lines_color_by_class ... ok
[INFO] [stdout] test format::linefmt::tests::colors_openssh_authentication_records_by_event_semantics ... ok
[INFO] [stdout] test format::pin::tests::crlf_line_endings_are_normal_line_endings ... ok
[INFO] [stdout] test format::pin::tests::carriage_return_overwrite_discards_progress_junk ... ok
[INFO] [stdout] test format::pin::tests::cli_tool_diagnostic_pins ... ok
[INFO] [stdout] test format::pin::tests::dcs_and_apc_bodies_are_invisible_to_matching ... ok
[INFO] [stdout] test format::pin::tests::escape_split_across_feed_chunks_still_strips ... ok
[INFO] [stdout] test format::pin::tests::error_log_line_is_the_fallback_tier ... ok
[INFO] [stdout] test format::pin::tests::gcc_style_infix_error_pins_whole_line ... ok
[INFO] [stdout] test format::osc133::tests::prop_never_panics ... ok
[INFO] [stdout] test format::osc133::tests::arbitrary_garbage_never_panics ... ok
[INFO] [stdout] test format::pin::tests::git_fatal_pins ... ok
[INFO] [stdout] test format::osc133::tests::bel_terminated_transitions ... ok
[INFO] [stdout] test format::osc133::tests::prop_real_markers_detected_and_chunk_invariant ... ok
[INFO] [stdout] test format::osc133::tests::command_capture_survives_byte_split_and_long_commands ... ok
[INFO] [stdout] test format::pin::tests::overlong_lines_are_counted_but_never_matched ... ok
[INFO] [stdout] test format::pin::tests::nothing_confident_pins_nothing ... ok
[INFO] [stdout] test format::pin::tests::osc_sequences_are_invisible_to_matching ... ok
[INFO] [stdout] test format::pin::tests::python_traceback_pins_last_exception_with_deepest_frame ... ok
[INFO] [stdout] test format::pin::tests::rustc_error_pins_first_and_attaches_location ... ok
[INFO] [stdout] test format::tests::a_bypassed_command_stays_bypassed_even_when_its_arguments_look_sensitive ... ok
[INFO] [stdout] test format::pin::tests::rust_panic_pins ... ok
[INFO] [stdout] test format::osc133::tests::prompt_boundary_arms_the_next_command_cycle ... ok
[INFO] [stdout] test format::tests::a_clean_html_body_still_formats_after_a_stall ... ok
[INFO] [stdout] test format::tests::a_held_response_is_released_once_the_hold_budget_expires ... ok
[INFO] [stdout] test format::tests::a_lone_line_that_starts_with_http_but_is_not_a_status_line_streams ... ok
[INFO] [stdout] test format::osc133::tests::prop_chunking_invariant ... ok
[INFO] [stdout] test format::pin::tests::tool_error_outranks_exception_and_log ... ok
[INFO] [stdout] test format::tests::a_path_qualified_secret_reader_stays_sensitive_with_a_redirect ... ok
[INFO] [stdout] test format::tests::a_response_with_pty_doubled_crs_is_still_formatted ... ok
[INFO] [stdout] test format::tests::a_released_candidate_keeps_streaming_color_on_its_status_line ... ok
[INFO] [stdout] test format::tests::a_stalled_status_line_without_a_header_block_is_still_released ... ok
[INFO] [stdout] test format::tests::alt_screen_app_is_passed_through_untouched ... ok
[INFO] [stdout] test format::pin::tests::reset_forgets_prior_command ... ok
[INFO] [stdout] test format::tests::alt_screen_entering_mid_buffer_flushes_without_byte_loss ... ok
[INFO] [stdout] test format::tests::a_status_line_arriving_alone_still_formats_the_response ... ok
[INFO] [stdout] test format::tests::a_stderr_redirect_no_longer_hides_the_command_view ... ok
[INFO] [stdout] test format::tests::alt_screen_does_not_leak_command_into_next_header ... ok
[INFO] [stdout] test format::tests::a_substituting_redirect_target_is_left_alone ... ok
[INFO] [stdout] test format::tests::a_stderr_redirect_no_longer_declassifies_a_secret_printing_command ... ok
[INFO] [stdout] test format::tests::a_response_that_completes_inside_the_budget_still_formats ... ok
[INFO] [stdout] test format::tests::a_trickling_body_cannot_extend_its_own_hold_past_the_budget ... ok
[INFO] [stdout] test format::tests::alt_screen_entry_gets_a_tui_boundary_without_touching_redraw_bytes ... ok
[INFO] [stdout] test format::tests::arbitrary_delimiter_like_text_files_remain_unclassified ... ok
[INFO] [stdout] test format::tests::bare_lsof_colors_the_open_file_table_by_column_role ... ok
[INFO] [stdout] test format::tests::an_explicit_more_bypass_still_wins_over_pager_formatting ... ok
[INFO] [stdout] test format::tests::a_stderr_redirect_must_end_its_word ... ok
[INFO] [stdout] test format::tests::binary_output_is_never_pinned ... ok
[INFO] [stdout] test format::tests::a_stalled_json_candidate_is_still_released_for_prompt_liveness ... ok
[INFO] [stdout] test format::tests::a_buffered_run_that_turns_binary_is_released_verbatim ... ok
[INFO] [stdout] test format::http::tests::prop_response_shaped_input_never_panics ... ok
[INFO] [stdout] test format::tests::bypassed_command_output_is_not_formatted ... ok
[INFO] [stdout] test format::tests::ansi_escape_mid_json_keeps_bytes_intact ... ok
[INFO] [stdout] test format::tests::angle_bracket_output_that_isnt_html_passes_through ... ok
[INFO] [stdout] test format::tests::bypassed_command_is_never_pinned ... ok
[INFO] [stdout] test format::tests::cargo_build_progress_and_finished_are_colored ... ok
[INFO] [stdout] test format::tests::apache_shaped_text_without_htaccess_filename_stays_unclaimed ... ok
[INFO] [stdout] test format::tests::binary_output_is_passed_through_without_a_separator ... ok
[INFO] [stdout] test format::tests::cargo_run_output_is_not_claimed ... ok
[INFO] [stdout] test format::tests::apropos_and_man_index_flags_share_the_whatis_view ... ok
[INFO] [stdout] test format::tests::cargo_check_diagnostics_are_colored ... ok
[INFO] [stdout] test format::tests::cargo_ok_test_summary_is_green ... ok
[INFO] [stdout] test format::tests::cargo_view_survives_wrappers_paths_toolchains_and_global_options ... ok
[INFO] [stdout] test format::pin::tests::prop_feed_never_panics_and_pins_are_escape_free ... ok
[INFO] [stdout] test format::tests::cat_dotenv_gets_semantic_coloring_without_secret_pinning ... ok
[INFO] [stdout] test format::tests::cat_config_gets_key_value_coloring ... ok
[INFO] [stdout] test format::tests::cargo_shapes_outside_cargo_commands_pass_through ... ok
[INFO] [stdout] test format::tests::cat_csv_becomes_an_aligned_table_and_decodes_quoted_cells ... ok
[INFO] [stdout] test format::tests::cargo_name_as_an_argument_does_not_activate_cargo_view ... ok
[INFO] [stdout] test format::tests::binary_control_bytes_without_nul_pass_through_unframed ... ok
[INFO] [stdout] test format::tests::cargo_test_summary_colors_pass_and_fail ... ok
[INFO] [stdout] test format::tests::cat_htaccess_gets_apache_semantics_without_recoloring_regexes ... ok
[INFO] [stdout] test format::tests::cat_jsonl_gets_streaming_json_line_coloring ... ok
[INFO] [stdout] test format::tests::cat_rust_source_gets_syntax_coloring ... ok
[INFO] [stdout] test format::tests::cd_previous_turns_its_printed_destination_into_a_moved_breadcrumb ... ok
[INFO] [stdout] test format::tests::cat_gitleaksignore_colors_comments_and_fingerprint_fields ... ok
[INFO] [stdout] test format::tests::an_absurdly_wide_heading_is_rejected_before_it_can_cost_per_row_work ... ok
[INFO] [stdout] test format::tests::cat_tsv_gets_tabular_coloring ... ok
[INFO] [stdout] test format::tests::cat_sql_gets_query_coloring ... ok
[INFO] [stdout] test format::tests::cat_gitignore_colors_comments_negation_paths_and_globs ... ok
[INFO] [stdout] test format::tests::cat_stdout_redirect_explains_interactive_input_before_the_first_key ... ok
[INFO] [stdout] test format::tests::cat_markdown_gets_project_doc_coloring ... ok
[INFO] [stdout] test format::tests::cat_redirect_hint_declines_noninteractive_and_compound_forms ... ok
[INFO] [stdout] test format::tests::cd_previous_is_conservative_about_commands_and_non_path_output ... ok
[INFO] [stdout] test format::tests::clear_control_sequence_passes_through_without_formatter_spacing ... ok
[INFO] [stdout] test format::tests::confident_html_document_survives_slow_network_gaps ... ok
[INFO] [stdout] test format::tests::config_explain_off_keeps_raw_exit_codes ... ok
[INFO] [stdout] test format::tests::config_failures_disabled_suppresses_footer_but_not_breadcrumbs ... ok
[INFO] [stdout] test format::tests::coalesced_private_command_and_result_keep_fast_command_status ... ok
[INFO] [stdout] test format::tests::command_diagnostics_override_find_path_coloring ... ok
[INFO] [stdout] test format::tests::config_json_off_passes_json_through_verbatim ... ok
[INFO] [stdout] test format::tests::crlf_log_line_is_colored_with_ending_preserved ... ok
[INFO] [stdout] test format::tests::config_pin_errors_off_keeps_footer_but_drops_quote ... ok
[INFO] [stdout] test format::tests::compound_dotenv_reader_stays_raw_and_never_pins_secrets ... ok
[INFO] [stdout] test format::tests::compound_file_commands_do_not_get_guessed_breadcrumbs ... ok
[INFO] [stdout] test format::tests::csv_auto_detects_semicolon_and_tab_delimiters ... ok
[INFO] [stdout] test format::tests::config_color_off_emits_no_ansi_but_still_structures ... ok
[INFO] [stdout] test format::tests::config_on_success_off_silences_done_but_not_failures ... ok
[INFO] [stdout] test format::tests::command_status_footer_shows_exit_and_duration_after_output ... ok
[INFO] [stdout] test format::tests::compound_sensitive_readers_remain_stage_scoped_and_protected ... ok
[INFO] [stdout] test format::tests::curl_combined_short_head_flag_selects_header_view ... ok
[INFO] [stdout] test format::tests::config_logs_off_does_not_color_log_lines ... ok
[INFO] [stdout] test format::tests::curl_head_truncated_html_formats_verified_prefix_and_keeps_tail ... ok
[INFO] [stdout] test format::tests::config_master_disable_is_pure_passthrough ... ok
[INFO] [stdout] test format::tests::config_separator_off_hides_the_divider ... ok
[INFO] [stdout] test format::tests::control_bytes_in_captured_command_never_reach_the_header_raw ... ok
[INFO] [stdout] test format::tests::csv_records_preserve_multiline_values_and_escaped_quotes ... ok
[INFO] [stdout] test format::tests::ctrl_c_footer_is_a_neutral_notice_never_red ... ok
[INFO] [stdout] test format::tests::df_flag_variants_share_the_schema_aware_view ... ok
[INFO] [stdout] test format::tests::curl_head_uses_restrained_http_metadata_colors ... ok
[INFO] [stdout] test format::tests::custom_sensitive_rule_can_force_dotenv_back_to_raw_passthrough ... ok
[INFO] [stdout] test format::tests::df_uses_semantic_storage_colors_and_handles_multiword_filesystems ... ok
[INFO] [stdout] test format::tests::du_and_df_outputs_highlight_sizes_and_capacity ... ok
[INFO] [stdout] test format::tests::curl_live_progress_keeps_carriage_return_overwrites ... ok
[INFO] [stdout] test format::tests::diff_like_text_without_a_hunk_is_not_reformatted ... ok
[INFO] [stdout] test format::tests::dig_output_highlights_dns_sections_and_records ... ok
[INFO] [stdout] test format::tests::empty_chunk_is_safe ... ok
[INFO] [stdout] test format::tests::curl_transfer_meter_uses_restrained_semantic_colors ... ok
[INFO] [stdout] test format::tests::custom_sensitive_commands_are_token_aware_and_passthrough ... ok
[INFO] [stdout] test format::tests::eof_flush_emits_withheld_non_json_unchanged ... ok
[INFO] [stdout] test format::tests::eof_flush_formats_withheld_complete_json ... ok
[INFO] [stdout] test format::tests::df_learns_gnu_type_and_inode_flag_layouts ... ok
[INFO] [stdout] test format::tests::corpus_common_commands_preserve_every_byte ... ok
[INFO] [stdout] test format::tests::corpus_fixtures_keep_their_content_through_the_colored_command_views ... ok
[INFO] [stdout] test format::tests::dotenv_view_does_not_weaken_other_secret_file_passthrough ... ok
[INFO] [stdout] test format::tests::failed_python_script_does_not_repeat_the_visible_final_exception ... ok
[INFO] [stdout] test format::tests::failed_rm_keeps_failure_footer_and_no_success_breadcrumb ... ok
[INFO] [stdout] test format::tests::every_corpus_fixture_is_wired_to_a_command ... ok
[INFO] [stdout] test format::tests::file_command_name_used_as_an_argument_gets_no_breadcrumb ... ok
[INFO] [stdout] test format::tests::find_eperm_diagnostic_is_not_colored_like_a_path ... ok
[INFO] [stdout] test format::tests::exit_127_footer_explains_command_not_found ... ok
[INFO] [stdout] test format::tests::exit_137_footer_decodes_sigkill ... ok
[INFO] [stdout] test format::tests::eperm_error_is_pinned_when_it_scrolled_away ... ok
[INFO] [stdout] test format::tests::diff_output_is_badged_and_preserves_crlf_without_doubling ... ok
[INFO] [stdout] test format::tests::failed_colored_cargo_build_pins_the_error_line ... ok
[INFO] [stdout] test format::tests::dotenv_examples_use_the_same_view_but_unrelated_output_does_not ... ok
[INFO] [stdout] test format::tests::errno_wording_without_a_tool_prefix_is_left_alone ... ok
[INFO] [stdout] test format::tests::directory_errno_diagnostics_are_colored_as_errors ... ok
[INFO] [stdout] test format::tests::every_sensitive_command_survives_a_stderr_redirect ... ok
[INFO] [stdout] test format::tests::git_log_oneline_gets_hash_and_ref_coloring ... ok
[INFO] [stdout] test format::tests::git_numstat_and_name_status_get_value_coloring ... ok
[INFO] [stdout] test format::tests::git_short_status_gets_status_and_path_coloring ... ok
[INFO] [stdout] test format::tests::failed_pwd_still_gets_failure_footer ... ok
[INFO] [stdout] test format::tests::find_output_gets_path_coloring_without_text_changes ... ok
[INFO] [stdout] test format::tests::formatting_resumes_after_alt_screen_exits ... ok
[INFO] [stdout] test format::tests::git_branch_gets_current_branch_coloring ... ok
[INFO] [stdout] test format::tests::forged_end_command_and_reopen_do_not_inject_a_command_header ... ok
[INFO] [stdout] test format::tests::generic_json_lines_stream_instead_of_buffering_whole_output ... ok
[INFO] [stdout] test format::tests::git_show_stat_keeps_commit_header_and_colors_stats ... ok
[INFO] [stdout] test format::tests::forged_output_markers_do_not_inject_a_command_header ... ok
[INFO] [stdout] test format::tests::getfileinfo_colors_metadata_labels_paths_attributes_and_dates ... ok
[INFO] [stdout] test format::tests::git_branch_delete_warning_is_gold_not_branch_cyan ... ok
[INFO] [stdout] test format::tests::git_diff_stat_gets_file_count_and_change_coloring ... ok
[INFO] [stdout] test format::tests::forged_toggle_from_an_untrusted_command_is_ignored ... ok
[INFO] [stdout] test format::tests::git_status_long_gets_branch_headings_and_paths ... ok
[INFO] [stdout] test format::tests::diskutil_info_colors_aligned_typed_fields ... ok
[INFO] [stdout] test format::tests::grep_classifier_requires_requested_line_numbers ... ok
[INFO] [stdout] test format::tests::grep_colorizer_declines_plain_theme_and_unshaped_lines ... ok
[INFO] [stdout] test format::tests::grep_prose_warnings_and_counts_pass_through ... ok
[INFO] [stdout] test format::tests::killall_failure_and_flagged_forms_do_not_claim_completion ... ok
[INFO] [stdout] test format::tests::head_python_source_gets_syntax_coloring ... ok
[INFO] [stdout] test format::tests::html_output_is_indented_with_badge ... ok
[INFO] [stdout] test format::tests::history_frequency_pipeline_colors_counts_and_commands ... ok
[INFO] [stdout] test format::tests::http_status_split_across_chunks_is_colored_whole ... ok
[INFO] [stdout] test format::tests::history_unknown_transform_pipeline_stays_conservative ... ok
[INFO] [stdout] test format::tests::invalid_utf8_output_passes_through_unframed ... ok
[INFO] [stdout] test format::tests::kubectl_get_pods_colors_failing_status ... ok
[INFO] [stdout] test format::tests::kubectl_get_pods_colors_running_status ... ok
[INFO] [stdout] test format::tests::light_theme_config_uses_the_light_palette ... ok
[INFO] [stdout] test format::tests::log_and_http_lines_are_colored_streaming ... ok
[INFO] [stdout] test format::tests::log_line_split_across_chunks_is_colored_once_whole ... ok
[INFO] [stdout] test format::tests::leading_negation_does_not_hide_a_later_real_failure ... ok
[INFO] [stdout] test format::tests::header_shows_the_colored_command ... ok
[INFO] [stdout] test format::tests::ls_output_gets_command_aware_columns ... ok
[INFO] [stdout] test format::tests::http_response_is_structured_with_body_formatting ... ok
[INFO] [stdout] test format::tests::json_split_across_chunks_is_still_formatted ... ok
[INFO] [stdout] test format::tests::ls_simple_output_distinguishes_hidden_names ... ok
[INFO] [stdout] test format::tests::lsof_corpus_fixture_is_colored_without_losing_a_byte ... ok
[INFO] [stdout] test format::tests::ls_simple_and_long_views_share_filename_semantics ... ok
[INFO] [stdout] test format::tests::lsof_view_covers_flags_and_wrappers_but_not_field_output ... ok
[INFO] [stdout] test format::tests::lsof_heading_lookalikes_from_other_commands_do_not_get_the_table_view ... ok
[INFO] [stdout] test format::tests::grep_option_lookalikes_after_double_dash_do_not_activate ... ok
[INFO] [stdout] test format::tests::history_colors_event_numbers_and_command_syntax ... ok
[INFO] [stdout] test format::tests::json_output_is_pretty_printed_with_separator_and_crlf ... ok
[INFO] [stdout] test format::tests::markdown_composes_raw_html_and_shell_formatters ... ok
[INFO] [stdout] test format::tests::mac_networking_commands_get_command_aware_coloring ... ok
[INFO] [stdout] test format::tests::malformed_csv_falls_back_to_the_original_bytes ... ok
[INFO] [stdout] test format::tests::nearby_error_is_never_repeated_for_any_exit_class ... ok
[INFO] [stdout] test format::tests::networksetup_output_gets_label_and_value_coloring ... ok
[INFO] [stdout] test format::tests::nl_known_json_and_html_files_keep_content_aware_coloring ... ok
[INFO] [stdout] test format::tests::markdown_tracks_html_and_unknown_fences_without_markdown_leakage ... ok
[INFO] [stdout] test format::tests::mysql_boxed_result_table_gets_value_coloring ... ok
[INFO] [stdout] test format::tests::nl_markdown_colors_the_gutter_and_reuses_the_document_formatter ... ok
[INFO] [stdout] test format::tests::more_formats_complete_file_lines_but_keeps_pager_prompts_live ... ok
[INFO] [stdout] test format::tests::nl_without_a_known_file_only_styles_its_metadata_gutter ... ok
[INFO] [stdout] test format::tests::no_command_marker_means_no_bypass_and_dash_header ... ok
[INFO] [stdout] test format::tests::non_json_output_is_framed_but_unchanged ... ok
[INFO] [stdout] test format::tests::non_tty_supervisor_output_disables_formatting ... ok
[INFO] [stdout] test format::tests::nul_after_text_committed_still_streams_verbatim ... ok
[INFO] [stdout] test format::tests::kubectl_non_pod_output_passes_through ... ok
[INFO] [stdout] test format::tests::off_toggle_pauses_formatting_and_on_resumes ... ok
[INFO] [stdout] test format::tests::off_toggle_flushes_a_held_buffer_without_dropping_bytes ... ok
[INFO] [stdout] test format::tests::other_sensitive_commands_are_passthrough_and_never_pinned ... ok
[INFO] [stdout] test format::tests::output_outside_any_command_is_untouched ... ok
[INFO] [stdout] test format::tests::oversized_pretty_json_is_released_unformatted ... ok
[INFO] [stdout] test format::tests::password_prompt_output_is_never_touched ... ok
[INFO] [stdout] test format::tests::ping_colors_live_replies_and_macos_statistics_semantically ... ok
[INFO] [stdout] test format::tests::no_separator_for_empty_command_output ... ok
[INFO] [stdout] test format::tests::man_overstrike_output_is_cleaned_and_highlighted ... ok
[INFO] [stdout] test format::tests::pinned_line_is_truncated_on_a_char_boundary ... ok
[INFO] [stdout] test format::tests::name_registered_views_still_ignore_operators ... ok
[INFO] [stdout] test format::tests::lsof_marks_protocol_socket_state_and_descriptors_on_deleted_files ... ok
[INFO] [stdout] test format::tests::non_bypassed_command_still_formats_json ... ok
[INFO] [stdout] test format::tests::piped_diskutil_info_keeps_the_report_view_but_plist_declines_it ... ok
[INFO] [stdout] test format::tests::lsof_names_with_multibyte_paths_stay_intact ... ok
[INFO] [stdout] test format::tests::nl_flags_and_safe_pipelines_keep_numbered_code_semantics ... ok
[INFO] [stdout] test format::tests::lsof_output_without_a_heading_is_left_alone ... ok
[INFO] [stdout] test format::tests::ping_handles_linux_loss_ipv6_timeouts_and_unreachable_errors ... ok
[INFO] [stdout] test format::tests::pipeline_status_does_not_replace_real_nonzero_failure ... ok
[INFO] [stdout] test format::tests::plain_grep_without_line_numbers_is_left_alone ... ok
[INFO] [stdout] test format::tests::pretty_cap_does_not_touch_line_preserving_formatters ... ok
[INFO] [stdout] test format::tests::pretty_cap_zero_disables_the_guard ... ok
[INFO] [stdout] test format::tests::prompt_and_input_are_never_formatted ... ok
[INFO] [stdout] test format::tests::plain_macos_ps_uses_its_header_schema_instead_of_aux_positions ... ok
[INFO] [stdout] test format::tests::output_that_looks_like_json_but_isnt_passes_through ... ok
[INFO] [stdout] test format::tests::private_metadata_overrides_forged_in_band_command_and_status ... ok
[INFO] [stdout] test format::tests::pipeline_stage_failure_warns_even_when_final_exit_is_zero ... ok
[INFO] [stdout] test format::tests::pipes_and_stdout_redirects_still_decline_the_shell_parsed_views ... ok
[INFO] [stdout] test format::tests::prop_arbitrary_config_is_safe ... ok
[INFO] [stdout] test format::tests::line_count_counts_terminal_lines ... ok
[INFO] [stdout] test format::tests::prop_path_qualified_secret_readers_stay_sensitive ... ok
[INFO] [stdout] test format::tests::prop_passthrough_is_byte_identical ... ok
[INFO] [stdout] test format::tests::prop_non_stderr_operators_are_never_stripped ... ok
[INFO] [stdout] test format::tests::prop_diagnostic_shaped_line_is_byte_safe ... ok
[INFO] [stdout] test format::tests::prop_cli_diagnostic_line_is_byte_safe ... ok
[INFO] [stdout] test format::tests::prop_stderr_redirection_stripper_is_safe ... ok
[INFO] [stdout] test format::tests::prop_eof_flush_preserves_user_bytes ... ok
[INFO] [stdout] test format::tests::prop_stderr_stripping_only_removes_whole_words ... ok
[INFO] [stdout] test format::tests::ps_custom_columns_follow_the_declared_header_order ... ok
[INFO] [stdout] test format::tests::ps_output_highlights_process_columns ... ok
[INFO] [stdout] test format::tests::ps_tables_inside_shell_loops_are_detected_and_keep_long_start_aligned ... ok
[INFO] [stdout] test format::tests::psql_result_table_gets_value_coloring ... ok
[INFO] [stdout] test format::tests::psv_files_get_the_same_adaptive_table_view ... ok
[INFO] [stdout] test format::tests::quoted_redirect_lookalikes_are_not_stripped ... ok
[INFO] [stdout] test format::tests::ps_text_used_as_an_argument_does_not_select_the_process_view ... ok
[INFO] [stdout] test format::tests::sensitive_command_registry_does_not_catch_neighbor_commands ... ok
[INFO] [stdout] test format::tests::rg_column_matches_get_column_field_coloring ... ok
[INFO] [stdout] test format::tests::security_password_reveal_output_is_passthrough_and_never_pinned ... ok
[INFO] [stdout] test format::tests::sensitive_command_registry_catches_secret_printing_tools ... ok
[INFO] [stdout] test format::tests::sigterm_footer_is_a_notice_without_failure_recap ... ok
[INFO] [stdout] test format::tests::silent_nonzero_command_gets_failure_summary ... ok
[INFO] [stdout] test format::tests::prop_suspended_stream_is_verbatim ... ok
[INFO] [stdout] test format::tests::separator_carries_timestamp_with_a_clock ... ok
[INFO] [stdout] test format::tests::stack_trace_panic_line_is_highlighted_streaming ... ok
[INFO] [stdout] test format::tests::stalled_buffer_candidate_declines_formatting_for_prompt_liveness ... ok
[INFO] [stdout] test format::tests::stalled_http_response_formats_identically_to_an_unstalled_one ... ok
[INFO] [stdout] test format::tests::stalled_http_response_survives_the_gap_between_headers_and_body ... ok
[INFO] [stdout] test format::tests::separator_owed_across_a_chunk_boundary ... ok
[INFO] [stdout] test format::tests::rg_matches_get_path_line_and_separator_coloring ... ok
[INFO] [stdout] test format::tests::successful_negated_command_is_a_notice_not_a_failure ... ok
[INFO] [stdout] test format::tests::successful_noop_prone_file_commands_make_no_state_change_claim ... ok
[INFO] [stdout] test format::tests::successful_pwd_gets_working_directory_without_done_footer ... ok
[INFO] [stdout] test format::tests::successful_rm_gets_a_conservative_target_breadcrumb_without_done_footer ... ok
[INFO] [stdout] test format::tests::successful_silent_cd_gets_a_moved_breadcrumb ... ok
[INFO] [stdout] test format::tests::successful_touch_gets_a_file_breadcrumb_without_done_footer ... ok
[INFO] [stdout] test format::tests::successful_mkdir_gets_a_folder_breadcrumb_without_done_footer ... ok
[INFO] [stdout] test format::tests::the_header_body_split_accepts_every_line_ending_a_pty_can_produce ... ok
[INFO] [stdout] test format::tests::prop_non_json_output_preserves_user_bytes ... ok
[INFO] [stdout] test format::tests::two_consecutive_json_outputs_each_framed_and_formatted ... ok
[INFO] [stdout] test format::tests::successful_killall_gets_a_conservative_process_breadcrumb ... ok
[INFO] [stdout] test format::tests::unknown_toggle_bodies_are_ignored ... ok
[INFO] [stdout] test format::tests::unterminated_final_line_flushes_verbatim_uncolored ... ok
[INFO] [stdout] test format::tests::utf8_multibyte_split_across_chunks_is_not_treated_as_binary ... ok
[INFO] [stdout] test format::tests::valid_utf8_unicode_output_is_framed_as_text ... ok
[INFO] [stdout] test format::tests::whatis_colors_names_sections_aliases_and_descriptions ... ok
[INFO] [stdout] test format::tests::sqlite_pipe_result_table_gets_value_coloring ... ok
[INFO] [stdout] test format::tests::ssh_auth_logs_survive_a_grep_tail_pipeline_with_a_password_pattern ... ok
[INFO] [stdout] test format::tests::whereis_distinguishes_command_executable_and_manual_locations ... ok
[INFO] [stdout] test format::tests::stalled_no_newline_prompt_is_released_before_command_end ... ok
[INFO] [stdout] test format::tests::whitespace_only_output_is_still_framed ... ok
[INFO] [stdout] test format::tests::whitespace_then_binary_gets_no_separator ... ok
[INFO] [stdout] test format::tests::whois_filtered_pipeline_uses_restrained_field_colors ... ok
[INFO] [stdout] test format::tests::wide_csv_becomes_complete_readable_records_without_truncation ... ok
[INFO] [stdout] test format::tests::whois_flags_and_filtered_pipelines_share_one_view ... ok
[INFO] [stdout] test format::tests::whois_full_output_colors_network_status_dates_and_comments ... ok
[INFO] [stdout] test format::tests::xattr_long_view_colors_attribute_names_and_values_only_with_long_flag ... ok
[INFO] [stdout] test format::tests::zone_advances_through_process ... ok
[INFO] [stdout] test format::tests::touch_multiple_arguments_does_not_claim_distinct_files ... ok
[INFO] [stdout] test init::tests::bash_snippet_installs_debug_and_prompt_command_hooks ... ok
[INFO] [stdout] test format::tests::zsh_unmatched_glob_is_a_shell_diagnostic_with_the_pattern_preserved ... ok
[INFO] [stdout] test init::tests::bash_snippet_emits_output_markers ... ok
[INFO] [stdout] test init::tests::bash_snippet_guards_nesting_and_off_switch ... ok
[INFO] [stdout] test init::tests::print_init_rejects_unknown_and_missing_shell ... ok
[INFO] [stdout] test format::tests::buffer_cap_overflow_streams_verbatim ... ok
[INFO] [stdout] test init::tests::zsh_snippet_disables_partial_line_indicator ... ok
[INFO] [stdout] test init::tests::zsh_snippet_emits_output_markers ... ok
[INFO] [stdout] test init::tests::zsh_snippet_guards_nesting_and_off_switch ... ok
[INFO] [stdout] test init::tests::zsh_snippet_yields_curl_header_styling_to_glimps ... ok
[INFO] [stdout] test init::tests::bash_snippet_is_robust_to_other_tools_and_pipelines ... ok
[INFO] [stdout] test metadata::tests::channel_drains_incrementally_between_commands ... ok
[INFO] [stdout] test metadata::tests::draining_never_truncates_a_concurrent_writers_channel ... ok
[INFO] [stdout] test format::tests::very_long_line_streams_verbatim_without_coloring ... ok
[INFO] [stdout] test format::tests::prop_text_and_ansi_preserve_every_byte ... ok
[INFO] [stdout] test init::tests::bash_snippet_yields_external_curl_header_styling_to_glimps ... ok
[INFO] [stdout] test setup::tests::affirmative_answers_are_narrow ... ok
[INFO] [stdout] test metadata::tests::parses_binary_safe_command_and_result_records ... ok
[INFO] [stdout] test setup::tests::empty_rc_gets_no_trailing_blank_line ... ok
[INFO] [stdout] test format::tests::prop_loose_secret_detection_is_never_lost ... ok
[INFO] [stdout] test init::tests::zsh_snippet_never_touches_the_prompt ... ok
[INFO] [stdout] test setup::tests::integration_is_inserted_at_the_top_and_preserves_content ... ok
[INFO] [stdout] test setup::tests::sibling_paths_stay_in_the_rc_directory_and_need_a_file_name ... ok
[INFO] [stdout] test setup::tests::write_replacing_replaces_content_and_cleans_up_temp_files ... ok
[INFO] [stdout] test init::tests::bash_snippet_never_touches_the_prompt ... ok
[INFO] [stdout] test setup::tests::backups_never_clobber_an_existing_backup ... ok
[INFO] [stdout] test format::tests::prop_binary_output_is_passed_through_verbatim ... ok
[INFO] [stdout] test format::tests::prop_http_run_that_turns_binary_is_byte_safe ... ok
[INFO] [stdout] test format::json::tests::prop_plain_output_round_trips_to_same_value ... ok
[INFO] [stdout] test format::tests::prop_colored_command_views_preserve_every_byte ... ok
[INFO] [stdout] test format::tests::latency_budget_holds_for_a_colored_command_table ... ok
[INFO] [stdout] test format::tests::latency_budget_no_pathological_blowup ... ok
[INFO] [stdout] 
[INFO] [stdout] test result: ok. 451 passed; 0 failed; 0 ignored; 0 measured; 0 filtered out; finished in 0.61s
[INFO] [stdout] 
[INFO] [stderr]      Running unittests src/main.rs (/opt/rustwide/target/release/deps/glimps-0074fcafb1adf8dc)
[INFO] [stdout] 
[INFO] [stdout] running 3 tests
[INFO] [stdout] test tests::farewell_pool_has_enough_variety_to_feel_alive ... ok
[INFO] [stdout] test tests::farewell_picker_uses_the_message_pool ... ok
[INFO] [stdout] test tests::supported_shell_check_uses_the_executable_basename ... ok
[INFO] [stdout] 
[INFO] [stdout] test result: ok. 3 passed; 0 failed; 0 ignored; 0 measured; 0 filtered out; finished in 0.00s
[INFO] [stdout] 
[INFO] [stderr]      Running tests/pty_integration.rs (/opt/rustwide/target/release/deps/pty_integration-ff253d1ed2eb4421)
[INFO] [stdout] 
[INFO] [stdout] running 26 tests
[INFO] [stdout] test binary_output_is_not_framed ... ok
[INFO] [stdout] test htaccess_file_is_colored_end_to_end ... ok
[INFO] [stdout] test dotenv_file_is_colored_end_to_end ... ok
[INFO] [stdout] test custom_prompt_grep_tail_auth_logs_are_colored_end_to_end ... ok
[INFO] [stdout] test gitignore_file_is_colored_end_to_end ... ok
[INFO] [stdout] test more_formats_file_lines_without_hiding_the_live_pager_prompt ... ok
[INFO] [stdout] test failed_command_footer_pins_the_error_line_end_to_end ... ok
[INFO] [stdout] test failed_command_footer_decodes_exit_127_end_to_end ... ok
[INFO] [stdout] test cat_redirect_hint_is_visible_before_input_and_never_enters_the_file ... ok
[INFO] [stdout] test json_output_is_formatted_end_to_end ... ok
[INFO] [stdout] test zsh_bulk_delete_confirmation_is_visible_before_reply ... ok
[INFO] [stdout] test successful_negated_command_is_not_reported_as_failed_end_to_end ... ok
[INFO] [stdout] test private_metadata_path_is_not_inherited_by_commands ... ok
[INFO] [stdout] test off_and_on_toggle_formatting_end_to_end ... ok
[INFO] [stdout] test no_newline_interactive_prompt_is_visible_before_reply ... ok
[INFO] [stdout] test pipeline_stage_failure_warns_even_when_shell_exit_is_zero ... ok
[INFO] [stdout] test zsh_tab_completion_still_reaches_the_inner_shell ... ok
[INFO] [stdout] test slow_html_chunks_are_formatted_end_to_end ... ok
[INFO] [stdout] test bash_json_output_is_formatted_end_to_end ... ok
[INFO] [stdout] test bash_pipeline_stage_failure_warns_even_when_shell_exit_is_zero ... ok
[INFO] [stdout] test exit_after_failed_command_still_prints_farewell ... ok
[INFO] [stdout] test ctrl_d_terminates ... ok
[INFO] [stdout] test exit_command_terminates ... ok
[INFO] [stdout] test farewell_config_switch_silences_clean_exit_message ... ok
[INFO] [stdout] test sigterm_terminates_and_reaps ... ok
[INFO] [stderr] error: test failed, to rerun pass `--test pty_integration`
[INFO] [stdout] test sigterm_kills_a_hup_ignoring_foreground_process ... FAILED
[INFO] [stdout] 
[INFO] [stdout] failures:
[INFO] [stdout] 
[INFO] [stdout] ---- sigterm_kills_a_hup_ignoring_foreground_process stdout ----
[INFO] [stdout] 
[INFO] [stdout] thread 'sigterm_kills_a_hup_ignoring_foreground_process' (2809) panicked at tests/pty_integration.rs:439:9:
[INFO] [stdout] foreground process 2871 survived GLIMPS shutdown
[INFO] [stdout] stack backtrace:
[INFO] [stdout]    0:     0x5f0ce3daa9e5 - <unknown>
[INFO] [stdout]    1:     0x5f0ce3d8833a - <unknown>
[INFO] [stdout]    2:     0x5f0ce3daa07b - <unknown>
[INFO] [stdout]    3:     0x5f0ce3da9b5f - <unknown>
[INFO] [stdout]    4:     0x5f0ce3da978a - <unknown>
[INFO] [stdout]    5:     0x5f0ce3da92c2 - <unknown>
[INFO] [stdout]    6:     0x5f0ce3dd0171 - <unknown>
[INFO] [stdout]    7:     0x5f0ce3dd0129 - <unknown>
[INFO] [stdout]    8:     0x5f0ce3dd063c - <unknown>
[INFO] [stdout]    9:     0x5f0ce3d881cb - <unknown>
[INFO] [stdout]   10:     0x5f0ce3d81978 - <unknown>
[INFO] [stdout]   11:     0x5f0ce3dec58b - <unknown>
[INFO] [stdout]   12:     0x5f0ce3de8701 - <unknown>
[INFO] [stdout]   13:     0x5f0ce3de7eec - <unknown>
[INFO] [stdout]   14:     0x5f0ce3e0422c - <unknown>
[INFO] [stdout]   15:     0x5f0ce3dd1e52 - <unknown>
[INFO] [stdout]   16:     0x780214101dfa - <unknown>
[INFO] [stdout]   17:     0x7802141953d4 - clone
[INFO] [stdout]   18:                0x0 - <unknown>
[INFO] [stdout] 
[INFO] [stdout] 
[INFO] [stdout] failures:
[INFO] [stdout]     sigterm_kills_a_hup_ignoring_foreground_process
[INFO] [stdout] 
[INFO] [stdout] test result: FAILED. 25 passed; 1 failed; 0 ignored; 0 measured; 0 filtered out; finished in 4.11s
[INFO] [stdout] 
[INFO] running `Command { std: "docker" "inspect" "6c61fe981ff18f5c815c5c0837a1ad60b718e4611bce58128fb576a3751cfd7c", kill_on_drop: false }`
[INFO] running `Command { std: "docker" "rm" "-f" "6c61fe981ff18f5c815c5c0837a1ad60b718e4611bce58128fb576a3751cfd7c", kill_on_drop: false }`
[INFO] [stdout] 6c61fe981ff18f5c815c5c0837a1ad60b718e4611bce58128fb576a3751cfd7c
