[INFO] fetching crate gleif-rs 0.2.1...
[INFO] testing gleif-rs-0.2.1 against 1.99.0-beta.8+cargoflags=--release for beta-release-1.100-2
[INFO] extracting crate gleif-rs 0.2.1 into /workspace/builds/worker-7-tc1/source
[INFO] started tweaking crates.io crate gleif-rs 0.2.1
[INFO] removed 0 missing tests
[INFO] finished tweaking crates.io crate gleif-rs 0.2.1
[INFO] tweaked toml for crates.io crate gleif-rs 0.2.1 written to /workspace/builds/worker-7-tc1/source/Cargo.toml
[INFO] validating manifest of crates.io crate gleif-rs 0.2.1 on toolchain 1.99.0-beta.8
[INFO] running `Command { std: CARGO_HOME="/workspace/cargo-home" RUSTUP_HOME="/workspace/rustup-home" "/workspace/cargo-home/bin/cargo" "+1.99.0-beta.8" "metadata" "--manifest-path" "Cargo.toml" "--no-deps", kill_on_drop: false }`
[INFO] crate crates.io crate gleif-rs 0.2.1 already has a lockfile, it will not be regenerated
[INFO] running `Command { std: CARGO_HOME="/workspace/cargo-home" RUSTUP_HOME="/workspace/rustup-home" "/workspace/cargo-home/bin/cargo" "+1.99.0-beta.8" "fetch" "--manifest-path" "Cargo.toml", kill_on_drop: false }`
[INFO] [stderr]  Downloading crates ...
[INFO] [stderr]   Downloaded retry-policies v0.4.0
[INFO] [stderr]   Downloaded reqwest-retry v0.7.0
[INFO] [stderr]   Downloaded reqwest-middleware v0.4.2
[INFO] [stderr]   Downloaded hyper-rustls v0.27.6
[INFO] [stderr]   Downloaded reqwest v0.12.18
[INFO] [stderr]   Downloaded hyper-util v0.1.13
[INFO] [stderr]   Downloaded tower-http v0.6.4
[INFO] running `Command { std: "docker" "create" "-v" "/var/lib/crater-agent-workspace/builds/worker-7-tc1/source:/opt/rustwide/workdir:ro,Z" "-v" "/var/lib/crater-agent-workspace/builds/worker-7-tc1/target:/opt/rustwide/target:rw,Z" "-v" "/var/lib/crater-agent-workspace/cargo-home:/opt/rustwide/cargo-home:ro,Z" "-v" "/var/lib/crater-agent-workspace/rustup-home:/opt/rustwide/rustup-home:ro,Z" "-m" "1610612736" "--network" "none" "ghcr.io/rust-lang/crates-build-env/linux@sha256:77db811e55d90add9212f6832c23229e3de5f1c1f9905e8cb07319ea15df73ac" "sleep" "infinity", kill_on_drop: false }`
[INFO] [stdout] c9db86f640af3c28a2df772a08034e15f86ba6f60d2efe106fa616db8ca1673d
[INFO] running `Command { std: "docker" "start" "c9db86f640af3c28a2df772a08034e15f86ba6f60d2efe106fa616db8ca1673d", kill_on_drop: false }`
[INFO] running `Command { std: "docker" "inspect" "c9db86f640af3c28a2df772a08034e15f86ba6f60d2efe106fa616db8ca1673d", kill_on_drop: false }`
[INFO] running `Command { std: "docker" "exec" "-e" "SOURCE_DIR=/opt/rustwide/workdir" "-e" "CARGO_HOME=/opt/rustwide/cargo-home" "-e" "RUSTUP_HOME=/opt/rustwide/rustup-home" "-e" "CARGO_TARGET_DIR=/opt/rustwide/target" "-w" "/opt/rustwide/workdir" "--user" "0:0" "c9db86f640af3c28a2df772a08034e15f86ba6f60d2efe106fa616db8ca1673d" "/opt/rustwide/cargo-home/bin/cargo" "+1.99.0-beta.8" "metadata" "--no-deps" "--format-version=1", kill_on_drop: false }`
[INFO] running `Command { std: "docker" "inspect" "c9db86f640af3c28a2df772a08034e15f86ba6f60d2efe106fa616db8ca1673d", kill_on_drop: false }`
[INFO] running `Command { std: "docker" "exec" "-e" "SOURCE_DIR=/opt/rustwide/workdir" "-e" "CARGO_HOME=/opt/rustwide/cargo-home" "-e" "RUSTUP_HOME=/opt/rustwide/rustup-home" "-e" "CARGO_TARGET_DIR=/opt/rustwide/target" "-e" "CARGO_INCREMENTAL=0" "-e" "RUST_BACKTRACE=full" "-e" "RUSTFLAGS=--cap-lints=warn" "-e" "RUSTDOCFLAGS=--cap-lints=warn" "-w" "/opt/rustwide/workdir" "--user" "0:0" "c9db86f640af3c28a2df772a08034e15f86ba6f60d2efe106fa616db8ca1673d" "/opt/rustwide/cargo-home/bin/cargo" "+1.99.0-beta.8" "build" "--frozen" "--message-format=json" "--release", kill_on_drop: false }`
[INFO] [stderr]    Compiling proc-macro2 v1.0.95
[INFO] [stderr]    Compiling unicode-ident v1.0.18
[INFO] [stderr]    Compiling libc v0.2.172
[INFO] [stderr]    Compiling stable_deref_trait v1.2.0
[INFO] [stderr]    Compiling bytes v1.10.1
[INFO] [stderr]    Compiling pin-project-lite v0.2.16
[INFO] [stderr]    Compiling autocfg v1.4.0
[INFO] [stderr]    Compiling futures-core v0.3.31
[INFO] [stderr]    Compiling itoa v1.0.15
[INFO] [stderr]    Compiling cc v1.2.24
[INFO] [stderr]    Compiling once_cell v1.21.3
[INFO] [stderr]    Compiling fnv v1.0.7
[INFO] [stderr]    Compiling writeable v0.6.1
[INFO] [stderr]    Compiling smallvec v1.15.0
[INFO] [stderr]    Compiling litemap v0.8.0
[INFO] [stderr]    Compiling slab v0.4.9
[INFO] [stderr]    Compiling quote v1.0.40
[INFO] [stderr]    Compiling icu_properties_data v2.0.1
[INFO] [stderr]    Compiling pin-utils v0.1.0
[INFO] [stderr]    Compiling futures-task v0.3.31
[INFO] [stderr]    Compiling icu_normalizer_data v2.0.0
[INFO] [stderr]    Compiling syn v2.0.101
[INFO] [stderr]    Compiling http v1.3.1
[INFO] [stderr]    Compiling futures-util v0.3.31
[INFO] [stderr]    Compiling tracing-core v0.1.33
[INFO] [stderr]    Compiling percent-encoding v2.3.1
[INFO] [stderr]    Compiling futures-sink v0.3.31
[INFO] [stderr]    Compiling openssl v0.10.73
[INFO] [stderr]    Compiling mio v1.0.4
[INFO] [stderr]    Compiling socket2 v0.5.10
[INFO] [stderr]    Compiling serde v1.0.219
[INFO] [stderr]    Compiling equivalent v1.0.2
[INFO] [stderr]    Compiling foreign-types-shared v0.1.1
[INFO] [stderr]    Compiling cfg-if v1.0.0
[INFO] [stderr]    Compiling bitflags v2.9.1
[INFO] [stderr]    Compiling hashbrown v0.15.3
[INFO] [stderr]    Compiling tokio v1.45.1
[INFO] [stderr]    Compiling httparse v1.10.1
[INFO] [stderr]    Compiling foreign-types v0.3.2
[INFO] [stderr]    Compiling tracing v0.1.41
[INFO] [stderr]    Compiling openssl-sys v0.9.109
[INFO] [stderr]    Compiling http-body v1.0.1
[INFO] [stderr]    Compiling atomic-waker v1.1.2
[INFO] [stderr]    Compiling tower-service v0.3.3
[INFO] [stderr]    Compiling try-lock v0.2.5
[INFO] [stderr]    Compiling want v0.3.1
[INFO] [stderr]    Compiling futures-channel v0.3.31
[INFO] [stderr]    Compiling indexmap v2.9.0
[INFO] [stderr]    Compiling native-tls v0.2.14
[INFO] [stderr]    Compiling log v0.4.27
[INFO] [stderr]    Compiling openssl-probe v0.1.6
[INFO] [stderr]    Compiling form_urlencoded v1.2.1
[INFO] [stderr]    Compiling sync_wrapper v1.0.2
[INFO] [stderr]    Compiling utf8_iter v1.0.4
[INFO] [stderr]    Compiling tower-layer v0.3.3
[INFO] [stderr]    Compiling ryu v1.0.20
[INFO] [stderr]    Compiling ipnet v2.11.0
[INFO] [stderr]    Compiling base64 v0.22.1
[INFO] [stderr]    Compiling serde_json v1.0.140
[INFO] [stderr]    Compiling http-body-util v0.1.3
[INFO] [stderr]    Compiling num-traits v0.2.19
[INFO] [stderr]    Compiling iri-string v0.7.8
[INFO] [stderr]    Compiling zeroize v1.8.1
[INFO] [stderr]    Compiling memchr v2.7.4
[INFO] [stderr]    Compiling anyhow v1.0.98
[INFO] [stderr]    Compiling rustls-pki-types v1.12.0
[INFO] [stderr]    Compiling thiserror v1.0.69
[INFO] [stderr]    Compiling encoding_rs v0.8.35
[INFO] [stderr]    Compiling mime v0.3.17
[INFO] [stderr]    Compiling iana-time-zone v0.1.63
[INFO] [stderr]    Compiling synstructure v0.13.2
[INFO] [stderr]    Compiling zerofrom-derive v0.1.6
[INFO] [stderr]    Compiling yoke-derive v0.8.0
[INFO] [stderr]    Compiling zerovec-derive v0.11.1
[INFO] [stderr]    Compiling displaydoc v0.2.5
[INFO] [stderr]    Compiling openssl-macros v0.1.1
[INFO] [stderr]    Compiling serde_derive v1.0.219
[INFO] [stderr]    Compiling thiserror-impl v1.0.69
[INFO] [stderr]    Compiling async-trait v0.1.88
[INFO] [stderr]    Compiling zerofrom v0.1.6
[INFO] [stderr]    Compiling yoke v0.8.0
[INFO] [stderr]    Compiling tokio-util v0.7.15
[INFO] [stderr]    Compiling tower v0.5.2
[INFO] [stderr]    Compiling zerovec v0.11.2
[INFO] [stderr]    Compiling zerotrie v0.2.2
[INFO] [stderr]    Compiling h2 v0.4.10
[INFO] [stderr]    Compiling tower-http v0.6.4
[INFO] [stderr]    Compiling tinystr v0.8.1
[INFO] [stderr]    Compiling potential_utf v0.1.2
[INFO] [stderr]    Compiling icu_collections v2.0.0
[INFO] [stderr]    Compiling icu_locale_core v2.0.0
[INFO] [stderr]    Compiling icu_provider v2.0.0
[INFO] [stderr]    Compiling icu_normalizer v2.0.0
[INFO] [stderr]    Compiling icu_properties v2.0.1
[INFO] [stderr]    Compiling tokio-native-tls v0.3.1
[INFO] [stderr]    Compiling idna_adapter v1.2.1
[INFO] [stderr]    Compiling idna v1.0.3
[INFO] [stderr]    Compiling serde_urlencoded v0.7.1
[INFO] [stderr]    Compiling chrono v0.4.41
[INFO] [stderr]    Compiling url v2.5.4
[INFO] [stderr]    Compiling hyper v1.6.0
[INFO] [stderr]    Compiling hyper-util v0.1.13
[INFO] [stderr]    Compiling hyper-tls v0.6.0
[INFO] [stderr]    Compiling reqwest v0.12.18
[INFO] [stderr]    Compiling reqwest-middleware v0.4.2
[INFO] [stderr]    Compiling gleif-rs v0.2.1 (/opt/rustwide/workdir)
[INFO] [stderr]     Finished `release` profile [optimized] target(s) in 1m 35s
[INFO] running `Command { std: "docker" "inspect" "c9db86f640af3c28a2df772a08034e15f86ba6f60d2efe106fa616db8ca1673d", kill_on_drop: false }`
[INFO] running `Command { std: "docker" "exec" "-e" "SOURCE_DIR=/opt/rustwide/workdir" "-e" "CARGO_HOME=/opt/rustwide/cargo-home" "-e" "RUSTUP_HOME=/opt/rustwide/rustup-home" "-e" "CARGO_TARGET_DIR=/opt/rustwide/target" "-e" "CARGO_INCREMENTAL=0" "-e" "RUST_BACKTRACE=full" "-e" "RUSTFLAGS=--cap-lints=warn" "-e" "RUSTDOCFLAGS=--cap-lints=warn" "-w" "/opt/rustwide/workdir" "--user" "0:0" "c9db86f640af3c28a2df772a08034e15f86ba6f60d2efe106fa616db8ca1673d" "/opt/rustwide/cargo-home/bin/cargo" "+1.99.0-beta.8" "test" "--frozen" "--no-run" "--message-format=json" "--release", kill_on_drop: false }`
[INFO] [stderr]    Compiling cfg-if v1.0.0
[INFO] [stderr]    Compiling smallvec v1.15.0
[INFO] [stderr]    Compiling pin-project-lite v0.2.16
[INFO] [stderr]    Compiling futures-core v0.3.31
[INFO] [stderr]    Compiling stable_deref_trait v1.2.0
[INFO] [stderr]    Compiling lock_api v0.4.12
[INFO] [stderr]    Compiling libc v0.2.172
[INFO] [stderr]    Compiling zerofrom v0.1.6
[INFO] [stderr]    Compiling parking_lot_core v0.9.10
[INFO] [stderr]    Compiling bytes v1.10.1
[INFO] [stderr]    Compiling yoke v0.8.0
[INFO] [stderr]    Compiling futures-sink v0.3.31
[INFO] [stderr]    Compiling scopeguard v1.2.0
[INFO] [stderr]    Compiling itoa v1.0.15
[INFO] [stderr]    Compiling slab v0.4.9
[INFO] [stderr]    Compiling tokio-macros v2.5.0
[INFO] [stderr]    Compiling memchr v2.7.4
[INFO] [stderr]    Compiling once_cell v1.21.3
[INFO] [stderr]    Compiling futures-channel v0.3.31
[INFO] [stderr]    Compiling zerovec v0.11.2
[INFO] [stderr]    Compiling futures-macro v0.3.31
[INFO] [stderr]    Compiling pin-utils v0.1.0
[INFO] [stderr]    Compiling futures-task v0.3.31
[INFO] [stderr]    Compiling fnv v1.0.7
[INFO] [stderr]    Compiling futures-io v0.3.31
[INFO] [stderr]    Compiling writeable v0.6.1
[INFO] [stderr]    Compiling litemap v0.8.0
[INFO] [stderr]    Compiling signal-hook-registry v1.4.5
[INFO] [stderr]    Compiling mio v1.0.4
[INFO] [stderr]    Compiling socket2 v0.5.10
[INFO] [stderr]    Compiling parking_lot v0.12.3
[INFO] [stderr]    Compiling http v1.3.1
[INFO] [stderr]    Compiling futures-util v0.3.31
[INFO] [stderr]    Compiling zerotrie v0.2.2
[INFO] [stderr]    Compiling tracing-core v0.1.33
[INFO] [stderr]    Compiling tokio v1.45.1
[INFO] [stderr]    Compiling tracing-attributes v0.1.28
[INFO] [stderr]    Compiling hashbrown v0.15.3
[INFO] [stderr]    Compiling equivalent v1.0.2
[INFO] [stderr]    Compiling tinystr v0.8.1
[INFO] [stderr]    Compiling potential_utf v0.1.2
[INFO] [stderr]    Compiling icu_collections v2.0.0
[INFO] [stderr]    Compiling icu_locale_core v2.0.0
[INFO] [stderr]    Compiling foreign-types-shared v0.1.1
[INFO] [stderr]    Compiling percent-encoding v2.3.1
[INFO] [stderr]    Compiling http-body v1.0.1
[INFO] [stderr]    Compiling bitflags v2.9.1
[INFO] [stderr]    Compiling indexmap v2.9.0
[INFO] [stderr]    Compiling foreign-types v0.3.2
[INFO] [stderr]    Compiling icu_normalizer_data v2.0.0
[INFO] [stderr]    Compiling icu_properties_data v2.0.1
[INFO] [stderr]    Compiling openssl-sys v0.9.109
[INFO] [stderr]    Compiling tracing v0.1.41
[INFO] [stderr]    Compiling try-lock v0.2.5
[INFO] [stderr]    Compiling atomic-waker v1.1.2
[INFO] [stderr]    Compiling tower-service v0.3.3
[INFO] [stderr]    Compiling want v0.3.1
[INFO] [stderr]    Compiling serde v1.0.219
[INFO] [stderr]    Compiling icu_provider v2.0.0
[INFO] [stderr]    Compiling httparse v1.10.1
[INFO] [stderr]    Compiling icu_normalizer v2.0.0
[INFO] [stderr]    Compiling icu_properties v2.0.1
[INFO] [stderr]    Compiling log v0.4.27
[INFO] [stderr]    Compiling zerocopy v0.8.25
[INFO] [stderr]    Compiling openssl v0.10.73
[INFO] [stderr]    Compiling openssl-probe v0.1.6
[INFO] [stderr]    Compiling form_urlencoded v1.2.1
[INFO] [stderr]    Compiling sync_wrapper v1.0.2
[INFO] [stderr]    Compiling utf8_iter v1.0.4
[INFO] [stderr]    Compiling ipnet v2.11.0
[INFO] [stderr]    Compiling base64 v0.22.1
[INFO] [stderr]    Compiling tower-layer v0.3.3
[INFO] [stderr]    Compiling ryu v1.0.20
[INFO] [stderr]    Compiling idna_adapter v1.2.1
[INFO] [stderr]    Compiling idna v1.0.3
[INFO] [stderr]    Compiling http-body-util v0.1.3
[INFO] [stderr]    Compiling getrandom v0.2.16
[INFO] [stderr]    Compiling zeroize v1.8.1
[INFO] [stderr]    Compiling iri-string v0.7.8
[INFO] [stderr]    Compiling rand_core v0.6.4
[INFO] [stderr]    Compiling encoding_rs v0.8.35
[INFO] [stderr]    Compiling rustls-pki-types v1.12.0
[INFO] [stderr]    Compiling serde_urlencoded v0.7.1
[INFO] [stderr]    Compiling serde_json v1.0.140
[INFO] [stderr]    Compiling url v2.5.4
[INFO] [stderr]    Compiling mime v0.3.17
[INFO] [stderr]    Compiling thiserror v1.0.69
[INFO] [stderr]    Compiling anyhow v1.0.98
[INFO] [stderr]    Compiling tokio-util v0.7.15
[INFO] [stderr]    Compiling native-tls v0.2.14
[INFO] [stderr]    Compiling h2 v0.4.10
[INFO] [stderr]    Compiling tokio-native-tls v0.3.1
[INFO] [stderr]    Compiling tower v0.5.2
[INFO] [stderr]    Compiling ppv-lite86 v0.2.21
[INFO] [stderr]    Compiling num-traits v0.2.19
[INFO] [stderr]    Compiling futures-executor v0.3.31
[INFO] [stderr]    Compiling tower-http v0.6.4
[INFO] [stderr]    Compiling rand_chacha v0.3.1
[INFO] [stderr]    Compiling iana-time-zone v0.1.63
[INFO] [stderr]    Compiling rand v0.8.5
[INFO] [stderr]    Compiling futures v0.3.31
[INFO] [stderr]    Compiling chrono v0.4.41
[INFO] [stderr]    Compiling retry-policies v0.4.0
[INFO] [stderr]    Compiling hyper v1.6.0
[INFO] [stderr]    Compiling hyper-util v0.1.13
[INFO] [stderr]    Compiling hyper-tls v0.6.0
[INFO] [stderr]    Compiling reqwest v0.12.18
[INFO] [stderr]    Compiling reqwest-middleware v0.4.2
[INFO] [stderr]    Compiling reqwest-retry v0.7.0
[INFO] [stderr]    Compiling gleif-rs v0.2.1 (/opt/rustwide/workdir)
[INFO] [stderr]     Finished `release` profile [optimized] target(s) in 3m 00s
[INFO] running `Command { std: "docker" "inspect" "c9db86f640af3c28a2df772a08034e15f86ba6f60d2efe106fa616db8ca1673d", kill_on_drop: false }`
[INFO] running `Command { std: "docker" "exec" "-e" "SOURCE_DIR=/opt/rustwide/workdir" "-e" "CARGO_HOME=/opt/rustwide/cargo-home" "-e" "RUSTUP_HOME=/opt/rustwide/rustup-home" "-e" "CARGO_TARGET_DIR=/opt/rustwide/target" "-e" "CARGO_INCREMENTAL=0" "-e" "RUST_BACKTRACE=full" "-e" "RUSTFLAGS=--cap-lints=warn" "-e" "RUSTDOCFLAGS=--cap-lints=warn" "-w" "/opt/rustwide/workdir" "--user" "0:0" "c9db86f640af3c28a2df772a08034e15f86ba6f60d2efe106fa616db8ca1673d" "/opt/rustwide/cargo-home/bin/cargo" "+1.99.0-beta.8" "test" "--frozen" "--release", kill_on_drop: false }`
[INFO] [stderr]     Finished `release` profile [optimized] target(s) in 0.20s
[INFO] [stderr]      Running unittests src/lib.rs (/opt/rustwide/target/release/deps/gleif_rs-623246cee8126a3b)
[INFO] [stdout] 
[INFO] [stdout] running 51 tests
[INFO] [stdout] test field::tests::test_field_from_str ... ok
[INFO] [stdout] test field::tests::test_field_as_str ... ok
[INFO] [stdout] test field::tests::test_field_display ... ok
[INFO] [stdout] test model::country::tests::test_deserialize_countries_list ... ok
[INFO] [stdout] test model::entity_legal_form::tests::test_deserialize_multi_entity_legal_forms ... ok
[INFO] [stdout] test model::country::tests::test_deserialize_single_country ... ok
[INFO] [stdout] test model::auto_completion::tests::test_deserialize_auto_completions_list ... ok
[INFO] [stdout] test model::entity_legal_form::tests::test_deserialize_single_entity_legal_form ... ok
[INFO] [stdout] test model::field::tests::test_deserialize_single_field ... ok
[INFO] [stdout] test model::field::tests::test_deserialize_fields_list ... ok
[INFO] [stdout] test model::fuzzy_completion::tests::test_deserialize_fuzzy_completions_list ... ok
[INFO] [stdout] test model::jurisdiction::tests::test_deserialize_jurisdictions_list ... ok
[INFO] [stdout] test model::field_modification::tests::test_deserialize_multi_field_modifications ... ok
[INFO] [stdout] test model::lei_issuer::tests::test_deserialize_lei_issuer_jurisdiction_list ... ok
[INFO] [stdout] test model::jurisdiction::tests::test_deserialize_single_jurisdiction ... ok
[INFO] [stdout] test model::lei_issuer::tests::test_deserialize_lei_issuers_list ... ok
[INFO] [stdout] test model::lei_issuer::tests::test_deserialize_single_lei_issuer ... ok
[INFO] [stdout] test model::isin::tests::test_deserialize_isins_list ... ok
[INFO] [stdout] test model::official_organizational_role::tests::test_deserialize_official_organizational_roles_list ... ok
[INFO] [stdout] test model::lei_record::tests::test_deserialize_single_lei_records ... ok
[INFO] [stdout] test model::official_organizational_role::tests::test_deserialize_single_official_organizational_role ... ok
[INFO] [stdout] test model::region::tests::test_deserialize_regions_list ... ok
[INFO] [stdout] test model::region::tests::test_deserialize_single_region ... ok
[INFO] [stdout] test model::registration_agent::tests::test_deserialize_registration_agents_list ... ok
[INFO] [stdout] test model::registration_agent::tests::test_deserialize_single_registration_agent ... ok
[INFO] [stdout] test model::registration_authority::tests::test_deserialize_registration_authorities_list ... ok
[INFO] [stdout] test model::registration_authority::tests::test_deserialize_single_registration_authority ... ok
[INFO] [stdout] test model::lei_record::tests::test_deserialize_multi_lei_records ... ok
[INFO] [stdout] test model::relationship_record::tests::test_deserialize_single_relationship_records ... ok
[INFO] [stdout] test model::vlei_issuer::tests::test_deserialize_single_vlei_issuer ... ok
[INFO] [stdout] test model::vlei_issuer::tests::test_deserialize_vlei_issuers_list ... ok
[INFO] [stdout] test model::relationship_record::tests::test_deserialize_multi_relationship_records ... ok
[INFO] [stdout] test model::reporting_exception::tests::test_deserialize_sample_reporting_exceptions ... ok
[INFO] [stdout] test request_builder::tests::test_filter_gt ... ok
[INFO] [stdout] test request_builder::tests::test_filter_eq ... ok
[INFO] [stdout] test client::tests::test_client_construction_from_middleware_client ... ok
[INFO] [stdout] test client::tests::test_client_new ... ok
[INFO] [stdout] test request_builder::tests::test_filter_gte ... ok
[INFO] [stdout] test client::tests::test_client_construction_from_reqwest ... ok
[INFO] [stdout] test request_builder::tests::test_filter_lt ... ok
[INFO] [stdout] test request_builder::tests::test_filter_not ... ok
[INFO] [stdout] test value::display_tests::conformity_flag_display_and_asref ... ok
[INFO] [stdout] test value::display_tests::entity_category_display_and_asref ... ok
[INFO] [stdout] test value::display_tests::registration_status_display_and_asref ... ok
[INFO] [stdout] test request_builder::tests::test_filter_in ... ok
[INFO] [stdout] test request_builder::tests::test_filter_not_in ... ok
[INFO] [stdout] test request_builder::tests::test_filter_range ... ok
[INFO] [stdout] test client::tests::test_client_builder ... ok
[INFO] [stdout] test client::tests::test_client_builder_with_middleware ... ok
[INFO] [stdout] test request_builder::tests::test_filter_lte ... ok
[INFO] [stdout] test request_builder::tests::test_sort_and_pagination_and_param ... ok
[INFO] [stdout] 
[INFO] [stdout] test result: ok. 51 passed; 0 failed; 0 ignored; 0 measured; 0 filtered out; finished in 0.53s
[INFO] [stdout] 
[INFO] [stderr]      Running tests/lei_records.rs (/opt/rustwide/target/release/deps/lei_records-05903ccdb92b9ec1)
[INFO] [stdout] 
[INFO] [stdout] running 2 tests
[INFO] [stdout] test test_lei_records_endpoint ... FAILED
[INFO] [stdout] test test_lei_record_by_id ... FAILED
[INFO] [stdout] 
[INFO] [stdout] failures:
[INFO] [stdout] 
[INFO] [stdout] ---- test_lei_records_endpoint stdout ----
[INFO] [stdout] 
[INFO] [stdout] thread 'test_lei_records_endpoint' (2289) panicked at tests/lei_records.rs:48:5:
[INFO] [stdout] Expected Ok result from lei_records, got: Err(ReqwestMiddlewareError(Reqwest(reqwest::Error { kind: Request, source: hyper_util::client::legacy::Error(Connect, ConnectError("dns error", Custom { kind: Uncategorized, error: "failed to lookup address information: Temporary failure in name resolution" })) })))
[INFO] [stdout] stack backtrace:
[INFO] [stdout]    0:     0x5e7bfc9deb55 - <unknown>
[INFO] [stdout]    1:     0x5e7bfc8efffa - <unknown>
[INFO] [stdout]    2:     0x5e7bfc9de1eb - <unknown>
[INFO] [stdout]    3:     0x5e7bfc9ddccf - <unknown>
[INFO] [stdout]    4:     0x5e7bfc9dd8fa - <unknown>
[INFO] [stdout]    5:     0x5e7bfc9dd432 - <unknown>
[INFO] [stdout]    6:     0x5e7bfca04961 - <unknown>
[INFO] [stdout]    7:     0x5e7bfca04919 - <unknown>
[INFO] [stdout]    8:     0x5e7bfca04e2c - <unknown>
[INFO] [stdout]    9:     0x5e7bfc8efe8b - <unknown>
[INFO] [stdout]   10:     0x5e7bfc8d3beb - <unknown>
[INFO] [stdout]   11:     0x5e7bfc897fb1 - <unknown>
[INFO] [stdout]   12:     0x5e7bfc8e61d4 - <unknown>
[INFO] [stdout]   13:     0x5e7bfca1fc9b - <unknown>
[INFO] [stdout]   14:     0x5e7bfca1b862 - <unknown>
[INFO] [stdout]   15:     0x5e7bfca1b2cc - <unknown>
[INFO] [stdout]   16:     0x5e7bfca35d1c - <unknown>
[INFO] [stdout]   17:     0x5e7bfca06432 - <unknown>
[INFO] [stdout]   18:     0x762b73530dfa - <unknown>
[INFO] [stdout]   19:     0x762b735c43d4 - clone
[INFO] [stdout]   20:                0x0 - <unknown>
[INFO] [stdout] 
[INFO] [stdout] ---- test_lei_record_by_id stdout ----
[INFO] [stdout] 
[INFO] [stdout] thread 'test_lei_record_by_id' (2288) panicked at tests/lei_records.rs:15:5:
[INFO] [stdout] Expected Ok result from lei_record_by_id, got: Err(ReqwestMiddlewareError(Reqwest(reqwest::Error { kind: Request, source: hyper_util::client::legacy::Error(Connect, ConnectError("dns error", Custom { kind: Uncategorized, error: "failed to lookup address information: Temporary failure in name resolution" })) })))
[INFO] [stdout] stack backtrace:
[INFO] [stdout]    0:     0x5e7bfc9deb55 - <unknown>
[INFO] [stdout]    1:     0x5e7bfc8efffa - <unknown>
[INFO] [stdout]    2:     0x5e7bfc9de1eb - <unknown>
[INFO] [stdout]    3:     0x5e7bfc9ddccf - <unknown>
[INFO] [stdout]    4:     0x5e7bfc9dd8fa - <unknown>
[INFO] [stdout]    5:     0x5e7bfc9dd432 - <unknown>
[INFO] [stdout]    6:     0x5e7bfca04961 - <unknown>
[INFO] [stdout]    7:     0x5e7bfca04919 - <unknown>
[INFO] [stdout]    8:     0x5e7bfca04e2c - <unknown>
[INFO] [stdout]    9:     0x5e7bfc8efe8b - <unknown>
[INFO] [stdout]   10:     0x5e7bfc8d121d - <unknown>
[INFO] [stdout]   11:     0x5e7bfc897fb1 - <unknown>
[INFO] [stdout]   12:     0x5e7bfc8e5f44 - <unknown>
[INFO] [stdout]   13:     0x5e7bfca1fc9b - <unknown>
[INFO] [stdout]   14:     0x5e7bfca1b862 - <unknown>
[INFO] [stdout]   15:     0x5e7bfca1b2cc - <unknown>
[INFO] [stdout]   16:     0x5e7bfca35d1c - <unknown>
[INFO] [stdout]   17:     0x5e7bfca06432 - <unknown>
[INFO] [stdout]   18:     0x762b73530dfa - <unknown>
[INFO] [stdout]   19:     0x762b735c43d4 - clone
[INFO] [stdout]   20:                0x0 - <unknown>
[INFO] [stdout] 
[INFO] [stdout] 
[INFO] [stdout] failures:
[INFO] [stdout]     test_lei_record_by_id
[INFO] [stdout]     test_lei_records_endpoint
[INFO] [stdout] 
[INFO] [stdout] test result: FAILED. 0 passed; 2 failed; 0 ignored; 0 measured; 0 filtered out; finished in 0.07s
[INFO] [stdout] 
[INFO] [stderr] error: test failed, to rerun pass `--test lei_records`
[INFO] running `Command { std: "docker" "inspect" "c9db86f640af3c28a2df772a08034e15f86ba6f60d2efe106fa616db8ca1673d", kill_on_drop: false }`
[INFO] running `Command { std: "docker" "rm" "-f" "c9db86f640af3c28a2df772a08034e15f86ba6f60d2efe106fa616db8ca1673d", kill_on_drop: false }`
[INFO] [stdout] c9db86f640af3c28a2df772a08034e15f86ba6f60d2efe106fa616db8ca1673d
