[INFO] fetching crate gladis 2.1.3...
[INFO] testing gladis-2.1.3 against 1.99.0-beta.8+cargoflags=--release for beta-release-1.100-2
[INFO] extracting crate gladis 2.1.3 into /workspace/builds/worker-3-tc1/source
[INFO] started tweaking crates.io crate gladis 2.1.3
[INFO] removed 0 missing examples
[INFO] finished tweaking crates.io crate gladis 2.1.3
[INFO] tweaked toml for crates.io crate gladis 2.1.3 written to /workspace/builds/worker-3-tc1/source/Cargo.toml
[INFO] validating manifest of crates.io crate gladis 2.1.3 on toolchain 1.99.0-beta.8
[INFO] running `Command { std: CARGO_HOME="/workspace/cargo-home" RUSTUP_HOME="/workspace/rustup-home" "/workspace/cargo-home/bin/cargo" "+1.99.0-beta.8" "metadata" "--manifest-path" "Cargo.toml" "--no-deps", kill_on_drop: false }`
[INFO] crate crates.io crate gladis 2.1.3 already has a lockfile, it will not be regenerated
[INFO] running `Command { std: CARGO_HOME="/workspace/cargo-home" RUSTUP_HOME="/workspace/rustup-home" "/workspace/cargo-home/bin/cargo" "+1.99.0-beta.8" "fetch" "--manifest-path" "Cargo.toml", kill_on_drop: false }`
[INFO] [stderr]     Updating crates.io index
[INFO] [stderr]  Downloading crates ...
[INFO] [stderr]   Downloaded pango v0.15.10
[INFO] [stderr]   Downloaded relm v0.23.0
[INFO] [stderr]   Downloaded relm-derive v0.23.0
[INFO] [stderr]   Downloaded version-compare v0.2.0
[INFO] [stderr]   Downloaded pango-sys v0.15.10
[INFO] [stderr]   Downloaded gtk3-macros v0.15.6
[INFO] [stderr]   Downloaded cfg-expr v0.15.8
[INFO] [stderr]   Downloaded gobject-sys v0.15.10
[INFO] [stderr]   Downloaded glib-macros v0.15.13
[INFO] [stderr]   Downloaded system-deps v6.2.2
[INFO] [stderr]   Downloaded glib-sys v0.15.10
[INFO] [stderr]   Downloaded fragile v1.2.2
[INFO] [stderr]   Downloaded fragile v2.0.1
[INFO] [stderr]   Downloaded gio-sys v0.15.10
[INFO] [stderr]   Downloaded gdk-pixbuf-sys v0.15.10
[INFO] [stderr]   Downloaded gdk-pixbuf v0.15.11
[INFO] [stderr]   Downloaded field-offset v0.3.6
[INFO] [stderr]   Downloaded gladis_proc_macro v2.1.3
[INFO] [stderr]   Downloaded indexmap v2.11.4
[INFO] [stderr]   Downloaded cairo-sys-rs v0.15.1
[INFO] [stderr]   Downloaded atk-sys v0.15.1
[INFO] [stderr]   Downloaded atk v0.15.1
[INFO] [stderr]   Downloaded cairo-rs v0.15.12
[INFO] [stderr]   Downloaded gdk-sys v0.15.1
[INFO] [stderr]   Downloaded gtk-sys v0.15.3
[INFO] [stderr]   Downloaded gdk v0.15.4
[INFO] [stderr]   Downloaded glib v0.15.12
[INFO] [stderr]   Downloaded gio v0.15.12
[INFO] [stderr]   Downloaded gtk v0.15.5
[INFO] [stderr]   Downloaded libc v0.2.176
[INFO] running `Command { std: "docker" "create" "-v" "/var/lib/crater-agent-workspace/builds/worker-3-tc1/source:/opt/rustwide/workdir:ro,Z" "-v" "/var/lib/crater-agent-workspace/builds/worker-3-tc1/target:/opt/rustwide/target:rw,Z" "-v" "/var/lib/crater-agent-workspace/cargo-home:/opt/rustwide/cargo-home:ro,Z" "-v" "/var/lib/crater-agent-workspace/rustup-home:/opt/rustwide/rustup-home:ro,Z" "-m" "1610612736" "--network" "none" "ghcr.io/rust-lang/crates-build-env/linux@sha256:77db811e55d90add9212f6832c23229e3de5f1c1f9905e8cb07319ea15df73ac" "sleep" "infinity", kill_on_drop: false }`
[INFO] [stdout] 487bc0173d35bf862ae9918087ce8f55db7eef4c2cc893b7a491af4fb403a195
[INFO] running `Command { std: "docker" "start" "487bc0173d35bf862ae9918087ce8f55db7eef4c2cc893b7a491af4fb403a195", kill_on_drop: false }`
[INFO] running `Command { std: "docker" "inspect" "487bc0173d35bf862ae9918087ce8f55db7eef4c2cc893b7a491af4fb403a195", kill_on_drop: false }`
[INFO] running `Command { std: "docker" "exec" "-e" "SOURCE_DIR=/opt/rustwide/workdir" "-e" "CARGO_HOME=/opt/rustwide/cargo-home" "-e" "RUSTUP_HOME=/opt/rustwide/rustup-home" "-e" "CARGO_TARGET_DIR=/opt/rustwide/target" "-w" "/opt/rustwide/workdir" "--user" "0:0" "487bc0173d35bf862ae9918087ce8f55db7eef4c2cc893b7a491af4fb403a195" "/opt/rustwide/cargo-home/bin/cargo" "+1.99.0-beta.8" "metadata" "--no-deps" "--format-version=1", kill_on_drop: false }`
[INFO] running `Command { std: "docker" "inspect" "487bc0173d35bf862ae9918087ce8f55db7eef4c2cc893b7a491af4fb403a195", kill_on_drop: false }`
[INFO] running `Command { std: "docker" "exec" "-e" "SOURCE_DIR=/opt/rustwide/workdir" "-e" "CARGO_HOME=/opt/rustwide/cargo-home" "-e" "RUSTUP_HOME=/opt/rustwide/rustup-home" "-e" "CARGO_TARGET_DIR=/opt/rustwide/target" "-e" "CARGO_INCREMENTAL=0" "-e" "RUST_BACKTRACE=full" "-e" "RUSTFLAGS=--cap-lints=warn" "-e" "RUSTDOCFLAGS=--cap-lints=warn" "-w" "/opt/rustwide/workdir" "--user" "0:0" "487bc0173d35bf862ae9918087ce8f55db7eef4c2cc893b7a491af4fb403a195" "/opt/rustwide/cargo-home/bin/cargo" "+1.99.0-beta.8" "build" "--frozen" "--message-format=json" "--release", kill_on_drop: false }`
[INFO] [stderr]    Compiling serde v1.0.228
[INFO] [stderr]    Compiling hashbrown v0.16.0
[INFO] [stderr]    Compiling equivalent v1.0.2
[INFO] [stderr]    Compiling target-lexicon v0.12.16
[INFO] [stderr]    Compiling winnow v0.7.13
[INFO] [stderr]    Compiling smallvec v1.15.1
[INFO] [stderr]    Compiling version-compare v0.2.0
[INFO] [stderr]    Compiling unicode-ident v1.0.19
[INFO] [stderr]    Compiling libc v0.2.176
[INFO] [stderr]    Compiling proc-macro2 v1.0.101
[INFO] [stderr]    Compiling syn v1.0.109
[INFO] [stderr]    Compiling proc-macro-error-attr v1.0.4
[INFO] [stderr]    Compiling proc-macro-error v1.0.4
[INFO] [stderr]    Compiling anyhow v1.0.100
[INFO] [stderr]    Compiling futures-util v0.3.31
[INFO] [stderr]    Compiling indexmap v2.11.4
[INFO] [stderr]    Compiling quote v1.0.41
[INFO] [stderr]    Compiling cfg-expr v0.15.8
[INFO] [stderr]    Compiling toml_datetime v0.6.11
[INFO] [stderr]    Compiling serde_spanned v0.6.9
[INFO] [stderr]    Compiling syn v2.0.106
[INFO] [stderr]    Compiling futures-channel v0.3.31
[INFO] [stderr]    Compiling gio v0.15.12
[INFO] [stderr]    Compiling toml_edit v0.19.15
[INFO] [stderr]    Compiling semver v1.0.27
[INFO] [stderr]    Compiling memoffset v0.9.1
[INFO] [stderr]    Compiling futures-io v0.3.31
[INFO] [stderr]    Compiling gtk v0.15.5
[INFO] [stderr]    Compiling rustc_version v0.4.1
[INFO] [stderr]    Compiling toml_edit v0.22.27
[INFO] [stderr]    Compiling field-offset v0.3.6
[INFO] [stderr]    Compiling futures-executor v0.3.31
[INFO] [stderr]    Compiling proc-macro-crate v1.3.1
[INFO] [stderr]    Compiling thiserror-impl v1.0.69
[INFO] [stderr]    Compiling toml v0.8.23
[INFO] [stderr]    Compiling thiserror v1.0.69
[INFO] [stderr]    Compiling system-deps v6.2.2
[INFO] [stderr]    Compiling glib-sys v0.15.10
[INFO] [stderr]    Compiling gobject-sys v0.15.10
[INFO] [stderr]    Compiling gio-sys v0.15.10
[INFO] [stderr]    Compiling pango-sys v0.15.10
[INFO] [stderr]    Compiling gdk-pixbuf-sys v0.15.10
[INFO] [stderr]    Compiling atk-sys v0.15.1
[INFO] [stderr]    Compiling cairo-sys-rs v0.15.1
[INFO] [stderr]    Compiling gdk-sys v0.15.1
[INFO] [stderr]    Compiling gtk-sys v0.15.3
[INFO] [stderr]    Compiling glib-macros v0.15.13
[INFO] [stderr]    Compiling gtk3-macros v0.15.6
[INFO] [stderr]    Compiling gladis_proc_macro v2.1.3
[INFO] [stderr]    Compiling glib v0.15.12
[INFO] [stderr]    Compiling cairo-rs v0.15.12
[INFO] [stderr]    Compiling pango v0.15.10
[INFO] [stderr]    Compiling atk v0.15.1
[INFO] [stderr]    Compiling gdk-pixbuf v0.15.11
[INFO] [stderr]    Compiling gdk v0.15.4
[INFO] [stderr]    Compiling gladis v2.1.3 (/opt/rustwide/workdir)
[INFO] [stderr]     Finished `release` profile [optimized] target(s) in 2m 55s
[INFO] running `Command { std: "docker" "inspect" "487bc0173d35bf862ae9918087ce8f55db7eef4c2cc893b7a491af4fb403a195", kill_on_drop: false }`
[INFO] running `Command { std: "docker" "exec" "-e" "SOURCE_DIR=/opt/rustwide/workdir" "-e" "CARGO_HOME=/opt/rustwide/cargo-home" "-e" "RUSTUP_HOME=/opt/rustwide/rustup-home" "-e" "CARGO_TARGET_DIR=/opt/rustwide/target" "-e" "CARGO_INCREMENTAL=0" "-e" "RUST_BACKTRACE=full" "-e" "RUSTFLAGS=--cap-lints=warn" "-e" "RUSTDOCFLAGS=--cap-lints=warn" "-w" "/opt/rustwide/workdir" "--user" "0:0" "487bc0173d35bf862ae9918087ce8f55db7eef4c2cc893b7a491af4fb403a195" "/opt/rustwide/cargo-home/bin/cargo" "+1.99.0-beta.8" "test" "--frozen" "--no-run" "--message-format=json" "--release", kill_on_drop: false }`
[INFO] [stderr]    Compiling fragile v2.0.1
[INFO] [stderr]    Compiling log v0.4.28
[INFO] [stderr]    Compiling relm-derive v0.23.0
[INFO] [stderr]    Compiling fragile v1.2.2
[INFO] [stderr]    Compiling relm v0.23.0
[INFO] [stderr]    Compiling gladis v2.1.3 (/opt/rustwide/workdir)
[INFO] [stderr]     Finished `release` profile [optimized] target(s) in 6.11s
[INFO] running `Command { std: "docker" "inspect" "487bc0173d35bf862ae9918087ce8f55db7eef4c2cc893b7a491af4fb403a195", kill_on_drop: false }`
[INFO] running `Command { std: "docker" "exec" "-e" "SOURCE_DIR=/opt/rustwide/workdir" "-e" "CARGO_HOME=/opt/rustwide/cargo-home" "-e" "RUSTUP_HOME=/opt/rustwide/rustup-home" "-e" "CARGO_TARGET_DIR=/opt/rustwide/target" "-e" "CARGO_INCREMENTAL=0" "-e" "RUST_BACKTRACE=full" "-e" "RUSTFLAGS=--cap-lints=warn" "-e" "RUSTDOCFLAGS=--cap-lints=warn" "-w" "/opt/rustwide/workdir" "--user" "0:0" "487bc0173d35bf862ae9918087ce8f55db7eef4c2cc893b7a491af4fb403a195" "/opt/rustwide/cargo-home/bin/cargo" "+1.99.0-beta.8" "test" "--frozen" "--release", kill_on_drop: false }`
[INFO] [stderr]     Finished `release` profile [optimized] target(s) in 0.12s
[INFO] [stderr]      Running unittests src/lib.rs (/opt/rustwide/target/release/deps/gladis-4097059c171010b8)
[INFO] [stdout] 
[INFO] [stdout] running 2 tests
[INFO] [stdout] test tests::fmt_not_found_error ... ok
[INFO] [stdout] test tests::fmt_gladis_error ... ok
[INFO] [stdout] 
[INFO] [stdout] test result: ok. 2 passed; 0 failed; 0 ignored; 0 measured; 0 filtered out; finished in 0.00s
[INFO] [stdout] 
[INFO] [stderr]    Doc-tests gladis
[INFO] [stdout] 
[INFO] [stdout] running 3 tests
[INFO] [stdout] test src/lib.rs - Gladis (line 119) ... ok
[INFO] [stdout] test src/lib.rs - Gladis (line 104) ... ok
[INFO] [stdout] test src/lib.rs - (line 7) ... FAILED
[INFO] [stderr] error: doctest failed, to rerun pass `--doc`
[INFO] [stdout] 
[INFO] [stdout] failures:
[INFO] [stdout] 
[INFO] [stdout] ---- src/lib.rs - (line 7) stdout ----
[INFO] [stdout] Test executable failed (exit status: 101).
[INFO] [stdout] 
[INFO] [stdout] stderr:
[INFO] [stdout] 
[INFO] [stdout] thread 'main' (1562) panicked at src/lib.rs:34:13:
[INFO] [stdout] called `Result::unwrap()` on an `Err` value: BoolError { message: "Failed to initialize GTK", filename: "/opt/rustwide/cargo-home/registry/src/index.crates.io-1949cf8c6b5b557f/gtk-0.15.5/src/rt.rs", function: "gtk::rt", line: 134 }
[INFO] [stdout] stack backtrace:
[INFO] [stdout]    0:     0x600e91343d71 - std[70759c8f55707aa4]::backtrace_rs::backtrace::libunwind::trace
[INFO] [stdout]                                at /rustc/dfb0accb7f508ae8be965d8629557221c889dd98/library/std/src/../../backtrace/src/backtrace/libunwind.rs:117:9
[INFO] [stdout]    1:     0x600e91343d71 - std[70759c8f55707aa4]::backtrace_rs::backtrace::trace_unsynchronized::<std[70759c8f55707aa4]::sys::backtrace::_print_fmt::{closure#1}>
[INFO] [stdout]                                at /rustc/dfb0accb7f508ae8be965d8629557221c889dd98/library/std/src/../../backtrace/src/backtrace/mod.rs:66:14
[INFO] [stdout]    2:     0x600e91343d71 - std[70759c8f55707aa4]::sys::backtrace::_print_fmt
[INFO] [stdout]                                at /rustc/dfb0accb7f508ae8be965d8629557221c889dd98/library/std/src/sys/backtrace.rs:74:9
[INFO] [stdout]    3:     0x600e91343d71 - <<std[70759c8f55707aa4]::sys::backtrace::BacktraceLock>::print::DisplayBacktrace as core[df12db4294e9bfd3]::fmt::Display>::fmt
[INFO] [stdout]                                at /rustc/dfb0accb7f508ae8be965d8629557221c889dd98/library/std/src/sys/backtrace.rs:44:26
[INFO] [stdout]    4:     0x600e913547aa - <core[df12db4294e9bfd3]::fmt::rt::Argument>::fmt
[INFO] [stdout]                                at /rustc/dfb0accb7f508ae8be965d8629557221c889dd98/library/core/src/fmt/rt.rs:152:76
[INFO] [stdout]    5:     0x600e913547aa - core[df12db4294e9bfd3]::fmt::write
[INFO] [stdout]    6:     0x600e9134728c - core[df12db4294e9bfd3]::io::write::default_write_fmt::<std[70759c8f55707aa4]::sys::stdio::unix::Stderr>
[INFO] [stdout]                                at /rustc/dfb0accb7f508ae8be965d8629557221c889dd98/library/core/src/io/write.rs:402:11
[INFO] [stdout]    7:     0x600e9134728c - <std[70759c8f55707aa4]::sys::stdio::unix::Stderr as core[df12db4294e9bfd3]::io::write::Write>::write_fmt
[INFO] [stdout]                                at /rustc/dfb0accb7f508ae8be965d8629557221c889dd98/library/core/src/io/write.rs:335:13
[INFO] [stdout]    8:     0x600e9132dfd6 - <std[70759c8f55707aa4]::sys::backtrace::BacktraceLock>::print
[INFO] [stdout]                                at /rustc/dfb0accb7f508ae8be965d8629557221c889dd98/library/std/src/sys/backtrace.rs:47:9
[INFO] [stdout]    9:     0x600e9132dfd6 - std[70759c8f55707aa4]::panicking::default_hook::{closure#0}
[INFO] [stdout]                                at /rustc/dfb0accb7f508ae8be965d8629557221c889dd98/library/std/src/panicking.rs:292:27
[INFO] [stdout]   10:     0x600e91340881 - std[70759c8f55707aa4]::panicking::default_hook
[INFO] [stdout]                                at /rustc/dfb0accb7f508ae8be965d8629557221c889dd98/library/std/src/panicking.rs:319:9
[INFO] [stdout]   11:     0x600e91340a3b - std[70759c8f55707aa4]::panicking::panic_with_hook
[INFO] [stdout]                                at /rustc/dfb0accb7f508ae8be965d8629557221c889dd98/library/std/src/panicking.rs:815:13
[INFO] [stdout]   12:     0x600e9132e082 - std[70759c8f55707aa4]::panicking::panic_handler::{closure#0}
[INFO] [stdout]                                at /rustc/dfb0accb7f508ae8be965d8629557221c889dd98/library/std/src/panicking.rs:688:13
[INFO] [stdout]   13:     0x600e913272a9 - std[70759c8f55707aa4]::sys::backtrace::__rust_end_short_backtrace::<std[70759c8f55707aa4]::panicking::panic_handler::{closure#0}, !>
[INFO] [stdout]                                at /rustc/dfb0accb7f508ae8be965d8629557221c889dd98/library/std/src/sys/backtrace.rs:182:18
[INFO] [stdout]   14:     0x600e9132e7fd - __rustc[8fa7c3cbc660c2b3]::rust_begin_unwind
[INFO] [stdout]                                at /rustc/dfb0accb7f508ae8be965d8629557221c889dd98/library/std/src/panicking.rs:679:5
[INFO] [stdout]   15:     0x600e91354e9c - core[df12db4294e9bfd3]::panicking::panic_fmt
[INFO] [stdout]                                at /rustc/dfb0accb7f508ae8be965d8629557221c889dd98/library/core/src/panicking.rs:80:14
[INFO] [stdout]   16:     0x600e91354c72 - core[df12db4294e9bfd3]::result::unwrap_failed
[INFO] [stdout]                                at /rustc/dfb0accb7f508ae8be965d8629557221c889dd98/library/core/src/result.rs:1871:5
[INFO] [stdout]   17:     0x600e9131aa3e - rust_out[fc2a76a7d39855e1]::main::_doctest_main_src_lib_rs_7_0
[INFO] [stdout]   18:     0x600e9131a786 - rust_out[fc2a76a7d39855e1]::main
[INFO] [stdout]   19:     0x600e9131b9d3 - <fn() as core[df12db4294e9bfd3]::ops::function::FnOnce<()>>::call_once
[INFO] [stdout]   20:     0x600e9131a1c6 - std[70759c8f55707aa4]::sys::backtrace::__rust_begin_short_backtrace::<fn(), ()>
[INFO] [stdout]   21:     0x600e9131a759 - std[70759c8f55707aa4]::rt::lang_start::<()>::{closure#0}
[INFO] [stdout]   22:     0x600e9133fdc9 - <&dyn core[df12db4294e9bfd3]::ops::function::Fn<(), Output = i32> + core[df12db4294e9bfd3]::panic::unwind_safe::RefUnwindSafe + core[df12db4294e9bfd3]::marker::Sync as core[df12db4294e9bfd3]::ops::function::FnOnce<()>>::call_once
[INFO] [stdout]                                at /rustc/dfb0accb7f508ae8be965d8629557221c889dd98/library/core/src/ops/function.rs:287:21
[INFO] [stdout]   23:     0x600e9133fdc9 - std[70759c8f55707aa4]::panicking::catch_unwind::do_call::<&dyn core[df12db4294e9bfd3]::ops::function::Fn<(), Output = i32> + core[df12db4294e9bfd3]::panic::unwind_safe::RefUnwindSafe + core[df12db4294e9bfd3]::marker::Sync, i32>
[INFO] [stdout]                                at /rustc/dfb0accb7f508ae8be965d8629557221c889dd98/library/std/src/panicking.rs:576:43
[INFO] [stdout]   24:     0x600e9133fdc9 - std[70759c8f55707aa4]::panicking::catch_unwind::<i32, &dyn core[df12db4294e9bfd3]::ops::function::Fn<(), Output = i32> + core[df12db4294e9bfd3]::panic::unwind_safe::RefUnwindSafe + core[df12db4294e9bfd3]::marker::Sync>
[INFO] [stdout]                                at /rustc/dfb0accb7f508ae8be965d8629557221c889dd98/library/std/src/panicking.rs:544:19
[INFO] [stdout]   25:     0x600e9133fdc9 - std[70759c8f55707aa4]::panic::catch_unwind::<&dyn core[df12db4294e9bfd3]::ops::function::Fn<(), Output = i32> + core[df12db4294e9bfd3]::panic::unwind_safe::RefUnwindSafe + core[df12db4294e9bfd3]::marker::Sync, i32>
[INFO] [stdout]                                at /rustc/dfb0accb7f508ae8be965d8629557221c889dd98/library/std/src/panic.rs:359:14
[INFO] [stdout]   26:     0x600e9133fdc9 - std[70759c8f55707aa4]::rt::lang_start_internal::{closure#0}
[INFO] [stdout]                                at /rustc/dfb0accb7f508ae8be965d8629557221c889dd98/library/std/src/rt.rs:175:24
[INFO] [stdout]   27:     0x600e9133fdc9 - std[70759c8f55707aa4]::panicking::catch_unwind::do_call::<std[70759c8f55707aa4]::rt::lang_start_internal::{closure#0}, isize>
[INFO] [stdout]                                at /rustc/dfb0accb7f508ae8be965d8629557221c889dd98/library/std/src/panicking.rs:576:43
[INFO] [stdout]   28:     0x600e9133fdc9 - std[70759c8f55707aa4]::panicking::catch_unwind::<isize, std[70759c8f55707aa4]::rt::lang_start_internal::{closure#0}>
[INFO] [stdout]                                at /rustc/dfb0accb7f508ae8be965d8629557221c889dd98/library/std/src/panicking.rs:544:19
[INFO] [stdout]   29:     0x600e9133fdc9 - std[70759c8f55707aa4]::panic::catch_unwind::<std[70759c8f55707aa4]::rt::lang_start_internal::{closure#0}, isize>
[INFO] [stdout]                                at /rustc/dfb0accb7f508ae8be965d8629557221c889dd98/library/std/src/panic.rs:359:14
[INFO] [stdout]   30:     0x600e9133fdc9 - std[70759c8f55707aa4]::rt::lang_start_internal
[INFO] [stdout]                                at /rustc/dfb0accb7f508ae8be965d8629557221c889dd98/library/std/src/rt.rs:171:5
[INFO] [stdout]   31:     0x600e91319ef1 - std[70759c8f55707aa4]::rt::lang_start::<()>
[INFO] [stdout]   32:     0x600e9131ba65 - main
[INFO] [stdout]   33:     0x78b1feb80601 - <unknown>
[INFO] [stdout]   34:     0x78b1feb80718 - __libc_start_main
[INFO] [stdout]   35:     0x600e91319bd5 - _start
[INFO] [stdout]   36:                0x0 - <unknown>
[INFO] [stdout] 
[INFO] [stdout] 
[INFO] [stdout] 
[INFO] [stdout] failures:
[INFO] [stdout]     src/lib.rs - (line 7)
[INFO] [stdout] 
[INFO] [stdout] test result: FAILED. 2 passed; 1 failed; 0 ignored; 0 measured; 0 filtered out; finished in 0.90s
[INFO] [stdout] 
[INFO] running `Command { std: "docker" "inspect" "487bc0173d35bf862ae9918087ce8f55db7eef4c2cc893b7a491af4fb403a195", kill_on_drop: false }`
[INFO] running `Command { std: "docker" "rm" "-f" "487bc0173d35bf862ae9918087ce8f55db7eef4c2cc893b7a491af4fb403a195", kill_on_drop: false }`
[INFO] [stdout] 487bc0173d35bf862ae9918087ce8f55db7eef4c2cc893b7a491af4fb403a195
