[INFO] fetching crate gitwrap 0.11.0...
[INFO] testing gitwrap-0.11.0 against 1.99.0-beta.8+cargoflags=--release for beta-release-1.100-2
[INFO] extracting crate gitwrap 0.11.0 into /workspace/builds/worker-3-tc1/source
[INFO] started tweaking crates.io crate gitwrap 0.11.0
[INFO] finished tweaking crates.io crate gitwrap 0.11.0
[INFO] tweaked toml for crates.io crate gitwrap 0.11.0 written to /workspace/builds/worker-3-tc1/source/Cargo.toml
[INFO] validating manifest of crates.io crate gitwrap 0.11.0 on toolchain 1.99.0-beta.8
[INFO] running `Command { std: CARGO_HOME="/workspace/cargo-home" RUSTUP_HOME="/workspace/rustup-home" "/workspace/cargo-home/bin/cargo" "+1.99.0-beta.8" "metadata" "--manifest-path" "Cargo.toml" "--no-deps", kill_on_drop: false }`
[INFO] crate crates.io crate gitwrap 0.11.0 already has a lockfile, it will not be regenerated
[INFO] running `Command { std: CARGO_HOME="/workspace/cargo-home" RUSTUP_HOME="/workspace/rustup-home" "/workspace/cargo-home/bin/cargo" "+1.99.0-beta.8" "fetch" "--manifest-path" "Cargo.toml", kill_on_drop: false }`
[INFO] [stderr]     Updating crates.io index
[INFO] [stderr]  Downloading crates ...
[INFO] [stderr]   Downloaded upon v0.8.1
[INFO] [stderr]   Downloaded serde_json v1.0.133
[INFO] running `Command { std: "docker" "create" "-v" "/var/lib/crater-agent-workspace/builds/worker-3-tc1/source:/opt/rustwide/workdir:ro,Z" "-v" "/var/lib/crater-agent-workspace/builds/worker-3-tc1/target:/opt/rustwide/target:rw,Z" "-v" "/var/lib/crater-agent-workspace/cargo-home:/opt/rustwide/cargo-home:ro,Z" "-v" "/var/lib/crater-agent-workspace/rustup-home:/opt/rustwide/rustup-home:ro,Z" "-m" "1610612736" "--network" "none" "ghcr.io/rust-lang/crates-build-env/linux@sha256:77db811e55d90add9212f6832c23229e3de5f1c1f9905e8cb07319ea15df73ac" "sleep" "infinity", kill_on_drop: false }`
[INFO] [stdout] d08a3e7f141493f5137f5888fefa5152ca91d80d96e3e37816e76fa7d77a6c18
[INFO] running `Command { std: "docker" "start" "d08a3e7f141493f5137f5888fefa5152ca91d80d96e3e37816e76fa7d77a6c18", kill_on_drop: false }`
[INFO] running `Command { std: "docker" "inspect" "d08a3e7f141493f5137f5888fefa5152ca91d80d96e3e37816e76fa7d77a6c18", kill_on_drop: false }`
[INFO] running `Command { std: "docker" "exec" "-e" "SOURCE_DIR=/opt/rustwide/workdir" "-e" "CARGO_HOME=/opt/rustwide/cargo-home" "-e" "RUSTUP_HOME=/opt/rustwide/rustup-home" "-e" "CARGO_TARGET_DIR=/opt/rustwide/target" "-w" "/opt/rustwide/workdir" "--user" "0:0" "d08a3e7f141493f5137f5888fefa5152ca91d80d96e3e37816e76fa7d77a6c18" "/opt/rustwide/cargo-home/bin/cargo" "+1.99.0-beta.8" "metadata" "--no-deps" "--format-version=1", kill_on_drop: false }`
[INFO] running `Command { std: "docker" "inspect" "d08a3e7f141493f5137f5888fefa5152ca91d80d96e3e37816e76fa7d77a6c18", kill_on_drop: false }`
[INFO] running `Command { std: "docker" "exec" "-e" "SOURCE_DIR=/opt/rustwide/workdir" "-e" "CARGO_HOME=/opt/rustwide/cargo-home" "-e" "RUSTUP_HOME=/opt/rustwide/rustup-home" "-e" "CARGO_TARGET_DIR=/opt/rustwide/target" "-e" "CARGO_INCREMENTAL=0" "-e" "RUST_BACKTRACE=full" "-e" "RUSTFLAGS=--cap-lints=warn" "-e" "RUSTDOCFLAGS=--cap-lints=warn" "-w" "/opt/rustwide/workdir" "--user" "0:0" "d08a3e7f141493f5137f5888fefa5152ca91d80d96e3e37816e76fa7d77a6c18" "/opt/rustwide/cargo-home/bin/cargo" "+1.99.0-beta.8" "build" "--frozen" "--message-format=json" "--release", kill_on_drop: false }`
[INFO] [stderr]    Compiling proc-macro2 v1.0.92
[INFO] [stderr]    Compiling unicode-ident v1.0.14
[INFO] [stderr]    Compiling memchr v2.7.4
[INFO] [stderr]    Compiling serde v1.0.215
[INFO] [stderr]    Compiling regex-syntax v0.8.5
[INFO] [stderr]    Compiling serde_json v1.0.133
[INFO] [stderr]    Compiling itoa v1.0.14
[INFO] [stderr]    Compiling quote v1.0.37
[INFO] [stderr]    Compiling aho-corasick v1.1.3
[INFO] [stderr]    Compiling syn v2.0.90
[INFO] [stderr]    Compiling serde_derive v1.0.215
[INFO] [stderr]    Compiling regex-automata v0.4.9
[INFO] [stderr]    Compiling regex v1.11.1
[INFO] [stderr]    Compiling upon v0.8.1
[INFO] [stderr]    Compiling gitwrap v0.11.0 (/opt/rustwide/workdir)
[INFO] [stdout] warning: unnecessary parentheses around type
[INFO] [stdout]  --> src/wrap_command.rs:5:32
[INFO] [stdout]   |
[INFO] [stdout] 5 | pub struct FnOptionArg(pub Arc<(dyn Fn() -> Vec<String>)>);
[INFO] [stdout]   |                                ^                       ^
[INFO] [stdout]   |
[INFO] [stdout]   = note: `#[warn(unused_parens)]` (part of `#[warn(unused)]`) on by default
[INFO] [stdout] help: remove these parentheses
[INFO] [stdout]   |
[INFO] [stdout] 5 - pub struct FnOptionArg(pub Arc<(dyn Fn() -> Vec<String>)>);
[INFO] [stdout] 5 + pub struct FnOptionArg(pub Arc<dyn Fn() -> Vec<String>>);
[INFO] [stdout]   |
[INFO] [stdout] 
[INFO] [stdout] 
[INFO] [stderr]     Finished `release` profile [optimized] target(s) in 29.77s
[INFO] running `Command { std: "docker" "inspect" "d08a3e7f141493f5137f5888fefa5152ca91d80d96e3e37816e76fa7d77a6c18", kill_on_drop: false }`
[INFO] running `Command { std: "docker" "exec" "-e" "SOURCE_DIR=/opt/rustwide/workdir" "-e" "CARGO_HOME=/opt/rustwide/cargo-home" "-e" "RUSTUP_HOME=/opt/rustwide/rustup-home" "-e" "CARGO_TARGET_DIR=/opt/rustwide/target" "-e" "CARGO_INCREMENTAL=0" "-e" "RUST_BACKTRACE=full" "-e" "RUSTFLAGS=--cap-lints=warn" "-e" "RUSTDOCFLAGS=--cap-lints=warn" "-w" "/opt/rustwide/workdir" "--user" "0:0" "d08a3e7f141493f5137f5888fefa5152ca91d80d96e3e37816e76fa7d77a6c18" "/opt/rustwide/cargo-home/bin/cargo" "+1.99.0-beta.8" "test" "--frozen" "--no-run" "--message-format=json" "--release", kill_on_drop: false }`
[INFO] [stderr]    Compiling gitwrap v0.11.0 (/opt/rustwide/workdir)
[INFO] [stdout] warning: unnecessary parentheses around type
[INFO] [stdout]  --> src/wrap_command.rs:5:32
[INFO] [stdout]   |
[INFO] [stdout] 5 | pub struct FnOptionArg(pub Arc<(dyn Fn() -> Vec<String>)>);
[INFO] [stdout]   |                                ^                       ^
[INFO] [stdout]   |
[INFO] [stdout]   = note: `#[warn(unused_parens)]` (part of `#[warn(unused)]`) on by default
[INFO] [stdout] help: remove these parentheses
[INFO] [stdout]   |
[INFO] [stdout] 5 - pub struct FnOptionArg(pub Arc<(dyn Fn() -> Vec<String>)>);
[INFO] [stdout] 5 + pub struct FnOptionArg(pub Arc<dyn Fn() -> Vec<String>>);
[INFO] [stdout]   |
[INFO] [stdout] 
[INFO] [stdout] 
[INFO] [stdout] warning: unnecessary parentheses around type
[INFO] [stdout]  --> src/wrap_command.rs:5:32
[INFO] [stdout]   |
[INFO] [stdout] 5 | pub struct FnOptionArg(pub Arc<(dyn Fn() -> Vec<String>)>);
[INFO] [stdout]   |                                ^                       ^
[INFO] [stdout]   |
[INFO] [stdout]   = note: `#[warn(unused_parens)]` (part of `#[warn(unused)]`) on by default
[INFO] [stdout] help: remove these parentheses
[INFO] [stdout]   |
[INFO] [stdout] 5 - pub struct FnOptionArg(pub Arc<(dyn Fn() -> Vec<String>)>);
[INFO] [stdout] 5 + pub struct FnOptionArg(pub Arc<dyn Fn() -> Vec<String>>);
[INFO] [stdout]   |
[INFO] [stdout] 
[INFO] [stdout] 
[INFO] [stderr]     Finished `release` profile [optimized] target(s) in 1.19s
[INFO] running `Command { std: "docker" "inspect" "d08a3e7f141493f5137f5888fefa5152ca91d80d96e3e37816e76fa7d77a6c18", kill_on_drop: false }`
[INFO] running `Command { std: "docker" "exec" "-e" "SOURCE_DIR=/opt/rustwide/workdir" "-e" "CARGO_HOME=/opt/rustwide/cargo-home" "-e" "RUSTUP_HOME=/opt/rustwide/rustup-home" "-e" "CARGO_TARGET_DIR=/opt/rustwide/target" "-e" "CARGO_INCREMENTAL=0" "-e" "RUST_BACKTRACE=full" "-e" "RUSTFLAGS=--cap-lints=warn" "-e" "RUSTDOCFLAGS=--cap-lints=warn" "-w" "/opt/rustwide/workdir" "--user" "0:0" "d08a3e7f141493f5137f5888fefa5152ca91d80d96e3e37816e76fa7d77a6c18" "/opt/rustwide/cargo-home/bin/cargo" "+1.99.0-beta.8" "test" "--frozen" "--release", kill_on_drop: false }`
[INFO] [stderr] warning: unnecessary parentheses around type
[INFO] [stderr]  --> src/wrap_command.rs:5:32
[INFO] [stderr]   |
[INFO] [stderr] 5 | pub struct FnOptionArg(pub Arc<(dyn Fn() -> Vec<String>)>);
[INFO] [stderr]   |                                ^                       ^
[INFO] [stderr]   |
[INFO] [stderr]   = note: `#[warn(unused_parens)]` (part of `#[warn(unused)]`) on by default
[INFO] [stderr] help: remove these parentheses
[INFO] [stderr]   |
[INFO] [stderr] 5 - pub struct FnOptionArg(pub Arc<(dyn Fn() -> Vec<String>)>);
[INFO] [stderr] 5 + pub struct FnOptionArg(pub Arc<dyn Fn() -> Vec<String>>);
[INFO] [stderr]   |
[INFO] [stderr] 
[INFO] [stderr] warning: `gitwrap` (lib) generated 1 warning (run `cargo fix --lib -p gitwrap` to apply 1 suggestion)
[INFO] [stderr] warning: `gitwrap` (lib test) generated 1 warning (1 duplicate)
[INFO] [stderr]     Finished `release` profile [optimized] target(s) in 0.04s
[INFO] [stderr]      Running unittests src/lib.rs (/opt/rustwide/target/release/deps/gitwrap-8b3d85877a8a7f4c)
[INFO] [stdout] 
[INFO] [stdout] running 4 tests
[INFO] [stdout] test tests::test_clone ... FAILED
[INFO] [stdout] test tests::test_config ... FAILED
[INFO] [stdout] test tests::test_batch ... FAILED
[INFO] [stdout] test tests::test_clone_macro ... FAILED
[INFO] [stdout] 
[INFO] [stdout] failures:
[INFO] [stdout] 
[INFO] [stdout] ---- tests::test_clone stdout ----
[INFO] [stdout] 
[INFO] [stdout] thread 'tests::test_clone' (620) panicked at src/tests.rs:13:35:
[INFO] [stdout] called `Result::unwrap()` on an `Err` value: Os { code: 30, kind: ReadOnlyFilesystem, message: "Read-only file system" }
[INFO] [stdout] stack backtrace:
[INFO] [stdout]    0:     0x62f211ba0b51 - <<std[70759c8f55707aa4]::sys::backtrace::BacktraceLock>::print::DisplayBacktrace as core[df12db4294e9bfd3]::fmt::Display>::fmt
[INFO] [stdout]    1:     0x62f211bb65ba - core[df12db4294e9bfd3]::fmt::write
[INFO] [stdout]    2:     0x62f211ba651c - <alloc[2182bb758b4b3781]::vec::Vec<u8> as core[df12db4294e9bfd3]::io::write::Write>::write_fmt
[INFO] [stdout]    3:     0x62f211b7bd86 - std[70759c8f55707aa4]::panicking::default_hook::{closure#0}
[INFO] [stdout]    4:     0x62f211b98a89 - std[70759c8f55707aa4]::panicking::default_hook
[INFO] [stdout]    5:     0x62f211b33f00 - test[9d35eded1c95d3be]::test_main_inner::<test[9d35eded1c95d3be]::test_main_static::{closure#0}>::{closure#0}
[INFO] [stdout]    6:     0x62f211b98c42 - std[70759c8f55707aa4]::panicking::panic_with_hook
[INFO] [stdout]    7:     0x62f211b7be32 - std[70759c8f55707aa4]::panicking::panic_handler::{closure#0}
[INFO] [stdout]    8:     0x62f211b74a99 - std[70759c8f55707aa4]::sys::backtrace::__rust_end_short_backtrace::<std[70759c8f55707aa4]::panicking::panic_handler::{closure#0}, !>
[INFO] [stdout]    9:     0x62f211b7ca2d - __rustc[8fa7c3cbc660c2b3]::rust_begin_unwind
[INFO] [stdout]   10:     0x62f211bb6cec - core[df12db4294e9bfd3]::panicking::panic_fmt
[INFO] [stdout]   11:     0x62f211bb6ac2 - core[df12db4294e9bfd3]::result::unwrap_failed
[INFO] [stdout]   12:     0x62f211b241e5 - gitwrap[8842e618861d9957]::tests::test_clone
[INFO] [stdout]   13:     0x62f211b27139 - <gitwrap[8842e618861d9957]::tests::test_clone::{closure#0} as core[df12db4294e9bfd3]::ops::function::FnOnce<()>>::call_once
[INFO] [stdout]   14:     0x62f211b271eb - test[9d35eded1c95d3be]::__rust_begin_short_backtrace::<core[df12db4294e9bfd3]::result::Result<(), alloc[2182bb758b4b3781]::string::String>, fn() -> core[df12db4294e9bfd3]::result::Result<(), alloc[2182bb758b4b3781]::string::String>>
[INFO] [stdout]   15:     0x62f211b34855 - test[9d35eded1c95d3be]::run_test::{closure#0}
[INFO] [stdout]   16:     0x62f211b2e114 - std[70759c8f55707aa4]::sys::backtrace::__rust_begin_short_backtrace::<test[9d35eded1c95d3be]::run_test::{closure#1}, ()>
[INFO] [stdout]   17:     0x62f211b379b2 - <std[70759c8f55707aa4]::thread::lifecycle::spawn_unchecked<test[9d35eded1c95d3be]::run_test::{closure#1}, ()>::{closure#1} as core[df12db4294e9bfd3]::ops::function::FnOnce<()>>::call_once::{shim:vtable#0}
[INFO] [stdout]   18:     0x62f211ba03a9 - <std[70759c8f55707aa4]::sys::thread::unix::Thread>::new::thread_start
[INFO] [stdout]   19:     0x70b3291c1dfa - <unknown>
[INFO] [stdout]   20:     0x70b3292553d4 - clone
[INFO] [stdout]   21:                0x0 - <unknown>
[INFO] [stdout] 
[INFO] [stdout] ---- tests::test_config stdout ----
[INFO] [stdout] 
[INFO] [stdout] thread 'tests::test_config' (622) panicked at src/tests.rs:65:35:
[INFO] [stdout] called `Result::unwrap()` on an `Err` value: Os { code: 30, kind: ReadOnlyFilesystem, message: "Read-only file system" }
[INFO] [stdout] stack backtrace:
[INFO] [stdout]    0:     0x62f211ba0b51 - <<std[70759c8f55707aa4]::sys::backtrace::BacktraceLock>::print::DisplayBacktrace as core[df12db4294e9bfd3]::fmt::Display>::fmt
[INFO] [stdout]    1:     0x62f211bb65ba - core[df12db4294e9bfd3]::fmt::write
[INFO] [stdout]    2:     0x62f211ba651c - <alloc[2182bb758b4b3781]::vec::Vec<u8> as core[df12db4294e9bfd3]::io::write::Write>::write_fmt
[INFO] [stdout]    3:     0x62f211b7bd86 - std[70759c8f55707aa4]::panicking::default_hook::{closure#0}
[INFO] [stdout]    4:     0x62f211b98a89 - std[70759c8f55707aa4]::panicking::default_hook
[INFO] [stdout]    5:     0x62f211b33f00 - test[9d35eded1c95d3be]::test_main_inner::<test[9d35eded1c95d3be]::test_main_static::{closure#0}>::{closure#0}
[INFO] [stdout]    6:     0x62f211b98c42 - std[70759c8f55707aa4]::panicking::panic_with_hook
[INFO] [stdout]    7:     0x62f211b7be32 - std[70759c8f55707aa4]::panicking::panic_handler::{closure#0}
[INFO] [stdout]    8:     0x62f211b74a99 - std[70759c8f55707aa4]::sys::backtrace::__rust_end_short_backtrace::<std[70759c8f55707aa4]::panicking::panic_handler::{closure#0}, !>
[INFO] [stdout]    9:     0x62f211b7ca2d - __rustc[8fa7c3cbc660c2b3]::rust_begin_unwind
[INFO] [stdout]   10:     0x62f211bb6cec - core[df12db4294e9bfd3]::panicking::panic_fmt
[INFO] [stdout]   11:     0x62f211bb6ac2 - core[df12db4294e9bfd3]::result::unwrap_failed
[INFO] [stdout]   12:     0x62f211b24a2a - gitwrap[8842e618861d9957]::tests::test_config
[INFO] [stdout]   13:     0x62f211b27159 - <gitwrap[8842e618861d9957]::tests::test_config::{closure#0} as core[df12db4294e9bfd3]::ops::function::FnOnce<()>>::call_once
[INFO] [stdout]   14:     0x62f211b271eb - test[9d35eded1c95d3be]::__rust_begin_short_backtrace::<core[df12db4294e9bfd3]::result::Result<(), alloc[2182bb758b4b3781]::string::String>, fn() -> core[df12db4294e9bfd3]::result::Result<(), alloc[2182bb758b4b3781]::string::String>>
[INFO] [stdout]   15:     0x62f211b34855 - test[9d35eded1c95d3be]::run_test::{closure#0}
[INFO] [stdout]   16:     0x62f211b2e114 - std[70759c8f55707aa4]::sys::backtrace::__rust_begin_short_backtrace::<test[9d35eded1c95d3be]::run_test::{closure#1}, ()>
[INFO] [stdout]   17:     0x62f211b379b2 - <std[70759c8f55707aa4]::thread::lifecycle::spawn_unchecked<test[9d35eded1c95d3be]::run_test::{closure#1}, ()>::{closure#1} as core[df12db4294e9bfd3]::ops::function::FnOnce<()>>::call_once::{shim:vtable#0}
[INFO] [stdout]   18:     0x62f211ba03a9 - <std[70759c8f55707aa4]::sys::thread::unix::Thread>::new::thread_start
[INFO] [stdout]   19:     0x70b3291c1dfa - <unknown>
[INFO] [stdout]   20:     0x70b3292553d4 - clone
[INFO] [stdout]   21:                0x0 - <unknown>
[INFO] [stdout] 
[INFO] [stdout] ---- tests::test_batch stdout ----
[INFO] [stdout] 
[INFO] [stdout] thread 'tests::test_batch' (619) panicked at src/tests.rs:98:35:
[INFO] [stdout] called `Result::unwrap()` on an `Err` value: Os { code: 30, kind: ReadOnlyFilesystem, message: "Read-only file system" }
[INFO] [stdout] stack backtrace:
[INFO] [stdout]    0:     0x62f211ba0b51 - <<std[70759c8f55707aa4]::sys::backtrace::BacktraceLock>::print::DisplayBacktrace as core[df12db4294e9bfd3]::fmt::Display>::fmt
[INFO] [stdout]    1:     0x62f211bb65ba - core[df12db4294e9bfd3]::fmt::write
[INFO] [stdout]    2:     0x62f211ba651c - <alloc[2182bb758b4b3781]::vec::Vec<u8> as core[df12db4294e9bfd3]::io::write::Write>::write_fmt
[INFO] [stdout]    3:     0x62f211b7bd86 - std[70759c8f55707aa4]::panicking::default_hook::{closure#0}
[INFO] [stdout]    4:     0x62f211b98a89 - std[70759c8f55707aa4]::panicking::default_hook
[INFO] [stdout]    5:     0x62f211b33f00 - test[9d35eded1c95d3be]::test_main_inner::<test[9d35eded1c95d3be]::test_main_static::{closure#0}>::{closure#0}
[INFO] [stdout]    6:     0x62f211b98c42 - std[70759c8f55707aa4]::panicking::panic_with_hook
[INFO] [stdout]    7:     0x62f211b7be32 - std[70759c8f55707aa4]::panicking::panic_handler::{closure#0}
[INFO] [stdout]    8:     0x62f211b74a99 - std[70759c8f55707aa4]::sys::backtrace::__rust_end_short_backtrace::<std[70759c8f55707aa4]::panicking::panic_handler::{closure#0}, !>
[INFO] [stdout]    9:     0x62f211b7ca2d - __rustc[8fa7c3cbc660c2b3]::rust_begin_unwind
[INFO] [stdout]   10:     0x62f211bb6cec - core[df12db4294e9bfd3]::panicking::panic_fmt
[INFO] [stdout]   11:     0x62f211bb6ac2 - core[df12db4294e9bfd3]::result::unwrap_failed
[INFO] [stdout]   12:     0x62f211b23ac8 - gitwrap[8842e618861d9957]::tests::test_batch
[INFO] [stdout]   13:     0x62f211b27119 - <gitwrap[8842e618861d9957]::tests::test_batch::{closure#0} as core[df12db4294e9bfd3]::ops::function::FnOnce<()>>::call_once
[INFO] [stdout]   14:     0x62f211b271eb - test[9d35eded1c95d3be]::__rust_begin_short_backtrace::<core[df12db4294e9bfd3]::result::Result<(), alloc[2182bb758b4b3781]::string::String>, fn() -> core[df12db4294e9bfd3]::result::Result<(), alloc[2182bb758b4b3781]::string::String>>
[INFO] [stdout]   15:     0x62f211b34855 - test[9d35eded1c95d3be]::run_test::{closure#0}
[INFO] [stdout]   16:     0x62f211b2e114 - std[70759c8f55707aa4]::sys::backtrace::__rust_begin_short_backtrace::<test[9d35eded1c95d3be]::run_test::{closure#1}, ()>
[INFO] [stdout]   17:     0x62f211b379b2 - <std[70759c8f55707aa4]::thread::lifecycle::spawn_unchecked<test[9d35eded1c95d3be]::run_test::{closure#1}, ()>::{closure#1} as core[df12db4294e9bfd3]::ops::function::FnOnce<()>>::call_once::{shim:vtable#0}
[INFO] [stdout]   18:     0x62f211ba03a9 - <std[70759c8f55707aa4]::sys::thread::unix::Thread>::new::thread_start
[INFO] [stdout]   19:     0x70b3291c1dfa - <unknown>
[INFO] [stdout]   20:     0x70b3292553d4 - clone
[INFO] [stdout]   21:                0x0 - <unknown>
[INFO] [stdout] 
[INFO] [stdout] ---- tests::test_clone_macro stdout ----
[INFO] [stdout] 
[INFO] [stdout] thread 'tests::test_clone_macro' (621) panicked at src/tests.rs:38:35:
[INFO] [stdout] called `Result::unwrap()` on an `Err` value: Os { code: 30, kind: ReadOnlyFilesystem, message: "Read-only file system" }
[INFO] [stdout] stack backtrace:
[INFO] [stdout]    0:     0x62f211ba0b51 - <<std[70759c8f55707aa4]::sys::backtrace::BacktraceLock>::print::DisplayBacktrace as core[df12db4294e9bfd3]::fmt::Display>::fmt
[INFO] [stdout]    1:     0x62f211bb65ba - core[df12db4294e9bfd3]::fmt::write
[INFO] [stdout]    2:     0x62f211ba651c - <alloc[2182bb758b4b3781]::vec::Vec<u8> as core[df12db4294e9bfd3]::io::write::Write>::write_fmt
[INFO] [stdout]    3:     0x62f211b7bd86 - std[70759c8f55707aa4]::panicking::default_hook::{closure#0}
[INFO] [stdout]    4:     0x62f211b98a89 - std[70759c8f55707aa4]::panicking::default_hook
[INFO] [stdout]    5:     0x62f211b33f00 - test[9d35eded1c95d3be]::test_main_inner::<test[9d35eded1c95d3be]::test_main_static::{closure#0}>::{closure#0}
[INFO] [stdout]    6:     0x62f211b98c42 - std[70759c8f55707aa4]::panicking::panic_with_hook
[INFO] [stdout]    7:     0x62f211b7be32 - std[70759c8f55707aa4]::panicking::panic_handler::{closure#0}
[INFO] [stdout]    8:     0x62f211b74a99 - std[70759c8f55707aa4]::sys::backtrace::__rust_end_short_backtrace::<std[70759c8f55707aa4]::panicking::panic_handler::{closure#0}, !>
[INFO] [stdout]    9:     0x62f211b7ca2d - __rustc[8fa7c3cbc660c2b3]::rust_begin_unwind
[INFO] [stdout]   10:     0x62f211bb6cec - core[df12db4294e9bfd3]::panicking::panic_fmt
[INFO] [stdout]   11:     0x62f211bb6ac2 - core[df12db4294e9bfd3]::result::unwrap_failed
[INFO] [stdout]   12:     0x62f211b250b0 - gitwrap[8842e618861d9957]::tests::test_clone_macro
[INFO] [stdout]   13:     0x62f211b27179 - <gitwrap[8842e618861d9957]::tests::test_clone_macro::{closure#0} as core[df12db4294e9bfd3]::ops::function::FnOnce<()>>::call_once
[INFO] [stdout]   14:     0x62f211b271eb - test[9d35eded1c95d3be]::__rust_begin_short_backtrace::<core[df12db4294e9bfd3]::result::Result<(), alloc[2182bb758b4b3781]::string::String>, fn() -> core[df12db4294e9bfd3]::result::Result<(), alloc[2182bb758b4b3781]::string::String>>
[INFO] [stdout]   15:     0x62f211b34855 - test[9d35eded1c95d3be]::run_test::{closure#0}
[INFO] [stdout]   16:     0x62f211b2e114 - std[70759c8f55707aa4]::sys::backtrace::__rust_begin_short_backtrace::<test[9d35eded1c95d3be]::run_test::{closure#1}, ()>
[INFO] [stdout]   17:     0x62f211b379b2 - <std[70759c8f55707aa4]::thread::lifecycle::spawn_unchecked<test[9d35eded1c95d3be]::run_test::{closure#1}, ()>::{closure#1} as core[df12db4294e9bfd3]::ops::function::FnOnce<()>>::call_once::{shim:vtable#0}
[INFO] [stdout]   18:     0x62f211ba03a9 - <std[70759c8f55707aa4]::sys::thread::unix::Thread>::new::thread_start
[INFO] [stdout]   19:     0x70b3291c1dfa - <unknown>
[INFO] [stdout]   20:     0x70b3292553d4 - clone
[INFO] [stdout]   21:                0x0 - <unknown>
[INFO] [stdout] 
[INFO] [stdout] 
[INFO] [stdout] failures:
[INFO] [stdout]     tests::test_batch
[INFO] [stdout]     tests::test_clone
[INFO] [stdout]     tests::test_clone_macro
[INFO] [stdout]     tests::test_config
[INFO] [stdout] 
[INFO] [stdout] test result: FAILED. 0 passed; 4 failed; 0 ignored; 0 measured; 0 filtered out; finished in 0.00s
[INFO] [stdout] 
[INFO] [stderr] error: test failed, to rerun pass `--lib`
[INFO] running `Command { std: "docker" "inspect" "d08a3e7f141493f5137f5888fefa5152ca91d80d96e3e37816e76fa7d77a6c18", kill_on_drop: false }`
[INFO] running `Command { std: "docker" "rm" "-f" "d08a3e7f141493f5137f5888fefa5152ca91d80d96e3e37816e76fa7d77a6c18", kill_on_drop: false }`
[INFO] [stdout] d08a3e7f141493f5137f5888fefa5152ca91d80d96e3e37816e76fa7d77a6c18
