[INFO] fetching crate gitty-core 0.1.2...
[INFO] testing gitty-core-0.1.2 against 1.99.0-beta.8+cargoflags=--release for beta-release-1.100-2
[INFO] extracting crate gitty-core 0.1.2 into /workspace/builds/worker-2-tc1/source
[INFO] started tweaking crates.io crate gitty-core 0.1.2
[INFO] removed 0 missing examples
[INFO] removed 0 missing tests
[INFO] finished tweaking crates.io crate gitty-core 0.1.2
[INFO] tweaked toml for crates.io crate gitty-core 0.1.2 written to /workspace/builds/worker-2-tc1/source/Cargo.toml
[INFO] validating manifest of crates.io crate gitty-core 0.1.2 on toolchain 1.99.0-beta.8
[INFO] running `Command { std: CARGO_HOME="/workspace/cargo-home" RUSTUP_HOME="/workspace/rustup-home" "/workspace/cargo-home/bin/cargo" "+1.99.0-beta.8" "metadata" "--manifest-path" "Cargo.toml" "--no-deps", kill_on_drop: false }`
[INFO] crate crates.io crate gitty-core 0.1.2 already has a lockfile, it will not be regenerated
[INFO] running `Command { std: CARGO_HOME="/workspace/cargo-home" RUSTUP_HOME="/workspace/rustup-home" "/workspace/cargo-home/bin/cargo" "+1.99.0-beta.8" "fetch" "--manifest-path" "Cargo.toml", kill_on_drop: false }`
[INFO] [stderr]     Updating crates.io index
[INFO] [stderr]  Downloading crates ...
[INFO] [stderr]   Downloaded gix-error v0.4.0
[INFO] [stderr]   Downloaded gix-traverse v0.62.0
[INFO] [stderr]   Downloaded gix-zlib v0.2.0
[INFO] [stderr]   Downloaded gix-worktree-stream v0.37.0
[INFO] [stderr]   Downloaded gix-utils v0.4.0
[INFO] [stderr]   Downloaded gix-prompt v0.18.0
[INFO] [stderr]   Downloaded gix-trace v0.2.0
[INFO] [stderr]   Downloaded gix-hashtable v0.17.0
[INFO] [stderr]   Downloaded gix-actor v0.43.0
[INFO] [stderr]   Downloaded gix-validate v0.12.0
[INFO] [stderr]   Downloaded gix-macros v0.2.0
[INFO] [stderr]   Downloaded gix-lock v25.0.0
[INFO] [stderr]   Downloaded gix-negotiate v0.36.0
[INFO] [stderr]   Downloaded gix-chunk v0.9.0
[INFO] [stderr]   Downloaded gix-sec v0.15.0
[INFO] [stderr]   Downloaded gix-bitmap v0.5.0
[INFO] [stderr]   Downloaded gix-shallow v0.14.0
[INFO] [stderr]   Downloaded gix-mailmap v0.35.0
[INFO] [stderr]   Downloaded gix-revwalk v0.36.0
[INFO] [stderr]   Downloaded gix-tempfile v25.0.0
[INFO] [stderr]   Downloaded gix-hash v0.27.0
[INFO] [stderr]   Downloaded gix-quote v0.9.0
[INFO] [stderr]   Downloaded gix-commitgraph v0.40.0
[INFO] [stderr]   Downloaded gix-packetline v0.23.0
[INFO] [stderr]   Downloaded gix-config-value v0.20.0
[INFO] [stderr]   Downloaded gix-features v0.50.0
[INFO] [stderr]   Downloaded gix-date v0.17.0
[INFO] [stderr]   Downloaded gix-worktree v0.57.0
[INFO] [stderr]   Downloaded gix-command v0.11.0
[INFO] [stderr]   Downloaded gix-ignore v0.23.0
[INFO] [stderr]   Downloaded gix-refspec v0.46.0
[INFO] [stderr]   Downloaded gix-credentials v0.41.0
[INFO] [stderr]   Downloaded gix-fs v0.23.0
[INFO] [stderr]   Downloaded gix-attributes v0.36.0
[INFO] [stderr]   Downloaded gix-glob v0.28.0
[INFO] [stderr]   Downloaded gix-worktree-state v0.35.0
[INFO] [stderr]   Downloaded gix-pathspec v0.21.0
[INFO] [stderr]   Downloaded gix-dir v0.30.0
[INFO] [stderr]   Downloaded gix-discover v0.56.0
[INFO] [stderr]   Downloaded gix-note v0.2.0
[INFO] [stderr]   Downloaded gix-archive v0.37.0
[INFO] [stderr]   Downloaded gix-url v0.39.0
[INFO] [stderr]   Downloaded gix-submodule v0.35.0
[INFO] [stderr]   Downloaded gix-blame v0.18.0
[INFO] [stderr]   Downloaded gix-path v0.13.0
[INFO] [stderr]   Downloaded gix-filter v0.35.0
[INFO] [stderr]   Downloaded gix-status v0.35.0
[INFO] [stderr]   Downloaded gix-diff v0.68.0
[INFO] [stderr]   Downloaded gix-imara-diff v0.3.0
[INFO] [stderr]   Downloaded gix-revision v0.50.0
[INFO] [stderr]   Downloaded gix-index v0.56.0
[INFO] [stderr]   Downloaded gix-ref v0.68.0
[INFO] [stderr]   Downloaded gix-odb v0.85.0
[INFO] [stderr]   Downloaded gix-merge v0.21.0
[INFO] [stderr]   Downloaded gix-object v0.65.0
[INFO] [stderr]   Downloaded gix-config v0.61.0
[INFO] [stderr]   Downloaded gix-protocol v0.66.0
[INFO] [stderr]   Downloaded gix-transport v0.60.0
[INFO] [stderr]   Downloaded sha1dc v0.1.5
[INFO] [stderr]   Downloaded gix-pack v0.75.0
[INFO] [stderr]   Downloaded gix v0.88.0
[INFO] running `Command { std: "docker" "create" "-v" "/var/lib/crater-agent-workspace/builds/worker-2-tc1/source:/opt/rustwide/workdir:ro,Z" "-v" "/var/lib/crater-agent-workspace/builds/worker-2-tc1/target:/opt/rustwide/target:rw,Z" "-v" "/var/lib/crater-agent-workspace/cargo-home:/opt/rustwide/cargo-home:ro,Z" "-v" "/var/lib/crater-agent-workspace/rustup-home:/opt/rustwide/rustup-home:ro,Z" "-m" "1610612736" "--network" "none" "ghcr.io/rust-lang/crates-build-env/linux@sha256:77db811e55d90add9212f6832c23229e3de5f1c1f9905e8cb07319ea15df73ac" "sleep" "infinity", kill_on_drop: false }`
[INFO] [stdout] a1a01c4b07aaa2f671a43876b0287ac5d2e209ec78a78b589655045deeedb494
[INFO] running `Command { std: "docker" "start" "a1a01c4b07aaa2f671a43876b0287ac5d2e209ec78a78b589655045deeedb494", kill_on_drop: false }`
[INFO] running `Command { std: "docker" "inspect" "a1a01c4b07aaa2f671a43876b0287ac5d2e209ec78a78b589655045deeedb494", kill_on_drop: false }`
[INFO] running `Command { std: "docker" "exec" "-e" "SOURCE_DIR=/opt/rustwide/workdir" "-e" "CARGO_HOME=/opt/rustwide/cargo-home" "-e" "RUSTUP_HOME=/opt/rustwide/rustup-home" "-e" "CARGO_TARGET_DIR=/opt/rustwide/target" "-w" "/opt/rustwide/workdir" "--user" "0:0" "a1a01c4b07aaa2f671a43876b0287ac5d2e209ec78a78b589655045deeedb494" "/opt/rustwide/cargo-home/bin/cargo" "+1.99.0-beta.8" "metadata" "--no-deps" "--format-version=1", kill_on_drop: false }`
[INFO] running `Command { std: "docker" "inspect" "a1a01c4b07aaa2f671a43876b0287ac5d2e209ec78a78b589655045deeedb494", kill_on_drop: false }`
[INFO] running `Command { std: "docker" "exec" "-e" "SOURCE_DIR=/opt/rustwide/workdir" "-e" "CARGO_HOME=/opt/rustwide/cargo-home" "-e" "RUSTUP_HOME=/opt/rustwide/rustup-home" "-e" "CARGO_TARGET_DIR=/opt/rustwide/target" "-e" "CARGO_INCREMENTAL=0" "-e" "RUST_BACKTRACE=full" "-e" "RUSTFLAGS=--cap-lints=warn" "-e" "RUSTDOCFLAGS=--cap-lints=warn" "-w" "/opt/rustwide/workdir" "--user" "0:0" "a1a01c4b07aaa2f671a43876b0287ac5d2e209ec78a78b589655045deeedb494" "/opt/rustwide/cargo-home/bin/cargo" "+1.99.0-beta.8" "build" "--frozen" "--message-format=json" "--release", kill_on_drop: false }`
[INFO] [stderr]    Compiling getrandom v0.4.3
[INFO] [stderr]    Compiling gix-trace v0.2.0
[INFO] [stderr]    Compiling smallvec v1.16.2
[INFO] [stderr]    Compiling regex-automata v0.4.18
[INFO] [stderr]    Compiling unicode-normalization v0.1.25
[INFO] [stderr]    Compiling bytesize v2.7.0
[INFO] [stderr]    Compiling human_format v1.2.1
[INFO] [stderr]    Compiling byteorder v1.5.0
[INFO] [stderr]    Compiling heapless v0.8.0
[INFO] [stderr]    Compiling rustix v1.1.5
[INFO] [stderr]    Compiling crossbeam-channel v0.5.17
[INFO] [stderr]    Compiling faster-hex v0.10.1
[INFO] [stderr]    Compiling errno v0.3.14
[INFO] [stderr]    Compiling jiff-core v0.1.1
[INFO] [stderr]    Compiling signal-hook v0.4.4
[INFO] [stderr]    Compiling sha1dc v0.1.5
[INFO] [stderr]    Compiling hashbrown v0.14.5
[INFO] [stderr]    Compiling signal-hook-registry v1.4.8
[INFO] [stderr]    Compiling hashbrown v0.17.1
[INFO] [stderr]    Compiling memmap2 v0.9.11
[INFO] [stderr]    Compiling nonempty v0.12.0
[INFO] [stderr]    Compiling hash32 v0.3.1
[INFO] [stderr]    Compiling filetime v0.2.29
[INFO] [stderr]    Compiling parking_lot_core v0.9.12
[INFO] [stderr]    Compiling gix-sec v0.15.0
[INFO] [stderr]    Compiling zlib-rs v0.6.8
[INFO] [stderr]    Compiling inotify-sys v0.1.8
[INFO] [stderr]    Compiling uluru v3.1.0
[INFO] [stderr]    Compiling clru v0.6.3
[INFO] [stderr]    Compiling syn v2.0.119
[INFO] [stderr]    Compiling parking_lot v0.12.5
[INFO] [stderr]    Compiling syn v3.0.6
[INFO] [stderr]    Compiling io-close v0.3.7
[INFO] [stderr]    Compiling mio v1.2.3
[INFO] [stderr]    Compiling inotify v0.11.5
[INFO] [stderr]    Compiling notify-types v2.1.0
[INFO] [stderr]    Compiling prodash v31.0.1
[INFO] [stderr]    Compiling dashmap v6.2.1
[INFO] [stderr]    Compiling notify v8.2.0
[INFO] [stderr]    Compiling jiff v0.2.37
[INFO] [stderr]    Compiling thiserror-impl v2.0.21
[INFO] [stderr]    Compiling thiserror v2.0.21
[INFO] [stderr]    Compiling tempfile v3.27.0
[INFO] [stderr]    Compiling bstr v1.13.1
[INFO] [stderr]    Compiling regex v1.13.1
[INFO] [stderr]    Compiling gix-error v0.4.0
[INFO] [stderr]    Compiling gix-utils v0.4.0
[INFO] [stderr]    Compiling gix-imara-diff v0.3.0
[INFO] [stderr]    Compiling gix-macros v0.2.0
[INFO] [stderr]    Compiling gix-validate v0.12.0
[INFO] [stderr]    Compiling gix-quote v0.9.0
[INFO] [stderr]    Compiling gix-chunk v0.9.0
[INFO] [stderr]    Compiling gix-packetline v0.23.0
[INFO] [stderr]    Compiling gix-bitmap v0.5.0
[INFO] [stderr]    Compiling gix-path v0.13.0
[INFO] [stderr]    Compiling gix-zlib v0.2.0
[INFO] [stderr]    Compiling gix-features v0.50.0
[INFO] [stderr]    Compiling gix-command v0.11.0
[INFO] [stderr]    Compiling gix-config-value v0.20.0
[INFO] [stderr]    Compiling gix-url v0.39.0
[INFO] [stderr]    Compiling gix-hash v0.27.0
[INFO] [stderr]    Compiling gix-fs v0.23.0
[INFO] [stderr]    Compiling gix-glob v0.28.0
[INFO] [stderr]    Compiling gix-date v0.17.0
[INFO] [stderr]    Compiling gix-transport v0.60.0
[INFO] [stderr]    Compiling gix-hashtable v0.17.0
[INFO] [stderr]    Compiling gix-commitgraph v0.40.0
[INFO] [stderr]    Compiling gix-tempfile v25.0.0
[INFO] [stderr]    Compiling gix-attributes v0.36.0
[INFO] [stderr]    Compiling gix-ignore v0.23.0
[INFO] [stderr]    Compiling gix-actor v0.43.0
[INFO] [stderr]    Compiling gix-lock v25.0.0
[INFO] [stderr]    Compiling gix-refspec v0.46.0
[INFO] [stderr]    Compiling gix-prompt v0.18.0
[INFO] [stderr]    Compiling gix-pathspec v0.21.0
[INFO] [stderr]    Compiling gix-shallow v0.14.0
[INFO] [stderr]    Compiling gix-object v0.65.0
[INFO] [stderr]    Compiling gix-mailmap v0.35.0
[INFO] [stderr]    Compiling gix-credentials v0.41.0
[INFO] [stderr]    Compiling gix-revwalk v0.36.0
[INFO] [stderr]    Compiling gix-filter v0.35.0
[INFO] [stderr]    Compiling gix-ref v0.68.0
[INFO] [stderr]    Compiling gix-pack v0.75.0
[INFO] [stderr]    Compiling gix-note v0.2.0
[INFO] [stderr]    Compiling gix-traverse v0.62.0
[INFO] [stderr]    Compiling gix-revision v0.50.0
[INFO] [stderr]    Compiling gix-negotiate v0.36.0
[INFO] [stderr]    Compiling gix-index v0.56.0
[INFO] [stderr]    Compiling gix-worktree-stream v0.37.0
[INFO] [stderr]    Compiling gix-archive v0.37.0
[INFO] [stderr]    Compiling gix-odb v0.85.0
[INFO] [stderr]    Compiling gix-discover v0.56.0
[INFO] [stderr]    Compiling gix-config v0.61.0
[INFO] [stderr]    Compiling gix-protocol v0.66.0
[INFO] [stderr]    Compiling gix-worktree v0.57.0
[INFO] [stderr]    Compiling gix-diff v0.68.0
[INFO] [stderr]    Compiling gix-dir v0.30.0
[INFO] [stderr]    Compiling gix-worktree-state v0.35.0
[INFO] [stderr]    Compiling gix-submodule v0.35.0
[INFO] [stderr]    Compiling gix-blame v0.18.0
[INFO] [stderr]    Compiling gix-merge v0.21.0
[INFO] [stderr]    Compiling gix-status v0.35.0
[INFO] [stderr]    Compiling gix v0.88.0
[INFO] [stderr]    Compiling gitty-core v0.1.2 (/opt/rustwide/workdir)
[INFO] [stderr]     Finished `release` profile [optimized] target(s) in 1m 41s
[INFO] running `Command { std: "docker" "inspect" "a1a01c4b07aaa2f671a43876b0287ac5d2e209ec78a78b589655045deeedb494", kill_on_drop: false }`
[INFO] running `Command { std: "docker" "exec" "-e" "SOURCE_DIR=/opt/rustwide/workdir" "-e" "CARGO_HOME=/opt/rustwide/cargo-home" "-e" "RUSTUP_HOME=/opt/rustwide/rustup-home" "-e" "CARGO_TARGET_DIR=/opt/rustwide/target" "-e" "CARGO_INCREMENTAL=0" "-e" "RUST_BACKTRACE=full" "-e" "RUSTFLAGS=--cap-lints=warn" "-e" "RUSTDOCFLAGS=--cap-lints=warn" "-w" "/opt/rustwide/workdir" "--user" "0:0" "a1a01c4b07aaa2f671a43876b0287ac5d2e209ec78a78b589655045deeedb494" "/opt/rustwide/cargo-home/bin/cargo" "+1.99.0-beta.8" "test" "--frozen" "--no-run" "--message-format=json" "--release", kill_on_drop: false }`
[INFO] [stderr]    Compiling regex-automata v0.4.18
[INFO] [stderr]    Compiling zerocopy v0.8.59
[INFO] [stderr]    Compiling getrandom v0.3.4
[INFO] [stderr]    Compiling cc v1.2.67
[INFO] [stderr]    Compiling zerocopy-derive v0.8.59
[INFO] [stderr]    Compiling serde_derive v1.0.229
[INFO] [stderr]    Compiling serde_json v1.0.151
[INFO] [stderr]    Compiling clap_builder v4.6.7
[INFO] [stderr]    Compiling wait-timeout v0.2.1
[INFO] [stderr]    Compiling criterion-plot v0.8.2
[INFO] [stderr]    Compiling plotters v0.3.7
[INFO] [stderr]    Compiling rayon v1.12.0
[INFO] [stderr]    Compiling page_size v0.6.0
[INFO] [stderr]    Compiling rand_core v0.9.5
[INFO] [stderr]    Compiling rusty-fork v0.3.1
[INFO] [stderr]    Compiling rand v0.9.5
[INFO] [stderr]    Compiling rand_xorshift v0.4.0
[INFO] [stderr]    Compiling alloca v0.4.0
[INFO] [stderr]    Compiling serde v1.0.229
[INFO] [stderr]    Compiling clap v4.6.7
[INFO] [stderr]    Compiling bstr v1.13.1
[INFO] [stderr]    Compiling regex v1.13.1
[INFO] [stderr]    Compiling gix-error v0.4.0
[INFO] [stderr]    Compiling gix-utils v0.4.0
[INFO] [stderr]    Compiling gix-imara-diff v0.3.0
[INFO] [stderr]    Compiling tinytemplate v1.2.1
[INFO] [stderr]    Compiling gix-validate v0.12.0
[INFO] [stderr]    Compiling gix-quote v0.9.0
[INFO] [stderr]    Compiling gix-date v0.17.0
[INFO] [stderr]    Compiling gix-chunk v0.9.0
[INFO] [stderr]    Compiling gix-packetline v0.23.0
[INFO] [stderr]    Compiling gix-bitmap v0.5.0
[INFO] [stderr]    Compiling gix-zlib v0.2.0
[INFO] [stderr]    Compiling gix-path v0.13.0
[INFO] [stderr]    Compiling gix-features v0.50.0
[INFO] [stderr]    Compiling gix-command v0.11.0
[INFO] [stderr]    Compiling gix-config-value v0.20.0
[INFO] [stderr]    Compiling gix-url v0.39.0
[INFO] [stderr]    Compiling gix-actor v0.43.0
[INFO] [stderr]    Compiling gix-hash v0.27.0
[INFO] [stderr]    Compiling gix-fs v0.23.0
[INFO] [stderr]    Compiling gix-glob v0.28.0
[INFO] [stderr]    Compiling gix-mailmap v0.35.0
[INFO] [stderr]    Compiling gix-tempfile v25.0.0
[INFO] [stderr]    Compiling gix-hashtable v0.17.0
[INFO] [stderr]    Compiling gix-commitgraph v0.40.0
[INFO] [stderr]    Compiling gix-attributes v0.36.0
[INFO] [stderr]    Compiling gix-ignore v0.23.0
[INFO] [stderr]    Compiling gix-prompt v0.18.0
[INFO] [stderr]    Compiling gix-refspec v0.46.0
[INFO] [stderr]    Compiling gix-object v0.65.0
[INFO] [stderr]    Compiling gix-lock v25.0.0
[INFO] [stderr]    Compiling gix-transport v0.60.0
[INFO] [stderr]    Compiling gix-credentials v0.41.0
[INFO] [stderr]    Compiling gix-shallow v0.14.0
[INFO] [stderr]    Compiling gix-pathspec v0.21.0
[INFO] [stderr]    Compiling gix-revwalk v0.36.0
[INFO] [stderr]    Compiling gix-filter v0.35.0
[INFO] [stderr]    Compiling gix-ref v0.68.0
[INFO] [stderr]    Compiling gix-pack v0.75.0
[INFO] [stderr]    Compiling gix-note v0.2.0
[INFO] [stderr]    Compiling gix-traverse v0.62.0
[INFO] [stderr]    Compiling gix-revision v0.50.0
[INFO] [stderr]    Compiling gix-negotiate v0.36.0
[INFO] [stderr]    Compiling half v2.7.1
[INFO] [stderr]    Compiling ppv-lite86 v0.2.21
[INFO] [stderr]    Compiling ciborium-ll v0.2.2
[INFO] [stderr]    Compiling ciborium v0.2.2
[INFO] [stderr]    Compiling rand_chacha v0.9.0
[INFO] [stderr]    Compiling gix-discover v0.56.0
[INFO] [stderr]    Compiling gix-config v0.61.0
[INFO] [stderr]    Compiling gix-protocol v0.66.0
[INFO] [stderr]    Compiling proptest v1.11.0
[INFO] [stderr]    Compiling gix-index v0.56.0
[INFO] [stderr]    Compiling gix-worktree-stream v0.37.0
[INFO] [stderr]    Compiling criterion v0.8.2
[INFO] [stderr]    Compiling gix-archive v0.37.0
[INFO] [stderr]    Compiling gix-odb v0.85.0
[INFO] [stderr]    Compiling gix-submodule v0.35.0
[INFO] [stderr]    Compiling gix-worktree v0.57.0
[INFO] [stderr]    Compiling gix-diff v0.68.0
[INFO] [stderr]    Compiling gix-dir v0.30.0
[INFO] [stderr]    Compiling gix-worktree-state v0.35.0
[INFO] [stderr]    Compiling gix-status v0.35.0
[INFO] [stderr]    Compiling gix-blame v0.18.0
[INFO] [stderr]    Compiling gix-merge v0.21.0
[INFO] [stderr]    Compiling gix v0.88.0
[INFO] [stderr]    Compiling gitty-core v0.1.2 (/opt/rustwide/workdir)
[INFO] [stderr]     Finished `release` profile [optimized] target(s) in 2m 22s
[INFO] running `Command { std: "docker" "inspect" "a1a01c4b07aaa2f671a43876b0287ac5d2e209ec78a78b589655045deeedb494", kill_on_drop: false }`
[INFO] running `Command { std: "docker" "exec" "-e" "SOURCE_DIR=/opt/rustwide/workdir" "-e" "CARGO_HOME=/opt/rustwide/cargo-home" "-e" "RUSTUP_HOME=/opt/rustwide/rustup-home" "-e" "CARGO_TARGET_DIR=/opt/rustwide/target" "-e" "CARGO_INCREMENTAL=0" "-e" "RUST_BACKTRACE=full" "-e" "RUSTFLAGS=--cap-lints=warn" "-e" "RUSTDOCFLAGS=--cap-lints=warn" "-w" "/opt/rustwide/workdir" "--user" "0:0" "a1a01c4b07aaa2f671a43876b0287ac5d2e209ec78a78b589655045deeedb494" "/opt/rustwide/cargo-home/bin/cargo" "+1.99.0-beta.8" "test" "--frozen" "--release", kill_on_drop: false }`
[INFO] [stderr]     Finished `release` profile [optimized] target(s) in 0.30s
[INFO] [stderr]      Running unittests src/lib.rs (/opt/rustwide/target/release/deps/gitty_core-85fa0ef818dde6eb)
[INFO] [stdout] 
[INFO] [stdout] running 32 tests
[INFO] [stdout] test diff::intraline::tests::long_lines_skipped ... ok
[INFO] [stdout] test diff::intraline::tests::pairs_similar_and_emphasizes_changed_word ... ok
[INFO] [stdout] test diff::intraline::tests::tokens ... ok
[INFO] [stdout] test diff::text::tests::counts_and_lines ... ok
[INFO] [stdout] test diff_lines::tests::counts ... ok
[INFO] [stdout] test git_bin::tests::prefers_non_shim ... ok
[INFO] [stdout] test diff::classify::tests::lfs_needs_header ... ok
[INFO] [stdout] test diff::classify::tests::order_and_kinds ... ok
[INFO] [stdout] test net::tests::auth_failure_texts ... ok
[INFO] [stdout] test diff::text::tests::edge_cases ... ok
[INFO] [stdout] test net::tests::tracker_weights_phases_and_never_goes_back ... ok
[INFO] [stdout] test status::tests::parses_every_record_kind_and_sorts ... ok
[INFO] [stdout] test diff::intraline::tests::unequal_counts_still_pair ... ok
[INFO] [stdout] test history::tests::co_author_parsing ... ok
[INFO] [stdout] test net::tests::push_porcelain_lines ... ok
[INFO] [stdout] test diff::intraline::tests::emph_ranges_on_char_boundaries ... ok
[INFO] [stdout] test status::tests::truncated_records_are_skipped ... ok
[INFO] [stdout] test git_bin::tests::skips_missing ... ok
[INFO] [stdout] test net::tests::parses_progress_lines ... ok
[INFO] [stdout] test diff::intraline::tests::adjacent_changes_merge_across_spaces ... ok
[INFO] [stdout] test diff::intraline::tests::dissimilar_not_paired ... ok
[INFO] [stdout] test types::tests::hex_roundtrip ... ok
[INFO] [stdout] test watch::tests::debouncer_waits_for_quiet_but_not_forever ... ok
[INFO] [stdout] test status::tests::unborn_and_detached_heads ... ok
[INFO] [stdout] test watch::tests::git_dir_classes ... ok
[INFO] [stdout] test diff::intraline::tests::whitespace_only_change_has_no_edge_emphasis ... ok
[INFO] [stdout] test status::tests::partial_check ... ok
[INFO] [stdout] test history::tests::split_message_cases ... ok
[INFO] [stdout] test git_bin::tests::resolve_runs_git ... ok
[INFO] [stdout] test diff::intraline::tests::huge_block_is_bounded ... ok
[INFO] [stdout] test net::tests::stdout_collection_gives_up_on_a_holder_after_the_grace ... ok
[INFO] [stdout] test net::tests::stdout_gets_only_what_is_left_of_the_shared_grace ... ok
[INFO] [stdout] 
[INFO] [stdout] test result: ok. 32 passed; 0 failed; 0 ignored; 0 measured; 0 filtered out; finished in 0.42s
[INFO] [stdout] 
[INFO] [stderr]      Running tests/ahead_behind.rs (/opt/rustwide/target/release/deps/ahead_behind-6a2e19661423d96f)
[INFO] [stdout] 
[INFO] [stdout] running 5 tests
[INFO] [stdout] test equal_tips_is_empty ... ok
[INFO] [stdout] test ahead_behind_with_graph ... ok
[INFO] [stdout] test an_unpublished_branch_lists_the_commits_no_remote_branch_has ... ok
[INFO] [stdout] test ahead_behind_graph_with_merges ... ok
[INFO] [stdout] test ahead_behind_without_graph ... ok
[INFO] [stdout] 
[INFO] [stdout] test result: ok. 5 passed; 0 failed; 0 ignored; 0 measured; 0 filtered out; finished in 0.56s
[INFO] [stdout] 
[INFO] [stderr]      Running tests/commit_files.rs (/opt/rustwide/target/release/deps/commit_files-3d7b747ac1326921)
[INFO] [stdout] 
[INFO] [stdout] running 5 tests
[INFO] [stdout] test root_commit_lists_added ... ok
[INFO] [stdout] test nested_paths_and_mode_change ... ok
[INFO] [stdout] test modify_delete_rename_binary ... ok
[INFO] [stdout] test range_files_spans_commits ... ok
[INFO] [stdout] test merge_diffs_against_first_parent ... ok
[INFO] [stdout] 
[INFO] [stdout] test result: ok. 5 passed; 0 failed; 0 ignored; 0 measured; 0 filtered out; finished in 0.18s
[INFO] [stdout] 
[INFO] [stdout] 
[INFO] [stdout] running 3 tests
[INFO] [stderr]      Running tests/compare.rs (/opt/rustwide/target/release/deps/compare-eb5537da4a37a05b)
[INFO] [stdout] test diff_commits_matches_git_diff_including_renames_and_the_empty_tree ... ok
[INFO] [stdout] test compare_with_unrelated_history_has_no_merge_base ... ok
[INFO] [stdout] test compare_lists_both_sides_in_topo_order_with_the_merge_base ... ok
[INFO] [stderr]      Running tests/diff_ops.rs (/opt/rustwide/target/release/deps/diff_ops-8939a3b35c31a8d4)
[INFO] [stdout] 
[INFO] [stdout] test result: ok. 3 passed; 0 failed; 0 ignored; 0 measured; 0 filtered out; finished in 0.23s
[INFO] [stdout] 
[INFO] [stdout] 
[INFO] [stdout] running 8 tests
[INFO] [stdout] test identical_is_single_equal ... ok
[INFO] [stdout] test add_and_delete_whole_file ... ok
[INFO] [stdout] test matches_git_hunks_with_indent_heuristic ... ok
[INFO] [stdout] test missing_final_newline_is_a_change ... ok
[INFO] [stdout] test whitespace_modes ... ok
[INFO] [stdout] test ops_reconstruct_new ... ok
[INFO] [stdout] test matches_git_on_long_shared_prefix_and_suffix ... ok
[INFO] [stdout] test slider_into_long_shared_suffix_matches_git ... ok
[INFO] [stdout] 
[INFO] [stdout] test result: ok. 8 passed; 0 failed; 0 ignored; 0 measured; 0 filtered out; finished in 0.02s
[INFO] [stdout] 
[INFO] [stderr]      Running tests/diff_view.rs (/opt/rustwide/target/release/deps/diff_view-f8211615b8784bfd)
[INFO] [stdout] 
[INFO] [stdout] running 9 tests
[INFO] [stdout] test added_file_and_identical ... ok
[INFO] [stdout] test split_gaps_match_unified ... ok
[INFO] [stdout] test split_rows_positional_without_pairing ... ok
[INFO] [stdout] test split_rows_follow_pairing ... ok
[INFO] [stdout] test default_context_and_gaps ... ok
[INFO] [stdout] test funcname_header ... ok
[INFO] [stdout] test expand_up_down_all_whole ... ok
[INFO] [stdout] test small_gap_between_changes_has_no_gap_row ... ok
[INFO] [stdout] test expansion_invariants ... ok
[INFO] [stdout] 
[INFO] [stdout] test result: ok. 9 passed; 0 failed; 0 ignored; 0 measured; 0 filtered out; finished in 0.01s
[INFO] [stdout] 
[INFO] [stderr]      Running tests/file_diff.rs (/opt/rustwide/target/release/deps/file_diff-c8c1ea3629f99ad4)
[INFO] [stdout] 
[INFO] [stdout] running 7 tests
[INFO] [stdout] test generated_keeps_text_for_force ... ok
[INFO] [stdout] test intraline_ready_is_lazy ... ok
[INFO] [stdout] test eol_and_bidi_flags ... ok
[INFO] [stdout] test whitespace_mode_hides_indent_change ... ok
[INFO] [stdout] test pairing_many_blocks_is_linear_and_lazy ... ok
[INFO] [stdout] test binary_and_rename_only ... ok
[INFO] [stderr]      Running tests/git_cli.rs (/opt/rustwide/target/release/deps/git_cli-235ed235f509d3f8)
[INFO] [stdout] test diff_of_modified_file ... ok
[INFO] [stdout] 
[INFO] [stdout] test result: ok. 7 passed; 0 failed; 0 ignored; 0 measured; 0 filtered out; finished in 0.14s
[INFO] [stdout] 
[INFO] [stdout] 
[INFO] [stdout] running 9 tests
[INFO] [stdout] test stale_index_lock_is_a_clear_error ... ok
[INFO] [stdout] test failing_hook_streams_and_returns_its_output ... ok
[INFO] [stdout] test children_run_in_their_own_session ... ok
[INFO] [stdout] test symlinks_and_type_changes_are_whole_file_only ... ok
[INFO] [stdout] test unstage_on_unborn_head ... ok
[INFO] [stdout] test commit_amend_and_undo ... ok
[INFO] [stdout] test conflict_entries_take_head_from_stage_two ... ok
[INFO] [stdout] test status_covers_unborn_untracked_rename_and_conflict ... ok
[INFO] [stdout] test whole_file_stage_and_unstage_round_trip ... ok
[INFO] [stdout] 
[INFO] [stdout] test result: ok. 9 passed; 0 failed; 0 ignored; 0 measured; 0 filtered out; finished in 0.38s
[INFO] [stdout] 
[INFO] [stderr]      Running tests/history.rs (/opt/rustwide/target/release/deps/history-3579ae48b4b16121)
[INFO] [stdout] 
[INFO] [stdout] running 6 tests
[INFO] [stdout] test walk_empty_tips ... ok
[INFO] [stdout] test decode_row_fields ... ok
[INFO] [stdout] test walk_with_graph ... ok
[INFO] [stdout] test walk_without_graph ... ok
[INFO] [stdout] test walk_with_stale_graph ... ok
[INFO] [stderr]      Running tests/net.rs (/opt/rustwide/target/release/deps/net-499a2a8e56f883f5)
[INFO] [stdout] test append_chunks_matches_single_walk ... ok
[INFO] [stdout] 
[INFO] [stdout] test result: ok. 6 passed; 0 failed; 0 ignored; 0 measured; 0 filtered out; finished in 0.46s
[INFO] [stdout] 
[INFO] [stdout] 
[INFO] [stdout] running 14 tests
[INFO] [stdout] test background_jobs_never_fall_back_to_core_askpass ... ok
[INFO] [stdout] test background_auth_failure_is_needs_auth ... ok
[INFO] [stdout] test push_remote_settings_are_honoured ... ok
[INFO] [stdout] test diverged_pull_is_reported_and_rebase_resolves_it ... ok
[INFO] [stdout] test a_branch_tracking_another_name_never_pushes_onto_it ... ok
[INFO] [stdout] test fetch_then_fast_forward ... ok
[INFO] [stdout] test merge_conflicts_are_explained ... ok
[INFO] [stdout] test first_push_of_a_branch_sets_its_upstream ... ok
[INFO] [stdout] test rebase_detail_drops_progress_repaints ... ok
[INFO] [stdout] test push_updates_the_remote_and_rejects_non_fast_forward ... ok
[INFO] [stdout] test a_hook_decline_is_not_a_pull_first_rejection ... ok
[INFO] [stdout] test cancel_kills_the_whole_process_group ... FAILED
[INFO] [stdout] test a_cancel_after_git_already_finished_reports_what_git_did ... ok
[INFO] [stdout] test a_helper_holding_stderr_cannot_block_the_result ... ok
[INFO] [stdout] 
[INFO] [stdout] failures:
[INFO] [stdout] 
[INFO] [stdout] ---- cancel_kills_the_whole_process_group stdout ----
[INFO] [stdout] 
[INFO] [stdout] thread 'cancel_kills_the_whole_process_group' (5463) panicked at tests/net.rs:112:5:
[INFO] [stdout] processes of group 5817 survived
[INFO] [stdout] stack backtrace:
[INFO] [stdout]    0:     0x627175a38541 - <<std[70759c8f55707aa4]::sys::backtrace::BacktraceLock>::print::DisplayBacktrace as core[df12db4294e9bfd3]::fmt::Display>::fmt
[INFO] [stdout]    1:     0x627175a4e7da - core[df12db4294e9bfd3]::fmt::write
[INFO] [stdout]    2:     0x627175a3d36c - <alloc[2182bb758b4b3781]::vec::Vec<u8> as core[df12db4294e9bfd3]::io::write::Write>::write_fmt
[INFO] [stdout]    3:     0x627175a10846 - std[70759c8f55707aa4]::panicking::default_hook::{closure#0}
[INFO] [stdout]    4:     0x627175a2f809 - std[70759c8f55707aa4]::panicking::default_hook
[INFO] [stdout]    5:     0x6271758f8b90 - test[9d35eded1c95d3be]::test_main_inner::<test[9d35eded1c95d3be]::test_main_static::{closure#0}>::{closure#0}
[INFO] [stdout]    6:     0x627175a2f9c2 - std[70759c8f55707aa4]::panicking::panic_with_hook
[INFO] [stdout]    7:     0x627175a108f2 - std[70759c8f55707aa4]::panicking::panic_handler::{closure#0}
[INFO] [stdout]    8:     0x627175a08d99 - std[70759c8f55707aa4]::sys::backtrace::__rust_end_short_backtrace::<std[70759c8f55707aa4]::panicking::panic_handler::{closure#0}, !>
[INFO] [stdout]    9:     0x627175a116bd - __rustc[8fa7c3cbc660c2b3]::rust_begin_unwind
[INFO] [stdout]   10:     0x627175a4ef8c - core[df12db4294e9bfd3]::panicking::panic_fmt
[INFO] [stdout]   11:     0x6271758e0045 - <net[ce73a63a8251ba0b]::cancel_kills_the_whole_process_group::{closure#0} as core[df12db4294e9bfd3]::ops::function::FnOnce<()>>::call_once
[INFO] [stdout]   12:     0x6271758ebe7b - test[9d35eded1c95d3be]::__rust_begin_short_backtrace::<core[df12db4294e9bfd3]::result::Result<(), alloc[2182bb758b4b3781]::string::String>, fn() -> core[df12db4294e9bfd3]::result::Result<(), alloc[2182bb758b4b3781]::string::String>>
[INFO] [stdout]   13:     0x6271758f94e5 - test[9d35eded1c95d3be]::run_test::{closure#0}
[INFO] [stdout]   14:     0x6271758f2da4 - std[70759c8f55707aa4]::sys::backtrace::__rust_begin_short_backtrace::<test[9d35eded1c95d3be]::run_test::{closure#1}, ()>
[INFO] [stdout]   15:     0x6271758fc642 - <std[70759c8f55707aa4]::thread::lifecycle::spawn_unchecked<test[9d35eded1c95d3be]::run_test::{closure#1}, ()>::{closure#1} as core[df12db4294e9bfd3]::ops::function::FnOnce<()>>::call_once::{shim:vtable#0}
[INFO] [stdout]   16:     0x627175a37909 - <std[70759c8f55707aa4]::sys::thread::unix::Thread>::new::thread_start
[INFO] [stdout]   17:     0x732726434dfa - <unknown>
[INFO] [stdout]   18:     0x7327264c83d4 - clone
[INFO] [stdout]   19:                0x0 - <unknown>
[INFO] [stdout] 
[INFO] [stdout] 
[INFO] [stdout] failures:
[INFO] [stdout]     cancel_kills_the_whole_process_group
[INFO] [stdout] 
[INFO] [stdout] test result: FAILED. 13 passed; 1 failed; 0 ignored; 0 measured; 0 filtered out; finished in 1.54s
[INFO] [stdout] 
[INFO] [stderr] error: test failed, to rerun pass `--test net`
[INFO] running `Command { std: "docker" "inspect" "a1a01c4b07aaa2f671a43876b0287ac5d2e209ec78a78b589655045deeedb494", kill_on_drop: false }`
[INFO] running `Command { std: "docker" "rm" "-f" "a1a01c4b07aaa2f671a43876b0287ac5d2e209ec78a78b589655045deeedb494", kill_on_drop: false }`
[INFO] [stdout] a1a01c4b07aaa2f671a43876b0287ac5d2e209ec78a78b589655045deeedb494
