[INFO] fetching crate gitru 0.2.11...
[INFO] testing gitru-0.2.11 against 1.99.0-beta.8+cargoflags=--release for beta-release-1.100-2
[INFO] extracting crate gitru 0.2.11 into /workspace/builds/worker-5-tc1/source
[INFO] started tweaking crates.io crate gitru 0.2.11
[INFO] finished tweaking crates.io crate gitru 0.2.11
[INFO] tweaked toml for crates.io crate gitru 0.2.11 written to /workspace/builds/worker-5-tc1/source/Cargo.toml
[INFO] validating manifest of crates.io crate gitru 0.2.11 on toolchain 1.99.0-beta.8
[INFO] running `Command { std: CARGO_HOME="/workspace/cargo-home" RUSTUP_HOME="/workspace/rustup-home" "/workspace/cargo-home/bin/cargo" "+1.99.0-beta.8" "metadata" "--manifest-path" "Cargo.toml" "--no-deps", kill_on_drop: false }`
[INFO] crate crates.io crate gitru 0.2.11 already has a lockfile, it will not be regenerated
[INFO] running `Command { std: CARGO_HOME="/workspace/cargo-home" RUSTUP_HOME="/workspace/rustup-home" "/workspace/cargo-home/bin/cargo" "+1.99.0-beta.8" "fetch" "--manifest-path" "Cargo.toml", kill_on_drop: false }`
[INFO] running `Command { std: "docker" "create" "-v" "/var/lib/crater-agent-workspace/builds/worker-5-tc1/source:/opt/rustwide/workdir:ro,Z" "-v" "/var/lib/crater-agent-workspace/builds/worker-5-tc1/target:/opt/rustwide/target:rw,Z" "-v" "/var/lib/crater-agent-workspace/cargo-home:/opt/rustwide/cargo-home:ro,Z" "-v" "/var/lib/crater-agent-workspace/rustup-home:/opt/rustwide/rustup-home:ro,Z" "-m" "1610612736" "--network" "none" "ghcr.io/rust-lang/crates-build-env/linux@sha256:77db811e55d90add9212f6832c23229e3de5f1c1f9905e8cb07319ea15df73ac" "sleep" "infinity", kill_on_drop: false }`
[INFO] [stdout] dba061e0d170f4e3a73d402a94bfb69db25a418494f0274f429f34c398a61e29
[INFO] running `Command { std: "docker" "start" "dba061e0d170f4e3a73d402a94bfb69db25a418494f0274f429f34c398a61e29", kill_on_drop: false }`
[INFO] running `Command { std: "docker" "inspect" "dba061e0d170f4e3a73d402a94bfb69db25a418494f0274f429f34c398a61e29", kill_on_drop: false }`
[INFO] running `Command { std: "docker" "exec" "-e" "SOURCE_DIR=/opt/rustwide/workdir" "-e" "CARGO_HOME=/opt/rustwide/cargo-home" "-e" "RUSTUP_HOME=/opt/rustwide/rustup-home" "-e" "CARGO_TARGET_DIR=/opt/rustwide/target" "-w" "/opt/rustwide/workdir" "--user" "0:0" "dba061e0d170f4e3a73d402a94bfb69db25a418494f0274f429f34c398a61e29" "/opt/rustwide/cargo-home/bin/cargo" "+1.99.0-beta.8" "metadata" "--no-deps" "--format-version=1", kill_on_drop: false }`
[INFO] running `Command { std: "docker" "inspect" "dba061e0d170f4e3a73d402a94bfb69db25a418494f0274f429f34c398a61e29", kill_on_drop: false }`
[INFO] running `Command { std: "docker" "exec" "-e" "SOURCE_DIR=/opt/rustwide/workdir" "-e" "CARGO_HOME=/opt/rustwide/cargo-home" "-e" "RUSTUP_HOME=/opt/rustwide/rustup-home" "-e" "CARGO_TARGET_DIR=/opt/rustwide/target" "-e" "CARGO_INCREMENTAL=0" "-e" "RUST_BACKTRACE=full" "-e" "RUSTFLAGS=--cap-lints=warn" "-e" "RUSTDOCFLAGS=--cap-lints=warn" "-w" "/opt/rustwide/workdir" "--user" "0:0" "dba061e0d170f4e3a73d402a94bfb69db25a418494f0274f429f34c398a61e29" "/opt/rustwide/cargo-home/bin/cargo" "+1.99.0-beta.8" "build" "--frozen" "--message-format=json" "--release", kill_on_drop: false }`
[INFO] [stderr]    Compiling unicode-ident v1.0.18
[INFO] [stderr]    Compiling serde_core v1.0.228
[INFO] [stderr]    Compiling utf8parse v0.2.2
[INFO] [stderr]    Compiling anstyle v1.0.11
[INFO] [stderr]    Compiling is_terminal_polyfill v1.70.1
[INFO] [stderr]    Compiling colorchoice v1.0.4
[INFO] [stderr]    Compiling anstyle-query v1.1.4
[INFO] [stderr]    Compiling memchr v2.7.5
[INFO] [stderr]    Compiling strsim v0.11.1
[INFO] [stderr]    Compiling clap_lex v1.0.0
[INFO] [stderr]    Compiling heck v0.5.0
[INFO] [stderr]    Compiling thiserror v2.0.18
[INFO] [stderr]    Compiling winnow v0.7.15
[INFO] [stderr]    Compiling regex-syntax v0.8.6
[INFO] [stderr]    Compiling is_ci v1.2.0
[INFO] [stderr]    Compiling toml_writer v1.0.6+spec-1.1.0
[INFO] [stderr]    Compiling anstyle-parse v0.2.7
[INFO] [stderr]    Compiling proc-macro2 v1.0.101
[INFO] [stderr]    Compiling supports-color v3.0.2
[INFO] [stderr]    Compiling anstream v0.6.20
[INFO] [stderr]    Compiling quote v1.0.40
[INFO] [stderr]    Compiling clap_builder v4.5.60
[INFO] [stderr]    Compiling syn v2.0.106
[INFO] [stderr]    Compiling aho-corasick v1.1.3
[INFO] [stderr]    Compiling toml_parser v1.0.9+spec-1.1.0
[INFO] [stderr]    Compiling regex-automata v0.4.14
[INFO] [stderr]    Compiling toml_datetime v1.0.0+spec-1.1.0
[INFO] [stderr]    Compiling serde_spanned v1.0.4
[INFO] [stderr]    Compiling toml v1.0.6+spec-1.1.0
[INFO] [stderr]    Compiling clap_derive v4.5.55
[INFO] [stderr]    Compiling serde_derive v1.0.228
[INFO] [stderr]    Compiling thiserror-impl v2.0.18
[INFO] [stderr]    Compiling regex v1.12.3
[INFO] [stderr]    Compiling clap v4.5.60
[INFO] [stderr]    Compiling serde v1.0.228
[INFO] [stderr]    Compiling gitru v0.2.11 (/opt/rustwide/workdir)
[INFO] [stderr]     Finished `release` profile [optimized] target(s) in 55.09s
[INFO] running `Command { std: "docker" "inspect" "dba061e0d170f4e3a73d402a94bfb69db25a418494f0274f429f34c398a61e29", kill_on_drop: false }`
[INFO] running `Command { std: "docker" "exec" "-e" "SOURCE_DIR=/opt/rustwide/workdir" "-e" "CARGO_HOME=/opt/rustwide/cargo-home" "-e" "RUSTUP_HOME=/opt/rustwide/rustup-home" "-e" "CARGO_TARGET_DIR=/opt/rustwide/target" "-e" "CARGO_INCREMENTAL=0" "-e" "RUST_BACKTRACE=full" "-e" "RUSTFLAGS=--cap-lints=warn" "-e" "RUSTDOCFLAGS=--cap-lints=warn" "-w" "/opt/rustwide/workdir" "--user" "0:0" "dba061e0d170f4e3a73d402a94bfb69db25a418494f0274f429f34c398a61e29" "/opt/rustwide/cargo-home/bin/cargo" "+1.99.0-beta.8" "test" "--frozen" "--no-run" "--message-format=json" "--release", kill_on_drop: false }`
[INFO] [stderr]    Compiling libc v0.2.183
[INFO] [stderr]    Compiling rustix v1.1.4
[INFO] [stderr]    Compiling getrandom v0.4.2
[INFO] [stderr]    Compiling cfg-if v1.0.4
[INFO] [stderr]    Compiling linux-raw-sys v0.12.1
[INFO] [stderr]    Compiling bitflags v2.11.0
[INFO] [stderr]    Compiling once_cell v1.21.4
[INFO] [stderr]    Compiling fastrand v2.3.0
[INFO] [stderr]    Compiling tempfile v3.27.0
[INFO] [stderr]    Compiling gitru v0.2.11 (/opt/rustwide/workdir)
[INFO] [stderr]     Finished `release` profile [optimized] target(s) in 35.62s
[INFO] running `Command { std: "docker" "inspect" "dba061e0d170f4e3a73d402a94bfb69db25a418494f0274f429f34c398a61e29", kill_on_drop: false }`
[INFO] running `Command { std: "docker" "exec" "-e" "SOURCE_DIR=/opt/rustwide/workdir" "-e" "CARGO_HOME=/opt/rustwide/cargo-home" "-e" "RUSTUP_HOME=/opt/rustwide/rustup-home" "-e" "CARGO_TARGET_DIR=/opt/rustwide/target" "-e" "CARGO_INCREMENTAL=0" "-e" "RUST_BACKTRACE=full" "-e" "RUSTFLAGS=--cap-lints=warn" "-e" "RUSTDOCFLAGS=--cap-lints=warn" "-w" "/opt/rustwide/workdir" "--user" "0:0" "dba061e0d170f4e3a73d402a94bfb69db25a418494f0274f429f34c398a61e29" "/opt/rustwide/cargo-home/bin/cargo" "+1.99.0-beta.8" "test" "--frozen" "--release", kill_on_drop: false }`
[INFO] [stderr]     Finished `release` profile [optimized] target(s) in 0.06s
[INFO] [stderr]      Running unittests src/lib.rs (/opt/rustwide/target/release/deps/gitru-782581334a7d6fdf)
[INFO] [stdout] 
[INFO] [stdout] running 17 tests
[INFO] [stdout] test util::git_path::tests::test_hook_and_config_normal_repo ... ignored
[INFO] [stdout] test util::git_path::tests::test_hook_and_config_submodule ... ignored
[INFO] [stdout] test util::git_path::tests::test_hook_and_config_worktree ... ignored
[INFO] [stdout] test util::git_path::tests::test_normal_repo ... ignored
[INFO] [stdout] test util::git_path::tests::test_submodule ... ignored
[INFO] [stdout] test util::git_path::tests::test_worktree ... ignored
[INFO] [stdout] test util::colored_print::tests::test_color_red ... ok
[INFO] [stdout] test constant::tests::test_get_commit_msg_hook_content ... ok
[INFO] [stdout] test validator::commit_msg::tests::test_valid_body_and_footer ... ok
[INFO] [stdout] test util::colored_print::tests::test_print ... ok
[INFO] [stdout] test validator::commit_msg::tests::test_type_typo ... FAILED
[INFO] [stdout] test validator::git_status::tests::test_check_config_status ... ok
[INFO] [stdout] test util::colored_print::tests::test_print_success ... ok
[INFO] [stdout] test constant::tests::test_get_program_name ... ok
[INFO] [stdout] test config::commit_msg_rule::tests::test_parse_commit_msg_rule ... FAILED
[INFO] [stdout] test parser::footer::tests::test_detect_footer_keyword_typo ... ok
[INFO] [stdout] test validator::commit_msg::tests::test_validate_commit_msg ... FAILED
[INFO] [stdout] 
[INFO] [stdout] failures:
[INFO] [stdout] 
[INFO] [stdout] ---- validator::commit_msg::tests::test_type_typo stdout ----
[INFO] [stdout] 
[INFO] [stdout] thread 'validator::commit_msg::tests::test_type_typo' (900) panicked at src/validator/commit_msg.rs:398:40:
[INFO] [stdout] called `Result::unwrap()` on an `Err` value: GitKind(InvalidPath)
[INFO] [stdout] stack backtrace:
[INFO] [stdout]    0:     0x5604c2692945 - <<std[70759c8f55707aa4]::sys::backtrace::BacktraceLock>::print::DisplayBacktrace as core[df12db4294e9bfd3]::fmt::Display>::fmt
[INFO] [stdout]    1:     0x5604c25b6bda - core[df12db4294e9bfd3]::fmt::write
[INFO] [stdout]    2:     0x5604c2691fdb - <alloc[2182bb758b4b3781]::vec::Vec<u8> as core[df12db4294e9bfd3]::io::write::Write>::write_fmt
[INFO] [stdout]    3:     0x5604c2691abf - std[70759c8f55707aa4]::panicking::default_hook::{closure#0}
[INFO] [stdout]    4:     0x5604c26916ea - std[70759c8f55707aa4]::panicking::default_hook
[INFO] [stdout]    5:     0x5604c2691222 - std[70759c8f55707aa4]::panicking::panic_with_hook
[INFO] [stdout]    6:     0x5604c26b8721 - std[70759c8f55707aa4]::panicking::panic_handler::{closure#0}
[INFO] [stdout]    7:     0x5604c26b86d9 - std[70759c8f55707aa4]::sys::backtrace::__rust_end_short_backtrace::<std[70759c8f55707aa4]::panicking::panic_handler::{closure#0}, !>
[INFO] [stdout]    8:     0x5604c26b8bec - __rustc[8fa7c3cbc660c2b3]::rust_begin_unwind
[INFO] [stdout]    9:     0x5604c25b6a6b - core[df12db4294e9bfd3]::panicking::panic_fmt
[INFO] [stdout]   10:     0x5604c25bb3f1 - core[df12db4294e9bfd3]::result::unwrap_failed
[INFO] [stdout]   11:     0x5604c25eaba6 - <gitru[ade8c21df9a4b580]::validator::commit_msg::tests::test_type_typo::{closure#0} as core[df12db4294e9bfd3]::ops::function::FnOnce<()>>::call_once
[INFO] [stdout]   12:     0x5604c26d571b - test[9d35eded1c95d3be]::__rust_begin_short_backtrace::<core[df12db4294e9bfd3]::result::Result<(), alloc[2182bb758b4b3781]::string::String>, fn() -> core[df12db4294e9bfd3]::result::Result<(), alloc[2182bb758b4b3781]::string::String>>
[INFO] [stdout]   13:     0x5604c26d1891 - test[9d35eded1c95d3be]::run_test::{closure#0}
[INFO] [stdout]   14:     0x5604c26d107c - std[70759c8f55707aa4]::sys::backtrace::__rust_begin_short_backtrace::<test[9d35eded1c95d3be]::run_test::{closure#1}, ()>
[INFO] [stdout]   15:     0x5604c26ed69c - <std[70759c8f55707aa4]::thread::lifecycle::spawn_unchecked<test[9d35eded1c95d3be]::run_test::{closure#1}, ()>::{closure#1} as core[df12db4294e9bfd3]::ops::function::FnOnce<()>>::call_once::{shim:vtable#0}
[INFO] [stdout]   16:     0x5604c26b9ed2 - <std[70759c8f55707aa4]::sys::thread::unix::Thread>::new::thread_start
[INFO] [stdout]   17:     0x7c6c84df9dfa - <unknown>
[INFO] [stdout]   18:     0x7c6c84e8d3d4 - clone
[INFO] [stdout]   19:                0x0 - <unknown>
[INFO] [stdout] 
[INFO] [stdout] ---- config::commit_msg_rule::tests::test_parse_commit_msg_rule stdout ----
[INFO] [stdout] 
[INFO] [stdout] thread 'config::commit_msg_rule::tests::test_parse_commit_msg_rule' (893) panicked at src/config/commit_msg_rule.rs:124:69:
[INFO] [stdout] called `Result::unwrap()` on an `Err` value: GitKind(InvalidPath)
[INFO] [stdout] stack backtrace:
[INFO] [stdout]    0:     0x5604c2692945 - <<std[70759c8f55707aa4]::sys::backtrace::BacktraceLock>::print::DisplayBacktrace as core[df12db4294e9bfd3]::fmt::Display>::fmt
[INFO] [stdout]    1:     0x5604c25b6bda - core[df12db4294e9bfd3]::fmt::write
[INFO] [stdout]    2:     0x5604c2691fdb - <alloc[2182bb758b4b3781]::vec::Vec<u8> as core[df12db4294e9bfd3]::io::write::Write>::write_fmt
[INFO] [stdout]    3:     0x5604c2691abf - std[70759c8f55707aa4]::panicking::default_hook::{closure#0}
[INFO] [stdout]    4:     0x5604c26916ea - std[70759c8f55707aa4]::panicking::default_hook
[INFO] [stdout]    5:     0x5604c2691222 - std[70759c8f55707aa4]::panicking::panic_with_hook
[INFO] [stdout]    6:     0x5604c26b8721 - std[70759c8f55707aa4]::panicking::panic_handler::{closure#0}
[INFO] [stdout]    7:     0x5604c26b86d9 - std[70759c8f55707aa4]::sys::backtrace::__rust_end_short_backtrace::<std[70759c8f55707aa4]::panicking::panic_handler::{closure#0}, !>
[INFO] [stdout]    8:     0x5604c26b8bec - __rustc[8fa7c3cbc660c2b3]::rust_begin_unwind
[INFO] [stdout]    9:     0x5604c25b6a6b - core[df12db4294e9bfd3]::panicking::panic_fmt
[INFO] [stdout]   10:     0x5604c25bb3f1 - core[df12db4294e9bfd3]::result::unwrap_failed
[INFO] [stdout]   11:     0x5604c25edeb4 - <gitru[ade8c21df9a4b580]::config::commit_msg_rule::tests::test_parse_commit_msg_rule::{closure#0} as core[df12db4294e9bfd3]::ops::function::FnOnce<()>>::call_once
[INFO] [stdout]   12:     0x5604c26d571b - test[9d35eded1c95d3be]::__rust_begin_short_backtrace::<core[df12db4294e9bfd3]::result::Result<(), alloc[2182bb758b4b3781]::string::String>, fn() -> core[df12db4294e9bfd3]::result::Result<(), alloc[2182bb758b4b3781]::string::String>>
[INFO] [stdout]   13:     0x5604c26d1891 - test[9d35eded1c95d3be]::run_test::{closure#0}
[INFO] [stdout]   14:     0x5604c26d107c - std[70759c8f55707aa4]::sys::backtrace::__rust_begin_short_backtrace::<test[9d35eded1c95d3be]::run_test::{closure#1}, ()>
[INFO] [stdout]   15:     0x5604c26ed69c - <std[70759c8f55707aa4]::thread::lifecycle::spawn_unchecked<test[9d35eded1c95d3be]::run_test::{closure#1}, ()>::{closure#1} as core[df12db4294e9bfd3]::ops::function::FnOnce<()>>::call_once::{shim:vtable#0}
[INFO] [stdout]   16:     0x5604c26b9ed2 - <std[70759c8f55707aa4]::sys::thread::unix::Thread>::new::thread_start
[INFO] [stdout]   17:     0x7c6c84df9dfa - <unknown>
[INFO] [stdout]   18:     0x7c6c84e8d3d4 - clone
[INFO] [stdout]   19:                0x0 - <unknown>
[INFO] [stdout] 
[INFO] [stdout] ---- validator::commit_msg::tests::test_validate_commit_msg stdout ----
[INFO] [stdout] 
[INFO] [stdout] thread 'validator::commit_msg::tests::test_validate_commit_msg' (902) panicked at src/validator/commit_msg.rs:383:40:
[INFO] [stdout] called `Result::unwrap()` on an `Err` value: GitKind(InvalidPath)
[INFO] [stdout] stack backtrace:
[INFO] [stdout]    0:     0x5604c2692945 - <<std[70759c8f55707aa4]::sys::backtrace::BacktraceLock>::print::DisplayBacktrace as core[df12db4294e9bfd3]::fmt::Display>::fmt
[INFO] [stdout]    1:     0x5604c25b6bda - core[df12db4294e9bfd3]::fmt::write
[INFO] [stdout]    2:     0x5604c2691fdb - <alloc[2182bb758b4b3781]::vec::Vec<u8> as core[df12db4294e9bfd3]::io::write::Write>::write_fmt
[INFO] [stdout]    3:     0x5604c2691abf - std[70759c8f55707aa4]::panicking::default_hook::{closure#0}
[INFO] [stdout]    4:     0x5604c26916ea - std[70759c8f55707aa4]::panicking::default_hook
[INFO] [stdout]    5:     0x5604c2691222 - std[70759c8f55707aa4]::panicking::panic_with_hook
[INFO] [stdout]    6:     0x5604c26b8721 - std[70759c8f55707aa4]::panicking::panic_handler::{closure#0}
[INFO] [stdout]    7:     0x5604c26b86d9 - std[70759c8f55707aa4]::sys::backtrace::__rust_end_short_backtrace::<std[70759c8f55707aa4]::panicking::panic_handler::{closure#0}, !>
[INFO] [stdout]    8:     0x5604c26b8bec - __rustc[8fa7c3cbc660c2b3]::rust_begin_unwind
[INFO] [stdout]    9:     0x5604c25b6a6b - core[df12db4294e9bfd3]::panicking::panic_fmt
[INFO] [stdout]   10:     0x5604c25bb3f1 - core[df12db4294e9bfd3]::result::unwrap_failed
[INFO] [stdout]   11:     0x5604c25ea7da - <gitru[ade8c21df9a4b580]::validator::commit_msg::tests::test_validate_commit_msg::{closure#0} as core[df12db4294e9bfd3]::ops::function::FnOnce<()>>::call_once
[INFO] [stdout]   12:     0x5604c26d571b - test[9d35eded1c95d3be]::__rust_begin_short_backtrace::<core[df12db4294e9bfd3]::result::Result<(), alloc[2182bb758b4b3781]::string::String>, fn() -> core[df12db4294e9bfd3]::result::Result<(), alloc[2182bb758b4b3781]::string::String>>
[INFO] [stdout]   13:     0x5604c26d1891 - test[9d35eded1c95d3be]::run_test::{closure#0}
[INFO] [stdout]   14:     0x5604c26d107c - std[70759c8f55707aa4]::sys::backtrace::__rust_begin_short_backtrace::<test[9d35eded1c95d3be]::run_test::{closure#1}, ()>
[INFO] [stdout]   15:     0x5604c26ed69c - <std[70759c8f55707aa4]::thread::lifecycle::spawn_unchecked<test[9d35eded1c95d3be]::run_test::{closure#1}, ()>::{closure#1} as core[df12db4294e9bfd3]::ops::function::FnOnce<()>>::call_once::{shim:vtable#0}
[INFO] [stdout]   16:     0x5604c26b9ed2 - <std[70759c8f55707aa4]::sys::thread::unix::Thread>::new::thread_start
[INFO] [stdout]   17:     0x7c6c84df9dfa - <unknown>
[INFO] [stdout]   18:     0x7c6c84e8d3d4 - clone
[INFO] [stdout]   19:                0x0 - <unknown>
[INFO] [stdout] 
[INFO] [stdout] 
[INFO] [stdout] failures:
[INFO] [stdout]     config::commit_msg_rule::tests::test_parse_commit_msg_rule
[INFO] [stderr] error: test failed, to rerun pass `--lib`
[INFO] [stdout]     validator::commit_msg::tests::test_type_typo
[INFO] [stdout]     validator::commit_msg::tests::test_validate_commit_msg
[INFO] [stdout] 
[INFO] [stdout] test result: FAILED. 8 passed; 3 failed; 6 ignored; 0 measured; 0 filtered out; finished in 0.01s
[INFO] [stdout] 
[INFO] running `Command { std: "docker" "inspect" "dba061e0d170f4e3a73d402a94bfb69db25a418494f0274f429f34c398a61e29", kill_on_drop: false }`
[INFO] running `Command { std: "docker" "rm" "-f" "dba061e0d170f4e3a73d402a94bfb69db25a418494f0274f429f34c398a61e29", kill_on_drop: false }`
[INFO] [stdout] dba061e0d170f4e3a73d402a94bfb69db25a418494f0274f429f34c398a61e29
