[INFO] fetching crate gitlsf 0.1.0...
[INFO] testing gitlsf-0.1.0 against 1.99.0-beta.8+cargoflags=--release for beta-release-1.100-2
[INFO] extracting crate gitlsf 0.1.0 into /workspace/builds/worker-0-tc1/source
[INFO] started tweaking crates.io crate gitlsf 0.1.0
[INFO] removed 0 missing tests
[INFO] finished tweaking crates.io crate gitlsf 0.1.0
[INFO] tweaked toml for crates.io crate gitlsf 0.1.0 written to /workspace/builds/worker-0-tc1/source/Cargo.toml
[INFO] validating manifest of crates.io crate gitlsf 0.1.0 on toolchain 1.99.0-beta.8
[INFO] running `Command { std: CARGO_HOME="/workspace/cargo-home" RUSTUP_HOME="/workspace/rustup-home" "/workspace/cargo-home/bin/cargo" "+1.99.0-beta.8" "metadata" "--manifest-path" "Cargo.toml" "--no-deps", kill_on_drop: false }`
[INFO] crate crates.io crate gitlsf 0.1.0 already has a lockfile, it will not be regenerated
[INFO] running `Command { std: CARGO_HOME="/workspace/cargo-home" RUSTUP_HOME="/workspace/rustup-home" "/workspace/cargo-home/bin/cargo" "+1.99.0-beta.8" "fetch" "--manifest-path" "Cargo.toml", kill_on_drop: false }`
[INFO] [stderr]  Downloading crates ...
[INFO] [stderr]   Downloaded assert_cmd v2.1.2
[INFO] running `Command { std: "docker" "create" "-v" "/var/lib/crater-agent-workspace/builds/worker-0-tc1/source:/opt/rustwide/workdir:ro,Z" "-v" "/var/lib/crater-agent-workspace/builds/worker-0-tc1/target:/opt/rustwide/target:rw,Z" "-v" "/var/lib/crater-agent-workspace/cargo-home:/opt/rustwide/cargo-home:ro,Z" "-v" "/var/lib/crater-agent-workspace/rustup-home:/opt/rustwide/rustup-home:ro,Z" "-m" "1610612736" "--network" "none" "ghcr.io/rust-lang/crates-build-env/linux@sha256:77db811e55d90add9212f6832c23229e3de5f1c1f9905e8cb07319ea15df73ac" "sleep" "infinity", kill_on_drop: false }`
[INFO] [stdout] dfc2c7ae47f14f6d0fc1c8da475d15ba8a3fe03279081320f62b59e127f97de4
[INFO] running `Command { std: "docker" "start" "dfc2c7ae47f14f6d0fc1c8da475d15ba8a3fe03279081320f62b59e127f97de4", kill_on_drop: false }`
[INFO] running `Command { std: "docker" "inspect" "dfc2c7ae47f14f6d0fc1c8da475d15ba8a3fe03279081320f62b59e127f97de4", kill_on_drop: false }`
[INFO] running `Command { std: "docker" "exec" "-e" "SOURCE_DIR=/opt/rustwide/workdir" "-e" "CARGO_HOME=/opt/rustwide/cargo-home" "-e" "RUSTUP_HOME=/opt/rustwide/rustup-home" "-e" "CARGO_TARGET_DIR=/opt/rustwide/target" "-w" "/opt/rustwide/workdir" "--user" "0:0" "dfc2c7ae47f14f6d0fc1c8da475d15ba8a3fe03279081320f62b59e127f97de4" "/opt/rustwide/cargo-home/bin/cargo" "+1.99.0-beta.8" "metadata" "--no-deps" "--format-version=1", kill_on_drop: false }`
[INFO] running `Command { std: "docker" "inspect" "dfc2c7ae47f14f6d0fc1c8da475d15ba8a3fe03279081320f62b59e127f97de4", kill_on_drop: false }`
[INFO] running `Command { std: "docker" "exec" "-e" "SOURCE_DIR=/opt/rustwide/workdir" "-e" "CARGO_HOME=/opt/rustwide/cargo-home" "-e" "RUSTUP_HOME=/opt/rustwide/rustup-home" "-e" "CARGO_TARGET_DIR=/opt/rustwide/target" "-e" "CARGO_INCREMENTAL=0" "-e" "RUST_BACKTRACE=full" "-e" "RUSTFLAGS=--cap-lints=warn" "-e" "RUSTDOCFLAGS=--cap-lints=warn" "-w" "/opt/rustwide/workdir" "--user" "0:0" "dfc2c7ae47f14f6d0fc1c8da475d15ba8a3fe03279081320f62b59e127f97de4" "/opt/rustwide/cargo-home/bin/cargo" "+1.99.0-beta.8" "build" "--frozen" "--message-format=json" "--release", kill_on_drop: false }`
[INFO] [stderr]    Compiling syn v2.0.114
[INFO] [stderr]    Compiling clap_builder v4.5.54
[INFO] [stderr]    Compiling rayon v1.11.0
[INFO] [stderr]    Compiling clap_derive v4.5.49
[INFO] [stderr]    Compiling thiserror-impl v2.0.17
[INFO] [stderr]    Compiling clap v4.5.54
[INFO] [stderr]    Compiling thiserror v2.0.17
[INFO] [stderr]    Compiling gitlsf v0.1.0 (/opt/rustwide/workdir)
[INFO] [stderr]     Finished `release` profile [optimized] target(s) in 26.05s
[INFO] running `Command { std: "docker" "inspect" "dfc2c7ae47f14f6d0fc1c8da475d15ba8a3fe03279081320f62b59e127f97de4", kill_on_drop: false }`
[INFO] running `Command { std: "docker" "exec" "-e" "SOURCE_DIR=/opt/rustwide/workdir" "-e" "CARGO_HOME=/opt/rustwide/cargo-home" "-e" "RUSTUP_HOME=/opt/rustwide/rustup-home" "-e" "CARGO_TARGET_DIR=/opt/rustwide/target" "-e" "CARGO_INCREMENTAL=0" "-e" "RUST_BACKTRACE=full" "-e" "RUSTFLAGS=--cap-lints=warn" "-e" "RUSTDOCFLAGS=--cap-lints=warn" "-w" "/opt/rustwide/workdir" "--user" "0:0" "dfc2c7ae47f14f6d0fc1c8da475d15ba8a3fe03279081320f62b59e127f97de4" "/opt/rustwide/cargo-home/bin/cargo" "+1.99.0-beta.8" "test" "--frozen" "--no-run" "--message-format=json" "--release", kill_on_drop: false }`
[INFO] [stderr]    Compiling libc v0.2.180
[INFO] [stderr]    Compiling regex-automata v0.4.13
[INFO] [stderr]    Compiling predicates-core v1.0.9
[INFO] [stderr]    Compiling rustix v1.1.3
[INFO] [stderr]    Compiling float-cmp v0.10.0
[INFO] [stderr]    Compiling normalize-line-endings v0.3.0
[INFO] [stderr]    Compiling difflib v0.4.0
[INFO] [stderr]    Compiling termtree v0.5.1
[INFO] [stderr]    Compiling assert_cmd v2.1.2
[INFO] [stderr]    Compiling predicates-tree v1.0.12
[INFO] [stderr]    Compiling wait-timeout v0.2.1
[INFO] [stderr]    Compiling getrandom v0.3.4
[INFO] [stderr]    Compiling tempfile v3.24.0
[INFO] [stderr]    Compiling regex v1.12.2
[INFO] [stderr]    Compiling bstr v1.12.1
[INFO] [stderr]    Compiling predicates v3.1.3
[INFO] [stderr]    Compiling gitlsf v0.1.0 (/opt/rustwide/workdir)
[INFO] [stderr]     Finished `release` profile [optimized] target(s) in 34.95s
[INFO] running `Command { std: "docker" "inspect" "dfc2c7ae47f14f6d0fc1c8da475d15ba8a3fe03279081320f62b59e127f97de4", kill_on_drop: false }`
[INFO] running `Command { std: "docker" "exec" "-e" "SOURCE_DIR=/opt/rustwide/workdir" "-e" "CARGO_HOME=/opt/rustwide/cargo-home" "-e" "RUSTUP_HOME=/opt/rustwide/rustup-home" "-e" "CARGO_TARGET_DIR=/opt/rustwide/target" "-e" "CARGO_INCREMENTAL=0" "-e" "RUST_BACKTRACE=full" "-e" "RUSTFLAGS=--cap-lints=warn" "-e" "RUSTDOCFLAGS=--cap-lints=warn" "-w" "/opt/rustwide/workdir" "--user" "0:0" "dfc2c7ae47f14f6d0fc1c8da475d15ba8a3fe03279081320f62b59e127f97de4" "/opt/rustwide/cargo-home/bin/cargo" "+1.99.0-beta.8" "test" "--frozen" "--release", kill_on_drop: false }`
[INFO] [stderr]     Finished `release` profile [optimized] target(s) in 0.10s
[INFO] [stderr]      Running unittests src/lib.rs (/opt/rustwide/target/release/deps/gitlsf-ee98146ad6e67a43)
[INFO] [stdout] 
[INFO] [stdout] running 29 tests
[INFO] [stdout] test counter::tests::test_count_lines_empty_file ... ok
[INFO] [stdout] test counter::tests::test_count_lines_no_trailing_newline ... ok
[INFO] [stdout] test counter::tests::test_count_lines_nonexistent_file ... ok
[INFO] [stdout] test counter::tests::test_count_lines_multiple_lines ... ok
[INFO] [stdout] test counter::tests::test_count_lines_parallel ... ok
[INFO] [stdout] test error::tests::test_io_error_display ... ok
[INFO] [stdout] test error::tests::test_git_error_display ... ok
[INFO] [stdout] test counter::tests::test_count_lines_subdirectory ... ok
[INFO] [stdout] test counter::tests::test_count_summary_from_counts ... ok
[INFO] [stdout] test error::tests::test_not_a_git_repository_display ... ok
[INFO] [stdout] test counter::tests::test_file_count_new ... ok
[INFO] [stdout] test counter::tests::test_count_lines_sequential ... ok
[INFO] [stdout] test filter::tests::test_case_insensitive_extension ... ok
[INFO] [stdout] test filter::tests::test_custom_exclusions ... ok
[INFO] [stdout] test filter::tests::test_filter_files ... ok
[INFO] [stdout] test filter::tests::test_should_count_source_files ... ok
[INFO] [stdout] test filter::tests::test_should_not_count_data_files ... ok
[INFO] [stdout] test filter::tests::test_should_not_count_doc_files ... ok
[INFO] [stdout] test counter::tests::test_count_lines_single_line ... ok
[INFO] [stdout] test filter::tests::test_should_not_count_excluded_filenames ... ok
[INFO] [stdout] test error::tests::test_utf8_error_display ... ok
[INFO] [stdout] test filter::tests::test_should_not_count_media_files ... ok
[INFO] [stdout] test git::tests::test_is_git_repository_false ... ok
[INFO] [stdout] test tests::test_count_repository_not_a_git_repo ... ok
[INFO] [stdout] test git::tests::test_list_files_not_a_git_repo ... ok
[INFO] [stdout] test git::tests::test_list_files_in_git_repo ... ok
[INFO] [stdout] test tests::test_count_repository_with_custom_filter ... ok
[INFO] [stdout] test git::tests::test_is_git_repository_true ... ok
[INFO] [stdout] test tests::test_count_repository ... ok
[INFO] [stdout] 
[INFO] [stdout] test result: ok. 29 passed; 0 failed; 0 ignored; 0 measured; 0 filtered out; finished in 0.08s
[INFO] [stdout] 
[INFO] [stderr]      Running unittests src/main.rs (/opt/rustwide/target/release/deps/gitlsf-0a484b7f76660549)
[INFO] [stdout] 
[INFO] [stdout] running 4 tests
[INFO] [stdout] test tests::test_output_mode_default_is_verbose ... ok
[INFO] [stdout] test tests::test_output_mode_verbose ... ok
[INFO] [stdout] test tests::test_output_mode_quiet ... ok
[INFO] [stdout] test tests::test_output_mode_summary ... ok
[INFO] [stdout] 
[INFO] [stdout] test result: ok. 4 passed; 0 failed; 0 ignored; 0 measured; 0 filtered out; finished in 0.01s
[INFO] [stdout] 
[INFO] [stderr]      Running tests/integration_test.rs (/opt/rustwide/target/release/deps/integration_test-99cfe1850402e5ac)
[INFO] [stdout] 
[INFO] [stdout] running 14 tests
[INFO] [stdout] test test_help ... ok
[INFO] [stdout] test test_conflicting_flags ... ok
[INFO] [stdout] test test_not_a_git_repo ... ok
[INFO] [stdout] test test_current_directory_default ... FAILED
[INFO] [stdout] test test_empty_repo ... ok
[INFO] [stdout] test test_verbose_mode_default ... ok
[INFO] [stdout] test test_quiet_mode ... ok
[INFO] [stdout] test test_version ... ok
[INFO] [stdout] test test_line_count_accuracy ... ok
[INFO] [stdout] test test_summary_mode ... ok
[INFO] [stdout] test test_filters_binary_files ... ok
[INFO] [stdout] test test_filters_config_files ... ok
[INFO] [stdout] test test_summary_file_count ... ok
[INFO] [stdout] test test_verbose_mode_explicit ... ok
[INFO] [stdout] 
[INFO] [stdout] failures:
[INFO] [stdout] 
[INFO] [stdout] ---- test_current_directory_default stdout ----
[INFO] [stdout] 
[INFO] [stdout] thread 'test_current_directory_default' (762) panicked at /rustc/dfb0accb7f508ae8be965d8629557221c889dd98/library/core/src/ops/function.rs:250:5:
[INFO] [stdout] Unexpected failure.
[INFO] [stdout] code=1
[INFO] [stdout] stderr=```"error: Not a Git repository (or any parent up to mount point)\n"```
[INFO] [stdout] command=`cd "/opt/rustwide/workdir" && "/opt/rustwide/target/release/gitlsf" "-s"`
[INFO] [stdout] code=1
[INFO] [stdout] stdout=""
[INFO] [stdout] stderr="error: Not a Git repository (or any parent up to mount point)\n"
[INFO] [stdout] 
[INFO] [stdout] stack backtrace:
[INFO] [stdout]    0:     0x63ef5df535d1 - <<std[70759c8f55707aa4]::sys::backtrace::BacktraceLock>::print::DisplayBacktrace as core[df12db4294e9bfd3]::fmt::Display>::fmt
[INFO] [stdout]    1:     0x63ef5df6aeda - core[df12db4294e9bfd3]::fmt::write
[INFO] [stdout]    2:     0x63ef5df590dc - <alloc[2182bb758b4b3781]::vec::Vec<u8> as core[df12db4294e9bfd3]::io::write::Write>::write_fmt
[INFO] [stdout]    3:     0x63ef5df2dcd6 - std[70759c8f55707aa4]::panicking::default_hook::{closure#0}
[INFO] [stdout]    4:     0x63ef5df4b2f9 - std[70759c8f55707aa4]::panicking::default_hook
[INFO] [stdout]    5:     0x63ef5de077c0 - test[9d35eded1c95d3be]::test_main_inner::<test[9d35eded1c95d3be]::test_main_static::{closure#0}>::{closure#0}
[INFO] [stdout]    6:     0x63ef5df4b4b2 - std[70759c8f55707aa4]::panicking::panic_with_hook
[INFO] [stdout]    7:     0x63ef5df2dd82 - std[70759c8f55707aa4]::panicking::panic_handler::{closure#0}
[INFO] [stdout]    8:     0x63ef5df269e9 - std[70759c8f55707aa4]::sys::backtrace::__rust_end_short_backtrace::<std[70759c8f55707aa4]::panicking::panic_handler::{closure#0}, !>
[INFO] [stdout]    9:     0x63ef5df2e97d - __rustc[8fa7c3cbc660c2b3]::rust_begin_unwind
[INFO] [stdout]   10:     0x63ef5df6b6bc - core[df12db4294e9bfd3]::panicking::panic_fmt
[INFO] [stdout]   11:     0x63ef5de3d143 - <assert_cmd[ae1c031069895467]::assert::AssertError>::panic::<assert_cmd[ae1c031069895467]::assert::Assert>
[INFO] [stdout]   12:     0x63ef5de3da66 - <assert_cmd[ae1c031069895467]::assert::Assert>::success
[INFO] [stdout]   13:     0x63ef5ddf786a - <integration_test[c17751040879ee97]::test_current_directory_default::{closure#0} as core[df12db4294e9bfd3]::ops::function::FnOnce<()>>::call_once
[INFO] [stdout]   14:     0x63ef5ddfaaab - test[9d35eded1c95d3be]::__rust_begin_short_backtrace::<core[df12db4294e9bfd3]::result::Result<(), alloc[2182bb758b4b3781]::string::String>, fn() -> core[df12db4294e9bfd3]::result::Result<(), alloc[2182bb758b4b3781]::string::String>>
[INFO] [stdout]   15:     0x63ef5de08115 - test[9d35eded1c95d3be]::run_test::{closure#0}
[INFO] [stdout]   16:     0x63ef5de019d4 - std[70759c8f55707aa4]::sys::backtrace::__rust_begin_short_backtrace::<test[9d35eded1c95d3be]::run_test::{closure#1}, ()>
[INFO] [stdout]   17:     0x63ef5de0b272 - <std[70759c8f55707aa4]::thread::lifecycle::spawn_unchecked<test[9d35eded1c95d3be]::run_test::{closure#1}, ()>::{closure#1} as core[df12db4294e9bfd3]::ops::function::FnOnce<()>>::call_once::{shim:vtable#0}
[INFO] [stdout]   18:     0x63ef5df52c39 - <std[70759c8f55707aa4]::sys::thread::unix::Thread>::new::thread_start
[INFO] [stdout]   19:     0x75eaee9eddfa - <unknown>
[INFO] [stdout]   20:     0x75eaeea813d4 - clone
[INFO] [stdout]   21:                0x0 - <unknown>
[INFO] [stdout] 
[INFO] [stdout] 
[INFO] [stdout] failures:
[INFO] [stdout]     test_current_directory_default
[INFO] [stdout] 
[INFO] [stdout] test result: FAILED. 13 passed; 1 failed; 0 ignored; 0 measured; 0 filtered out; finished in 0.11s
[INFO] [stdout] 
[INFO] [stderr] error: test failed, to rerun pass `--test integration_test`
[INFO] running `Command { std: "docker" "inspect" "dfc2c7ae47f14f6d0fc1c8da475d15ba8a3fe03279081320f62b59e127f97de4", kill_on_drop: false }`
[INFO] running `Command { std: "docker" "rm" "-f" "dfc2c7ae47f14f6d0fc1c8da475d15ba8a3fe03279081320f62b59e127f97de4", kill_on_drop: false }`
[INFO] [stdout] dfc2c7ae47f14f6d0fc1c8da475d15ba8a3fe03279081320f62b59e127f97de4
