[INFO] fetching crate gitlab_clippy 1.0.3...
[INFO] testing gitlab_clippy-1.0.3 against 1.99.0-beta.8+cargoflags=--release for beta-release-1.100-2
[INFO] extracting crate gitlab_clippy 1.0.3 into /workspace/builds/worker-1-tc1/source
[INFO] started tweaking crates.io crate gitlab_clippy 1.0.3
[INFO] finished tweaking crates.io crate gitlab_clippy 1.0.3
[INFO] tweaked toml for crates.io crate gitlab_clippy 1.0.3 written to /workspace/builds/worker-1-tc1/source/Cargo.toml
[INFO] validating manifest of crates.io crate gitlab_clippy 1.0.3 on toolchain 1.99.0-beta.8
[INFO] running `Command { std: CARGO_HOME="/workspace/cargo-home" RUSTUP_HOME="/workspace/rustup-home" "/workspace/cargo-home/bin/cargo" "+1.99.0-beta.8" "metadata" "--manifest-path" "Cargo.toml" "--no-deps", kill_on_drop: false }`
[INFO] crate crates.io crate gitlab_clippy 1.0.3 already has a lockfile, it will not be regenerated
[INFO] running `Command { std: CARGO_HOME="/workspace/cargo-home" RUSTUP_HOME="/workspace/rustup-home" "/workspace/cargo-home/bin/cargo" "+1.99.0-beta.8" "fetch" "--manifest-path" "Cargo.toml", kill_on_drop: false }`
[INFO] [stderr]  Downloading crates ...
[INFO] [stderr]   Downloaded ppv-lite86 v0.2.15
[INFO] [stderr]   Downloaded serde_json v1.0.72
[INFO] [stderr]   Downloaded proc-macro2 v1.0.33
[INFO] [stderr]   Downloaded wait-timeout v0.2.0
[INFO] [stderr]   Downloaded rand_xorshift v0.3.0
[INFO] [stderr]   Downloaded bit-set v0.5.2
[INFO] [stderr]   Downloaded cargo-platform v0.1.2
[INFO] [stderr]   Downloaded predicates-tree v1.0.4
[INFO] [stderr]   Downloaded termtree v0.2.3
[INFO] [stderr]   Downloaded serde_derive v1.0.131
[INFO] [stderr]   Downloaded predicates v2.1.0
[INFO] [stderr]   Downloaded os_str_bytes v6.0.0
[INFO] [stderr]   Downloaded camino v1.0.5
[INFO] [stderr]   Downloaded predicates-core v1.0.2
[INFO] [stderr]   Downloaded termcolor v1.1.2
[INFO] [stderr]   Downloaded cargo_metadata v0.14.1
[INFO] [stderr]   Downloaded semver v1.0.4
[INFO] [stderr]   Downloaded assert_cmd v2.0.2
[INFO] [stderr]   Downloaded serde v1.0.131
[INFO] [stderr]   Downloaded quote v1.0.10
[INFO] [stderr]   Downloaded anyhow v1.0.51
[INFO] [stderr]   Downloaded ryu v1.0.6
[INFO] [stderr]   Downloaded textwrap v0.14.2
[INFO] [stderr]   Downloaded itertools v0.10.3
[INFO] [stderr]   Downloaded clap v3.0.0-rc.3
[INFO] [stderr]   Downloaded proptest v1.0.0
[INFO] [stderr]   Downloaded syn v1.0.82
[INFO] [stderr]   Downloaded bstr v0.2.17
[INFO] [stderr]   Downloaded libc v0.2.110
[INFO] running `Command { std: "docker" "create" "-v" "/var/lib/crater-agent-workspace/builds/worker-1-tc1/source:/opt/rustwide/workdir:ro,Z" "-v" "/var/lib/crater-agent-workspace/builds/worker-1-tc1/target:/opt/rustwide/target:rw,Z" "-v" "/var/lib/crater-agent-workspace/cargo-home:/opt/rustwide/cargo-home:ro,Z" "-v" "/var/lib/crater-agent-workspace/rustup-home:/opt/rustwide/rustup-home:ro,Z" "-m" "1610612736" "--network" "none" "ghcr.io/rust-lang/crates-build-env/linux@sha256:77db811e55d90add9212f6832c23229e3de5f1c1f9905e8cb07319ea15df73ac" "sleep" "infinity", kill_on_drop: false }`
[INFO] [stdout] 3990a9aa5a45b95dbd81a3112376bcd9009109d3d9606f66b9579b99d7323258
[INFO] running `Command { std: "docker" "start" "3990a9aa5a45b95dbd81a3112376bcd9009109d3d9606f66b9579b99d7323258", kill_on_drop: false }`
[INFO] running `Command { std: "docker" "inspect" "3990a9aa5a45b95dbd81a3112376bcd9009109d3d9606f66b9579b99d7323258", kill_on_drop: false }`
[INFO] running `Command { std: "docker" "exec" "-e" "SOURCE_DIR=/opt/rustwide/workdir" "-e" "CARGO_HOME=/opt/rustwide/cargo-home" "-e" "RUSTUP_HOME=/opt/rustwide/rustup-home" "-e" "CARGO_TARGET_DIR=/opt/rustwide/target" "-w" "/opt/rustwide/workdir" "--user" "0:0" "3990a9aa5a45b95dbd81a3112376bcd9009109d3d9606f66b9579b99d7323258" "/opt/rustwide/cargo-home/bin/cargo" "+1.99.0-beta.8" "metadata" "--no-deps" "--format-version=1", kill_on_drop: false }`
[INFO] running `Command { std: "docker" "inspect" "3990a9aa5a45b95dbd81a3112376bcd9009109d3d9606f66b9579b99d7323258", kill_on_drop: false }`
[INFO] running `Command { std: "docker" "exec" "-e" "SOURCE_DIR=/opt/rustwide/workdir" "-e" "CARGO_HOME=/opt/rustwide/cargo-home" "-e" "RUSTUP_HOME=/opt/rustwide/rustup-home" "-e" "CARGO_TARGET_DIR=/opt/rustwide/target" "-e" "CARGO_INCREMENTAL=0" "-e" "RUST_BACKTRACE=full" "-e" "RUSTFLAGS=--cap-lints=warn" "-e" "RUSTDOCFLAGS=--cap-lints=warn" "-w" "/opt/rustwide/workdir" "--user" "0:0" "3990a9aa5a45b95dbd81a3112376bcd9009109d3d9606f66b9579b99d7323258" "/opt/rustwide/cargo-home/bin/cargo" "+1.99.0-beta.8" "build" "--frozen" "--message-format=json" "--release", kill_on_drop: false }`
[INFO] [stderr]    Compiling proc-macro2 v1.0.33
[INFO] [stderr]    Compiling unicode-xid v0.2.2
[INFO] [stderr]    Compiling syn v1.0.82
[INFO] [stderr]    Compiling serde_derive v1.0.131
[INFO] [stderr]    Compiling serde v1.0.131
[INFO] [stderr]    Compiling memchr v2.4.1
[INFO] [stderr]    Compiling libc v0.2.110
[INFO] [stderr]    Compiling ryu v1.0.6
[INFO] [stderr]    Compiling autocfg v1.0.1
[INFO] [stderr]    Compiling serde_json v1.0.72
[INFO] [stderr]    Compiling camino v1.0.5
[INFO] [stderr]    Compiling semver v1.0.4
[INFO] [stderr]    Compiling hashbrown v0.11.2
[INFO] [stderr]    Compiling anyhow v1.0.51
[INFO] [stderr]    Compiling itoa v0.4.8
[INFO] [stderr]    Compiling termcolor v1.1.2
[INFO] [stderr]    Compiling textwrap v0.14.2
[INFO] [stderr]    Compiling either v1.6.1
[INFO] [stderr]    Compiling md5 v0.7.0
[INFO] [stderr]    Compiling itertools v0.10.3
[INFO] [stderr]    Compiling indexmap v1.7.0
[INFO] [stderr]    Compiling atty v0.2.14
[INFO] [stderr]    Compiling os_str_bytes v6.0.0
[INFO] [stderr]    Compiling quote v1.0.10
[INFO] [stderr]    Compiling clap v3.0.0-rc.3
[INFO] [stderr]    Compiling cargo-platform v0.1.2
[INFO] [stderr]    Compiling cargo_metadata v0.14.1
[INFO] [stderr]    Compiling gitlab_clippy v1.0.3 (/opt/rustwide/workdir)
[INFO] [stdout] warning: found module declaration for lib.rs
[INFO] [stdout]  --> src/main.rs:1:1
[INFO] [stdout]   |
[INFO] [stdout] 1 | pub mod lib;
[INFO] [stdout]   | ^^^^^^^^^^^^
[INFO] [stdout]   |
[INFO] [stdout]   = note: lib.rs is the root of this crate's library target
[INFO] [stdout]   = help: to refer to it from other targets, use the library's name as the path
[INFO] [stdout]   = note: `#[warn(special_module_name)]` on by default
[INFO] [stdout] 
[INFO] [stdout] 
[INFO] [stderr]     Finished `release` profile [optimized] target(s) in 27.02s
[INFO] running `Command { std: "docker" "inspect" "3990a9aa5a45b95dbd81a3112376bcd9009109d3d9606f66b9579b99d7323258", kill_on_drop: false }`
[INFO] running `Command { std: "docker" "exec" "-e" "SOURCE_DIR=/opt/rustwide/workdir" "-e" "CARGO_HOME=/opt/rustwide/cargo-home" "-e" "RUSTUP_HOME=/opt/rustwide/rustup-home" "-e" "CARGO_TARGET_DIR=/opt/rustwide/target" "-e" "CARGO_INCREMENTAL=0" "-e" "RUST_BACKTRACE=full" "-e" "RUSTFLAGS=--cap-lints=warn" "-e" "RUSTDOCFLAGS=--cap-lints=warn" "-w" "/opt/rustwide/workdir" "--user" "0:0" "3990a9aa5a45b95dbd81a3112376bcd9009109d3d9606f66b9579b99d7323258" "/opt/rustwide/cargo-home/bin/cargo" "+1.99.0-beta.8" "test" "--frozen" "--no-run" "--message-format=json" "--release", kill_on_drop: false }`
[INFO] [stderr]    Compiling getrandom v0.2.3
[INFO] [stderr]    Compiling num-traits v0.2.14
[INFO] [stderr]    Compiling ppv-lite86 v0.2.15
[INFO] [stderr]    Compiling regex-syntax v0.6.25
[INFO] [stderr]    Compiling aho-corasick v0.7.18
[INFO] [stderr]    Compiling wait-timeout v0.2.0
[INFO] [stderr]    Compiling predicates-core v1.0.2
[INFO] [stderr]    Compiling remove_dir_all v0.5.3
[INFO] [stderr]    Compiling doc-comment v0.3.3
[INFO] [stderr]    Compiling normalize-line-endings v0.3.0
[INFO] [stderr]    Compiling difflib v0.4.0
[INFO] [stderr]    Compiling bit-vec v0.6.3
[INFO] [stderr]    Compiling regex-automata v0.1.10
[INFO] [stderr]    Compiling termtree v0.2.3
[INFO] [stderr]    Compiling byteorder v1.4.3
[INFO] [stdout] warning: found module declaration for lib.rs
[INFO] [stdout]  --> src/main.rs:1:1
[INFO] [stdout]   |
[INFO] [stdout] 1 | pub mod lib;
[INFO] [stdout]   | ^^^^^^^^^^^^
[INFO] [stdout]   |
[INFO] [stdout]   = note: lib.rs is the root of this crate's library target
[INFO] [stdout]   = help: to refer to it from other targets, use the library's name as the path
[INFO] [stdout]   = note: `#[warn(special_module_name)]` on by default
[INFO] [stdout] 
[INFO] [stdout] 
[INFO] [stderr]    Compiling predicates-tree v1.0.4
[INFO] [stderr]    Compiling bstr v0.2.17
[INFO] [stderr]    Compiling rand_core v0.6.3
[INFO] [stderr]    Compiling bit-set v0.5.2
[INFO] [stderr]    Compiling rand_xorshift v0.3.0
[INFO] [stderr]    Compiling rand_chacha v0.3.1
[INFO] [stderr]    Compiling rand v0.8.4
[INFO] [stderr]    Compiling tempfile v3.2.0
[INFO] [stderr]    Compiling rusty-fork v0.3.0
[INFO] [stderr]    Compiling float-cmp v0.9.0
[INFO] [stderr]    Compiling regex v1.5.4
[INFO] [stderr]    Compiling proptest v1.0.0
[INFO] [stderr]    Compiling predicates v2.1.0
[INFO] [stderr]    Compiling assert_cmd v2.0.2
[INFO] [stderr]    Compiling gitlab_clippy v1.0.3 (/opt/rustwide/workdir)
[INFO] [stdout] warning: found module declaration for lib.rs
[INFO] [stdout]  --> src/main.rs:1:1
[INFO] [stdout]   |
[INFO] [stdout] 1 | pub mod lib;
[INFO] [stdout]   | ^^^^^^^^^^^^
[INFO] [stdout]   |
[INFO] [stdout]   = note: lib.rs is the root of this crate's library target
[INFO] [stdout]   = help: to refer to it from other targets, use the library's name as the path
[INFO] [stdout]   = note: `#[warn(special_module_name)]` on by default
[INFO] [stdout] 
[INFO] [stdout] 
[INFO] [stderr]     Finished `release` profile [optimized] target(s) in 25.78s
[INFO] running `Command { std: "docker" "inspect" "3990a9aa5a45b95dbd81a3112376bcd9009109d3d9606f66b9579b99d7323258", kill_on_drop: false }`
[INFO] running `Command { std: "docker" "exec" "-e" "SOURCE_DIR=/opt/rustwide/workdir" "-e" "CARGO_HOME=/opt/rustwide/cargo-home" "-e" "RUSTUP_HOME=/opt/rustwide/rustup-home" "-e" "CARGO_TARGET_DIR=/opt/rustwide/target" "-e" "CARGO_INCREMENTAL=0" "-e" "RUST_BACKTRACE=full" "-e" "RUSTFLAGS=--cap-lints=warn" "-e" "RUSTDOCFLAGS=--cap-lints=warn" "-w" "/opt/rustwide/workdir" "--user" "0:0" "3990a9aa5a45b95dbd81a3112376bcd9009109d3d9606f66b9579b99d7323258" "/opt/rustwide/cargo-home/bin/cargo" "+1.99.0-beta.8" "test" "--frozen" "--release", kill_on_drop: false }`
[INFO] [stderr] warning: found module declaration for lib.rs
[INFO] [stderr]  --> src/main.rs:1:1
[INFO] [stderr]   |
[INFO] [stderr] 1 | pub mod lib;
[INFO] [stderr]   | ^^^^^^^^^^^^
[INFO] [stderr]   |
[INFO] [stderr]   = note: lib.rs is the root of this crate's library target
[INFO] [stderr]   = help: to refer to it from other targets, use the library's name as the path
[INFO] [stderr]   = note: `#[warn(special_module_name)]` on by default
[INFO] [stderr] 
[INFO] [stderr] warning: `gitlab_clippy` (bin "gitlab-clippy") generated 1 warning
[INFO] [stderr] warning: `gitlab_clippy` (bin "gitlab-clippy" test) generated 1 warning (1 duplicate)
[INFO] [stderr]     Finished `release` profile [optimized] target(s) in 0.07s
[INFO] [stderr]      Running unittests src/lib.rs (/opt/rustwide/target/release/deps/gitlab_clippy-ca3b3d358f82c523)
[INFO] [stdout] 
[INFO] [stdout] running 1 test
[INFO] [stdout] test tests::fingerprint_is_unique ... ok
[INFO] [stdout] 
[INFO] [stdout] test result: ok. 1 passed; 0 failed; 0 ignored; 0 measured; 0 filtered out; finished in 0.02s
[INFO] [stdout] 
[INFO] [stderr]      Running unittests src/main.rs (/opt/rustwide/target/release/deps/gitlab_clippy-295e1fe2a03deeea)
[INFO] [stdout] 
[INFO] [stdout] running 5 tests
[INFO] [stdout] test tests::parse_invalid_fixture_to_writer ... ok
[INFO] [stdout] test tests::parse_valid_fixture_to_writer ... ok
[INFO] [stdout] test tests::parse_invalid_fixture_to_string ... ok
[INFO] [stdout] test tests::parse_valid_fixture_to_string ... ok
[INFO] [stdout] test lib::tests::fingerprint_is_unique ... ok
[INFO] [stdout] 
[INFO] [stdout] test result: ok. 5 passed; 0 failed; 0 ignored; 0 measured; 0 filtered out; finished in 0.03s
[INFO] [stdout] 
[INFO] [stderr]      Running tests/src/main.rs (/opt/rustwide/target/release/deps/src-a34252286e38846e)
[INFO] [stdout] 
[INFO] [stdout] running 7 tests
[INFO] [stdout] test cli::accepts_version_option ... ok
[INFO] [stdout] test cli::chokes_on_invalid_input ... ok
[INFO] [stdout] test cli::converts_valid_input_from_stdin ... ok
[INFO] [stdout] test cli::converts_valid_input_file ... ok
[INFO] [stdout] test cli::converts_valid_input_to_file ... ok
[INFO] [stdout] test cli::converts_warnings_from_pipe ... FAILED
[INFO] [stdout] test cli::converts_error_from_pipe ... FAILED
[INFO] [stdout] 
[INFO] [stdout] failures:
[INFO] [stdout] 
[INFO] [stdout] ---- cli::converts_warnings_from_pipe stdout ----
[INFO] [stdout] 
[INFO] [stdout] thread 'cli::converts_warnings_from_pipe' (1488) panicked at /rustc/dfb0accb7f508ae8be965d8629557221c889dd98/library/core/src/ops/function.rs:250:5:
[INFO] [stdout] Unexpected stdout, failed ((var.contains(examples/warn.rs) && var.contains(redundant field names in struct initialization)) && var.contains(use of a blacklisted/placeholder name `foo`))
[INFO] [stdout] ├── var as str: []
[INFO] [stdout] └── (var.contains(examples/warn.rs) && var.contains(redundant field names in struct initialization))
[INFO] [stdout]     └── var.contains(examples/warn.rs)
[INFO] [stdout]         ├── count: 2
[INFO] [stdout]         ├── var: []
[INFO] [stdout]         └── actual count: 0
[INFO] [stdout] 
[INFO] [stdout] command=`env -i "/opt/rustwide/target/release/gitlab-clippy"`
[INFO] [stdout] stdin=`""`
[INFO] [stdout] code=0
[INFO] [stdout] stdout="[]"
[INFO] [stdout] stderr=""
[INFO] [stdout] 
[INFO] [stdout] stack backtrace:
[INFO] [stdout]    0:     0x5ef69ba2b361 - <<std[70759c8f55707aa4]::sys::backtrace::BacktraceLock>::print::DisplayBacktrace as core[df12db4294e9bfd3]::fmt::Display>::fmt
[INFO] [stdout]    1:     0x5ef69ba4185a - core[df12db4294e9bfd3]::fmt::write
[INFO] [stdout]    2:     0x5ef69ba30c0c - <alloc[2182bb758b4b3781]::vec::Vec<u8> as core[df12db4294e9bfd3]::io::write::Write>::write_fmt
[INFO] [stdout]    3:     0x5ef69ba06706 - std[70759c8f55707aa4]::panicking::default_hook::{closure#0}
[INFO] [stdout]    4:     0x5ef69ba23419 - std[70759c8f55707aa4]::panicking::default_hook
[INFO] [stdout]    5:     0x5ef69b9a4aa0 - test[9d35eded1c95d3be]::test_main_inner::<test[9d35eded1c95d3be]::test_main_static::{closure#0}>::{closure#0}
[INFO] [stdout]    6:     0x5ef69ba235d2 - std[70759c8f55707aa4]::panicking::panic_with_hook
[INFO] [stdout]    7:     0x5ef69ba067b2 - std[70759c8f55707aa4]::panicking::panic_handler::{closure#0}
[INFO] [stdout]    8:     0x5ef69b9ff2f9 - std[70759c8f55707aa4]::sys::backtrace::__rust_end_short_backtrace::<std[70759c8f55707aa4]::panicking::panic_handler::{closure#0}, !>
[INFO] [stdout]    9:     0x5ef69ba073ad - __rustc[8fa7c3cbc660c2b3]::rust_begin_unwind
[INFO] [stdout]   10:     0x5ef69ba41f8c - core[df12db4294e9bfd3]::panicking::panic_fmt
[INFO] [stdout]   11:     0x5ef69b992994 - <assert_cmd[1a2a497c659b3e3a]::assert::AssertError>::panic::<assert_cmd[1a2a497c659b3e3a]::assert::Assert>
[INFO] [stdout]   12:     0x5ef69b9926ee - <assert_cmd[1a2a497c659b3e3a]::assert::Assert>::stdout::<predicates[a1cf847abb1fe738]::boolean::AndPredicate<predicates[a1cf847abb1fe738]::boolean::AndPredicate<predicates[a1cf847abb1fe738]::str::basics::MatchesPredicate, predicates[a1cf847abb1fe738]::str::basics::ContainsPredicate, str>, predicates[a1cf847abb1fe738]::str::basics::ContainsPredicate, str>, assert_cmd[1a2a497c659b3e3a]::assert::StrOutputPredicate<predicates[a1cf847abb1fe738]::boolean::AndPredicate<predicates[a1cf847abb1fe738]::boolean::AndPredicate<predicates[a1cf847abb1fe738]::str::basics::MatchesPredicate, predicates[a1cf847abb1fe738]::str::basics::ContainsPredicate, str>, predicates[a1cf847abb1fe738]::str::basics::ContainsPredicate, str>>>
[INFO] [stdout]   13:     0x5ef69b99753b - <src[c6991d7cf43adfcb]::cli::converts_warnings_from_pipe::{closure#0} as core[df12db4294e9bfd3]::ops::function::FnOnce<()>>::call_once
[INFO] [stdout]   14:     0x5ef69b997d8b - test[9d35eded1c95d3be]::__rust_begin_short_backtrace::<core[df12db4294e9bfd3]::result::Result<(), alloc[2182bb758b4b3781]::string::String>, fn() -> core[df12db4294e9bfd3]::result::Result<(), alloc[2182bb758b4b3781]::string::String>>
[INFO] [stdout]   15:     0x5ef69b9a53f5 - test[9d35eded1c95d3be]::run_test::{closure#0}
[INFO] [stdout]   16:     0x5ef69b99ecb4 - std[70759c8f55707aa4]::sys::backtrace::__rust_begin_short_backtrace::<test[9d35eded1c95d3be]::run_test::{closure#1}, ()>
[INFO] [stdout]   17:     0x5ef69b9a8552 - <std[70759c8f55707aa4]::thread::lifecycle::spawn_unchecked<test[9d35eded1c95d3be]::run_test::{closure#1}, ()>::{closure#1} as core[df12db4294e9bfd3]::ops::function::FnOnce<()>>::call_once::{shim:vtable#0}
[INFO] [stdout]   18:     0x5ef69ba2a899 - <std[70759c8f55707aa4]::sys::thread::unix::Thread>::new::thread_start
[INFO] [stdout]   19:     0x75f1ab7abdfa - <unknown>
[INFO] [stdout]   20:     0x75f1ab83f3d4 - clone
[INFO] [stdout]   21:                0x0 - <unknown>
[INFO] [stdout] 
[INFO] [stdout] ---- cli::converts_error_from_pipe stdout ----
[INFO] [stdout] 
[INFO] [stdout] thread 'cli::converts_error_from_pipe' (1484) panicked at /rustc/dfb0accb7f508ae8be965d8629557221c889dd98/library/core/src/ops/function.rs:250:5:
[INFO] [stdout] Unexpected stdout, failed var.contains(doomed comparison with `NAN`, use `{f32,f64}::is_nan()` instead)
[INFO] [stdout] ├── var: []
[INFO] [stdout] └── var as str: []
[INFO] [stdout] 
[INFO] [stdout] command=`env -i "/opt/rustwide/target/release/gitlab-clippy"`
[INFO] [stdout] stdin=`""`
[INFO] [stdout] code=0
[INFO] [stdout] stdout="[]"
[INFO] [stdout] stderr=""
[INFO] [stdout] 
[INFO] [stdout] stack backtrace:
[INFO] [stdout]    0:     0x5ef69ba2b361 - <<std[70759c8f55707aa4]::sys::backtrace::BacktraceLock>::print::DisplayBacktrace as core[df12db4294e9bfd3]::fmt::Display>::fmt
[INFO] [stdout]    1:     0x5ef69ba4185a - core[df12db4294e9bfd3]::fmt::write
[INFO] [stdout]    2:     0x5ef69ba30c0c - <alloc[2182bb758b4b3781]::vec::Vec<u8> as core[df12db4294e9bfd3]::io::write::Write>::write_fmt
[INFO] [stdout]    3:     0x5ef69ba06706 - std[70759c8f55707aa4]::panicking::default_hook::{closure#0}
[INFO] [stdout]    4:     0x5ef69ba23419 - std[70759c8f55707aa4]::panicking::default_hook
[INFO] [stdout]    5:     0x5ef69b9a4aa0 - test[9d35eded1c95d3be]::test_main_inner::<test[9d35eded1c95d3be]::test_main_static::{closure#0}>::{closure#0}
[INFO] [stdout]    6:     0x5ef69ba235d2 - std[70759c8f55707aa4]::panicking::panic_with_hook
[INFO] [stdout]    7:     0x5ef69ba067b2 - std[70759c8f55707aa4]::panicking::panic_handler::{closure#0}
[INFO] [stdout]    8:     0x5ef69b9ff2f9 - std[70759c8f55707aa4]::sys::backtrace::__rust_end_short_backtrace::<std[70759c8f55707aa4]::panicking::panic_handler::{closure#0}, !>
[INFO] [stdout]    9:     0x5ef69ba073ad - __rustc[8fa7c3cbc660c2b3]::rust_begin_unwind
[INFO] [stdout]   10:     0x5ef69ba41f8c - core[df12db4294e9bfd3]::panicking::panic_fmt
[INFO] [stdout]   11:     0x5ef69b992994 - <assert_cmd[1a2a497c659b3e3a]::assert::AssertError>::panic::<assert_cmd[1a2a497c659b3e3a]::assert::Assert>
[INFO] [stdout]   12:     0x5ef69b9970b5 - <src[c6991d7cf43adfcb]::cli::converts_error_from_pipe::{closure#0} as core[df12db4294e9bfd3]::ops::function::FnOnce<()>>::call_once
[INFO] [stdout]   13:     0x5ef69b997d8b - test[9d35eded1c95d3be]::__rust_begin_short_backtrace::<core[df12db4294e9bfd3]::result::Result<(), alloc[2182bb758b4b3781]::string::String>, fn() -> core[df12db4294e9bfd3]::result::Result<(), alloc[2182bb758b4b3781]::string::String>>
[INFO] [stdout]   14:     0x5ef69b9a53f5 - test[9d35eded1c95d3be]::run_test::{closure#0}
[INFO] [stdout]   15:     0x5ef69b99ecb4 - std[70759c8f55707aa4]::sys::backtrace::__rust_begin_short_backtrace::<test[9d35eded1c95d3be]::run_test::{closure#1}, ()>
[INFO] [stdout]   16:     0x5ef69b9a8552 - <std[70759c8f55707aa4]::thread::lifecycle::spawn_unchecked<test[9d35eded1c95d3be]::run_test::{closure#1}, ()>::{closure#1} as core[df12db4294e9bfd3]::ops::function::FnOnce<()>>::call_once::{shim:vtable#0}
[INFO] [stdout]   17:     0x5ef69ba2a899 - <std[70759c8f55707aa4]::sys::thread::unix::Thread>::new::thread_start
[INFO] [stdout]   18:     0x75f1ab7abdfa - <unknown>
[INFO] [stdout]   19:     0x75f1ab83f3d4 - clone
[INFO] [stdout]   20:                0x0 - <unknown>
[INFO] [stdout] 
[INFO] [stdout] 
[INFO] [stdout] failures:
[INFO] [stdout]     cli::converts_error_from_pipe
[INFO] [stdout]     cli::converts_warnings_from_pipe
[INFO] [stdout] 
[INFO] [stdout] test result: FAILED. 5 passed; 2 failed; 0 ignored; 0 measured; 0 filtered out; finished in 0.67s
[INFO] [stdout] 
[INFO] [stderr] error: test failed, to rerun pass `--test src`
[INFO] running `Command { std: "docker" "inspect" "3990a9aa5a45b95dbd81a3112376bcd9009109d3d9606f66b9579b99d7323258", kill_on_drop: false }`
[INFO] running `Command { std: "docker" "rm" "-f" "3990a9aa5a45b95dbd81a3112376bcd9009109d3d9606f66b9579b99d7323258", kill_on_drop: false }`
[INFO] [stdout] 3990a9aa5a45b95dbd81a3112376bcd9009109d3d9606f66b9579b99d7323258
