[INFO] fetching crate giteki 0.1.2...
[INFO] testing giteki-0.1.2 against 1.99.0-beta.8+cargoflags=--release for beta-release-1.100-2
[INFO] extracting crate giteki 0.1.2 into /workspace/builds/worker-3-tc1/source
[INFO] started tweaking crates.io crate giteki 0.1.2
[INFO] finished tweaking crates.io crate giteki 0.1.2
[INFO] tweaked toml for crates.io crate giteki 0.1.2 written to /workspace/builds/worker-3-tc1/source/Cargo.toml
[INFO] validating manifest of crates.io crate giteki 0.1.2 on toolchain 1.99.0-beta.8
[INFO] running `Command { std: CARGO_HOME="/workspace/cargo-home" RUSTUP_HOME="/workspace/rustup-home" "/workspace/cargo-home/bin/cargo" "+1.99.0-beta.8" "metadata" "--manifest-path" "Cargo.toml" "--no-deps", kill_on_drop: false }`
[INFO] running `Command { std: CARGO_HOME="/workspace/cargo-home" RUSTUP_HOME="/workspace/rustup-home" "/workspace/cargo-home/bin/cargo" "+1.99.0-beta.8" "generate-lockfile" "--manifest-path" "Cargo.toml", kill_on_drop: false }`
[INFO] [stderr]     Updating crates.io index
[INFO] [stderr]      Locking 184 packages to highest compatible versions
[INFO] [stderr]       Adding bson v0.14.1 (available: v3.1.0)
[INFO] [stderr]       Adding bytes v0.5.6 (available: v1.12.1)
[INFO] [stderr]       Adding reqwest v0.10.10 (available: v0.13.5)
[INFO] [stderr]       Adding serde-aux v0.6.1 (available: v4.7.0)
[INFO] [stderr]       Adding tokio v0.2.25 (available: v1.53.3)
[INFO] [stderr]       Adding wasi v0.10.0+wasi-snapshot-preview1 (available: v0.10.2+wasi-snapshot-preview1)
[INFO] running `Command { std: CARGO_HOME="/workspace/cargo-home" RUSTUP_HOME="/workspace/rustup-home" "/workspace/cargo-home/bin/cargo" "+1.99.0-beta.8" "fetch" "--manifest-path" "Cargo.toml", kill_on_drop: false }`
[INFO] [stderr]  Downloading crates ...
[INFO] [stderr]   Downloaded hyper-tls v0.4.3
[INFO] [stderr]   Downloaded mio-named-pipes v0.1.7
[INFO] [stderr]   Downloaded serde-aux v0.6.1
[INFO] [stderr]   Downloaded tokio-macros v0.2.6
[INFO] [stderr]   Downloaded bson v0.14.1
[INFO] running `Command { std: "docker" "create" "-v" "/var/lib/crater-agent-workspace/builds/worker-3-tc1/source:/opt/rustwide/workdir:ro,Z" "-v" "/var/lib/crater-agent-workspace/builds/worker-3-tc1/target:/opt/rustwide/target:rw,Z" "-v" "/var/lib/crater-agent-workspace/cargo-home:/opt/rustwide/cargo-home:ro,Z" "-v" "/var/lib/crater-agent-workspace/rustup-home:/opt/rustwide/rustup-home:ro,Z" "-m" "1610612736" "--network" "none" "ghcr.io/rust-lang/crates-build-env/linux@sha256:77db811e55d90add9212f6832c23229e3de5f1c1f9905e8cb07319ea15df73ac" "sleep" "infinity", kill_on_drop: false }`
[INFO] [stdout] 54256de0cb5de4a04b4d87d4ef54cb420228a76741cf47a47010987e3bdb6ac8
[INFO] running `Command { std: "docker" "start" "54256de0cb5de4a04b4d87d4ef54cb420228a76741cf47a47010987e3bdb6ac8", kill_on_drop: false }`
[INFO] running `Command { std: "docker" "inspect" "54256de0cb5de4a04b4d87d4ef54cb420228a76741cf47a47010987e3bdb6ac8", kill_on_drop: false }`
[INFO] running `Command { std: "docker" "exec" "-e" "SOURCE_DIR=/opt/rustwide/workdir" "-e" "CARGO_HOME=/opt/rustwide/cargo-home" "-e" "RUSTUP_HOME=/opt/rustwide/rustup-home" "-e" "CARGO_TARGET_DIR=/opt/rustwide/target" "-w" "/opt/rustwide/workdir" "--user" "0:0" "54256de0cb5de4a04b4d87d4ef54cb420228a76741cf47a47010987e3bdb6ac8" "/opt/rustwide/cargo-home/bin/cargo" "+1.99.0-beta.8" "metadata" "--no-deps" "--format-version=1", kill_on_drop: false }`
[INFO] running `Command { std: "docker" "inspect" "54256de0cb5de4a04b4d87d4ef54cb420228a76741cf47a47010987e3bdb6ac8", kill_on_drop: false }`
[INFO] running `Command { std: "docker" "exec" "-e" "SOURCE_DIR=/opt/rustwide/workdir" "-e" "CARGO_HOME=/opt/rustwide/cargo-home" "-e" "RUSTUP_HOME=/opt/rustwide/rustup-home" "-e" "CARGO_TARGET_DIR=/opt/rustwide/target" "-e" "CARGO_INCREMENTAL=0" "-e" "RUST_BACKTRACE=full" "-e" "RUSTFLAGS=--cap-lints=warn" "-e" "RUSTDOCFLAGS=--cap-lints=warn" "-w" "/opt/rustwide/workdir" "--user" "0:0" "54256de0cb5de4a04b4d87d4ef54cb420228a76741cf47a47010987e3bdb6ac8" "/opt/rustwide/cargo-home/bin/cargo" "+1.99.0-beta.8" "build" "--frozen" "--message-format=json" "--release", kill_on_drop: false }`
[INFO] [stderr]    Compiling libc v0.2.191
[INFO] [stderr]    Compiling find-msvc-tools v0.1.14
[INFO] [stderr]    Compiling syn v1.0.109
[INFO] [stderr]    Compiling syn v3.0.9
[INFO] [stderr]    Compiling syn v2.0.119
[INFO] [stderr]    Compiling bytes v0.5.6
[INFO] [stderr]    Compiling pin-project-lite v0.1.12
[INFO] [stderr]    Compiling indexmap v1.9.3
[INFO] [stderr]    Compiling openssl v0.10.81
[INFO] [stderr]    Compiling http v0.2.12
[INFO] [stderr]    Compiling cc v1.8.0
[INFO] [stderr]    Compiling tracing v0.1.44
[INFO] [stderr]    Compiling bitflags v2.13.2
[INFO] [stderr]    Compiling equivalent v1.0.3
[INFO] [stderr]    Compiling serde_json v1.0.154
[INFO] [stderr]    Compiling smallvec v1.16.3
[INFO] [stderr]    Compiling indexmap v2.14.2
[INFO] [stderr]    Compiling futures-util v0.3.34
[INFO] [stderr]    Compiling iovec v0.1.4
[INFO] [stderr]    Compiling net2 v0.2.39
[INFO] [stderr]    Compiling errno v0.3.14
[INFO] [stderr]    Compiling signal-hook-registry v1.4.8
[INFO] [stderr]    Compiling openssl-sys v0.9.117
[INFO] [stderr]    Compiling mio v0.6.23
[INFO] [stderr]    Compiling num_cpus v1.17.0
[INFO] [stderr]    Compiling native-tls v0.2.18
[INFO] [stderr]    Compiling getrandom v0.1.16
[INFO] [stderr]    Compiling unicase v2.10.0
[INFO] [stderr]    Compiling want v0.3.2
[INFO] [stderr]    Compiling mio-uds v0.6.8
[INFO] [stderr]    Compiling mime_guess v2.0.5
[INFO] [stderr]    Compiling encoding_rs v0.8.42
[INFO] [stderr]    Compiling rand_core v0.5.1
[INFO] [stderr]    Compiling socket2 v0.3.19
[INFO] [stderr]    Compiling http-body v0.3.1
[INFO] [stderr]    Compiling futures-channel v0.3.34
[INFO] [stderr]    Compiling httpdate v0.3.2
[INFO] [stderr]    Compiling itoa v0.4.8
[INFO] [stderr]    Compiling synstructure v0.14.0
[INFO] [stderr]    Compiling chrono v0.4.45
[INFO] [stderr]    Compiling rand_chacha v0.2.2
[INFO] [stderr]    Compiling pin-project-internal v1.1.13
[INFO] [stderr]    Compiling openssl-macros v0.1.1
[INFO] [stderr]    Compiling tokio-macros v0.2.6
[INFO] [stderr]    Compiling tokio v0.2.25
[INFO] [stderr]    Compiling pin-project v1.1.13
[INFO] [stderr]    Compiling tracing-futures v0.2.5
[INFO] [stderr]    Compiling rand v0.7.3
[INFO] [stderr]    Compiling time v0.1.45
[INFO] [stderr]    Compiling zerofrom-derive v0.1.8
[INFO] [stderr]    Compiling yoke-derive v0.8.4
[INFO] [stderr]    Compiling zerovec-derive v0.11.6
[INFO] [stderr]    Compiling displaydoc v0.2.7
[INFO] [stderr]    Compiling zerofrom v0.1.8
[INFO] [stderr]    Compiling serde_derive v1.0.229
[INFO] [stderr]    Compiling linked-hash-map v0.5.6
[INFO] [stderr]    Compiling md5 v0.6.1
[INFO] [stderr]    Compiling yoke v0.8.3
[INFO] [stderr]    Compiling zerotrie v0.2.5
[INFO] [stderr]    Compiling zerovec v0.11.8
[INFO] [stderr]    Compiling tinystr v0.8.4
[INFO] [stderr]    Compiling potential_utf v0.1.6
[INFO] [stderr]    Compiling icu_collections v2.3.0
[INFO] [stderr]    Compiling icu_locale_core v2.3.0
[INFO] [stderr]    Compiling tokio-util v0.3.1
[INFO] [stderr]    Compiling h2 v0.2.7
[INFO] [stderr]    Compiling tokio-tls v0.3.1
[INFO] [stderr]    Compiling icu_provider v2.3.1
[INFO] [stderr]    Compiling icu_normalizer v2.3.0
[INFO] [stderr]    Compiling icu_properties v2.3.0
[INFO] [stderr]    Compiling serde v1.0.229
[INFO] [stderr]    Compiling serde_urlencoded v0.7.1
[INFO] [stderr]    Compiling serde-aux v0.6.1
[INFO] [stderr]    Compiling bson v0.14.1
[INFO] [stderr]    Compiling idna_adapter v1.2.2
[INFO] [stderr]    Compiling idna v1.1.0
[INFO] [stderr]    Compiling url v2.5.8
[INFO] [stderr]    Compiling hyper v0.13.10
[INFO] [stderr]    Compiling hyper-tls v0.4.3
[INFO] [stderr]    Compiling reqwest v0.10.10
[INFO] [stderr]    Compiling giteki v0.1.2 (/opt/rustwide/workdir)
[INFO] [stderr]     Finished `release` profile [optimized] target(s) in 2m 11s
[INFO] [stderr] warning: the following packages contain code that will be rejected by a future version of Rust: bson v0.14.1
[INFO] [stderr] note: to see what the problems were, use the option `--future-incompat-report`, or run `cargo report future-incompatibilities --id 5`
[INFO] running `Command { std: "docker" "inspect" "54256de0cb5de4a04b4d87d4ef54cb420228a76741cf47a47010987e3bdb6ac8", kill_on_drop: false }`
[INFO] running `Command { std: "docker" "exec" "-e" "SOURCE_DIR=/opt/rustwide/workdir" "-e" "CARGO_HOME=/opt/rustwide/cargo-home" "-e" "RUSTUP_HOME=/opt/rustwide/rustup-home" "-e" "CARGO_TARGET_DIR=/opt/rustwide/target" "-e" "CARGO_INCREMENTAL=0" "-e" "RUST_BACKTRACE=full" "-e" "RUSTFLAGS=--cap-lints=warn" "-e" "RUSTDOCFLAGS=--cap-lints=warn" "-w" "/opt/rustwide/workdir" "--user" "0:0" "54256de0cb5de4a04b4d87d4ef54cb420228a76741cf47a47010987e3bdb6ac8" "/opt/rustwide/cargo-home/bin/cargo" "+1.99.0-beta.8" "test" "--frozen" "--no-run" "--message-format=json" "--release", kill_on_drop: false }`
[INFO] [stderr]    Compiling giteki v0.1.2 (/opt/rustwide/workdir)
[INFO] [stderr]     Finished `release` profile [optimized] target(s) in 4.19s
[INFO] [stderr] warning: the following packages contain code that will be rejected by a future version of Rust: bson v0.14.1
[INFO] [stderr] note: to see what the problems were, use the option `--future-incompat-report`, or run `cargo report future-incompatibilities --id 5`
[INFO] running `Command { std: "docker" "inspect" "54256de0cb5de4a04b4d87d4ef54cb420228a76741cf47a47010987e3bdb6ac8", kill_on_drop: false }`
[INFO] running `Command { std: "docker" "exec" "-e" "SOURCE_DIR=/opt/rustwide/workdir" "-e" "CARGO_HOME=/opt/rustwide/cargo-home" "-e" "RUSTUP_HOME=/opt/rustwide/rustup-home" "-e" "CARGO_TARGET_DIR=/opt/rustwide/target" "-e" "CARGO_INCREMENTAL=0" "-e" "RUST_BACKTRACE=full" "-e" "RUSTFLAGS=--cap-lints=warn" "-e" "RUSTDOCFLAGS=--cap-lints=warn" "-w" "/opt/rustwide/workdir" "--user" "0:0" "54256de0cb5de4a04b4d87d4ef54cb420228a76741cf47a47010987e3bdb6ac8" "/opt/rustwide/cargo-home/bin/cargo" "+1.99.0-beta.8" "test" "--frozen" "--release", kill_on_drop: false }`
[INFO] [stderr]     Finished `release` profile [optimized] target(s) in 0.19s
[INFO] [stderr] warning: the following packages contain code that will be rejected by a future version of Rust: bson v0.14.1
[INFO] [stderr] note: to see what the problems were, use the option `--future-incompat-report`, or run `cargo report future-incompatibilities --id 5`
[INFO] [stderr]      Running unittests src/lib.rs (/opt/rustwide/target/release/deps/giteki-d754acb1f26524a6)
[INFO] [stdout] 
[INFO] [stdout] running 2 tests
[INFO] [stderr] error: test failed, to rerun pass `--lib`
[INFO] [stdout] test list::client::get_test ... FAILED
[INFO] [stdout] test num::client::get_test ... FAILED
[INFO] [stdout] 
[INFO] [stdout] failures:
[INFO] [stdout] 
[INFO] [stdout] ---- list::client::get_test stdout ----
[INFO] [stdout] 
[INFO] [stdout] thread 'list::client::get_test' (1530) panicked at src/list/client.rs:31:49:
[INFO] [stdout] called `Result::unwrap()` on an `Err` value: reqwest::Error { kind: Request, url: Url { scheme: "https", cannot_be_a_base: false, username: "", password: None, host: Some(Domain("www.tele.soumu.go.jp")), port: None, path: "/giteki/list", query: Some("SC=0&DC=1&OF=2&NAM=google&NUM=003-180123&TN=g013d&SK=1&MC=1"), fragment: None }, source: hyper::Error(Connect, ConnectError("dns error", Custom { kind: Uncategorized, error: "failed to lookup address information: Temporary failure in name resolution" })) }
[INFO] [stdout] stack backtrace:
[INFO] [stdout]    0:     0x6294f8c15511 - <<std[70759c8f55707aa4]::sys::backtrace::BacktraceLock>::print::DisplayBacktrace as core[df12db4294e9bfd3]::fmt::Display>::fmt
[INFO] [stdout]    1:     0x6294f8c2b80a - core[df12db4294e9bfd3]::fmt::write
[INFO] [stdout]    2:     0x6294f8c19f0c - <alloc[2182bb758b4b3781]::vec::Vec<u8> as core[df12db4294e9bfd3]::io::write::Write>::write_fmt
[INFO] [stdout]    3:     0x6294f8bf0a16 - std[70759c8f55707aa4]::panicking::default_hook::{closure#0}
[INFO] [stdout]    4:     0x6294f8c0d539 - std[70759c8f55707aa4]::panicking::default_hook
[INFO] [stdout]    5:     0x6294f8b846f0 - test[9d35eded1c95d3be]::test_main_inner::<test[9d35eded1c95d3be]::test_main_static::{closure#0}>::{closure#0}
[INFO] [stdout]    6:     0x6294f8c0d862 - std[70759c8f55707aa4]::panicking::panic_with_hook
[INFO] [stdout]    7:     0x6294f8bf0ac2 - std[70759c8f55707aa4]::panicking::panic_handler::{closure#0}
[INFO] [stdout]    8:     0x6294f8be9769 - std[70759c8f55707aa4]::sys::backtrace::__rust_end_short_backtrace::<std[70759c8f55707aa4]::panicking::panic_handler::{closure#0}, !>
[INFO] [stdout]    9:     0x6294f8bf18ad - __rustc[8fa7c3cbc660c2b3]::rust_begin_unwind
[INFO] [stdout]   10:     0x6294f8c2bf6c - core[df12db4294e9bfd3]::panicking::panic_fmt
[INFO] [stdout]   11:     0x6294f8c2bd42 - core[df12db4294e9bfd3]::result::unwrap_failed
[INFO] [stdout]   12:     0x6294f8a406f2 - giteki[111761bc67f84b5d]::list::client::get_test::{closure#0}
[INFO] [stdout]   13:     0x6294f8a427d3 - tokio[8b8023137919db71]::runtime::basic_scheduler::enter::<<tokio[8b8023137919db71]::runtime::basic_scheduler::BasicScheduler<tokio[8b8023137919db71]::park::either::Either<tokio[8b8023137919db71]::time::driver::Driver<tokio[8b8023137919db71]::park::either::Either<tokio[8b8023137919db71]::io::driver::Driver, tokio[8b8023137919db71]::park::thread::ParkThread>>, tokio[8b8023137919db71]::park::either::Either<tokio[8b8023137919db71]::io::driver::Driver, tokio[8b8023137919db71]::park::thread::ParkThread>>>>::block_on<giteki[111761bc67f84b5d]::list::client::get_test::{closure#0}>::{closure#0}, (), tokio[8b8023137919db71]::park::either::Either<tokio[8b8023137919db71]::time::driver::Driver<tokio[8b8023137919db71]::park::either::Either<tokio[8b8023137919db71]::io::driver::Driver, tokio[8b8023137919db71]::park::thread::ParkThread>>, tokio[8b8023137919db71]::park::either::Either<tokio[8b8023137919db71]::io::driver::Driver, tokio[8b8023137919db71]::park::thread::ParkThread>>>
[INFO] [stdout]   14:     0x6294f8a4c97f - tokio[8b8023137919db71]::runtime::context::enter::<<tokio[8b8023137919db71]::runtime::Runtime>::block_on<giteki[111761bc67f84b5d]::list::client::get_test::{closure#0}>::{closure#0}, ()>
[INFO] [stdout]   15:     0x6294f8a483ff - giteki[111761bc67f84b5d]::list::client::get_test
[INFO] [stdout]   16:     0x6294f8a47139 - <giteki[111761bc67f84b5d]::list::client::get_test::{closure#0} as core[df12db4294e9bfd3]::ops::function::FnOnce<()>>::call_once
[INFO] [stdout]   17:     0x6294f8b779db - test[9d35eded1c95d3be]::__rust_begin_short_backtrace::<core[df12db4294e9bfd3]::result::Result<(), alloc[2182bb758b4b3781]::string::String>, fn() -> core[df12db4294e9bfd3]::result::Result<(), alloc[2182bb758b4b3781]::string::String>>
[INFO] [stdout]   18:     0x6294f8b85045 - test[9d35eded1c95d3be]::run_test::{closure#0}
[INFO] [stdout]   19:     0x6294f8b7e904 - std[70759c8f55707aa4]::sys::backtrace::__rust_begin_short_backtrace::<test[9d35eded1c95d3be]::run_test::{closure#1}, ()>
[INFO] [stdout]   20:     0x6294f8b881a2 - <std[70759c8f55707aa4]::thread::lifecycle::spawn_unchecked<test[9d35eded1c95d3be]::run_test::{closure#1}, ()>::{closure#1} as core[df12db4294e9bfd3]::ops::function::FnOnce<()>>::call_once::{shim:vtable#0}
[INFO] [stdout]   21:     0x6294f8c14a39 - <std[70759c8f55707aa4]::sys::thread::unix::Thread>::new::thread_start
[INFO] [stdout]   22:     0x7a96c9341dfa - <unknown>
[INFO] [stdout]   23:     0x7a96c93d53d4 - clone
[INFO] [stdout]   24:                0x0 - <unknown>
[INFO] [stdout] 
[INFO] [stdout] ---- num::client::get_test stdout ----
[INFO] [stdout] 
[INFO] [stdout] thread 'num::client::get_test' (1531) panicked at src/num/client.rs:20:49:
[INFO] [stdout] called `Result::unwrap()` on an `Err` value: reqwest::Error { kind: Request, url: Url { scheme: "https", cannot_be_a_base: false, username: "", password: None, host: Some(Domain("www.tele.soumu.go.jp")), port: None, path: "/giteki/num", query: Some("OF=2&TEC=1&MC=1"), fragment: None }, source: hyper::Error(Connect, ConnectError("dns error", Custom { kind: Uncategorized, error: "failed to lookup address information: Temporary failure in name resolution" })) }
[INFO] [stdout] stack backtrace:
[INFO] [stdout]    0:     0x6294f8c15511 - <<std[70759c8f55707aa4]::sys::backtrace::BacktraceLock>::print::DisplayBacktrace as core[df12db4294e9bfd3]::fmt::Display>::fmt
[INFO] [stdout]    1:     0x6294f8c2b80a - core[df12db4294e9bfd3]::fmt::write
[INFO] [stdout]    2:     0x6294f8c19f0c - <alloc[2182bb758b4b3781]::vec::Vec<u8> as core[df12db4294e9bfd3]::io::write::Write>::write_fmt
[INFO] [stdout]    3:     0x6294f8bf0a16 - std[70759c8f55707aa4]::panicking::default_hook::{closure#0}
[INFO] [stdout]    4:     0x6294f8c0d539 - std[70759c8f55707aa4]::panicking::default_hook
[INFO] [stdout]    5:     0x6294f8b846f0 - test[9d35eded1c95d3be]::test_main_inner::<test[9d35eded1c95d3be]::test_main_static::{closure#0}>::{closure#0}
[INFO] [stdout]    6:     0x6294f8c0d862 - std[70759c8f55707aa4]::panicking::panic_with_hook
[INFO] [stdout]    7:     0x6294f8bf0ac2 - std[70759c8f55707aa4]::panicking::panic_handler::{closure#0}
[INFO] [stdout]    8:     0x6294f8be9769 - std[70759c8f55707aa4]::sys::backtrace::__rust_end_short_backtrace::<std[70759c8f55707aa4]::panicking::panic_handler::{closure#0}, !>
[INFO] [stdout]    9:     0x6294f8bf18ad - __rustc[8fa7c3cbc660c2b3]::rust_begin_unwind
[INFO] [stdout]   10:     0x6294f8c2bf6c - core[df12db4294e9bfd3]::panicking::panic_fmt
[INFO] [stdout]   11:     0x6294f8c2bd42 - core[df12db4294e9bfd3]::result::unwrap_failed
[INFO] [stdout]   12:     0x6294f8a3f9f3 - giteki[111761bc67f84b5d]::num::client::get_test::{closure#0}
[INFO] [stdout]   13:     0x6294f8a42253 - tokio[8b8023137919db71]::runtime::basic_scheduler::enter::<<tokio[8b8023137919db71]::runtime::basic_scheduler::BasicScheduler<tokio[8b8023137919db71]::park::either::Either<tokio[8b8023137919db71]::time::driver::Driver<tokio[8b8023137919db71]::park::either::Either<tokio[8b8023137919db71]::io::driver::Driver, tokio[8b8023137919db71]::park::thread::ParkThread>>, tokio[8b8023137919db71]::park::either::Either<tokio[8b8023137919db71]::io::driver::Driver, tokio[8b8023137919db71]::park::thread::ParkThread>>>>::block_on<giteki[111761bc67f84b5d]::num::client::get_test::{closure#0}>::{closure#0}, (), tokio[8b8023137919db71]::park::either::Either<tokio[8b8023137919db71]::time::driver::Driver<tokio[8b8023137919db71]::park::either::Either<tokio[8b8023137919db71]::io::driver::Driver, tokio[8b8023137919db71]::park::thread::ParkThread>>, tokio[8b8023137919db71]::park::either::Either<tokio[8b8023137919db71]::io::driver::Driver, tokio[8b8023137919db71]::park::thread::ParkThread>>>
[INFO] [stdout]   14:     0x6294f8a4c64f - tokio[8b8023137919db71]::runtime::context::enter::<<tokio[8b8023137919db71]::runtime::Runtime>::block_on<giteki[111761bc67f84b5d]::num::client::get_test::{closure#0}>::{closure#0}, ()>
[INFO] [stdout]   15:     0x6294f8a4acf2 - giteki[111761bc67f84b5d]::num::client::get_test
[INFO] [stdout]   16:     0x6294f8a47119 - <giteki[111761bc67f84b5d]::num::client::get_test::{closure#0} as core[df12db4294e9bfd3]::ops::function::FnOnce<()>>::call_once
[INFO] [stdout]   17:     0x6294f8b779db - test[9d35eded1c95d3be]::__rust_begin_short_backtrace::<core[df12db4294e9bfd3]::result::Result<(), alloc[2182bb758b4b3781]::string::String>, fn() -> core[df12db4294e9bfd3]::result::Result<(), alloc[2182bb758b4b3781]::string::String>>
[INFO] [stdout]   18:     0x6294f8b85045 - test[9d35eded1c95d3be]::run_test::{closure#0}
[INFO] [stdout]   19:     0x6294f8b7e904 - std[70759c8f55707aa4]::sys::backtrace::__rust_begin_short_backtrace::<test[9d35eded1c95d3be]::run_test::{closure#1}, ()>
[INFO] [stdout]   20:     0x6294f8b881a2 - <std[70759c8f55707aa4]::thread::lifecycle::spawn_unchecked<test[9d35eded1c95d3be]::run_test::{closure#1}, ()>::{closure#1} as core[df12db4294e9bfd3]::ops::function::FnOnce<()>>::call_once::{shim:vtable#0}
[INFO] [stdout]   21:     0x6294f8c14a39 - <std[70759c8f55707aa4]::sys::thread::unix::Thread>::new::thread_start
[INFO] [stdout]   22:     0x7a96c9341dfa - <unknown>
[INFO] [stdout]   23:     0x7a96c93d53d4 - clone
[INFO] [stdout]   24:                0x0 - <unknown>
[INFO] [stdout] 
[INFO] [stdout] 
[INFO] [stdout] failures:
[INFO] [stdout]     list::client::get_test
[INFO] [stdout]     num::client::get_test
[INFO] [stdout] 
[INFO] [stdout] test result: FAILED. 0 passed; 2 failed; 0 ignored; 0 measured; 0 filtered out; finished in 0.13s
[INFO] [stdout] 
[INFO] running `Command { std: "docker" "inspect" "54256de0cb5de4a04b4d87d4ef54cb420228a76741cf47a47010987e3bdb6ac8", kill_on_drop: false }`
[INFO] running `Command { std: "docker" "rm" "-f" "54256de0cb5de4a04b4d87d4ef54cb420228a76741cf47a47010987e3bdb6ac8", kill_on_drop: false }`
[INFO] [stdout] 54256de0cb5de4a04b4d87d4ef54cb420228a76741cf47a47010987e3bdb6ac8
