[INFO] fetching crate gitaware 1.0.2...
[INFO] testing gitaware-1.0.2 against 1.99.0-beta.8+cargoflags=--release for beta-release-1.100-2
[INFO] extracting crate gitaware 1.0.2 into /workspace/builds/worker-3-tc1/source
[INFO] started tweaking crates.io crate gitaware 1.0.2
[INFO] finished tweaking crates.io crate gitaware 1.0.2
[INFO] tweaked toml for crates.io crate gitaware 1.0.2 written to /workspace/builds/worker-3-tc1/source/Cargo.toml
[INFO] validating manifest of crates.io crate gitaware 1.0.2 on toolchain 1.99.0-beta.8
[INFO] running `Command { std: CARGO_HOME="/workspace/cargo-home" RUSTUP_HOME="/workspace/rustup-home" "/workspace/cargo-home/bin/cargo" "+1.99.0-beta.8" "metadata" "--manifest-path" "Cargo.toml" "--no-deps", kill_on_drop: false }`
[INFO] crate crates.io crate gitaware 1.0.2 already has a lockfile, it will not be regenerated
[INFO] running `Command { std: CARGO_HOME="/workspace/cargo-home" RUSTUP_HOME="/workspace/rustup-home" "/workspace/cargo-home/bin/cargo" "+1.99.0-beta.8" "fetch" "--manifest-path" "Cargo.toml", kill_on_drop: false }`
[INFO] [stderr]  Downloading crates ...
[INFO] [stderr]   Downloaded thread_local v1.1.4
[INFO] [stderr]   Downloaded ignore v0.4.18
[INFO] [stderr]   Downloaded form_urlencoded v1.1.0
[INFO] [stderr]   Downloaded globset v0.4.9
[INFO] [stderr]   Downloaded percent-encoding v2.2.0
[INFO] [stderr]   Downloaded jobserver v0.1.25
[INFO] [stderr]   Downloaded pkg-config v0.3.26
[INFO] [stderr]   Downloaded unicode-bidi v0.3.8
[INFO] [stderr]   Downloaded openssl-sys v0.9.80
[INFO] [stderr]   Downloaded url v2.3.1
[INFO] [stderr]   Downloaded git2 v0.15.0
[INFO] [stderr]   Downloaded bstr v0.2.17
[INFO] [stderr]   Downloaded libssh2-sys v0.2.23
[INFO] [stderr]   Downloaded libgit2-sys v0.14.0+1.5.0
[INFO] [stderr]   Downloaded libz-sys v1.1.8
[INFO] running `Command { std: "docker" "create" "-v" "/var/lib/crater-agent-workspace/builds/worker-3-tc1/source:/opt/rustwide/workdir:ro,Z" "-v" "/var/lib/crater-agent-workspace/builds/worker-3-tc1/target:/opt/rustwide/target:rw,Z" "-v" "/var/lib/crater-agent-workspace/cargo-home:/opt/rustwide/cargo-home:ro,Z" "-v" "/var/lib/crater-agent-workspace/rustup-home:/opt/rustwide/rustup-home:ro,Z" "-m" "1610612736" "--network" "none" "ghcr.io/rust-lang/crates-build-env/linux@sha256:77db811e55d90add9212f6832c23229e3de5f1c1f9905e8cb07319ea15df73ac" "sleep" "infinity", kill_on_drop: false }`
[INFO] [stdout] d29e4119ed90c947a2ec8e00a44047b19115977379a178bee275aabcacd4bf07
[INFO] running `Command { std: "docker" "start" "d29e4119ed90c947a2ec8e00a44047b19115977379a178bee275aabcacd4bf07", kill_on_drop: false }`
[INFO] running `Command { std: "docker" "inspect" "d29e4119ed90c947a2ec8e00a44047b19115977379a178bee275aabcacd4bf07", kill_on_drop: false }`
[INFO] running `Command { std: "docker" "exec" "-e" "SOURCE_DIR=/opt/rustwide/workdir" "-e" "CARGO_HOME=/opt/rustwide/cargo-home" "-e" "RUSTUP_HOME=/opt/rustwide/rustup-home" "-e" "CARGO_TARGET_DIR=/opt/rustwide/target" "-w" "/opt/rustwide/workdir" "--user" "0:0" "d29e4119ed90c947a2ec8e00a44047b19115977379a178bee275aabcacd4bf07" "/opt/rustwide/cargo-home/bin/cargo" "+1.99.0-beta.8" "metadata" "--no-deps" "--format-version=1", kill_on_drop: false }`
[INFO] running `Command { std: "docker" "inspect" "d29e4119ed90c947a2ec8e00a44047b19115977379a178bee275aabcacd4bf07", kill_on_drop: false }`
[INFO] running `Command { std: "docker" "exec" "-e" "SOURCE_DIR=/opt/rustwide/workdir" "-e" "CARGO_HOME=/opt/rustwide/cargo-home" "-e" "RUSTUP_HOME=/opt/rustwide/rustup-home" "-e" "CARGO_TARGET_DIR=/opt/rustwide/target" "-e" "CARGO_INCREMENTAL=0" "-e" "RUST_BACKTRACE=full" "-e" "RUSTFLAGS=--cap-lints=warn" "-e" "RUSTDOCFLAGS=--cap-lints=warn" "-w" "/opt/rustwide/workdir" "--user" "0:0" "d29e4119ed90c947a2ec8e00a44047b19115977379a178bee275aabcacd4bf07" "/opt/rustwide/cargo-home/bin/cargo" "+1.99.0-beta.8" "build" "--frozen" "--message-format=json" "--release", kill_on_drop: false }`
[INFO] [stderr]    Compiling libc v0.2.138
[INFO] [stderr]    Compiling pkg-config v0.3.26
[INFO] [stderr]    Compiling memchr v2.5.0
[INFO] [stderr]    Compiling log v0.4.17
[INFO] [stderr]    Compiling crossbeam-utils v0.8.14
[INFO] [stderr]    Compiling unicode-bidi v0.3.8
[INFO] [stderr]    Compiling percent-encoding v2.2.0
[INFO] [stderr]    Compiling regex-syntax v0.6.28
[INFO] [stderr]    Compiling once_cell v1.16.0
[INFO] [stderr]    Compiling tinyvec v1.6.0
[INFO] [stderr]    Compiling walkdir v2.3.2
[INFO] [stderr]    Compiling form_urlencoded v1.1.0
[INFO] [stderr]    Compiling thread_local v1.1.4
[INFO] [stderr]    Compiling aho-corasick v0.7.20
[INFO] [stderr]    Compiling bstr v0.2.17
[INFO] [stderr]    Compiling unicode-normalization v0.1.22
[INFO] [stderr]    Compiling jobserver v0.1.25
[INFO] [stderr]    Compiling cc v1.0.78
[INFO] [stderr]    Compiling idna v0.3.0
[INFO] [stderr]    Compiling libz-sys v1.1.8
[INFO] [stderr]    Compiling openssl-sys v0.9.80
[INFO] [stderr]    Compiling libssh2-sys v0.2.23
[INFO] [stderr]    Compiling libgit2-sys v0.14.0+1.5.0
[INFO] [stderr]    Compiling url v2.3.1
[INFO] [stderr]    Compiling regex v1.7.0
[INFO] [stderr]    Compiling globset v0.4.9
[INFO] [stderr]    Compiling ignore v0.4.18
[INFO] [stderr]    Compiling git2 v0.15.0
[INFO] [stderr]    Compiling gitaware v1.0.2 (/opt/rustwide/workdir)
[INFO] [stdout] warning: field `options` is never read
[INFO] [stdout]  --> src/params_checker.rs:3:9
[INFO] [stdout]   |
[INFO] [stdout] 1 | pub struct Config<'a> {
[INFO] [stdout]   |            ------ field in this struct
[INFO] [stdout] 2 |     pub default: bool,
[INFO] [stdout] 3 |     pub options: Vec<String>,
[INFO] [stdout]   |         ^^^^^^^
[INFO] [stdout]   |
[INFO] [stdout]   = note: `#[warn(dead_code)]` (part of `#[warn(unused)]`) on by default
[INFO] [stdout] 
[INFO] [stdout] 
[INFO] [stdout] warning: hiding a lifetime that's elided elsewhere is confusing
[INFO] [stdout]  --> src/params_checker.rs:7:29
[INFO] [stdout]   |
[INFO] [stdout] 7 | pub fn params_checker(argv: &Vec<String>) -> Result<Config, String> {
[INFO] [stdout]   |                             ^^^^^^^^^^^^            ^^^^^^ the same lifetime is hidden here
[INFO] [stdout]   |                             |
[INFO] [stdout]   |                             the lifetime is elided here
[INFO] [stdout]   |
[INFO] [stdout]   = help: the same lifetime is referred to in inconsistent ways, making the signature confusing
[INFO] [stdout]   = note: `#[warn(mismatched_lifetime_syntaxes)]` on by default
[INFO] [stdout] help: use `'_` for type paths
[INFO] [stdout]   |
[INFO] [stdout] 7 | pub fn params_checker(argv: &Vec<String>) -> Result<Config<'_>, String> {
[INFO] [stdout]   |                                                           ++++
[INFO] [stdout] 
[INFO] [stdout] 
[INFO] [stderr]     Finished `release` profile [optimized] target(s) in 1m 08s
[INFO] running `Command { std: "docker" "inspect" "d29e4119ed90c947a2ec8e00a44047b19115977379a178bee275aabcacd4bf07", kill_on_drop: false }`
[INFO] running `Command { std: "docker" "exec" "-e" "SOURCE_DIR=/opt/rustwide/workdir" "-e" "CARGO_HOME=/opt/rustwide/cargo-home" "-e" "RUSTUP_HOME=/opt/rustwide/rustup-home" "-e" "CARGO_TARGET_DIR=/opt/rustwide/target" "-e" "CARGO_INCREMENTAL=0" "-e" "RUST_BACKTRACE=full" "-e" "RUSTFLAGS=--cap-lints=warn" "-e" "RUSTDOCFLAGS=--cap-lints=warn" "-w" "/opt/rustwide/workdir" "--user" "0:0" "d29e4119ed90c947a2ec8e00a44047b19115977379a178bee275aabcacd4bf07" "/opt/rustwide/cargo-home/bin/cargo" "+1.99.0-beta.8" "test" "--frozen" "--no-run" "--message-format=json" "--release", kill_on_drop: false }`
[INFO] [stderr]    Compiling gitaware v1.0.2 (/opt/rustwide/workdir)
[INFO] [stdout] warning: hiding a lifetime that's elided elsewhere is confusing
[INFO] [stdout]  --> src/params_checker.rs:7:29
[INFO] [stdout]   |
[INFO] [stdout] 7 | pub fn params_checker(argv: &Vec<String>) -> Result<Config, String> {
[INFO] [stdout]   |                             ^^^^^^^^^^^^            ^^^^^^ the same lifetime is hidden here
[INFO] [stdout]   |                             |
[INFO] [stdout]   |                             the lifetime is elided here
[INFO] [stdout]   |
[INFO] [stdout]   = help: the same lifetime is referred to in inconsistent ways, making the signature confusing
[INFO] [stdout]   = note: `#[warn(mismatched_lifetime_syntaxes)]` on by default
[INFO] [stdout] help: use `'_` for type paths
[INFO] [stdout]   |
[INFO] [stdout] 7 | pub fn params_checker(argv: &Vec<String>) -> Result<Config<'_>, String> {
[INFO] [stdout]   |                                                           ++++
[INFO] [stdout] 
[INFO] [stdout] 
[INFO] [stderr]     Finished `release` profile [optimized] target(s) in 0.85s
[INFO] running `Command { std: "docker" "inspect" "d29e4119ed90c947a2ec8e00a44047b19115977379a178bee275aabcacd4bf07", kill_on_drop: false }`
[INFO] running `Command { std: "docker" "exec" "-e" "SOURCE_DIR=/opt/rustwide/workdir" "-e" "CARGO_HOME=/opt/rustwide/cargo-home" "-e" "RUSTUP_HOME=/opt/rustwide/rustup-home" "-e" "CARGO_TARGET_DIR=/opt/rustwide/target" "-e" "CARGO_INCREMENTAL=0" "-e" "RUST_BACKTRACE=full" "-e" "RUSTFLAGS=--cap-lints=warn" "-e" "RUSTDOCFLAGS=--cap-lints=warn" "-w" "/opt/rustwide/workdir" "--user" "0:0" "d29e4119ed90c947a2ec8e00a44047b19115977379a178bee275aabcacd4bf07" "/opt/rustwide/cargo-home/bin/cargo" "+1.99.0-beta.8" "test" "--frozen" "--release", kill_on_drop: false }`
[INFO] [stderr] warning: hiding a lifetime that's elided elsewhere is confusing
[INFO] [stderr]  --> src/params_checker.rs:7:29
[INFO] [stderr]   |
[INFO] [stderr] 7 | pub fn params_checker(argv: &Vec<String>) -> Result<Config, String> {
[INFO] [stderr]   |                             ^^^^^^^^^^^^            ^^^^^^ the same lifetime is hidden here
[INFO] [stderr]   |                             |
[INFO] [stderr]   |                             the lifetime is elided here
[INFO] [stderr]   |
[INFO] [stderr]   = help: the same lifetime is referred to in inconsistent ways, making the signature confusing
[INFO] [stderr]   = note: `#[warn(mismatched_lifetime_syntaxes)]` on by default
[INFO] [stderr] help: use `'_` for type paths
[INFO] [stderr]   |
[INFO] [stderr] 7 | pub fn params_checker(argv: &Vec<String>) -> Result<Config<'_>, String> {
[INFO] [stderr]   |                                                           ++++
[INFO] [stderr] 
[INFO] [stderr] warning: `gitaware` (bin "gitaware" test) generated 1 warning (run `cargo fix --bin "gitaware" -p gitaware --tests` to apply 1 suggestion)
[INFO] [stderr]     Finished `release` profile [optimized] target(s) in 0.06s
[INFO] [stderr]      Running unittests src/main.rs (/opt/rustwide/target/release/deps/gitaware-238f0dd84fd8c46f)
[INFO] [stdout] 
[INFO] [stdout] running 8 tests
[INFO] [stdout] test params_checker::tests::should_fail_as_no_proper_path_is_provided ... ok
[INFO] [stdout] test tests::test_params_checker_when_invalid_path ... ok
[INFO] [stdout] test params_checker::tests::should_fail_as_no_proper_path_is_provided_badly ... ok
[INFO] [stdout] test params_checker::tests::should_works ... ok
[INFO] [stdout] test params_checker::tests::test_params_checker_when_no_params ... ok
[INFO] [stdout] test params_checker::tests::should_fail_as_no_proper_path_is_provided_after_option ... ok
[INFO] [stdout] test tests::test_params_checker_it_works ... FAILED
[INFO] [stdout] test tests::test_params_checker_it_should_not_detect_any_repo ... ok
[INFO] [stderr] error: test failed, to rerun pass `--bin gitaware`
[INFO] [stdout] 
[INFO] [stdout] failures:
[INFO] [stdout] 
[INFO] [stdout] ---- tests::test_params_checker_it_works stdout ----
[INFO] [stdout] 
[INFO] [stdout] thread 'tests::test_params_checker_it_works' (1965) panicked at src/main.rs:125:45:
[INFO] [stdout] assertion `left == right` failed
[INFO] [stdout]   left: 0
[INFO] [stdout]  right: 1
[INFO] [stdout] stack backtrace:
[INFO] [stdout]    0:     0x633210e151f1 - <<std[70759c8f55707aa4]::sys::backtrace::BacktraceLock>::print::DisplayBacktrace as core[df12db4294e9bfd3]::fmt::Display>::fmt
[INFO] [stdout]    1:     0x633210e2aa1a - core[df12db4294e9bfd3]::fmt::write
[INFO] [stdout]    2:     0x633210e19a7c - <alloc[2182bb758b4b3781]::vec::Vec<u8> as core[df12db4294e9bfd3]::io::write::Write>::write_fmt
[INFO] [stdout]    3:     0x633210df0586 - std[70759c8f55707aa4]::panicking::default_hook::{closure#0}
[INFO] [stdout]    4:     0x633210e0cfb9 - std[70759c8f55707aa4]::panicking::default_hook
[INFO] [stdout]    5:     0x633210c7b450 - test[9d35eded1c95d3be]::test_main_inner::<test[9d35eded1c95d3be]::test_main_static::{closure#0}>::{closure#0}
[INFO] [stdout]    6:     0x633210e0d2e2 - std[70759c8f55707aa4]::panicking::panic_with_hook
[INFO] [stdout]    7:     0x633210df0632 - std[70759c8f55707aa4]::panicking::panic_handler::{closure#0}
[INFO] [stdout]    8:     0x633210de90a9 - std[70759c8f55707aa4]::sys::backtrace::__rust_end_short_backtrace::<std[70759c8f55707aa4]::panicking::panic_handler::{closure#0}, !>
[INFO] [stdout]    9:     0x633210df12cd - __rustc[8fa7c3cbc660c2b3]::rust_begin_unwind
[INFO] [stdout]   10:     0x633210e2b17c - core[df12db4294e9bfd3]::panicking::panic_fmt
[INFO] [stdout]   11:     0x633210e2b093 - core[df12db4294e9bfd3]::panicking::assert_failed_inner
[INFO] [stdout]   12:     0x633210de8c35 - core[df12db4294e9bfd3]::panicking::assert_failed::<i32, i32>
[INFO] [stdout]   13:     0x633210c6e542 - <gitaware[9798cc624fe08e56]::tests::test_params_checker_it_works::{closure#0} as core[df12db4294e9bfd3]::ops::function::FnOnce<()>>::call_once
[INFO] [stdout]   14:     0x633210c6e73b - test[9d35eded1c95d3be]::__rust_begin_short_backtrace::<core[df12db4294e9bfd3]::result::Result<(), alloc[2182bb758b4b3781]::string::String>, fn() -> core[df12db4294e9bfd3]::result::Result<(), alloc[2182bb758b4b3781]::string::String>>
[INFO] [stdout]   15:     0x633210c7bda5 - test[9d35eded1c95d3be]::run_test::{closure#0}
[INFO] [stdout]   16:     0x633210c75664 - std[70759c8f55707aa4]::sys::backtrace::__rust_begin_short_backtrace::<test[9d35eded1c95d3be]::run_test::{closure#1}, ()>
[INFO] [stdout]   17:     0x633210c7ef02 - <std[70759c8f55707aa4]::thread::lifecycle::spawn_unchecked<test[9d35eded1c95d3be]::run_test::{closure#1}, ()>::{closure#1} as core[df12db4294e9bfd3]::ops::function::FnOnce<()>>::call_once::{shim:vtable#0}
[INFO] [stdout]   18:     0x633210e14a89 - <std[70759c8f55707aa4]::sys::thread::unix::Thread>::new::thread_start
[INFO] [stdout]   19:     0x7c4cf03c2dfa - <unknown>
[INFO] [stdout]   20:     0x7c4cf04563d4 - clone
[INFO] [stdout]   21:                0x0 - <unknown>
[INFO] [stdout] 
[INFO] [stdout] 
[INFO] [stdout] failures:
[INFO] [stdout]     tests::test_params_checker_it_works
[INFO] [stdout] 
[INFO] [stdout] test result: FAILED. 7 passed; 1 failed; 0 ignored; 0 measured; 0 filtered out; finished in 0.01s
[INFO] [stdout] 
[INFO] running `Command { std: "docker" "inspect" "d29e4119ed90c947a2ec8e00a44047b19115977379a178bee275aabcacd4bf07", kill_on_drop: false }`
[INFO] running `Command { std: "docker" "rm" "-f" "d29e4119ed90c947a2ec8e00a44047b19115977379a178bee275aabcacd4bf07", kill_on_drop: false }`
[INFO] [stdout] d29e4119ed90c947a2ec8e00a44047b19115977379a178bee275aabcacd4bf07
