[INFO] fetching crate git_info2 0.1.2...
[INFO] testing git_info2-0.1.2 against 1.99.0-beta.8+cargoflags=--release for beta-release-1.100-2
[INFO] extracting crate git_info2 0.1.2 into /workspace/builds/worker-7-tc1/source
[INFO] started tweaking crates.io crate git_info2 0.1.2
[INFO] finished tweaking crates.io crate git_info2 0.1.2
[INFO] tweaked toml for crates.io crate git_info2 0.1.2 written to /workspace/builds/worker-7-tc1/source/Cargo.toml
[INFO] validating manifest of crates.io crate git_info2 0.1.2 on toolchain 1.99.0-beta.8
[INFO] running `Command { std: CARGO_HOME="/workspace/cargo-home" RUSTUP_HOME="/workspace/rustup-home" "/workspace/cargo-home/bin/cargo" "+1.99.0-beta.8" "metadata" "--manifest-path" "Cargo.toml" "--no-deps", kill_on_drop: false }`
[INFO] crate crates.io crate git_info2 0.1.2 already has a lockfile, it will not be regenerated
[INFO] running `Command { std: CARGO_HOME="/workspace/cargo-home" RUSTUP_HOME="/workspace/rustup-home" "/workspace/cargo-home/bin/cargo" "+1.99.0-beta.8" "fetch" "--manifest-path" "Cargo.toml", kill_on_drop: false }`
[INFO] running `Command { std: "docker" "create" "-v" "/var/lib/crater-agent-workspace/builds/worker-7-tc1/source:/opt/rustwide/workdir:ro,Z" "-v" "/var/lib/crater-agent-workspace/builds/worker-7-tc1/target:/opt/rustwide/target:rw,Z" "-v" "/var/lib/crater-agent-workspace/cargo-home:/opt/rustwide/cargo-home:ro,Z" "-v" "/var/lib/crater-agent-workspace/rustup-home:/opt/rustwide/rustup-home:ro,Z" "-m" "1610612736" "--network" "none" "ghcr.io/rust-lang/crates-build-env/linux@sha256:77db811e55d90add9212f6832c23229e3de5f1c1f9905e8cb07319ea15df73ac" "sleep" "infinity", kill_on_drop: false }`
[INFO] [stdout] 2679c40229917bf2fcd3afe8d360e4d031d3a915308913586926b93049443869
[INFO] running `Command { std: "docker" "start" "2679c40229917bf2fcd3afe8d360e4d031d3a915308913586926b93049443869", kill_on_drop: false }`
[INFO] running `Command { std: "docker" "inspect" "2679c40229917bf2fcd3afe8d360e4d031d3a915308913586926b93049443869", kill_on_drop: false }`
[INFO] running `Command { std: "docker" "exec" "-e" "SOURCE_DIR=/opt/rustwide/workdir" "-e" "CARGO_HOME=/opt/rustwide/cargo-home" "-e" "RUSTUP_HOME=/opt/rustwide/rustup-home" "-e" "CARGO_TARGET_DIR=/opt/rustwide/target" "-w" "/opt/rustwide/workdir" "--user" "0:0" "2679c40229917bf2fcd3afe8d360e4d031d3a915308913586926b93049443869" "/opt/rustwide/cargo-home/bin/cargo" "+1.99.0-beta.8" "metadata" "--no-deps" "--format-version=1", kill_on_drop: false }`
[INFO] running `Command { std: "docker" "inspect" "2679c40229917bf2fcd3afe8d360e4d031d3a915308913586926b93049443869", kill_on_drop: false }`
[INFO] running `Command { std: "docker" "exec" "-e" "SOURCE_DIR=/opt/rustwide/workdir" "-e" "CARGO_HOME=/opt/rustwide/cargo-home" "-e" "RUSTUP_HOME=/opt/rustwide/rustup-home" "-e" "CARGO_TARGET_DIR=/opt/rustwide/target" "-e" "CARGO_INCREMENTAL=0" "-e" "RUST_BACKTRACE=full" "-e" "RUSTFLAGS=--cap-lints=warn" "-e" "RUSTDOCFLAGS=--cap-lints=warn" "-w" "/opt/rustwide/workdir" "--user" "0:0" "2679c40229917bf2fcd3afe8d360e4d031d3a915308913586926b93049443869" "/opt/rustwide/cargo-home/bin/cargo" "+1.99.0-beta.8" "build" "--frozen" "--message-format=json" "--release", kill_on_drop: false }`
[INFO] [stderr]    Compiling git_info2 v0.1.2 (/opt/rustwide/workdir)
[INFO] [stdout] warning: lint `byte_slice_in_packed_struct_with_derive` has been removed: converted into hard error, see issue #107457 <https://github.com/rust-lang/rust/issues/107457> for more information
[INFO] [stdout]   --> src/lib.rs:15:5
[INFO] [stdout]    |
[INFO] [stdout] 15 |     byte_slice_in_packed_struct_with_derive,
[INFO] [stdout]    |     ^^^^^^^^^^^^^^^^^^^^^^^^^^^^^^^^^^^^^^^
[INFO] [stdout]    |
[INFO] [stdout]    = note: `#[warn(renamed_and_removed_lints)]` on by default
[INFO] [stdout] 
[INFO] [stdout] 
[INFO] [stdout] warning: lint `cenum_impl_drop_cast` has been removed: converted into hard error, see <https://github.com/rust-lang/rust/issues/73333> for more information
[INFO] [stdout]   --> src/lib.rs:16:5
[INFO] [stdout]    |
[INFO] [stdout] 16 |     cenum_impl_drop_cast,
[INFO] [stdout]    |     ^^^^^^^^^^^^^^^^^^^^
[INFO] [stdout] 
[INFO] [stdout] 
[INFO] [stdout] warning: lint `const_patterns_without_partial_eq` has been removed: converted into hard error, see RFC #3535 <https://rust-lang.github.io/rfcs/3535-constants-in-patterns.html> for more information
[INFO] [stdout]   --> src/lib.rs:23:5
[INFO] [stdout]    |
[INFO] [stdout] 23 |     const_patterns_without_partial_eq,
[INFO] [stdout]    |     ^^^^^^^^^^^^^^^^^^^^^^^^^^^^^^^^^
[INFO] [stdout] 
[INFO] [stdout] 
[INFO] [stdout] warning: lint `deprecated_cfg_attr_crate_type_name` has been removed: converted into hard error, see issue #91632 <https://github.com/rust-lang/rust/issues/91632> for more information
[INFO] [stdout]   --> src/lib.rs:26:5
[INFO] [stdout]    |
[INFO] [stdout] 26 |     deprecated_cfg_attr_crate_type_name,
[INFO] [stdout]    |     ^^^^^^^^^^^^^^^^^^^^^^^^^^^^^^^^^^^
[INFO] [stdout] 
[INFO] [stdout] 
[INFO] [stdout] warning: unknown lint: `elided_lifetimes_in_associated_constant`
[INFO] [stdout]   --> src/lib.rs:36:5
[INFO] [stdout]    |
[INFO] [stdout] 36 |     elided_lifetimes_in_associated_constant,
[INFO] [stdout]    |     ^^^^^^^^^^^^^^^^^^^^^^^^^^^^^^^^^^^^^^^
[INFO] [stdout]    |
[INFO] [stdout]    = note: `#[warn(unknown_lints)]` on by default
[INFO] [stdout] 
[INFO] [stdout] 
[INFO] [stdout] warning: lint `illegal_floating_point_literal_pattern` has been removed: no longer a warning, float patterns behave the same as `==`
[INFO] [stdout]   --> src/lib.rs:49:5
[INFO] [stdout]    |
[INFO] [stdout] 49 |     illegal_floating_point_literal_pattern,
[INFO] [stdout]    |     ^^^^^^^^^^^^^^^^^^^^^^^^^^^^^^^^^^^^^^
[INFO] [stdout] 
[INFO] [stdout] 
[INFO] [stdout] warning: lint `indirect_structural_match` has been removed: converted into hard error, see RFC #3535 <https://rust-lang.github.io/rfcs/3535-constants-in-patterns.html> for more information
[INFO] [stdout]   --> src/lib.rs:54:5
[INFO] [stdout]    |
[INFO] [stdout] 54 |     indirect_structural_match,
[INFO] [stdout]    |     ^^^^^^^^^^^^^^^^^^^^^^^^^
[INFO] [stdout] 
[INFO] [stdout] 
[INFO] [stdout] warning: lint `missing_fragment_specifier` has been removed: converted into hard error, see <https://github.com/rust-lang/rust/issues/40107> for more information
[INFO] [stdout]   --> src/lib.rs:81:5
[INFO] [stdout]    |
[INFO] [stdout] 81 |     missing_fragment_specifier,
[INFO] [stdout]    |     ^^^^^^^^^^^^^^^^^^^^^^^^^^
[INFO] [stdout] 
[INFO] [stdout] 
[INFO] [stdout] warning: lint `no_mangle_generic_items` has been removed: converted into hard error, generic items must always be mangled
[INFO] [stdout]   --> src/lib.rs:87:5
[INFO] [stdout]    |
[INFO] [stdout] 87 |     no_mangle_generic_items,
[INFO] [stdout]    |     ^^^^^^^^^^^^^^^^^^^^^^^
[INFO] [stdout] 
[INFO] [stdout] 
[INFO] [stdout] warning: lint `nontrivial_structural_match` has been removed: no longer needed, see RFC #3535 <https://rust-lang.github.io/rfcs/3535-constants-in-patterns.html> for more information
[INFO] [stdout]   --> src/lib.rs:94:5
[INFO] [stdout]    |
[INFO] [stdout] 94 |     nontrivial_structural_match,
[INFO] [stdout]    |     ^^^^^^^^^^^^^^^^^^^^^^^^^^^
[INFO] [stdout] 
[INFO] [stdout] 
[INFO] [stdout] warning: unknown lint: `order_dependent_trait_objects`
[INFO] [stdout]   --> src/lib.rs:97:5
[INFO] [stdout]    |
[INFO] [stdout] 97 |     order_dependent_trait_objects,
[INFO] [stdout]    |     ^^^^^^^^^^^^^^^^^^^^^^^^^^^^^
[INFO] [stdout] 
[INFO] [stdout] 
[INFO] [stdout] warning: lint `pointer_structural_match` has been removed: converted into hard error, see RFC #3535 <https://rust-lang.github.io/rfcs/3535-constants-in-patterns.html> for more information
[INFO] [stdout]    --> src/lib.rs:102:5
[INFO] [stdout]     |
[INFO] [stdout] 102 |     pointer_structural_match,
[INFO] [stdout]     |     ^^^^^^^^^^^^^^^^^^^^^^^^
[INFO] [stdout] 
[INFO] [stdout] 
[INFO] [stdout] warning: unknown lint: `proc_macro_back_compat`
[INFO] [stdout]    --> src/lib.rs:105:5
[INFO] [stdout]     |
[INFO] [stdout] 105 |     proc_macro_back_compat,
[INFO] [stdout]     |     ^^^^^^^^^^^^^^^^^^^^^^
[INFO] [stdout] 
[INFO] [stdout] 
[INFO] [stdout] warning: lint `repr_transparent_external_private_fields` has been removed: converted into hard error, see <https://github.com/rust-lang/rust/issues/78586> for more information
[INFO] [stdout]    --> src/lib.rs:110:5
[INFO] [stdout]     |
[INFO] [stdout] 110 |     repr_transparent_external_private_fields,
[INFO] [stdout]     |     ^^^^^^^^^^^^^^^^^^^^^^^^^^^^^^^^^^^^^^^^
[INFO] [stdout] 
[INFO] [stdout] 
[INFO] [stdout] warning: lint `soft_unstable` has been removed: the general soft-unstable mechanism has been removed
[INFO] [stdout]    --> src/lib.rs:116:5
[INFO] [stdout]     |
[INFO] [stdout] 116 |     soft_unstable,
[INFO] [stdout]     |     ^^^^^^^^^^^^^
[INFO] [stdout] 
[INFO] [stdout] 
[INFO] [stdout] warning: lint `suspicious_auto_trait_impls` has been removed: no longer needed, see issue #93367 <https://github.com/rust-lang/rust/issues/93367> for more information
[INFO] [stdout]    --> src/lib.rs:119:5
[INFO] [stdout]     |
[INFO] [stdout] 119 |     suspicious_auto_trait_impls,
[INFO] [stdout]     |     ^^^^^^^^^^^^^^^^^^^^^^^^^^^
[INFO] [stdout] 
[INFO] [stdout] 
[INFO] [stdout] warning: lint `temporary_cstring_as_ptr` has been renamed to `dangling_pointers_from_temporaries`
[INFO] [stdout]    --> src/lib.rs:121:5
[INFO] [stdout]     |
[INFO] [stdout] 121 |     temporary_cstring_as_ptr,
[INFO] [stdout]     |     ^^^^^^^^^^^^^^^^^^^^^^^^ help: use the new name: `dangling_pointers_from_temporaries`
[INFO] [stdout] 
[INFO] [stdout] 
[INFO] [stdout] warning: lint `undefined_naked_function_abi` has been removed: converted into hard error, see PR #139001 <https://github.com/rust-lang/rust/issues/139001> for more information
[INFO] [stdout]    --> src/lib.rs:132:5
[INFO] [stdout]     |
[INFO] [stdout] 132 |     undefined_naked_function_abi,
[INFO] [stdout]     |     ^^^^^^^^^^^^^^^^^^^^^^^^^^^^
[INFO] [stdout] 
[INFO] [stdout] 
[INFO] [stdout] warning: lint `where_clauses_object_safety` has been removed: converted into hard error, see PR #125380 <https://github.com/rust-lang/rust/pull/125380> for more information
[INFO] [stdout]    --> src/lib.rs:174:5
[INFO] [stdout]     |
[INFO] [stdout] 174 |     where_clauses_object_safety,
[INFO] [stdout]     |     ^^^^^^^^^^^^^^^^^^^^^^^^^^^
[INFO] [stdout] 
[INFO] [stdout] 
[INFO] [stdout] warning: lint `writes_through_immutable_pointer` has been removed: converted into hard error
[INFO] [stdout]    --> src/lib.rs:176:5
[INFO] [stdout]     |
[INFO] [stdout] 176 |     writes_through_immutable_pointer
[INFO] [stdout]     |     ^^^^^^^^^^^^^^^^^^^^^^^^^^^^^^^^
[INFO] [stdout] 
[INFO] [stdout] 
[INFO] [stdout] warning: lint `box_pointers` has been removed: it does not detect other kinds of allocations, and existed only for historical reasons
[INFO] [stdout]    --> src/lib.rs:181:5
[INFO] [stdout]     |
[INFO] [stdout] 181 |     box_pointers,
[INFO] [stdout]     |     ^^^^^^^^^^^^
[INFO] [stdout] 
[INFO] [stdout] 
[INFO] [stderr]     Finished `release` profile [optimized] target(s) in 0.65s
[INFO] running `Command { std: "docker" "inspect" "2679c40229917bf2fcd3afe8d360e4d031d3a915308913586926b93049443869", kill_on_drop: false }`
[INFO] running `Command { std: "docker" "exec" "-e" "SOURCE_DIR=/opt/rustwide/workdir" "-e" "CARGO_HOME=/opt/rustwide/cargo-home" "-e" "RUSTUP_HOME=/opt/rustwide/rustup-home" "-e" "CARGO_TARGET_DIR=/opt/rustwide/target" "-e" "CARGO_INCREMENTAL=0" "-e" "RUST_BACKTRACE=full" "-e" "RUSTFLAGS=--cap-lints=warn" "-e" "RUSTDOCFLAGS=--cap-lints=warn" "-w" "/opt/rustwide/workdir" "--user" "0:0" "2679c40229917bf2fcd3afe8d360e4d031d3a915308913586926b93049443869" "/opt/rustwide/cargo-home/bin/cargo" "+1.99.0-beta.8" "test" "--frozen" "--no-run" "--message-format=json" "--release", kill_on_drop: false }`
[INFO] [stdout] warning: lint `byte_slice_in_packed_struct_with_derive` has been removed: converted into hard error, see issue #107457 <https://github.com/rust-lang/rust/issues/107457> for more information
[INFO] [stdout]   --> src/lib.rs:15:5
[INFO] [stdout]    |
[INFO] [stdout] 15 |     byte_slice_in_packed_struct_with_derive,
[INFO] [stdout]    |     ^^^^^^^^^^^^^^^^^^^^^^^^^^^^^^^^^^^^^^^
[INFO] [stdout]    |
[INFO] [stdout]    = note: `#[warn(renamed_and_removed_lints)]` on by default
[INFO] [stdout] 
[INFO] [stdout] 
[INFO] [stdout] warning: lint `cenum_impl_drop_cast` has been removed: converted into hard error, see <https://github.com/rust-lang/rust/issues/73333> for more information
[INFO] [stdout]   --> src/lib.rs:16:5
[INFO] [stdout]    |
[INFO] [stdout] 16 |     cenum_impl_drop_cast,
[INFO] [stdout]    |     ^^^^^^^^^^^^^^^^^^^^
[INFO] [stdout] 
[INFO] [stdout] 
[INFO] [stdout] warning: lint `const_patterns_without_partial_eq` has been removed: converted into hard error, see RFC #3535 <https://rust-lang.github.io/rfcs/3535-constants-in-patterns.html> for more information
[INFO] [stdout]   --> src/lib.rs:23:5
[INFO] [stdout]    |
[INFO] [stdout] 23 |     const_patterns_without_partial_eq,
[INFO] [stdout]    |     ^^^^^^^^^^^^^^^^^^^^^^^^^^^^^^^^^
[INFO] [stdout] 
[INFO] [stdout] 
[INFO] [stdout] warning: lint `deprecated_cfg_attr_crate_type_name` has been removed: converted into hard error, see issue #91632 <https://github.com/rust-lang/rust/issues/91632> for more information
[INFO] [stdout]   --> src/lib.rs:26:5
[INFO] [stdout]    |
[INFO] [stdout] 26 |     deprecated_cfg_attr_crate_type_name,
[INFO] [stdout]    |     ^^^^^^^^^^^^^^^^^^^^^^^^^^^^^^^^^^^
[INFO] [stdout] 
[INFO] [stdout] 
[INFO] [stdout] warning: unknown lint: `elided_lifetimes_in_associated_constant`
[INFO] [stdout]   --> src/lib.rs:36:5
[INFO] [stdout]    |
[INFO] [stdout] 36 |     elided_lifetimes_in_associated_constant,
[INFO] [stdout]    |     ^^^^^^^^^^^^^^^^^^^^^^^^^^^^^^^^^^^^^^^
[INFO] [stdout]    |
[INFO] [stdout]    = note: `#[warn(unknown_lints)]` on by default
[INFO] [stdout] 
[INFO] [stdout] 
[INFO] [stdout] warning: lint `illegal_floating_point_literal_pattern` has been removed: no longer a warning, float patterns behave the same as `==`
[INFO] [stdout]   --> src/lib.rs:49:5
[INFO] [stdout]    |
[INFO] [stdout] 49 |     illegal_floating_point_literal_pattern,
[INFO] [stdout]    |     ^^^^^^^^^^^^^^^^^^^^^^^^^^^^^^^^^^^^^^
[INFO] [stdout] 
[INFO] [stdout] 
[INFO] [stdout] warning: lint `indirect_structural_match` has been removed: converted into hard error, see RFC #3535 <https://rust-lang.github.io/rfcs/3535-constants-in-patterns.html> for more information
[INFO] [stdout]   --> src/lib.rs:54:5
[INFO] [stdout]    |
[INFO] [stdout] 54 |     indirect_structural_match,
[INFO] [stdout]    |     ^^^^^^^^^^^^^^^^^^^^^^^^^
[INFO] [stdout] 
[INFO] [stdout] 
[INFO] [stdout] warning: lint `missing_fragment_specifier` has been removed: converted into hard error, see <https://github.com/rust-lang/rust/issues/40107> for more information
[INFO] [stdout]   --> src/lib.rs:81:5
[INFO] [stdout]    |
[INFO] [stdout] 81 |     missing_fragment_specifier,
[INFO] [stdout]    |     ^^^^^^^^^^^^^^^^^^^^^^^^^^
[INFO] [stdout] 
[INFO] [stdout] 
[INFO] [stdout] warning: lint `no_mangle_generic_items` has been removed: converted into hard error, generic items must always be mangled
[INFO] [stdout]   --> src/lib.rs:87:5
[INFO] [stdout]    |
[INFO] [stdout] 87 |     no_mangle_generic_items,
[INFO] [stdout]    |     ^^^^^^^^^^^^^^^^^^^^^^^
[INFO] [stdout] 
[INFO] [stdout] 
[INFO] [stdout] warning: lint `nontrivial_structural_match` has been removed: no longer needed, see RFC #3535 <https://rust-lang.github.io/rfcs/3535-constants-in-patterns.html> for more information
[INFO] [stdout]   --> src/lib.rs:94:5
[INFO] [stdout]    |
[INFO] [stdout] 94 |     nontrivial_structural_match,
[INFO] [stdout]    |     ^^^^^^^^^^^^^^^^^^^^^^^^^^^
[INFO] [stdout] 
[INFO] [stdout] 
[INFO] [stdout] warning: unknown lint: `order_dependent_trait_objects`
[INFO] [stdout]   --> src/lib.rs:97:5
[INFO] [stdout]    |
[INFO] [stdout] 97 |     order_dependent_trait_objects,
[INFO] [stdout]    |     ^^^^^^^^^^^^^^^^^^^^^^^^^^^^^
[INFO] [stdout] 
[INFO] [stdout] 
[INFO] [stdout] warning: lint `pointer_structural_match` has been removed: converted into hard error, see RFC #3535 <https://rust-lang.github.io/rfcs/3535-constants-in-patterns.html> for more information
[INFO] [stdout]    --> src/lib.rs:102:5
[INFO] [stdout]     |
[INFO] [stdout] 102 |     pointer_structural_match,
[INFO] [stdout]     |     ^^^^^^^^^^^^^^^^^^^^^^^^
[INFO] [stdout] 
[INFO] [stdout] 
[INFO] [stdout] warning: unknown lint: `proc_macro_back_compat`
[INFO] [stdout]    --> src/lib.rs:105:5
[INFO] [stdout]     |
[INFO] [stdout] 105 |     proc_macro_back_compat,
[INFO] [stdout]     |     ^^^^^^^^^^^^^^^^^^^^^^
[INFO] [stdout] 
[INFO] [stdout] 
[INFO] [stdout] warning: lint `repr_transparent_external_private_fields` has been removed: converted into hard error, see <https://github.com/rust-lang/rust/issues/78586> for more information
[INFO] [stdout]    --> src/lib.rs:110:5
[INFO] [stdout]     |
[INFO] [stdout] 110 |     repr_transparent_external_private_fields,
[INFO] [stdout]     |     ^^^^^^^^^^^^^^^^^^^^^^^^^^^^^^^^^^^^^^^^
[INFO] [stdout] 
[INFO] [stdout] 
[INFO] [stdout] warning: lint `soft_unstable` has been removed: the general soft-unstable mechanism has been removed
[INFO] [stdout]    --> src/lib.rs:116:5
[INFO] [stdout]     |
[INFO] [stdout] 116 |     soft_unstable,
[INFO] [stdout]     |     ^^^^^^^^^^^^^
[INFO] [stdout] 
[INFO] [stdout] 
[INFO] [stderr]    Compiling git_info2 v0.1.2 (/opt/rustwide/workdir)
[INFO] [stdout] warning: lint `suspicious_auto_trait_impls` has been removed: no longer needed, see issue #93367 <https://github.com/rust-lang/rust/issues/93367> for more information
[INFO] [stdout]    --> src/lib.rs:119:5
[INFO] [stdout]     |
[INFO] [stdout] 119 |     suspicious_auto_trait_impls,
[INFO] [stdout]     |     ^^^^^^^^^^^^^^^^^^^^^^^^^^^
[INFO] [stdout] 
[INFO] [stdout] 
[INFO] [stdout] warning: lint `temporary_cstring_as_ptr` has been renamed to `dangling_pointers_from_temporaries`
[INFO] [stdout]    --> src/lib.rs:121:5
[INFO] [stdout]     |
[INFO] [stdout] 121 |     temporary_cstring_as_ptr,
[INFO] [stdout]     |     ^^^^^^^^^^^^^^^^^^^^^^^^ help: use the new name: `dangling_pointers_from_temporaries`
[INFO] [stdout] 
[INFO] [stdout] 
[INFO] [stdout] warning: lint `undefined_naked_function_abi` has been removed: converted into hard error, see PR #139001 <https://github.com/rust-lang/rust/issues/139001> for more information
[INFO] [stdout]    --> src/lib.rs:132:5
[INFO] [stdout]     |
[INFO] [stdout] 132 |     undefined_naked_function_abi,
[INFO] [stdout]     |     ^^^^^^^^^^^^^^^^^^^^^^^^^^^^
[INFO] [stdout] 
[INFO] [stdout] 
[INFO] [stdout] warning: lint `where_clauses_object_safety` has been removed: converted into hard error, see PR #125380 <https://github.com/rust-lang/rust/pull/125380> for more information
[INFO] [stdout]    --> src/lib.rs:174:5
[INFO] [stdout]     |
[INFO] [stdout] 174 |     where_clauses_object_safety,
[INFO] [stdout]     |     ^^^^^^^^^^^^^^^^^^^^^^^^^^^
[INFO] [stdout] 
[INFO] [stdout] 
[INFO] [stdout] warning: lint `writes_through_immutable_pointer` has been removed: converted into hard error
[INFO] [stdout]    --> src/lib.rs:176:5
[INFO] [stdout]     |
[INFO] [stdout] 176 |     writes_through_immutable_pointer
[INFO] [stdout]     |     ^^^^^^^^^^^^^^^^^^^^^^^^^^^^^^^^
[INFO] [stdout] 
[INFO] [stdout] 
[INFO] [stdout] warning: lint `box_pointers` has been removed: it does not detect other kinds of allocations, and existed only for historical reasons
[INFO] [stdout]    --> src/lib.rs:181:5
[INFO] [stdout]     |
[INFO] [stdout] 181 |     box_pointers,
[INFO] [stdout]     |     ^^^^^^^^^^^^
[INFO] [stdout] 
[INFO] [stdout] 
[INFO] [stdout] warning: lint `byte_slice_in_packed_struct_with_derive` has been removed: converted into hard error, see issue #107457 <https://github.com/rust-lang/rust/issues/107457> for more information
[INFO] [stdout]   --> src/lib.rs:15:5
[INFO] [stdout]    |
[INFO] [stdout] 15 |     byte_slice_in_packed_struct_with_derive,
[INFO] [stdout]    |     ^^^^^^^^^^^^^^^^^^^^^^^^^^^^^^^^^^^^^^^
[INFO] [stdout]    |
[INFO] [stdout]    = note: `#[warn(renamed_and_removed_lints)]` on by default
[INFO] [stdout] 
[INFO] [stdout] 
[INFO] [stdout] warning: lint `cenum_impl_drop_cast` has been removed: converted into hard error, see <https://github.com/rust-lang/rust/issues/73333> for more information
[INFO] [stdout]   --> src/lib.rs:16:5
[INFO] [stdout]    |
[INFO] [stdout] 16 |     cenum_impl_drop_cast,
[INFO] [stdout]    |     ^^^^^^^^^^^^^^^^^^^^
[INFO] [stdout] 
[INFO] [stdout] 
[INFO] [stdout] warning: lint `const_patterns_without_partial_eq` has been removed: converted into hard error, see RFC #3535 <https://rust-lang.github.io/rfcs/3535-constants-in-patterns.html> for more information
[INFO] [stdout]   --> src/lib.rs:23:5
[INFO] [stdout]    |
[INFO] [stdout] 23 |     const_patterns_without_partial_eq,
[INFO] [stdout]    |     ^^^^^^^^^^^^^^^^^^^^^^^^^^^^^^^^^
[INFO] [stdout] 
[INFO] [stdout] 
[INFO] [stdout] warning: lint `deprecated_cfg_attr_crate_type_name` has been removed: converted into hard error, see issue #91632 <https://github.com/rust-lang/rust/issues/91632> for more information
[INFO] [stdout]   --> src/lib.rs:26:5
[INFO] [stdout]    |
[INFO] [stdout] 26 |     deprecated_cfg_attr_crate_type_name,
[INFO] [stdout]    |     ^^^^^^^^^^^^^^^^^^^^^^^^^^^^^^^^^^^
[INFO] [stdout] 
[INFO] [stdout] 
[INFO] [stdout] warning: unknown lint: `elided_lifetimes_in_associated_constant`
[INFO] [stdout]   --> src/lib.rs:36:5
[INFO] [stdout]    |
[INFO] [stdout] 36 |     elided_lifetimes_in_associated_constant,
[INFO] [stdout]    |     ^^^^^^^^^^^^^^^^^^^^^^^^^^^^^^^^^^^^^^^
[INFO] [stdout]    |
[INFO] [stdout]    = note: `#[warn(unknown_lints)]` on by default
[INFO] [stdout] 
[INFO] [stdout] 
[INFO] [stdout] warning: lint `illegal_floating_point_literal_pattern` has been removed: no longer a warning, float patterns behave the same as `==`
[INFO] [stdout]   --> src/lib.rs:49:5
[INFO] [stdout]    |
[INFO] [stdout] 49 |     illegal_floating_point_literal_pattern,
[INFO] [stdout]    |     ^^^^^^^^^^^^^^^^^^^^^^^^^^^^^^^^^^^^^^
[INFO] [stdout] 
[INFO] [stdout] 
[INFO] [stdout] warning: lint `indirect_structural_match` has been removed: converted into hard error, see RFC #3535 <https://rust-lang.github.io/rfcs/3535-constants-in-patterns.html> for more information
[INFO] [stdout]   --> src/lib.rs:54:5
[INFO] [stdout]    |
[INFO] [stdout] 54 |     indirect_structural_match,
[INFO] [stdout]    |     ^^^^^^^^^^^^^^^^^^^^^^^^^
[INFO] [stdout] 
[INFO] [stdout] 
[INFO] [stdout] warning: lint `missing_fragment_specifier` has been removed: converted into hard error, see <https://github.com/rust-lang/rust/issues/40107> for more information
[INFO] [stdout]   --> src/lib.rs:81:5
[INFO] [stdout]    |
[INFO] [stdout] 81 |     missing_fragment_specifier,
[INFO] [stdout]    |     ^^^^^^^^^^^^^^^^^^^^^^^^^^
[INFO] [stdout] 
[INFO] [stdout] 
[INFO] [stdout] warning: lint `no_mangle_generic_items` has been removed: converted into hard error, generic items must always be mangled
[INFO] [stdout]   --> src/lib.rs:87:5
[INFO] [stdout]    |
[INFO] [stdout] 87 |     no_mangle_generic_items,
[INFO] [stdout]    |     ^^^^^^^^^^^^^^^^^^^^^^^
[INFO] [stdout] 
[INFO] [stdout] 
[INFO] [stdout] warning: lint `nontrivial_structural_match` has been removed: no longer needed, see RFC #3535 <https://rust-lang.github.io/rfcs/3535-constants-in-patterns.html> for more information
[INFO] [stdout]   --> src/lib.rs:94:5
[INFO] [stdout]    |
[INFO] [stdout] 94 |     nontrivial_structural_match,
[INFO] [stdout]    |     ^^^^^^^^^^^^^^^^^^^^^^^^^^^
[INFO] [stdout] 
[INFO] [stdout] 
[INFO] [stdout] warning: unknown lint: `order_dependent_trait_objects`
[INFO] [stdout]   --> src/lib.rs:97:5
[INFO] [stdout]    |
[INFO] [stdout] 97 |     order_dependent_trait_objects,
[INFO] [stdout]    |     ^^^^^^^^^^^^^^^^^^^^^^^^^^^^^
[INFO] [stdout] 
[INFO] [stdout] 
[INFO] [stdout] warning: lint `pointer_structural_match` has been removed: converted into hard error, see RFC #3535 <https://rust-lang.github.io/rfcs/3535-constants-in-patterns.html> for more information
[INFO] [stdout]    --> src/lib.rs:102:5
[INFO] [stdout]     |
[INFO] [stdout] 102 |     pointer_structural_match,
[INFO] [stdout]     |     ^^^^^^^^^^^^^^^^^^^^^^^^
[INFO] [stdout] 
[INFO] [stdout] 
[INFO] [stdout] warning: unknown lint: `proc_macro_back_compat`
[INFO] [stdout]    --> src/lib.rs:105:5
[INFO] [stdout]     |
[INFO] [stdout] 105 |     proc_macro_back_compat,
[INFO] [stdout]     |     ^^^^^^^^^^^^^^^^^^^^^^
[INFO] [stdout] 
[INFO] [stdout] 
[INFO] [stdout] warning: lint `repr_transparent_external_private_fields` has been removed: converted into hard error, see <https://github.com/rust-lang/rust/issues/78586> for more information
[INFO] [stdout]    --> src/lib.rs:110:5
[INFO] [stdout]     |
[INFO] [stdout] 110 |     repr_transparent_external_private_fields,
[INFO] [stdout]     |     ^^^^^^^^^^^^^^^^^^^^^^^^^^^^^^^^^^^^^^^^
[INFO] [stdout] 
[INFO] [stdout] 
[INFO] [stdout] warning: lint `soft_unstable` has been removed: the general soft-unstable mechanism has been removed
[INFO] [stdout]    --> src/lib.rs:116:5
[INFO] [stdout]     |
[INFO] [stdout] 116 |     soft_unstable,
[INFO] [stdout]     |     ^^^^^^^^^^^^^
[INFO] [stdout] 
[INFO] [stdout] 
[INFO] [stdout] warning: lint `suspicious_auto_trait_impls` has been removed: no longer needed, see issue #93367 <https://github.com/rust-lang/rust/issues/93367> for more information
[INFO] [stdout]    --> src/lib.rs:119:5
[INFO] [stdout]     |
[INFO] [stdout] 119 |     suspicious_auto_trait_impls,
[INFO] [stdout]     |     ^^^^^^^^^^^^^^^^^^^^^^^^^^^
[INFO] [stdout] 
[INFO] [stdout] 
[INFO] [stdout] warning: lint `temporary_cstring_as_ptr` has been renamed to `dangling_pointers_from_temporaries`
[INFO] [stdout]    --> src/lib.rs:121:5
[INFO] [stdout]     |
[INFO] [stdout] 121 |     temporary_cstring_as_ptr,
[INFO] [stdout]     |     ^^^^^^^^^^^^^^^^^^^^^^^^ help: use the new name: `dangling_pointers_from_temporaries`
[INFO] [stdout] 
[INFO] [stdout] 
[INFO] [stdout] warning: lint `undefined_naked_function_abi` has been removed: converted into hard error, see PR #139001 <https://github.com/rust-lang/rust/issues/139001> for more information
[INFO] [stdout]    --> src/lib.rs:132:5
[INFO] [stdout]     |
[INFO] [stdout] 132 |     undefined_naked_function_abi,
[INFO] [stdout]     |     ^^^^^^^^^^^^^^^^^^^^^^^^^^^^
[INFO] [stdout] 
[INFO] [stdout] 
[INFO] [stdout] warning: lint `where_clauses_object_safety` has been removed: converted into hard error, see PR #125380 <https://github.com/rust-lang/rust/pull/125380> for more information
[INFO] [stdout]    --> src/lib.rs:174:5
[INFO] [stdout]     |
[INFO] [stdout] 174 |     where_clauses_object_safety,
[INFO] [stdout]     |     ^^^^^^^^^^^^^^^^^^^^^^^^^^^
[INFO] [stdout] 
[INFO] [stdout] 
[INFO] [stdout] warning: lint `writes_through_immutable_pointer` has been removed: converted into hard error
[INFO] [stdout]    --> src/lib.rs:176:5
[INFO] [stdout]     |
[INFO] [stdout] 176 |     writes_through_immutable_pointer
[INFO] [stdout]     |     ^^^^^^^^^^^^^^^^^^^^^^^^^^^^^^^^
[INFO] [stdout] 
[INFO] [stdout] 
[INFO] [stdout] warning: lint `box_pointers` has been removed: it does not detect other kinds of allocations, and existed only for historical reasons
[INFO] [stdout]    --> src/lib.rs:181:5
[INFO] [stdout]     |
[INFO] [stdout] 181 |     box_pointers,
[INFO] [stdout]     |     ^^^^^^^^^^^^
[INFO] [stdout] 
[INFO] [stdout] 
[INFO] [stderr]     Finished `release` profile [optimized] target(s) in 0.88s
[INFO] running `Command { std: "docker" "inspect" "2679c40229917bf2fcd3afe8d360e4d031d3a915308913586926b93049443869", kill_on_drop: false }`
[INFO] running `Command { std: "docker" "exec" "-e" "SOURCE_DIR=/opt/rustwide/workdir" "-e" "CARGO_HOME=/opt/rustwide/cargo-home" "-e" "RUSTUP_HOME=/opt/rustwide/rustup-home" "-e" "CARGO_TARGET_DIR=/opt/rustwide/target" "-e" "CARGO_INCREMENTAL=0" "-e" "RUST_BACKTRACE=full" "-e" "RUSTFLAGS=--cap-lints=warn" "-e" "RUSTDOCFLAGS=--cap-lints=warn" "-w" "/opt/rustwide/workdir" "--user" "0:0" "2679c40229917bf2fcd3afe8d360e4d031d3a915308913586926b93049443869" "/opt/rustwide/cargo-home/bin/cargo" "+1.99.0-beta.8" "test" "--frozen" "--release", kill_on_drop: false }`
[INFO] [stderr] warning: lint `byte_slice_in_packed_struct_with_derive` has been removed: converted into hard error, see issue #107457 <https://github.com/rust-lang/rust/issues/107457> for more information
[INFO] [stderr]   --> src/lib.rs:15:5
[INFO] [stderr]    |
[INFO] [stderr] 15 |     byte_slice_in_packed_struct_with_derive,
[INFO] [stderr]    |     ^^^^^^^^^^^^^^^^^^^^^^^^^^^^^^^^^^^^^^^
[INFO] [stderr]    |
[INFO] [stderr]    = note: `#[warn(renamed_and_removed_lints)]` on by default
[INFO] [stderr] 
[INFO] [stderr] warning: lint `cenum_impl_drop_cast` has been removed: converted into hard error, see <https://github.com/rust-lang/rust/issues/73333> for more information
[INFO] [stderr]   --> src/lib.rs:16:5
[INFO] [stderr]    |
[INFO] [stderr] 16 |     cenum_impl_drop_cast,
[INFO] [stderr]    |     ^^^^^^^^^^^^^^^^^^^^
[INFO] [stderr] 
[INFO] [stderr] warning: lint `const_patterns_without_partial_eq` has been removed: converted into hard error, see RFC #3535 <https://rust-lang.github.io/rfcs/3535-constants-in-patterns.html> for more information
[INFO] [stderr]   --> src/lib.rs:23:5
[INFO] [stderr]    |
[INFO] [stderr] 23 |     const_patterns_without_partial_eq,
[INFO] [stderr]    |     ^^^^^^^^^^^^^^^^^^^^^^^^^^^^^^^^^
[INFO] [stderr] 
[INFO] [stderr] warning: lint `deprecated_cfg_attr_crate_type_name` has been removed: converted into hard error, see issue #91632 <https://github.com/rust-lang/rust/issues/91632> for more information
[INFO] [stderr]   --> src/lib.rs:26:5
[INFO] [stderr]    |
[INFO] [stderr] 26 |     deprecated_cfg_attr_crate_type_name,
[INFO] [stderr]    |     ^^^^^^^^^^^^^^^^^^^^^^^^^^^^^^^^^^^
[INFO] [stderr] 
[INFO] [stderr] warning: unknown lint: `elided_lifetimes_in_associated_constant`
[INFO] [stderr]   --> src/lib.rs:36:5
[INFO] [stderr]    |
[INFO] [stderr] 36 |     elided_lifetimes_in_associated_constant,
[INFO] [stderr]    |     ^^^^^^^^^^^^^^^^^^^^^^^^^^^^^^^^^^^^^^^
[INFO] [stderr]    |
[INFO] [stderr]    = note: `#[warn(unknown_lints)]` on by default
[INFO] [stderr] 
[INFO] [stderr] warning: lint `illegal_floating_point_literal_pattern` has been removed: no longer a warning, float patterns behave the same as `==`
[INFO] [stderr]   --> src/lib.rs:49:5
[INFO] [stderr]    |
[INFO] [stderr] 49 |     illegal_floating_point_literal_pattern,
[INFO] [stderr]    |     ^^^^^^^^^^^^^^^^^^^^^^^^^^^^^^^^^^^^^^
[INFO] [stderr] 
[INFO] [stderr] warning: lint `indirect_structural_match` has been removed: converted into hard error, see RFC #3535 <https://rust-lang.github.io/rfcs/3535-constants-in-patterns.html> for more information
[INFO] [stderr]   --> src/lib.rs:54:5
[INFO] [stderr]    |
[INFO] [stderr] 54 |     indirect_structural_match,
[INFO] [stderr]    |     ^^^^^^^^^^^^^^^^^^^^^^^^^
[INFO] [stderr] 
[INFO] [stderr] warning: lint `missing_fragment_specifier` has been removed: converted into hard error, see <https://github.com/rust-lang/rust/issues/40107> for more information
[INFO] [stderr]   --> src/lib.rs:81:5
[INFO] [stderr]    |
[INFO] [stderr] 81 |     missing_fragment_specifier,
[INFO] [stderr]    |     ^^^^^^^^^^^^^^^^^^^^^^^^^^
[INFO] [stderr] 
[INFO] [stderr] warning: lint `no_mangle_generic_items` has been removed: converted into hard error, generic items must always be mangled
[INFO] [stderr]   --> src/lib.rs:87:5
[INFO] [stderr]    |
[INFO] [stderr] 87 |     no_mangle_generic_items,
[INFO] [stderr]    |     ^^^^^^^^^^^^^^^^^^^^^^^
[INFO] [stderr] 
[INFO] [stderr] warning: lint `nontrivial_structural_match` has been removed: no longer needed, see RFC #3535 <https://rust-lang.github.io/rfcs/3535-constants-in-patterns.html> for more information
[INFO] [stderr]   --> src/lib.rs:94:5
[INFO] [stderr]    |
[INFO] [stderr] 94 |     nontrivial_structural_match,
[INFO] [stderr]    |     ^^^^^^^^^^^^^^^^^^^^^^^^^^^
[INFO] [stderr] 
[INFO] [stderr] warning: unknown lint: `order_dependent_trait_objects`
[INFO] [stderr]   --> src/lib.rs:97:5
[INFO] [stderr]    |
[INFO] [stderr] 97 |     order_dependent_trait_objects,
[INFO] [stderr]    |     ^^^^^^^^^^^^^^^^^^^^^^^^^^^^^
[INFO] [stderr] 
[INFO] [stderr] warning: lint `pointer_structural_match` has been removed: converted into hard error, see RFC #3535 <https://rust-lang.github.io/rfcs/3535-constants-in-patterns.html> for more information
[INFO] [stderr]    --> src/lib.rs:102:5
[INFO] [stderr]     |
[INFO] [stderr] 102 |     pointer_structural_match,
[INFO] [stderr]     |     ^^^^^^^^^^^^^^^^^^^^^^^^
[INFO] [stderr] 
[INFO] [stderr] warning: unknown lint: `proc_macro_back_compat`
[INFO] [stderr]    --> src/lib.rs:105:5
[INFO] [stderr]     |
[INFO] [stderr] 105 |     proc_macro_back_compat,
[INFO] [stderr]     |     ^^^^^^^^^^^^^^^^^^^^^^
[INFO] [stderr] 
[INFO] [stderr] warning: lint `repr_transparent_external_private_fields` has been removed: converted into hard error, see <https://github.com/rust-lang/rust/issues/78586> for more information
[INFO] [stderr]    --> src/lib.rs:110:5
[INFO] [stderr]     |
[INFO] [stderr] 110 |     repr_transparent_external_private_fields,
[INFO] [stderr]     |     ^^^^^^^^^^^^^^^^^^^^^^^^^^^^^^^^^^^^^^^^
[INFO] [stderr] 
[INFO] [stderr] warning: lint `soft_unstable` has been removed: the general soft-unstable mechanism has been removed
[INFO] [stderr]    --> src/lib.rs:116:5
[INFO] [stderr]     |
[INFO] [stderr] 116 |     soft_unstable,
[INFO] [stderr]     |     ^^^^^^^^^^^^^
[INFO] [stderr] 
[INFO] [stderr] warning: lint `suspicious_auto_trait_impls` has been removed: no longer needed, see issue #93367 <https://github.com/rust-lang/rust/issues/93367> for more information
[INFO] [stderr]    --> src/lib.rs:119:5
[INFO] [stderr]     |
[INFO] [stderr] 119 |     suspicious_auto_trait_impls,
[INFO] [stderr]     |     ^^^^^^^^^^^^^^^^^^^^^^^^^^^
[INFO] [stderr] 
[INFO] [stderr] warning: lint `temporary_cstring_as_ptr` has been renamed to `dangling_pointers_from_temporaries`
[INFO] [stderr]    --> src/lib.rs:121:5
[INFO] [stderr]     |
[INFO] [stderr] 121 |     temporary_cstring_as_ptr,
[INFO] [stderr]     |     ^^^^^^^^^^^^^^^^^^^^^^^^ help: use the new name: `dangling_pointers_from_temporaries`
[INFO] [stderr] 
[INFO] [stderr] warning: lint `undefined_naked_function_abi` has been removed: converted into hard error, see PR #139001 <https://github.com/rust-lang/rust/issues/139001> for more information
[INFO] [stderr]    --> src/lib.rs:132:5
[INFO] [stderr]     |
[INFO] [stderr] 132 |     undefined_naked_function_abi,
[INFO] [stderr]     |     ^^^^^^^^^^^^^^^^^^^^^^^^^^^^
[INFO] [stderr] 
[INFO] [stderr] warning: lint `where_clauses_object_safety` has been removed: converted into hard error, see PR #125380 <https://github.com/rust-lang/rust/pull/125380> for more information
[INFO] [stderr]    --> src/lib.rs:174:5
[INFO] [stderr]     |
[INFO] [stderr] 174 |     where_clauses_object_safety,
[INFO] [stderr]     |     ^^^^^^^^^^^^^^^^^^^^^^^^^^^
[INFO] [stderr] 
[INFO] [stderr] warning: lint `writes_through_immutable_pointer` has been removed: converted into hard error
[INFO] [stderr]    --> src/lib.rs:176:5
[INFO] [stderr]     |
[INFO] [stderr] 176 |     writes_through_immutable_pointer
[INFO] [stderr]     |     ^^^^^^^^^^^^^^^^^^^^^^^^^^^^^^^^
[INFO] [stderr] 
[INFO] [stderr] warning: lint `box_pointers` has been removed: it does not detect other kinds of allocations, and existed only for historical reasons
[INFO] [stderr]    --> src/lib.rs:181:5
[INFO] [stderr]     |
[INFO] [stderr] 181 |     box_pointers,
[INFO] [stderr]     |     ^^^^^^^^^^^^
[INFO] [stderr] 
[INFO] [stderr] warning: `git_info2` (lib) generated 21 warnings (run `cargo fix --lib -p git_info2` to apply 1 suggestion)
[INFO] [stderr] warning: `git_info2` (lib test) generated 21 warnings (21 duplicates)
[INFO] [stderr]     Finished `release` profile [optimized] target(s) in 0.02s
[INFO] [stderr]      Running unittests src/lib.rs (/opt/rustwide/target/release/deps/git_info2-2fe93845d8d1bd5d)
[INFO] [stdout] 
[INFO] [stdout] running 4 tests
[INFO] [stdout] test types::types_test::git_info_new ... ok
[INFO] [stdout] test types::types_test::head_new ... ok
[INFO] [stdout] test lib_test::get_existing ... FAILED
[INFO] [stdout] test gitinfo::gitinfo_test::get_existing ... FAILED
[INFO] [stdout] 
[INFO] [stdout] failures:
[INFO] [stdout] 
[INFO] [stdout] ---- lib_test::get_existing stdout ----
[INFO] [stdout] 
[INFO] [stdout] thread 'lib_test::get_existing' (211) panicked at src/./lib_test.rs:9:5:
[INFO] [stdout] assertion failed: info.dirty.is_some()
[INFO] [stdout] stack backtrace:
[INFO] [stdout]    0:     0x5afe2d89db31 - <<std[70759c8f55707aa4]::sys::backtrace::BacktraceLock>::print::DisplayBacktrace as core[df12db4294e9bfd3]::fmt::Display>::fmt
[INFO] [stdout]    1:     0x5afe2d8b1d0a - core[df12db4294e9bfd3]::fmt::write
[INFO] [stdout]    2:     0x5afe2d8a1fcc - <alloc[2182bb758b4b3781]::vec::Vec<u8> as core[df12db4294e9bfd3]::io::write::Write>::write_fmt
[INFO] [stdout]    3:     0x5afe2d87a026 - std[70759c8f55707aa4]::panicking::default_hook::{closure#0}
[INFO] [stdout]    4:     0x5afe2d896299 - std[70759c8f55707aa4]::panicking::default_hook
[INFO] [stdout]    5:     0x5afe2d832620 - test[9d35eded1c95d3be]::test_main_inner::<test[9d35eded1c95d3be]::test_main_static::{closure#0}>::{closure#0}
[INFO] [stdout]    6:     0x5afe2d896452 - std[70759c8f55707aa4]::panicking::panic_with_hook
[INFO] [stdout]    7:     0x5afe2d87a104 - std[70759c8f55707aa4]::panicking::panic_handler::{closure#0}
[INFO] [stdout]    8:     0x5afe2d872e59 - std[70759c8f55707aa4]::sys::backtrace::__rust_end_short_backtrace::<std[70759c8f55707aa4]::panicking::panic_handler::{closure#0}, !>
[INFO] [stdout]    9:     0x5afe2d87accd - __rustc[8fa7c3cbc660c2b3]::rust_begin_unwind
[INFO] [stdout]   10:     0x5afe2d8b243c - core[df12db4294e9bfd3]::panicking::panic_fmt
[INFO] [stdout]   11:     0x5afe2d8b2402 - core[df12db4294e9bfd3]::panicking::panic
[INFO] [stdout]   12:     0x5afe2d82447f - git_info2[164317bf45c31ef4]::lib_test::get_existing
[INFO] [stdout]   13:     0x5afe2d8235a9 - <git_info2[164317bf45c31ef4]::lib_test::get_existing::{closure#0} as core[df12db4294e9bfd3]::ops::function::FnOnce<()>>::call_once
[INFO] [stdout]   14:     0x5afe2d82590b - test[9d35eded1c95d3be]::__rust_begin_short_backtrace::<core[df12db4294e9bfd3]::result::Result<(), alloc[2182bb758b4b3781]::string::String>, fn() -> core[df12db4294e9bfd3]::result::Result<(), alloc[2182bb758b4b3781]::string::String>>
[INFO] [stdout]   15:     0x5afe2d832f75 - test[9d35eded1c95d3be]::run_test::{closure#0}
[INFO] [stdout]   16:     0x5afe2d82c834 - std[70759c8f55707aa4]::sys::backtrace::__rust_begin_short_backtrace::<test[9d35eded1c95d3be]::run_test::{closure#1}, ()>
[INFO] [stdout]   17:     0x5afe2d8360d2 - <std[70759c8f55707aa4]::thread::lifecycle::spawn_unchecked<test[9d35eded1c95d3be]::run_test::{closure#1}, ()>::{closure#1} as core[df12db4294e9bfd3]::ops::function::FnOnce<()>>::call_once::{shim:vtable#0}
[INFO] [stdout]   18:     0x5afe2d89d409 - <std[70759c8f55707aa4]::sys::thread::unix::Thread>::new::thread_start
[INFO] [stdout]   19:     0x712607b5edfa - <unknown>
[INFO] [stdout]   20:     0x712607bf23d4 - clone
[INFO] [stdout]   21:                0x0 - <unknown>
[INFO] [stdout] 
[INFO] [stdout] ---- gitinfo::gitinfo_test::get_existing stdout ----
[INFO] [stdout] 
[INFO] [stdout] thread 'gitinfo::gitinfo_test::get_existing' (210) panicked at src/./gitinfo_test.rs:8:5:
[INFO] [stdout] assertion failed: info.dirty.is_some()
[INFO] [stdout] stack backtrace:
[INFO] [stdout]    0:     0x5afe2d89db31 - <<std[70759c8f55707aa4]::sys::backtrace::BacktraceLock>::print::DisplayBacktrace as core[df12db4294e9bfd3]::fmt::Display>::fmt
[INFO] [stdout]    1:     0x5afe2d8b1d0a - core[df12db4294e9bfd3]::fmt::write
[INFO] [stdout]    2:     0x5afe2d8a1fcc - <alloc[2182bb758b4b3781]::vec::Vec<u8> as core[df12db4294e9bfd3]::io::write::Write>::write_fmt
[INFO] [stdout]    3:     0x5afe2d87a026 - std[70759c8f55707aa4]::panicking::default_hook::{closure#0}
[INFO] [stdout]    4:     0x5afe2d896299 - std[70759c8f55707aa4]::panicking::default_hook
[INFO] [stdout]    5:     0x5afe2d832620 - test[9d35eded1c95d3be]::test_main_inner::<test[9d35eded1c95d3be]::test_main_static::{closure#0}>::{closure#0}
[INFO] [stdout]    6:     0x5afe2d896452 - std[70759c8f55707aa4]::panicking::panic_with_hook
[INFO] [stdout]    7:     0x5afe2d87a104 - std[70759c8f55707aa4]::panicking::panic_handler::{closure#0}
[INFO] [stdout]    8:     0x5afe2d872e59 - std[70759c8f55707aa4]::sys::backtrace::__rust_end_short_backtrace::<std[70759c8f55707aa4]::panicking::panic_handler::{closure#0}, !>
[INFO] [stdout]    9:     0x5afe2d87accd - __rustc[8fa7c3cbc660c2b3]::rust_begin_unwind
[INFO] [stdout]   10:     0x5afe2d8b243c - core[df12db4294e9bfd3]::panicking::panic_fmt
[INFO] [stdout]   11:     0x5afe2d8b2402 - core[df12db4294e9bfd3]::panicking::panic
[INFO] [stdout]   12:     0x5afe2d82502f - git_info2[164317bf45c31ef4]::gitinfo::gitinfo_test::get_existing
[INFO] [stdout]   13:     0x5afe2d8235e9 - <git_info2[164317bf45c31ef4]::gitinfo::gitinfo_test::get_existing::{closure#0} as core[df12db4294e9bfd3]::ops::function::FnOnce<()>>::call_once
[INFO] [stdout]   14:     0x5afe2d82590b - test[9d35eded1c95d3be]::__rust_begin_short_backtrace::<core[df12db4294e9bfd3]::result::Result<(), alloc[2182bb758b4b3781]::string::String>, fn() -> core[df12db4294e9bfd3]::result::Result<(), alloc[2182bb758b4b3781]::string::String>>
[INFO] [stdout]   15:     0x5afe2d832f75 - test[9d35eded1c95d3be]::run_test::{closure#0}
[INFO] [stdout]   16:     0x5afe2d82c834 - std[70759c8f55707aa4]::sys::backtrace::__rust_begin_short_backtrace::<test[9d35eded1c95d3be]::run_test::{closure#1}, ()>
[INFO] [stdout]   17:     0x5afe2d8360d2 - <std[70759c8f55707aa4]::thread::lifecycle::spawn_unchecked<test[9d35eded1c95d3be]::run_test::{closure#1}, ()>::{closure#1} as core[df12db4294e9bfd3]::ops::function::FnOnce<()>>::call_once::{shim:vtable#0}
[INFO] [stdout]   18:     0x5afe2d89d409 - <std[70759c8f55707aa4]::sys::thread::unix::Thread>::new::thread_start
[INFO] [stdout]   19:     0x712607b5edfa - <unknown>
[INFO] [stdout]   20:     0x712607bf23d4 - clone
[INFO] [stdout]   21:                0x0 - <unknown>
[INFO] [stdout] 
[INFO] [stdout] 
[INFO] [stdout] failures:
[INFO] [stdout]     gitinfo::gitinfo_test::get_existing
[INFO] [stdout]     lib_test::get_existing
[INFO] [stdout] 
[INFO] [stdout] test result: FAILED. 2 passed; 2 failed; 0 ignored; 0 measured; 0 filtered out; finished in 0.07s
[INFO] [stdout] 
[INFO] [stderr] error: test failed, to rerun pass `--lib`
[INFO] running `Command { std: "docker" "inspect" "2679c40229917bf2fcd3afe8d360e4d031d3a915308913586926b93049443869", kill_on_drop: false }`
[INFO] running `Command { std: "docker" "rm" "-f" "2679c40229917bf2fcd3afe8d360e4d031d3a915308913586926b93049443869", kill_on_drop: false }`
[INFO] [stdout] 2679c40229917bf2fcd3afe8d360e4d031d3a915308913586926b93049443869
