[INFO] fetching crate git-status-watch 0.3.1...
[INFO] testing git-status-watch-0.3.1 against 1.100.0-beta.1+cargoflags=--release for beta-release-1.100-2
[INFO] extracting crate git-status-watch 0.3.1 into /workspace/builds/worker-6-tc2/source
[INFO] started tweaking crates.io crate git-status-watch 0.3.1
[INFO] removed 0 missing tests
[INFO] finished tweaking crates.io crate git-status-watch 0.3.1
[INFO] tweaked toml for crates.io crate git-status-watch 0.3.1 written to /workspace/builds/worker-6-tc2/source/Cargo.toml
[INFO] validating manifest of crates.io crate git-status-watch 0.3.1 on toolchain 1.100.0-beta.1
[INFO] running `Command { std: CARGO_HOME="/workspace/cargo-home" RUSTUP_HOME="/workspace/rustup-home" "/workspace/cargo-home/bin/cargo" "+1.100.0-beta.1" "metadata" "--manifest-path" "Cargo.toml" "--no-deps", kill_on_drop: false }`
[INFO] crate crates.io crate git-status-watch 0.3.1 already has a lockfile, it will not be regenerated
[INFO] running `Command { std: CARGO_HOME="/workspace/cargo-home" RUSTUP_HOME="/workspace/rustup-home" "/workspace/cargo-home/bin/cargo" "+1.100.0-beta.1" "fetch" "--manifest-path" "Cargo.toml", kill_on_drop: false }`
[INFO] [stderr] warning: `package.homepage` is redundant with `package.repository`
[INFO] [stderr]   --> Cargo.toml:44:12
[INFO] [stderr]    |
[INFO] [stderr] 44 | homepage = "https://github.com/waynehoover/git-status-watch"
[INFO] [stderr]    |            ^^^^^^^^^^^^^^^^^^^^^^^^^^^^^^^^^^^^^^^^^^^^^^^^^
[INFO] [stderr] ...
[INFO] [stderr] 49 | repository = "https://github.com/waynehoover/git-status-watch"
[INFO] [stderr]    |              -------------------------------------------------
[INFO] [stderr]    |
[INFO] [stderr]    = note: `cargo::redundant_homepage` is set to `warn` by default
[INFO] [stderr] help: consider removing `package.homepage`
[INFO] [stderr] warning: `git-status-watch` (manifest) generated 1 warning
[INFO] running `Command { std: "docker" "create" "-v" "/var/lib/crater-agent-workspace/builds/worker-6-tc2/source:/opt/rustwide/workdir:ro,Z" "-v" "/var/lib/crater-agent-workspace/builds/worker-6-tc2/target:/opt/rustwide/target:rw,Z" "-v" "/var/lib/crater-agent-workspace/cargo-home:/opt/rustwide/cargo-home:ro,Z" "-v" "/var/lib/crater-agent-workspace/rustup-home:/opt/rustwide/rustup-home:ro,Z" "-m" "1610612736" "--network" "none" "ghcr.io/rust-lang/crates-build-env/linux@sha256:77db811e55d90add9212f6832c23229e3de5f1c1f9905e8cb07319ea15df73ac" "sleep" "infinity", kill_on_drop: false }`
[INFO] [stdout] 616325298a6c56b4c2dbe8481da8b48a5915ce8974a272a56aa46fadf605ba20
[INFO] running `Command { std: "docker" "start" "616325298a6c56b4c2dbe8481da8b48a5915ce8974a272a56aa46fadf605ba20", kill_on_drop: false }`
[INFO] running `Command { std: "docker" "inspect" "616325298a6c56b4c2dbe8481da8b48a5915ce8974a272a56aa46fadf605ba20", kill_on_drop: false }`
[INFO] running `Command { std: "docker" "exec" "-e" "SOURCE_DIR=/opt/rustwide/workdir" "-e" "CARGO_HOME=/opt/rustwide/cargo-home" "-e" "RUSTUP_HOME=/opt/rustwide/rustup-home" "-e" "CARGO_TARGET_DIR=/opt/rustwide/target" "-w" "/opt/rustwide/workdir" "--user" "0:0" "616325298a6c56b4c2dbe8481da8b48a5915ce8974a272a56aa46fadf605ba20" "/opt/rustwide/cargo-home/bin/cargo" "+1.100.0-beta.1" "metadata" "--no-deps" "--format-version=1", kill_on_drop: false }`
[INFO] running `Command { std: "docker" "inspect" "616325298a6c56b4c2dbe8481da8b48a5915ce8974a272a56aa46fadf605ba20", kill_on_drop: false }`
[INFO] running `Command { std: "docker" "exec" "-e" "SOURCE_DIR=/opt/rustwide/workdir" "-e" "CARGO_HOME=/opt/rustwide/cargo-home" "-e" "RUSTUP_HOME=/opt/rustwide/rustup-home" "-e" "CARGO_TARGET_DIR=/opt/rustwide/target" "-e" "CARGO_INCREMENTAL=0" "-e" "RUST_BACKTRACE=full" "-e" "RUSTFLAGS=--cap-lints=warn" "-e" "RUSTDOCFLAGS=--cap-lints=warn" "-w" "/opt/rustwide/workdir" "--user" "0:0" "616325298a6c56b4c2dbe8481da8b48a5915ce8974a272a56aa46fadf605ba20" "/opt/rustwide/cargo-home/bin/cargo" "+1.100.0-beta.1" "build" "--frozen" "--message-format=json" "--release", kill_on_drop: false }`
[INFO] [stderr] warning: `package.homepage` is redundant with `package.repository`
[INFO] [stderr]   --> Cargo.toml:44:12
[INFO] [stderr]    |
[INFO] [stderr] 44 | homepage = "https://github.com/waynehoover/git-status-watch"
[INFO] [stderr]    |            ^^^^^^^^^^^^^^^^^^^^^^^^^^^^^^^^^^^^^^^^^^^^^^^^^
[INFO] [stderr] ...
[INFO] [stderr] 49 | repository = "https://github.com/waynehoover/git-status-watch"
[INFO] [stderr]    |              -------------------------------------------------
[INFO] [stderr]    |
[INFO] [stderr]    = note: `cargo::redundant_homepage` is set to `warn` by default
[INFO] [stderr] help: consider removing `package.homepage`
[INFO] [stderr] warning: `git-status-watch` (manifest) generated 1 warning
[INFO] [stderr]    Compiling libc v0.2.182
[INFO] [stderr]    Compiling unicode-ident v1.0.23
[INFO] [stderr]    Compiling quote v1.0.44
[INFO] [stderr]    Compiling getrandom v0.4.1
[INFO] [stderr]    Compiling rustix v1.1.3
[INFO] [stderr]    Compiling colorchoice v1.0.4
[INFO] [stderr]    Compiling bitflags v1.3.2
[INFO] [stderr]    Compiling is_terminal_polyfill v1.70.2
[INFO] [stderr]    Compiling linux-raw-sys v0.11.0
[INFO] [stderr]    Compiling anstyle-query v1.1.5
[INFO] [stderr]    Compiling same-file v1.0.6
[INFO] [stderr]    Compiling anstyle-parse v0.2.7
[INFO] [stderr]    Compiling instant v0.1.13
[INFO] [stderr]    Compiling anstyle v1.0.13
[INFO] [stderr]    Compiling clap_lex v1.0.0
[INFO] [stderr]    Compiling once_cell v1.21.3
[INFO] [stderr]    Compiling fastrand v2.3.0
[INFO] [stderr]    Compiling notify-types v1.0.1
[INFO] [stderr]    Compiling proc-macro2 v1.0.106
[INFO] [stderr]    Compiling strsim v0.11.1
[INFO] [stderr]    Compiling itoa v1.0.17
[INFO] [stderr]    Compiling memchr v2.8.0
[INFO] [stderr]    Compiling walkdir v2.5.0
[INFO] [stderr]    Compiling anstream v0.6.21
[INFO] [stderr]    Compiling clap_builder v4.5.58
[INFO] [stderr]    Compiling syn v2.0.116
[INFO] [stderr]    Compiling serde_json v1.0.149
[INFO] [stderr]    Compiling inotify-sys v0.1.5
[INFO] [stderr]    Compiling mio v1.1.1
[INFO] [stderr]    Compiling filetime v0.2.27
[INFO] [stderr]    Compiling inotify v0.10.2
[INFO] [stderr]    Compiling notify v7.0.0
[INFO] [stderr]    Compiling tempfile v3.25.0
[INFO] [stderr]    Compiling notify-debouncer-mini v0.5.0
[INFO] [stderr]    Compiling clap_derive v4.5.55
[INFO] [stderr]    Compiling serde_derive v1.0.228
[INFO] [stderr]    Compiling clap v4.5.58
[INFO] [stderr]    Compiling serde v1.0.228
[INFO] [stderr]    Compiling git-status-watch v0.3.1 (/opt/rustwide/workdir)
[INFO] [stderr]     Finished `release` profile [optimized] target(s) in 35.37s
[INFO] running `Command { std: "docker" "inspect" "616325298a6c56b4c2dbe8481da8b48a5915ce8974a272a56aa46fadf605ba20", kill_on_drop: false }`
[INFO] running `Command { std: "docker" "exec" "-e" "SOURCE_DIR=/opt/rustwide/workdir" "-e" "CARGO_HOME=/opt/rustwide/cargo-home" "-e" "RUSTUP_HOME=/opt/rustwide/rustup-home" "-e" "CARGO_TARGET_DIR=/opt/rustwide/target" "-e" "CARGO_INCREMENTAL=0" "-e" "RUST_BACKTRACE=full" "-e" "RUSTFLAGS=--cap-lints=warn" "-e" "RUSTDOCFLAGS=--cap-lints=warn" "-w" "/opt/rustwide/workdir" "--user" "0:0" "616325298a6c56b4c2dbe8481da8b48a5915ce8974a272a56aa46fadf605ba20" "/opt/rustwide/cargo-home/bin/cargo" "+1.100.0-beta.1" "test" "--frozen" "--no-run" "--message-format=json" "--release", kill_on_drop: false }`
[INFO] [stderr] warning: `package.homepage` is redundant with `package.repository`
[INFO] [stderr]   --> Cargo.toml:44:12
[INFO] [stderr]    |
[INFO] [stderr] 44 | homepage = "https://github.com/waynehoover/git-status-watch"
[INFO] [stderr]    |            ^^^^^^^^^^^^^^^^^^^^^^^^^^^^^^^^^^^^^^^^^^^^^^^^^
[INFO] [stderr] ...
[INFO] [stderr] 49 | repository = "https://github.com/waynehoover/git-status-watch"
[INFO] [stderr]    |              -------------------------------------------------
[INFO] [stderr]    |
[INFO] [stderr]    = note: `cargo::redundant_homepage` is set to `warn` by default
[INFO] [stderr] help: consider removing `package.homepage`
[INFO] [stderr] warning: `git-status-watch` (manifest) generated 1 warning
[INFO] [stderr]    Compiling git-status-watch v0.3.1 (/opt/rustwide/workdir)
[INFO] [stderr]     Finished `release` profile [optimized] target(s) in 14.90s
[INFO] running `Command { std: "docker" "inspect" "616325298a6c56b4c2dbe8481da8b48a5915ce8974a272a56aa46fadf605ba20", kill_on_drop: false }`
[INFO] running `Command { std: "docker" "exec" "-e" "SOURCE_DIR=/opt/rustwide/workdir" "-e" "CARGO_HOME=/opt/rustwide/cargo-home" "-e" "RUSTUP_HOME=/opt/rustwide/rustup-home" "-e" "CARGO_TARGET_DIR=/opt/rustwide/target" "-e" "CARGO_INCREMENTAL=0" "-e" "RUST_BACKTRACE=full" "-e" "RUSTFLAGS=--cap-lints=warn" "-e" "RUSTDOCFLAGS=--cap-lints=warn" "-w" "/opt/rustwide/workdir" "--user" "0:0" "616325298a6c56b4c2dbe8481da8b48a5915ce8974a272a56aa46fadf605ba20" "/opt/rustwide/cargo-home/bin/cargo" "+1.100.0-beta.1" "test" "--frozen" "--release", kill_on_drop: false }`
[INFO] [stderr] warning: `package.homepage` is redundant with `package.repository`
[INFO] [stderr]   --> Cargo.toml:44:12
[INFO] [stderr]    |
[INFO] [stderr] 44 | homepage = "https://github.com/waynehoover/git-status-watch"
[INFO] [stderr]    |            ^^^^^^^^^^^^^^^^^^^^^^^^^^^^^^^^^^^^^^^^^^^^^^^^^
[INFO] [stderr] ...
[INFO] [stderr] 49 | repository = "https://github.com/waynehoover/git-status-watch"
[INFO] [stderr]    |              -------------------------------------------------
[INFO] [stderr]    |
[INFO] [stderr]    = note: `cargo::redundant_homepage` is set to `warn` by default
[INFO] [stderr] help: consider removing `package.homepage`
[INFO] [stderr] warning: `git-status-watch` (manifest) generated 1 warning
[INFO] [stderr]     Finished `release` profile [optimized] target(s) in 0.11s
[INFO] [stderr]      Running unittests src/main.rs (/opt/rustwide/target/release/build/git-status-watch/8fa15da14f4cc0a8/out/git_status_watch-8fa15da14f4cc0a8)
[INFO] [stdout] 
[INFO] [stdout] running 13 tests
[INFO] [stdout] test status::tests::parse_renamed_file ... ok
[INFO] [stdout] test format::tests::custom_format_with_state ... ok
[INFO] [stdout] test format::tests::custom_format ... ok
[INFO] [stdout] test watcher::tests::allow_worktree_files ... ok
[INFO] [stdout] test format::tests::json_output ... ok
[INFO] [stdout] test format::tests::custom_format_clean_state_empty ... ok
[INFO] [stdout] test watcher::tests::filter_git_noise ... ok
[INFO] [stdout] test format::tests::custom_format_tab_separated ... ok
[INFO] [stdout] test watcher::tests::filter_git_objects ... ok
[INFO] [stdout] test status::tests::parse_detached_head ... ok
[INFO] [stdout] test status::tests::parse_mixed_changes ... ok
[INFO] [stdout] test status::tests::parse_clean_repo ... ok
[INFO] [stdout] test watcher::tests::allow_git_state_files ... ok
[INFO] [stdout] 
[INFO] [stdout] test result: ok. 13 passed; 0 failed; 0 ignored; 0 measured; 0 filtered out; finished in 0.01s
[INFO] [stdout] 
[INFO] [stderr]      Running tests/integration.rs (/opt/rustwide/target/release/build/git-status-watch/4e24dcb90cd5fa58/out/integration-4e24dcb90cd5fa58)
[INFO] [stdout] 
[INFO] [stdout] running 13 tests
[INFO] [stdout] test once_not_a_repo ... FAILED
[INFO] [stdout] test once_custom_format ... FAILED
[INFO] [stdout] test watch_dedup_suppresses_unchanged ... FAILED
[INFO] [stdout] test once_json_output ... FAILED
[INFO] [stdout] test watch_detects_new_file ... FAILED
[INFO] [stdout] test once_path_argument ... FAILED
[INFO] [stdout] test watch_detects_commit ... FAILED
[INFO] [stdout] test once_staged_and_modified ... FAILED
[INFO] [stdout] test watch_detects_file_modification ... FAILED
[INFO] [stdout] test watch_multiple_sequential_changes ... FAILED
[INFO] [stdout] test once_merge_state ... FAILED
[INFO] [stdout] test watch_detects_git_add ... FAILED
[INFO] [stdout] test once_detects_untracked_files ... FAILED
[INFO] [stdout] 
[INFO] [stdout] failures:
[INFO] [stdout] 
[INFO] [stdout] ---- once_not_a_repo stdout ----
[INFO] [stdout] 
[INFO] [stdout] thread 'once_not_a_repo' (677) panicked at tests/integration.rs:127:10:
[INFO] [stdout] called `Result::unwrap()` on an `Err` value: Os { code: 2, kind: NotFound, message: "No such file or directory" }
[INFO] [stdout] stack backtrace:
[INFO] [stdout]    0:     0x61582708b695 - <unknown>
[INFO] [stdout]    1:     0x61582706f0ca - <unknown>
[INFO] [stdout]    2:     0x61582708ad2b - <unknown>
[INFO] [stdout]    3:     0x61582708a80f - <unknown>
[INFO] [stdout]    4:     0x61582708a43a - <unknown>
[INFO] [stdout]    5:     0x615827089f75 - <unknown>
[INFO] [stdout]    6:     0x6158270b0db1 - <unknown>
[INFO] [stdout]    7:     0x6158270b0d69 - <unknown>
[INFO] [stdout]    8:     0x6158270b126c - <unknown>
[INFO] [stdout]    9:     0x61582706ef5b - <unknown>
[INFO] [stdout]   10:     0x6158270721c1 - <unknown>
[INFO] [stdout]   11:     0x6158270635a8 - <unknown>
[INFO] [stdout]   12:     0x6158270cc1bb - <unknown>
[INFO] [stdout]   13:     0x6158270c8181 - <unknown>
[INFO] [stdout]   14:     0x6158270c796c - <unknown>
[INFO] [stdout]   15:     0x6158270e70ac - <unknown>
[INFO] [stdout]   16:     0x6158270b2ce4 - <unknown>
[INFO] [stdout]   17:     0x76c709580dfa - <unknown>
[INFO] [stdout]   18:     0x76c7096143d4 - clone
[INFO] [stdout]   19:                0x0 - <unknown>
[INFO] [stdout] 
[INFO] [stdout] ---- once_custom_format stdout ----
[INFO] [stdout] 
[INFO] [stdout] thread 'once_custom_format' (673) panicked at tests/integration.rs:75:10:
[INFO] [stdout] failed to run gstat: Os { code: 2, kind: NotFound, message: "No such file or directory" }
[INFO] [stdout] stack backtrace:
[INFO] [stdout]    0:     0x61582708b695 - <unknown>
[INFO] [stdout]    1:     0x61582706f0ca - <unknown>
[INFO] [stdout]    2:     0x61582708ad2b - <unknown>
[INFO] [stdout]    3:     0x61582708a80f - <unknown>
[INFO] [stdout]    4:     0x61582708a43a - <unknown>
[INFO] [stdout]    5:     0x615827089f75 - <unknown>
[INFO] [stdout]    6:     0x6158270b0db1 - <unknown>
[INFO] [stdout]    7:     0x6158270b0d69 - <unknown>
[INFO] [stdout]    8:     0x6158270b126c - <unknown>
[INFO] [stdout]    9:     0x61582706ef5b - <unknown>
[INFO] [stdout]   10:     0x6158270721c1 - <unknown>
[INFO] [stdout]   11:     0x615827064b2f - <unknown>
[INFO] [stdout]   12:     0x6158270cc1bb - <unknown>
[INFO] [stdout]   13:     0x6158270c8181 - <unknown>
[INFO] [stdout]   14:     0x6158270c796c - <unknown>
[INFO] [stdout]   15:     0x6158270e70ac - <unknown>
[INFO] [stdout]   16:     0x6158270b2ce4 - <unknown>
[INFO] [stdout]   17:     0x76c709580dfa - <unknown>
[INFO] [stdout]   18:     0x76c7096143d4 - clone
[INFO] [stdout]   19:                0x0 - <unknown>
[INFO] [stdout] 
[INFO] [stdout] ---- watch_dedup_suppresses_unchanged stdout ----
[INFO] [stdout] 
[INFO] [stdout] thread 'watch_dedup_suppresses_unchanged' (680) panicked at tests/integration.rs:314:10:
[INFO] [stdout] failed to spawn gstat: Os { code: 2, kind: NotFound, message: "No such file or directory" }
[INFO] [stdout] stack backtrace:
[INFO] [stdout]    0:     0x61582708b695 - <unknown>
[INFO] [stdout]    1:     0x61582706f0ca - <unknown>
[INFO] [stdout]    2:     0x61582708ad2b - <unknown>
[INFO] [stdout]    3:     0x61582708a80f - <unknown>
[INFO] [stdout]    4:     0x61582708a43a - <unknown>
[INFO] [stdout]    5:     0x615827089f75 - <unknown>
[INFO] [stdout]    6:     0x6158270b0db1 - <unknown>
[INFO] [stdout]    7:     0x6158270b0d69 - <unknown>
[INFO] [stdout]    8:     0x6158270b126c - <unknown>
[INFO] [stdout]    9:     0x61582706ef5b - <unknown>
[INFO] [stdout]   10:     0x6158270721c1 - <unknown>
[INFO] [stdout]   11:     0x61582706b8fc - <unknown>
[INFO] [stdout]   12:     0x6158270cc1bb - <unknown>
[INFO] [stdout]   13:     0x6158270c8181 - <unknown>
[INFO] [stdout]   14:     0x6158270c796c - <unknown>
[INFO] [stdout]   15:     0x6158270e70ac - <unknown>
[INFO] [stdout]   16:     0x6158270b2ce4 - <unknown>
[INFO] [stdout]   17:     0x76c709580dfa - <unknown>
[INFO] [stdout]   18:     0x76c7096143d4 - clone
[INFO] [stdout]   19:                0x0 - <unknown>
[INFO] [stdout] 
[INFO] [stdout] ---- once_json_output stdout ----
[INFO] [stdout] 
[INFO] [stdout] thread 'once_json_output' (675) panicked at tests/integration.rs:52:10:
[INFO] [stdout] failed to run gstat: Os { code: 2, kind: NotFound, message: "No such file or directory" }
[INFO] [stdout] stack backtrace:
[INFO] [stdout]    0:     0x61582708b695 - <unknown>
[INFO] [stdout]    1:     0x61582706f0ca - <unknown>
[INFO] [stdout]    2:     0x61582708ad2b - <unknown>
[INFO] [stdout]    3:     0x61582708a80f - <unknown>
[INFO] [stdout]    4:     0x61582708a43a - <unknown>
[INFO] [stdout]    5:     0x615827089f75 - <unknown>
[INFO] [stdout]    6:     0x6158270b0db1 - <unknown>
[INFO] [stdout]    7:     0x6158270b0d69 - <unknown>
[INFO] [stdout]    8:     0x6158270b126c - <unknown>
[INFO] [stdout]    9:     0x61582706ef5b - <unknown>
[INFO] [stdout]   10:     0x6158270721c1 - <unknown>
[INFO] [stdout]   11:     0x615827064177 - <unknown>
[INFO] [stdout]   12:     0x6158270cc1bb - <unknown>
[INFO] [stdout]   13:     0x6158270c8181 - <unknown>
[INFO] [stdout]   14:     0x6158270c796c - <unknown>
[INFO] [stdout]   15:     0x6158270e70ac - <unknown>
[INFO] [stdout]   16:     0x6158270b2ce4 - <unknown>
[INFO] [stdout]   17:     0x76c709580dfa - <unknown>
[INFO] [stdout]   18:     0x76c7096143d4 - clone
[INFO] [stdout]   19:                0x0 - <unknown>
[INFO] [stdout] 
[INFO] [stdout] ---- watch_detects_new_file stdout ----
[INFO] [stdout] 
[INFO] [stdout] thread 'watch_detects_new_file' (685) panicked at tests/integration.rs:179:10:
[INFO] [stdout] failed to spawn gstat: Os { code: 2, kind: NotFound, message: "No such file or directory" }
[INFO] [stdout] stack backtrace:
[INFO] [stdout]    0:     0x61582708b695 - <unknown>
[INFO] [stdout]    1:     0x61582706f0ca - <unknown>
[INFO] [stdout]    2:     0x61582708ad2b - <unknown>
[INFO] [stdout]    3:     0x61582708a80f - <unknown>
[INFO] [stdout]    4:     0x61582708a43a - <unknown>
[INFO] [stdout]    5:     0x615827089f75 - <unknown>
[INFO] [stdout]    6:     0x6158270b0db1 - <unknown>
[INFO] [stdout]    7:     0x6158270b0d69 - <unknown>
[INFO] [stdout]    8:     0x6158270b126c - <unknown>
[INFO] [stdout]    9:     0x61582706ef5b - <unknown>
[INFO] [stdout]   10:     0x6158270721c1 - <unknown>
[INFO] [stdout]   11:     0x61582706859a - <unknown>
[INFO] [stdout]   12:     0x6158270cc1bb - <unknown>
[INFO] [stdout]   13:     0x6158270c8181 - <unknown>
[INFO] [stdout]   14:     0x6158270c796c - <unknown>
[INFO] [stdout]   15:     0x6158270e70ac - <unknown>
[INFO] [stdout]   16:     0x6158270b2ce4 - <unknown>
[INFO] [stdout]   17:     0x76c709580dfa - <unknown>
[INFO] [stdout]   18:     0x76c7096143d4 - clone
[INFO] [stdout]   19:                0x0 - <unknown>
[INFO] [stdout] 
[INFO] [stdout] ---- once_path_argument stdout ----
[INFO] [stdout] 
[INFO] [stdout] thread 'once_path_argument' (678) panicked at tests/integration.rs:145:10:
[INFO] [stdout] called `Result::unwrap()` on an `Err` value: Os { code: 2, kind: NotFound, message: "No such file or directory" }
[INFO] [stdout] stack backtrace:
[INFO] [stdout]    0:     0x61582708b695 - <unknown>
[INFO] [stdout]    1:     0x61582706f0ca - <unknown>
[INFO] [stdout]    2:     0x61582708ad2b - <unknown>
[INFO] [stdout]    3:     0x61582708a80f - <unknown>
[INFO] [stdout]    4:     0x61582708a43a - <unknown>
[INFO] [stdout]    5:     0x615827089f75 - <unknown>
[INFO] [stdout]    6:     0x6158270b0db1 - <unknown>
[INFO] [stdout]    7:     0x6158270b0d69 - <unknown>
[INFO] [stdout]    8:     0x6158270b126c - <unknown>
[INFO] [stdout]    9:     0x61582706ef5b - <unknown>
[INFO] [stdout]   10:     0x6158270721c1 - <unknown>
[INFO] [stdout]   11:     0x615827064f92 - <unknown>
[INFO] [stdout]   12:     0x6158270cc1bb - <unknown>
[INFO] [stdout]   13:     0x6158270c8181 - <unknown>
[INFO] [stdout]   14:     0x6158270c796c - <unknown>
[INFO] [stdout]   15:     0x6158270e70ac - <unknown>
[INFO] [stdout]   16:     0x6158270b2ce4 - <unknown>
[INFO] [stdout]   17:     0x76c709580dfa - <unknown>
[INFO] [stdout]   18:     0x76c7096143d4 - clone
[INFO] [stdout]   19:                0x0 - <unknown>
[INFO] [stdout] 
[INFO] [stdout] ---- watch_detects_commit stdout ----
[INFO] [stdout] 
[INFO] [stdout] thread 'watch_detects_commit' (681) panicked at tests/integration.rs:440:10:
[INFO] [stdout] failed to spawn gstat: Os { code: 2, kind: NotFound, message: "No such file or directory" }
[INFO] [stdout] stack backtrace:
[INFO] [stdout]    0:     0x61582708b695 - <unknown>
[INFO] [stdout]    1:     0x61582706f0ca - <unknown>
[INFO] [stdout]    2:     0x61582708ad2b - <unknown>
[INFO] [stdout]    3:     0x61582708a80f - <unknown>
[INFO] [stdout]    4:     0x61582708a43a - <unknown>
[INFO] [stdout]    5:     0x615827089f75 - <unknown>
[INFO] [stdout]    6:     0x6158270b0db1 - <unknown>
[INFO] [stdout]    7:     0x6158270b0d69 - <unknown>
[INFO] [stdout]    8:     0x6158270b126c - <unknown>
[INFO] [stdout]    9:     0x61582706ef5b - <unknown>
[INFO] [stdout]   10:     0x6158270721c1 - <unknown>
[INFO] [stdout]   11:     0x615827065f8a - <unknown>
[INFO] [stdout]   12:     0x6158270cc1bb - <unknown>
[INFO] [stdout]   13:     0x6158270c8181 - <unknown>
[INFO] [stdout]   14:     0x6158270c796c - <unknown>
[INFO] [stdout]   15:     0x6158270e70ac - <unknown>
[INFO] [stdout]   16:     0x6158270b2ce4 - <unknown>
[INFO] [stdout]   17:     0x76c709580dfa - <unknown>
[INFO] [stdout]   18:     0x76c7096143d4 - clone
[INFO] [stdout]   19:                0x0 - <unknown>
[INFO] [stdout] 
[INFO] [stdout] ---- once_staged_and_modified stdout ----
[INFO] [stdout] 
[INFO] [stdout] thread 'once_staged_and_modified' (679) panicked at tests/integration.rs:95:10:
[INFO] [stdout] failed to run gstat: Os { code: 2, kind: NotFound, message: "No such file or directory" }
[INFO] [stdout] stack backtrace:
[INFO] [stdout]    0:     0x61582708b695 - <unknown>
[INFO] [stdout]    1:     0x61582706f0ca - <unknown>
[INFO] [stdout]    2:     0x61582708ad2b - <unknown>
[INFO] [stdout]    3:     0x61582708a80f - <unknown>
[INFO] [stdout]    4:     0x61582708a43a - <unknown>
[INFO] [stdout]    5:     0x615827089f75 - <unknown>
[INFO] [stdout]    6:     0x6158270b0db1 - <unknown>
[INFO] [stdout]    7:     0x6158270b0d69 - <unknown>
[INFO] [stdout]    8:     0x6158270b126c - <unknown>
[INFO] [stdout]    9:     0x61582706ef5b - <unknown>
[INFO] [stdout]   10:     0x6158270721c1 - <unknown>
[INFO] [stdout]   11:     0x615827068df1 - <unknown>
[INFO] [stdout]   12:     0x6158270cc1bb - <unknown>
[INFO] [stdout]   13:     0x6158270c8181 - <unknown>
[INFO] [stdout]   14:     0x6158270c796c - <unknown>
[INFO] [stdout]   15:     0x6158270e70ac - <unknown>
[INFO] [stdout]   16:     0x6158270b2ce4 - <unknown>
[INFO] [stdout]   17:     0x76c709580dfa - <unknown>
[INFO] [stdout]   18:     0x76c7096143d4 - clone
[INFO] [stdout]   19:                0x0 - <unknown>
[INFO] [stdout] 
[INFO] [stdout] ---- watch_detects_file_modification stdout ----
[INFO] [stdout] 
[INFO] [stdout] thread 'watch_detects_file_modification' (683) panicked at tests/integration.rs:270:10:
[INFO] [stdout] failed to spawn gstat: Os { code: 2, kind: NotFound, message: "No such file or directory" }
[INFO] [stdout] stack backtrace:
[INFO] [stdout]    0:     0x61582708b695 - <unknown>
[INFO] [stdout]    1:     0x61582706f0ca - <unknown>
[INFO] [stdout]    2:     0x61582708ad2b - <unknown>
[INFO] [stdout]    3:     0x61582708a80f - <unknown>
[INFO] [stdout]    4:     0x61582708a43a - <unknown>
[INFO] [stdout]    5:     0x615827089f75 - <unknown>
[INFO] [stdout]    6:     0x6158270b0db1 - <unknown>
[INFO] [stdout]    7:     0x6158270b0d69 - <unknown>
[INFO] [stdout]    8:     0x6158270b126c - <unknown>
[INFO] [stdout]    9:     0x61582706ef5b - <unknown>
[INFO] [stdout]   10:     0x6158270721c1 - <unknown>
[INFO] [stdout]   11:     0x61582706a390 - <unknown>
[INFO] [stdout]   12:     0x6158270cc1bb - <unknown>
[INFO] [stdout]   13:     0x6158270c8181 - <unknown>
[INFO] [stdout]   14:     0x6158270c796c - <unknown>
[INFO] [stdout]   15:     0x6158270e70ac - <unknown>
[INFO] [stdout]   16:     0x6158270b2ce4 - <unknown>
[INFO] [stdout]   17:     0x76c709580dfa - <unknown>
[INFO] [stdout]   18:     0x76c7096143d4 - clone
[INFO] [stdout]   19:                0x0 - <unknown>
[INFO] [stdout] 
[INFO] [stdout] ---- watch_multiple_sequential_changes stdout ----
[INFO] [stdout] 
[INFO] [stdout] thread 'watch_multiple_sequential_changes' (687) panicked at tests/integration.rs:377:10:
[INFO] [stdout] failed to spawn gstat: Os { code: 2, kind: NotFound, message: "No such file or directory" }
[INFO] [stdout] stack backtrace:
[INFO] [stdout]    0:     0x61582708b695 - <unknown>
[INFO] [stdout]    1:     0x61582706f0ca - <unknown>
[INFO] [stdout]    2:     0x61582708ad2b - <unknown>
[INFO] [stdout]    3:     0x61582708a80f - <unknown>
[INFO] [stdout]    4:     0x61582708a43a - <unknown>
[INFO] [stdout]    5:     0x615827089f75 - <unknown>
[INFO] [stdout]    6:     0x6158270b0db1 - <unknown>
[INFO] [stdout]    7:     0x6158270b0d69 - <unknown>
[INFO] [stdout]    8:     0x6158270b126c - <unknown>
[INFO] [stdout]    9:     0x61582706ef5b - <unknown>
[INFO] [stdout]   10:     0x6158270721c1 - <unknown>
[INFO] [stdout]   11:     0x61582706d39e - <unknown>
[INFO] [stdout]   12:     0x6158270cc1bb - <unknown>
[INFO] [stdout]   13:     0x6158270c8181 - <unknown>
[INFO] [stdout]   14:     0x6158270c796c - <unknown>
[INFO] [stdout]   15:     0x6158270e70ac - <unknown>
[INFO] [stdout]   16:     0x6158270b2ce4 - <unknown>
[INFO] [stdout]   17:     0x76c709580dfa - <unknown>
[INFO] [stdout]   18:     0x76c7096143d4 - clone
[INFO] [stdout]   19:                0x0 - <unknown>
[INFO] [stdout] 
[INFO] [stdout] ---- once_merge_state stdout ----
[INFO] [stdout] 
[INFO] [stdout] thread 'once_merge_state' (676) panicked at tests/integration.rs:161:10:
[INFO] [stdout] called `Result::unwrap()` on an `Err` value: Os { code: 2, kind: NotFound, message: "No such file or directory" }
[INFO] [stdout] stack backtrace:
[INFO] [stdout]    0:     0x61582708b695 - <unknown>
[INFO] [stdout]    1:     0x61582706f0ca - <unknown>
[INFO] [stdout]    2:     0x61582708ad2b - <unknown>
[INFO] [stdout]    3:     0x61582708a80f - <unknown>
[INFO] [stdout]    4:     0x61582708a43a - <unknown>
[INFO] [stdout]    5:     0x615827089f75 - <unknown>
[INFO] [stdout]    6:     0x6158270b0db1 - <unknown>
[INFO] [stdout]    7:     0x6158270b0d69 - <unknown>
[INFO] [stdout]    8:     0x6158270b126c - <unknown>
[INFO] [stdout]    9:     0x61582706ef5b - <unknown>
[INFO] [stdout]   10:     0x6158270721c1 - <unknown>
[INFO] [stdout]   11:     0x6158270646c4 - <unknown>
[INFO] [stdout]   12:     0x6158270cc1bb - <unknown>
[INFO] [stdout]   13:     0x6158270c8181 - <unknown>
[INFO] [stdout]   14:     0x6158270c796c - <unknown>
[INFO] [stdout]   15:     0x6158270e70ac - <unknown>
[INFO] [stdout]   16:     0x6158270b2ce4 - <unknown>
[INFO] [stdout]   17:     0x76c709580dfa - <unknown>
[INFO] [stdout]   18:     0x76c7096143d4 - clone
[INFO] [stdout]   19:                0x0 - <unknown>
[INFO] [stdout] 
[INFO] [stdout] ---- watch_detects_git_add stdout ----
[INFO] [stdout] 
[INFO] [stdout] thread 'watch_detects_git_add' (684) panicked at tests/integration.rs:226:10:
[INFO] [stdout] failed to spawn gstat: Os { code: 2, kind: NotFound, message: "No such file or directory" }
[INFO] [stdout] stack backtrace:
[INFO] [stdout]    0:     0x61582708b695 - <unknown>
[INFO] [stdout]    1:     0x61582706f0ca - <unknown>
[INFO] [stdout]    2:     0x61582708ad2b - <unknown>
[INFO] [stdout]    3:     0x61582708a80f - <unknown>
[INFO] [stdout]    4:     0x61582708a43a - <unknown>
[INFO] [stdout]    5:     0x615827089f75 - <unknown>
[INFO] [stdout]    6:     0x6158270b0db1 - <unknown>
[INFO] [stdout]    7:     0x6158270b0d69 - <unknown>
[INFO] [stdout]    8:     0x6158270b126c - <unknown>
[INFO] [stdout]    9:     0x61582706ef5b - <unknown>
[INFO] [stdout]   10:     0x6158270721c1 - <unknown>
[INFO] [stdout]   11:     0x6158270672a4 - <unknown>
[INFO] [stdout]   12:     0x6158270cc1bb - <unknown>
[INFO] [stdout]   13:     0x6158270c8181 - <unknown>
[INFO] [stdout]   14:     0x6158270c796c - <unknown>
[INFO] [stdout]   15:     0x6158270e70ac - <unknown>
[INFO] [stdout]   16:     0x6158270b2ce4 - <unknown>
[INFO] [stdout]   17:     0x76c709580dfa - <unknown>
[INFO] [stdout]   18:     0x76c7096143d4 - clone
[INFO] [stdout]   19:                0x0 - <unknown>
[INFO] [stdout] 
[INFO] [stdout] ---- once_detects_untracked_files stdout ----
[INFO] [stdout] 
[INFO] [stdout] thread 'once_detects_untracked_files' (674) panicked at tests/integration.rs:114:10:
[INFO] [stdout] called `Result::unwrap()` on an `Err` value: Os { code: 2, kind: NotFound, message: "No such file or directory" }
[INFO] [stdout] stack backtrace:
[INFO] [stdout]    0:     0x61582708b695 - <unknown>
[INFO] [stdout]    1:     0x61582706f0ca - <unknown>
[INFO] [stdout]    2:     0x61582708ad2b - <unknown>
[INFO] [stdout]    3:     0x61582708a80f - <unknown>
[INFO] [stdout]    4:     0x61582708a43a - <unknown>
[INFO] [stdout]    5:     0x615827089f75 - <unknown>
[INFO] [stdout]    6:     0x6158270b0db1 - <unknown>
[INFO] [stdout]    7:     0x6158270b0d69 - <unknown>
[INFO] [stdout]    8:     0x6158270b126c - <unknown>
[INFO] [stdout]    9:     0x61582706ef5b - <unknown>
[INFO] [stdout]   10:     0x6158270721c1 - <unknown>
[INFO] [stdout]   11:     0x61582706937e - <unknown>
[INFO] [stdout]   12:     0x6158270cc1bb - <unknown>
[INFO] [stdout]   13:     0x6158270c8181 - <unknown>
[INFO] [stdout]   14:     0x6158270c796c - <unknown>
[INFO] [stdout]   15:     0x6158270e70ac - <unknown>
[INFO] [stdout]   16:     0x6158270b2ce4 - <unknown>
[INFO] [stdout]   17:     0x76c709580dfa - <unknown>
[INFO] [stdout]   18:     0x76c7096143d4 - clone
[INFO] [stdout]   19:                0x0 - <unknown>
[INFO] [stdout] 
[INFO] [stdout] 
[INFO] [stdout] failures:
[INFO] [stdout]     once_custom_format
[INFO] [stdout]     once_detects_untracked_files
[INFO] [stdout]     once_json_output
[INFO] [stdout]     once_merge_state
[INFO] [stdout]     once_not_a_repo
[INFO] [stdout]     once_path_argument
[INFO] [stdout]     once_staged_and_modified
[INFO] [stdout]     watch_dedup_suppresses_unchanged
[INFO] [stdout]     watch_detects_commit
[INFO] [stdout]     watch_detects_file_modification
[INFO] [stdout]     watch_detects_git_add
[INFO] [stdout]     watch_detects_new_file
[INFO] [stdout]     watch_multiple_sequential_changes
[INFO] [stdout] 
[INFO] [stdout] test result: FAILED. 0 passed; 13 failed; 0 ignored; 0 measured; 0 filtered out; finished in 0.10s
[INFO] [stdout] 
[INFO] [stderr] error: test failed, to rerun pass `--test integration`
[INFO] running `Command { std: "docker" "inspect" "616325298a6c56b4c2dbe8481da8b48a5915ce8974a272a56aa46fadf605ba20", kill_on_drop: false }`
[INFO] running `Command { std: "docker" "rm" "-f" "616325298a6c56b4c2dbe8481da8b48a5915ce8974a272a56aa46fadf605ba20", kill_on_drop: false }`
[INFO] [stdout] 616325298a6c56b4c2dbe8481da8b48a5915ce8974a272a56aa46fadf605ba20
