[INFO] fetching crate git-repo-language-trends 0.4.0...
[INFO] testing git-repo-language-trends-0.4.0 against 1.99.0-beta.8+cargoflags=--release for beta-release-1.100-2
[INFO] extracting crate git-repo-language-trends 0.4.0 into /workspace/builds/worker-0-tc1/source
[INFO] started tweaking crates.io crate git-repo-language-trends 0.4.0
[INFO] finished tweaking crates.io crate git-repo-language-trends 0.4.0
[INFO] tweaked toml for crates.io crate git-repo-language-trends 0.4.0 written to /workspace/builds/worker-0-tc1/source/Cargo.toml
[INFO] validating manifest of crates.io crate git-repo-language-trends 0.4.0 on toolchain 1.99.0-beta.8
[INFO] running `Command { std: CARGO_HOME="/workspace/cargo-home" RUSTUP_HOME="/workspace/rustup-home" "/workspace/cargo-home/bin/cargo" "+1.99.0-beta.8" "metadata" "--manifest-path" "Cargo.toml" "--no-deps", kill_on_drop: false }`
[INFO] crate crates.io crate git-repo-language-trends 0.4.0 already has a lockfile, it will not be regenerated
[INFO] running `Command { std: CARGO_HOME="/workspace/cargo-home" RUSTUP_HOME="/workspace/rustup-home" "/workspace/cargo-home/bin/cargo" "+1.99.0-beta.8" "fetch" "--manifest-path" "Cargo.toml", kill_on_drop: false }`
[INFO] [stderr]     Updating crates.io index
[INFO] [stderr]  Downloading crates ...
[INFO] [stderr]   Downloaded version_check v0.9.2
[INFO] [stderr]   Downloaded predicates v1.0.6
[INFO] [stderr]   Downloaded matches v0.1.8
[INFO] [stderr]   Downloaded form_urlencoded v1.0.0
[INFO] [stderr]   Downloaded predicates-core v1.0.1
[INFO] [stderr]   Downloaded float-cmp v0.8.0
[INFO] [stderr]   Downloaded terminal_size v0.1.16
[INFO] [stderr]   Downloaded thread_local v1.1.2
[INFO] [stderr]   Downloaded number_prefix v0.3.0
[INFO] [stderr]   Downloaded treeline v0.1.0
[INFO] [stderr]   Downloaded vcpkg v0.2.11
[INFO] [stderr]   Downloaded predicates-tree v1.0.1
[INFO] [stderr]   Downloaded indicatif v0.15.0
[INFO] [stderr]   Downloaded unicode-bidi v0.3.4
[INFO] [stderr]   Downloaded jobserver v0.1.21
[INFO] [stderr]   Downloaded console v0.14.0
[INFO] [stderr]   Downloaded pkg-config v0.3.19
[INFO] [stderr]   Downloaded assert_cmd v1.0.2
[INFO] [stderr]   Downloaded once_cell v1.5.2
[INFO] [stderr]   Downloaded url v2.2.0
[INFO] [stderr]   Downloaded tinyvec v1.1.0
[INFO] [stderr]   Downloaded log v0.4.13
[INFO] [stderr]   Downloaded cc v1.0.66
[INFO] [stderr]   Downloaded unicode-normalization v0.1.16
[INFO] [stderr]   Downloaded regex v1.4.3
[INFO] [stderr]   Downloaded difference v2.0.0
[INFO] [stderr]   Downloaded git2 v0.13.16
[INFO] [stderr]   Downloaded syn v1.0.59
[INFO] [stderr]   Downloaded idna v0.2.0
[INFO] [stderr]   Downloaded regex-syntax v0.6.22
[INFO] [stderr]   Downloaded libc v0.2.82
[INFO] [stderr]   Downloaded libz-sys v1.1.2
[INFO] [stderr]   Downloaded libgit2-sys v0.12.18+1.1.0
[INFO] running `Command { std: "docker" "create" "-v" "/var/lib/crater-agent-workspace/builds/worker-0-tc1/source:/opt/rustwide/workdir:ro,Z" "-v" "/var/lib/crater-agent-workspace/builds/worker-0-tc1/target:/opt/rustwide/target:rw,Z" "-v" "/var/lib/crater-agent-workspace/cargo-home:/opt/rustwide/cargo-home:ro,Z" "-v" "/var/lib/crater-agent-workspace/rustup-home:/opt/rustwide/rustup-home:ro,Z" "-m" "1610612736" "--network" "none" "ghcr.io/rust-lang/crates-build-env/linux@sha256:77db811e55d90add9212f6832c23229e3de5f1c1f9905e8cb07319ea15df73ac" "sleep" "infinity", kill_on_drop: false }`
[INFO] [stdout] 1e81d882fe7399f4ac054efb73a57612082cfdcd5063df3b4d3693601f41d737
[INFO] running `Command { std: "docker" "start" "1e81d882fe7399f4ac054efb73a57612082cfdcd5063df3b4d3693601f41d737", kill_on_drop: false }`
[INFO] running `Command { std: "docker" "inspect" "1e81d882fe7399f4ac054efb73a57612082cfdcd5063df3b4d3693601f41d737", kill_on_drop: false }`
[INFO] running `Command { std: "docker" "exec" "-e" "SOURCE_DIR=/opt/rustwide/workdir" "-e" "CARGO_HOME=/opt/rustwide/cargo-home" "-e" "RUSTUP_HOME=/opt/rustwide/rustup-home" "-e" "CARGO_TARGET_DIR=/opt/rustwide/target" "-w" "/opt/rustwide/workdir" "--user" "0:0" "1e81d882fe7399f4ac054efb73a57612082cfdcd5063df3b4d3693601f41d737" "/opt/rustwide/cargo-home/bin/cargo" "+1.99.0-beta.8" "metadata" "--no-deps" "--format-version=1", kill_on_drop: false }`
[INFO] running `Command { std: "docker" "inspect" "1e81d882fe7399f4ac054efb73a57612082cfdcd5063df3b4d3693601f41d737", kill_on_drop: false }`
[INFO] running `Command { std: "docker" "exec" "-e" "SOURCE_DIR=/opt/rustwide/workdir" "-e" "CARGO_HOME=/opt/rustwide/cargo-home" "-e" "RUSTUP_HOME=/opt/rustwide/rustup-home" "-e" "CARGO_TARGET_DIR=/opt/rustwide/target" "-e" "CARGO_INCREMENTAL=0" "-e" "RUST_BACKTRACE=full" "-e" "RUSTFLAGS=--cap-lints=warn" "-e" "RUSTDOCFLAGS=--cap-lints=warn" "-w" "/opt/rustwide/workdir" "--user" "0:0" "1e81d882fe7399f4ac054efb73a57612082cfdcd5063df3b4d3693601f41d737" "/opt/rustwide/cargo-home/bin/cargo" "+1.99.0-beta.8" "build" "--frozen" "--message-format=json" "--release", kill_on_drop: false }`
[INFO] [stderr]    Compiling libc v0.2.82
[INFO] [stderr]    Compiling version_check v0.9.2
[INFO] [stderr]    Compiling pkg-config v0.3.19
[INFO] [stderr]    Compiling memchr v2.3.4
[INFO] [stderr]    Compiling matches v0.1.8
[INFO] [stderr]    Compiling bitflags v1.2.1
[INFO] [stderr]    Compiling tinyvec_macros v0.1.0
[INFO] [stderr]    Compiling unicode-width v0.1.8
[INFO] [stderr]    Compiling syn v1.0.59
[INFO] [stderr]    Compiling once_cell v1.5.2
[INFO] [stderr]    Compiling log v0.4.13
[INFO] [stderr]    Compiling regex-syntax v0.6.22
[INFO] [stderr]    Compiling num-traits v0.2.14
[INFO] [stderr]    Compiling num-integer v0.1.44
[INFO] [stderr]    Compiling percent-encoding v2.1.0
[INFO] [stderr]    Compiling strsim v0.8.0
[INFO] [stderr]    Compiling tinyvec v1.1.0
[INFO] [stderr]    Compiling unicode-bidi v0.3.4
[INFO] [stderr]    Compiling textwrap v0.11.0
[INFO] [stderr]    Compiling form_urlencoded v1.0.0
[INFO] [stderr]    Compiling thread_local v1.1.2
[INFO] [stderr]    Compiling ansi_term v0.11.0
[INFO] [stderr]    Compiling proc-macro-error-attr v1.0.4
[INFO] [stderr]    Compiling proc-macro-error v1.0.4
[INFO] [stderr]    Compiling vec_map v0.8.2
[INFO] [stderr]    Compiling aho-corasick v0.7.15
[INFO] [stderr]    Compiling number_prefix v0.3.0
[INFO] [stderr]    Compiling jobserver v0.1.21
[INFO] [stderr]    Compiling atty v0.2.14
[INFO] [stderr]    Compiling terminal_size v0.1.16
[INFO] [stderr]    Compiling clap v2.33.3
[INFO] [stderr]    Compiling cc v1.0.66
[INFO] [stderr]    Compiling unicode-normalization v0.1.16
[INFO] [stderr]    Compiling chrono v0.4.19
[INFO] [stderr]    Compiling libz-sys v1.1.2
[INFO] [stderr]    Compiling libgit2-sys v0.12.18+1.1.0
[INFO] [stderr]    Compiling idna v0.2.0
[INFO] [stderr]    Compiling url v2.2.0
[INFO] [stderr]    Compiling regex v1.4.3
[INFO] [stderr]    Compiling structopt-derive v0.4.14
[INFO] [stderr]    Compiling console v0.14.0
[INFO] [stderr]    Compiling structopt v0.3.21
[INFO] [stderr]    Compiling indicatif v0.15.0
[INFO] [stderr]    Compiling git2 v0.13.16
[INFO] [stderr]    Compiling git-repo-language-trends v0.4.0 (/opt/rustwide/workdir)
[INFO] [stdout] warning: hiding a lifetime that's elided elsewhere is confusing
[INFO] [stdout]   --> src/repoutils.rs:22:9
[INFO] [stdout]    |
[INFO] [stdout] 22 |         &self,
[INFO] [stdout]    |         ^^^^^ the lifetime is elided here
[INFO] [stdout] 23 |         args: &super::Args,
[INFO] [stdout] 24 |     ) -> Result<Vec<(DateTime<Utc>, git2::Commit)>, git2::Error> {
[INFO] [stdout]    |                                     ^^^^^^^^^^^^ the same lifetime is hidden here
[INFO] [stdout]    |
[INFO] [stdout]    = help: the same lifetime is referred to in inconsistent ways, making the signature confusing
[INFO] [stdout]    = note: `#[warn(mismatched_lifetime_syntaxes)]` on by default
[INFO] [stdout] help: use `'_` for type paths
[INFO] [stdout]    |
[INFO] [stdout] 24 |     ) -> Result<Vec<(DateTime<Utc>, git2::Commit<'_>)>, git2::Error> {
[INFO] [stdout]    |                                                 ++++
[INFO] [stdout] 
[INFO] [stdout] 
[INFO] [stderr]     Finished `release` profile [optimized] target(s) in 1m 05s
[INFO] running `Command { std: "docker" "inspect" "1e81d882fe7399f4ac054efb73a57612082cfdcd5063df3b4d3693601f41d737", kill_on_drop: false }`
[INFO] running `Command { std: "docker" "exec" "-e" "SOURCE_DIR=/opt/rustwide/workdir" "-e" "CARGO_HOME=/opt/rustwide/cargo-home" "-e" "RUSTUP_HOME=/opt/rustwide/rustup-home" "-e" "CARGO_TARGET_DIR=/opt/rustwide/target" "-e" "CARGO_INCREMENTAL=0" "-e" "RUST_BACKTRACE=full" "-e" "RUSTFLAGS=--cap-lints=warn" "-e" "RUSTDOCFLAGS=--cap-lints=warn" "-w" "/opt/rustwide/workdir" "--user" "0:0" "1e81d882fe7399f4ac054efb73a57612082cfdcd5063df3b4d3693601f41d737" "/opt/rustwide/cargo-home/bin/cargo" "+1.99.0-beta.8" "test" "--frozen" "--no-run" "--message-format=json" "--release", kill_on_drop: false }`
[INFO] [stderr]    Compiling doc-comment v0.3.3
[INFO] [stderr]    Compiling predicates-core v1.0.1
[INFO] [stderr]    Compiling float-cmp v0.8.0
[INFO] [stderr]    Compiling difference v2.0.0
[INFO] [stderr]    Compiling normalize-line-endings v0.3.0
[INFO] [stderr]    Compiling treeline v0.1.0
[INFO] [stderr]    Compiling wait-timeout v0.2.0
[INFO] [stdout] warning: hiding a lifetime that's elided elsewhere is confusing
[INFO] [stdout]   --> src/repoutils.rs:22:9
[INFO] [stdout]    |
[INFO] [stdout] 22 |         &self,
[INFO] [stdout]    |         ^^^^^ the lifetime is elided here
[INFO] [stdout] 23 |         args: &super::Args,
[INFO] [stdout] 24 |     ) -> Result<Vec<(DateTime<Utc>, git2::Commit)>, git2::Error> {
[INFO] [stdout]    |                                     ^^^^^^^^^^^^ the same lifetime is hidden here
[INFO] [stdout]    |
[INFO] [stdout]    = help: the same lifetime is referred to in inconsistent ways, making the signature confusing
[INFO] [stdout]    = note: `#[warn(mismatched_lifetime_syntaxes)]` on by default
[INFO] [stdout] help: use `'_` for type paths
[INFO] [stdout]    |
[INFO] [stdout] 24 |     ) -> Result<Vec<(DateTime<Utc>, git2::Commit<'_>)>, git2::Error> {
[INFO] [stdout]    |                                                 ++++
[INFO] [stdout] 
[INFO] [stdout] 
[INFO] [stderr]    Compiling predicates-tree v1.0.1
[INFO] [stderr]    Compiling predicates v1.0.6
[INFO] [stderr]    Compiling assert_cmd v1.0.2
[INFO] [stderr]    Compiling git-repo-language-trends v0.4.0 (/opt/rustwide/workdir)
[INFO] [stdout] warning: hiding a lifetime that's elided elsewhere is confusing
[INFO] [stdout]   --> src/repoutils.rs:22:9
[INFO] [stdout]    |
[INFO] [stdout] 22 |         &self,
[INFO] [stdout]    |         ^^^^^ the lifetime is elided here
[INFO] [stdout] 23 |         args: &super::Args,
[INFO] [stdout] 24 |     ) -> Result<Vec<(DateTime<Utc>, git2::Commit)>, git2::Error> {
[INFO] [stdout]    |                                     ^^^^^^^^^^^^ the same lifetime is hidden here
[INFO] [stdout]    |
[INFO] [stdout]    = help: the same lifetime is referred to in inconsistent ways, making the signature confusing
[INFO] [stdout]    = note: `#[warn(mismatched_lifetime_syntaxes)]` on by default
[INFO] [stdout] help: use `'_` for type paths
[INFO] [stdout]    |
[INFO] [stdout] 24 |     ) -> Result<Vec<(DateTime<Utc>, git2::Commit<'_>)>, git2::Error> {
[INFO] [stdout]    |                                                 ++++
[INFO] [stdout] 
[INFO] [stdout] 
[INFO] [stderr]     Finished `release` profile [optimized] target(s) in 2.36s
[INFO] running `Command { std: "docker" "inspect" "1e81d882fe7399f4ac054efb73a57612082cfdcd5063df3b4d3693601f41d737", kill_on_drop: false }`
[INFO] running `Command { std: "docker" "exec" "-e" "SOURCE_DIR=/opt/rustwide/workdir" "-e" "CARGO_HOME=/opt/rustwide/cargo-home" "-e" "RUSTUP_HOME=/opt/rustwide/rustup-home" "-e" "CARGO_TARGET_DIR=/opt/rustwide/target" "-e" "CARGO_INCREMENTAL=0" "-e" "RUST_BACKTRACE=full" "-e" "RUSTFLAGS=--cap-lints=warn" "-e" "RUSTDOCFLAGS=--cap-lints=warn" "-w" "/opt/rustwide/workdir" "--user" "0:0" "1e81d882fe7399f4ac054efb73a57612082cfdcd5063df3b4d3693601f41d737" "/opt/rustwide/cargo-home/bin/cargo" "+1.99.0-beta.8" "test" "--frozen" "--release", kill_on_drop: false }`
[INFO] [stderr] warning: hiding a lifetime that's elided elsewhere is confusing
[INFO] [stderr]   --> src/repoutils.rs:22:9
[INFO] [stderr]    |
[INFO] [stderr] 22 |         &self,
[INFO] [stderr]    |         ^^^^^ the lifetime is elided here
[INFO] [stderr] 23 |         args: &super::Args,
[INFO] [stderr] 24 |     ) -> Result<Vec<(DateTime<Utc>, git2::Commit)>, git2::Error> {
[INFO] [stderr]    |                                     ^^^^^^^^^^^^ the same lifetime is hidden here
[INFO] [stderr]    |
[INFO] [stderr]    = help: the same lifetime is referred to in inconsistent ways, making the signature confusing
[INFO] [stderr]    = note: `#[warn(mismatched_lifetime_syntaxes)]` on by default
[INFO] [stderr] help: use `'_` for type paths
[INFO] [stderr]    |
[INFO] [stderr] 24 |     ) -> Result<Vec<(DateTime<Utc>, git2::Commit<'_>)>, git2::Error> {
[INFO] [stderr]    |                                                 ++++
[INFO] [stderr] 
[INFO] [stderr] warning: `git-repo-language-trends` (bin "git-repo-language-trends") generated 1 warning (run `cargo fix --bin "git-repo-language-trends" -p git-repo-language-trends` to apply 1 suggestion)
[INFO] [stderr] warning: `git-repo-language-trends` (bin "git-repo-language-trends" test) generated 1 warning (1 duplicate)
[INFO] [stderr]     Finished `release` profile [optimized] target(s) in 0.07s
[INFO] [stderr]      Running unittests src/main.rs (/opt/rustwide/target/release/deps/git_repo_language_trends-088f29e4776d6d89)
[INFO] [stdout] 
[INFO] [stdout] running 7 tests
[INFO] [stdout] test utils::tests::get_top_three_extensions_from_1 ... ok
[INFO] [stdout] test utils::tests::get_top_three_extensions_from_2 ... ok
[INFO] [stdout] test utils::tests::get_top_three_extensions_from_3 ... ok
[INFO] [stdout] test utils::tests::get_extensions_sorted_by_popularity ... ok
[INFO] [stdout] test utils::tests::get_top_three_extensions_from_0 ... ok
[INFO] [stdout] test utils::tests::get_top_three_extensions_from_4 ... ok
[INFO] [stdout] test utils::tests::get_top_three_extensions_but_lock_ext_is_ignored ... ok
[INFO] [stdout] 
[INFO] [stdout] test result: ok. 7 passed; 0 failed; 0 ignored; 0 measured; 0 filtered out; finished in 0.17s
[INFO] [stdout] 
[INFO] [stderr]      Running tests/integration_tests.rs (/opt/rustwide/target/release/deps/integration_tests-bc302461bc65d614)
[INFO] [stdout] 
[INFO] [stdout] running 12 tests
[INFO] [stdout] test auto_sum ... FAILED
[INFO] [stdout] test own_git_repo_max_rows_5 ... FAILED
[INFO] [stdout] test own_git_repo_7_day_min_interval ... FAILED
[INFO] [stdout] test list ... FAILED
[INFO] [stdout] test own_git_repo_1_day_min_interval ... FAILED
[INFO] [stdout] test negative_min_interval ... ok
[INFO] [stdout] test benchmark ... FAILED
[INFO] [stdout] test own_git_repo_0_day_min_interval ... FAILED
[INFO] [stdout] test interval_calculated_for_last_printed_commit_only ... FAILED
[INFO] [stdout] test no_filter ... FAILED
[INFO] [stdout] test all_parents ... FAILED
[INFO] [stdout] test own_git_repo_max_rows_0 ... FAILED
[INFO] [stdout] 
[INFO] [stdout] failures:
[INFO] [stdout] 
[INFO] [stdout] ---- auto_sum stdout ----
[INFO] [stdout] 
[INFO] [stdout] thread 'auto_sum' (2308) panicked at /opt/rustwide/cargo-home/registry/src/index.crates.io-1949cf8c6b5b557f/assert_cmd-1.0.2/src/assert.rs:348:17:
[INFO] [stdout] Unexpected stdout, failed var - original <= 0
[INFO] [stdout] ├── original:           	.rs+.yml	.md
[INFO] [stdout] 2021-01-24	264	40
[INFO] [stdout] 2021-01-19	66	2
[INFO] [stdout] 
[INFO] [stdout] ├── actual distance: 3
[INFO] [stdout] ├── diff: [91m          	.rs+.yml	.md
[INFO] [stdout] 2021-01-24	264	40
[INFO] [stdout] 2021-01-19	66	2
[INFO] [stdout] [0m
[INFO] [stdout] 
[INFO] [stdout] └── var as str: 
[INFO] [stdout] 
[INFO] [stdout] command=`"/opt/rustwide/target/release/git-repo-language-trends" "--start-commit=v0.2.0" "--min-interval=2" ".rs+.yml" ".md"`
[INFO] [stdout] code=0
[INFO] [stdout] stdout=``````
[INFO] [stdout] stderr=```Error: could not find repository from '.'; class=Repository (6); code=NotFound (-3)
[INFO] [stdout] ```
[INFO] [stdout] 
[INFO] [stdout] stack backtrace:
[INFO] [stdout]    0:     0x5ca9e73371b1 - <<std[70759c8f55707aa4]::sys::backtrace::BacktraceLock>::print::DisplayBacktrace as core[df12db4294e9bfd3]::fmt::Display>::fmt
[INFO] [stdout]    1:     0x5ca9e734ca8a - core[df12db4294e9bfd3]::fmt::write
[INFO] [stdout]    2:     0x5ca9e733ca5c - <alloc[2182bb758b4b3781]::vec::Vec<u8> as core[df12db4294e9bfd3]::io::write::Write>::write_fmt
[INFO] [stdout]    3:     0x5ca9e7312da6 - std[70759c8f55707aa4]::panicking::default_hook::{closure#0}
[INFO] [stdout]    4:     0x5ca9e732f7e9 - std[70759c8f55707aa4]::panicking::default_hook
[INFO] [stdout]    5:     0x5ca9e72bd820 - test[9d35eded1c95d3be]::test_main_inner::<test[9d35eded1c95d3be]::test_main_static::{closure#0}>::{closure#0}
[INFO] [stdout]    6:     0x5ca9e732f9a2 - std[70759c8f55707aa4]::panicking::panic_with_hook
[INFO] [stdout]    7:     0x5ca9e7312e52 - std[70759c8f55707aa4]::panicking::panic_handler::{closure#0}
[INFO] [stdout]    8:     0x5ca9e730bbd9 - std[70759c8f55707aa4]::sys::backtrace::__rust_end_short_backtrace::<std[70759c8f55707aa4]::panicking::panic_handler::{closure#0}, !>
[INFO] [stdout]    9:     0x5ca9e7313a4d - __rustc[8fa7c3cbc660c2b3]::rust_begin_unwind
[INFO] [stdout]   10:     0x5ca9e734d1bc - core[df12db4294e9bfd3]::panicking::panic_fmt
[INFO] [stdout]   11:     0x5ca9e72f4bb8 - <assert_cmd[d1aa8c52b979a2f1]::assert::Assert>::stdout_impl
[INFO] [stdout]   12:     0x5ca9e72b01d2 - <integration_tests[fe54e0caae476135]::auto_sum::{closure#0} as core[df12db4294e9bfd3]::ops::function::FnOnce<()>>::call_once
[INFO] [stdout]   13:     0x5ca9e72b0b0b - test[9d35eded1c95d3be]::__rust_begin_short_backtrace::<core[df12db4294e9bfd3]::result::Result<(), alloc[2182bb758b4b3781]::string::String>, fn() -> core[df12db4294e9bfd3]::result::Result<(), alloc[2182bb758b4b3781]::string::String>>
[INFO] [stdout]   14:     0x5ca9e72be175 - test[9d35eded1c95d3be]::run_test::{closure#0}
[INFO] [stdout]   15:     0x5ca9e72b7a34 - std[70759c8f55707aa4]::sys::backtrace::__rust_begin_short_backtrace::<test[9d35eded1c95d3be]::run_test::{closure#1}, ()>
[INFO] [stdout]   16:     0x5ca9e72c12d2 - <std[70759c8f55707aa4]::thread::lifecycle::spawn_unchecked<test[9d35eded1c95d3be]::run_test::{closure#1}, ()>::{closure#1} as core[df12db4294e9bfd3]::ops::function::FnOnce<()>>::call_once::{shim:vtable#0}
[INFO] [stdout]   17:     0x5ca9e7336a09 - <std[70759c8f55707aa4]::sys::thread::unix::Thread>::new::thread_start
[INFO] [stdout]   18:     0x78f1bb0fedfa - <unknown>
[INFO] [stdout]   19:     0x78f1bb1923d4 - clone
[INFO] [stdout]   20:                0x0 - <unknown>
[INFO] [stdout] 
[INFO] [stdout] ---- own_git_repo_max_rows_5 stdout ----
[INFO] [stdout] 
[INFO] [stdout] thread 'own_git_repo_max_rows_5' (2319) panicked at /opt/rustwide/cargo-home/registry/src/index.crates.io-1949cf8c6b5b557f/assert_cmd-1.0.2/src/assert.rs:348:17:
[INFO] [stdout] Unexpected stdout, failed var - original <= 0
[INFO] [stdout] ├── original:           	.yml	.rs
[INFO] [stdout] 2021-01-23	66	121
[INFO] [stdout] 2021-01-23	67	121
[INFO] [stdout] 2021-01-23	78	121
[INFO] [stdout] 2021-01-23	57	121
[INFO] [stdout] 2021-01-23	22	121
[INFO] [stdout] 
[INFO] [stdout] ├── actual distance: 6
[INFO] [stdout] ├── diff: [91m          	.yml	.rs
[INFO] [stdout] 2021-01-23	66	121
[INFO] [stdout] 2021-01-23	67	121
[INFO] [stdout] 2021-01-23	78	121
[INFO] [stdout] 2021-01-23	57	121
[INFO] [stdout] 2021-01-23	22	121
[INFO] [stdout] [0m
[INFO] [stdout] 
[INFO] [stdout] └── var as str: 
[INFO] [stdout] 
[INFO] [stdout] command=`"/opt/rustwide/target/release/git-repo-language-trends" "--min-interval=0" "--max-rows=5" "--start-commit=v0.1.2" ".yml" ".rs"`
[INFO] [stdout] code=0
[INFO] [stdout] stdout=``````
[INFO] [stdout] stderr=```Error: could not find repository from '.'; class=Repository (6); code=NotFound (-3)
[INFO] [stdout] ```
[INFO] [stdout] 
[INFO] [stdout] stack backtrace:
[INFO] [stdout]    0:     0x5ca9e73371b1 - <<std[70759c8f55707aa4]::sys::backtrace::BacktraceLock>::print::DisplayBacktrace as core[df12db4294e9bfd3]::fmt::Display>::fmt
[INFO] [stdout]    1:     0x5ca9e734ca8a - core[df12db4294e9bfd3]::fmt::write
[INFO] [stdout]    2:     0x5ca9e733ca5c - <alloc[2182bb758b4b3781]::vec::Vec<u8> as core[df12db4294e9bfd3]::io::write::Write>::write_fmt
[INFO] [stdout]    3:     0x5ca9e7312da6 - std[70759c8f55707aa4]::panicking::default_hook::{closure#0}
[INFO] [stdout]    4:     0x5ca9e732f7e9 - std[70759c8f55707aa4]::panicking::default_hook
[INFO] [stdout]    5:     0x5ca9e72bd820 - test[9d35eded1c95d3be]::test_main_inner::<test[9d35eded1c95d3be]::test_main_static::{closure#0}>::{closure#0}
[INFO] [stdout]    6:     0x5ca9e732f9a2 - std[70759c8f55707aa4]::panicking::panic_with_hook
[INFO] [stdout]    7:     0x5ca9e7312e52 - std[70759c8f55707aa4]::panicking::panic_handler::{closure#0}
[INFO] [stdout]    8:     0x5ca9e730bbd9 - std[70759c8f55707aa4]::sys::backtrace::__rust_end_short_backtrace::<std[70759c8f55707aa4]::panicking::panic_handler::{closure#0}, !>
[INFO] [stdout]    9:     0x5ca9e7313a4d - __rustc[8fa7c3cbc660c2b3]::rust_begin_unwind
[INFO] [stdout]   10:     0x5ca9e734d1bc - core[df12db4294e9bfd3]::panicking::panic_fmt
[INFO] [stdout]   11:     0x5ca9e72f4bb8 - <assert_cmd[d1aa8c52b979a2f1]::assert::Assert>::stdout_impl
[INFO] [stdout]   12:     0x5ca9e72aee2c - <integration_tests[fe54e0caae476135]::own_git_repo_max_rows_5::{closure#0} as core[df12db4294e9bfd3]::ops::function::FnOnce<()>>::call_once
[INFO] [stdout]   13:     0x5ca9e72b0b0b - test[9d35eded1c95d3be]::__rust_begin_short_backtrace::<core[df12db4294e9bfd3]::result::Result<(), alloc[2182bb758b4b3781]::string::String>, fn() -> core[df12db4294e9bfd3]::result::Result<(), alloc[2182bb758b4b3781]::string::String>>
[INFO] [stdout]   14:     0x5ca9e72be175 - test[9d35eded1c95d3be]::run_test::{closure#0}
[INFO] [stdout]   15:     0x5ca9e72b7a34 - std[70759c8f55707aa4]::sys::backtrace::__rust_begin_short_backtrace::<test[9d35eded1c95d3be]::run_test::{closure#1}, ()>
[INFO] [stdout]   16:     0x5ca9e72c12d2 - <std[70759c8f55707aa4]::thread::lifecycle::spawn_unchecked<test[9d35eded1c95d3be]::run_test::{closure#1}, ()>::{closure#1} as core[df12db4294e9bfd3]::ops::function::FnOnce<()>>::call_once::{shim:vtable#0}
[INFO] [stdout]   17:     0x5ca9e7336a09 - <std[70759c8f55707aa4]::sys::thread::unix::Thread>::new::thread_start
[INFO] [stdout]   18:     0x78f1bb0fedfa - <unknown>
[INFO] [stdout]   19:     0x78f1bb1923d4 - clone
[INFO] [stdout]   20:                0x0 - <unknown>
[INFO] [stdout] 
[INFO] [stdout] ---- own_git_repo_7_day_min_interval stdout ----
[INFO] [stdout] 
[INFO] [stdout] thread 'own_git_repo_7_day_min_interval' (2316) panicked at /opt/rustwide/cargo-home/registry/src/index.crates.io-1949cf8c6b5b557f/assert_cmd-1.0.2/src/assert.rs:348:17:
[INFO] [stdout] Unexpected stdout, failed var - original <= 0
[INFO] [stdout] ├── original:           	.rs	.a
[INFO] [stdout] 2021-01-24	196	4
[INFO] [stdout] 
[INFO] [stdout] ├── actual distance: 2
[INFO] [stdout] ├── diff: [91m          	.rs	.a
[INFO] [stdout] 2021-01-24	196	4
[INFO] [stdout] [0m
[INFO] [stdout] 
[INFO] [stdout] └── var as str: 
[INFO] [stdout] 
[INFO] [stdout] command=`"/opt/rustwide/target/release/git-repo-language-trends" "--min-interval=7" "--start-commit=v0.2.0" ".rs" ".a"`
[INFO] [stdout] code=0
[INFO] [stdout] stdout=``````
[INFO] [stdout] stderr=```Error: could not find repository from '.'; class=Repository (6); code=NotFound (-3)
[INFO] [stdout] ```
[INFO] [stdout] 
[INFO] [stdout] stack backtrace:
[INFO] [stdout]    0:     0x5ca9e73371b1 - <<std[70759c8f55707aa4]::sys::backtrace::BacktraceLock>::print::DisplayBacktrace as core[df12db4294e9bfd3]::fmt::Display>::fmt
[INFO] [stdout]    1:     0x5ca9e734ca8a - core[df12db4294e9bfd3]::fmt::write
[INFO] [stdout]    2:     0x5ca9e733ca5c - <alloc[2182bb758b4b3781]::vec::Vec<u8> as core[df12db4294e9bfd3]::io::write::Write>::write_fmt
[INFO] [stdout]    3:     0x5ca9e7312da6 - std[70759c8f55707aa4]::panicking::default_hook::{closure#0}
[INFO] [stdout]    4:     0x5ca9e732f7e9 - std[70759c8f55707aa4]::panicking::default_hook
[INFO] [stdout]    5:     0x5ca9e72bd820 - test[9d35eded1c95d3be]::test_main_inner::<test[9d35eded1c95d3be]::test_main_static::{closure#0}>::{closure#0}
[INFO] [stdout]    6:     0x5ca9e732f9a2 - std[70759c8f55707aa4]::panicking::panic_with_hook
[INFO] [stdout]    7:     0x5ca9e7312e52 - std[70759c8f55707aa4]::panicking::panic_handler::{closure#0}
[INFO] [stdout]    8:     0x5ca9e730bbd9 - std[70759c8f55707aa4]::sys::backtrace::__rust_end_short_backtrace::<std[70759c8f55707aa4]::panicking::panic_handler::{closure#0}, !>
[INFO] [stdout]    9:     0x5ca9e7313a4d - __rustc[8fa7c3cbc660c2b3]::rust_begin_unwind
[INFO] [stdout]   10:     0x5ca9e734d1bc - core[df12db4294e9bfd3]::panicking::panic_fmt
[INFO] [stdout]   11:     0x5ca9e72f4bb8 - <assert_cmd[d1aa8c52b979a2f1]::assert::Assert>::stdout_impl
[INFO] [stdout]   12:     0x5ca9e72af872 - <integration_tests[fe54e0caae476135]::own_git_repo_7_day_min_interval::{closure#0} as core[df12db4294e9bfd3]::ops::function::FnOnce<()>>::call_once
[INFO] [stdout]   13:     0x5ca9e72b0b0b - test[9d35eded1c95d3be]::__rust_begin_short_backtrace::<core[df12db4294e9bfd3]::result::Result<(), alloc[2182bb758b4b3781]::string::String>, fn() -> core[df12db4294e9bfd3]::result::Result<(), alloc[2182bb758b4b3781]::string::String>>
[INFO] [stdout]   14:     0x5ca9e72be175 - test[9d35eded1c95d3be]::run_test::{closure#0}
[INFO] [stdout]   15:     0x5ca9e72b7a34 - std[70759c8f55707aa4]::sys::backtrace::__rust_begin_short_backtrace::<test[9d35eded1c95d3be]::run_test::{closure#1}, ()>
[INFO] [stdout]   16:     0x5ca9e72c12d2 - <std[70759c8f55707aa4]::thread::lifecycle::spawn_unchecked<test[9d35eded1c95d3be]::run_test::{closure#1}, ()>::{closure#1} as core[df12db4294e9bfd3]::ops::function::FnOnce<()>>::call_once::{shim:vtable#0}
[INFO] [stdout]   17:     0x5ca9e7336a09 - <std[70759c8f55707aa4]::sys::thread::unix::Thread>::new::thread_start
[INFO] [stdout]   18:     0x78f1bb0fedfa - <unknown>
[INFO] [stdout]   19:     0x78f1bb1923d4 - clone
[INFO] [stdout]   20:                0x0 - <unknown>
[INFO] [stdout] 
[INFO] [stdout] ---- list stdout ----
[INFO] [stdout] 
[INFO] [stdout] thread 'list' (2311) panicked at /opt/rustwide/cargo-home/registry/src/index.crates.io-1949cf8c6b5b557f/assert_cmd-1.0.2/src/assert.rs:348:17:
[INFO] [stdout] Unexpected stdout, failed var - original <= 0
[INFO] [stdout] ├── original: Available extensions (in first commit):
[INFO] [stdout] .lock .rs .yml .md .toml .json .gitignore .a
[INFO] [stdout] 
[INFO] [stdout] ├── actual distance: 2
[INFO] [stdout] ├── diff: [91mAvailable extensions (in first commit):
[INFO] [stdout] .lock .rs .yml .md .toml .json .gitignore .a
[INFO] [stdout] [0m
[INFO] [stdout] 
[INFO] [stdout] └── var as str: 
[INFO] [stdout] 
[INFO] [stdout] command=`"/opt/rustwide/target/release/git-repo-language-trends" "--list" "--start-commit=v0.3.0"`
[INFO] [stdout] code=0
[INFO] [stdout] stdout=``````
[INFO] [stdout] stderr=```Error: could not find repository from '.'; class=Repository (6); code=NotFound (-3)
[INFO] [stdout] ```
[INFO] [stdout] 
[INFO] [stdout] stack backtrace:
[INFO] [stdout]    0:     0x5ca9e73371b1 - <<std[70759c8f55707aa4]::sys::backtrace::BacktraceLock>::print::DisplayBacktrace as core[df12db4294e9bfd3]::fmt::Display>::fmt
[INFO] [stdout]    1:     0x5ca9e734ca8a - core[df12db4294e9bfd3]::fmt::write
[INFO] [stdout]    2:     0x5ca9e733ca5c - <alloc[2182bb758b4b3781]::vec::Vec<u8> as core[df12db4294e9bfd3]::io::write::Write>::write_fmt
[INFO] [stdout]    3:     0x5ca9e7312da6 - std[70759c8f55707aa4]::panicking::default_hook::{closure#0}
[INFO] [stdout]    4:     0x5ca9e732f7e9 - std[70759c8f55707aa4]::panicking::default_hook
[INFO] [stdout]    5:     0x5ca9e72bd820 - test[9d35eded1c95d3be]::test_main_inner::<test[9d35eded1c95d3be]::test_main_static::{closure#0}>::{closure#0}
[INFO] [stdout]    6:     0x5ca9e732f9a2 - std[70759c8f55707aa4]::panicking::panic_with_hook
[INFO] [stdout]    7:     0x5ca9e7312e52 - std[70759c8f55707aa4]::panicking::panic_handler::{closure#0}
[INFO] [stdout]    8:     0x5ca9e730bbd9 - std[70759c8f55707aa4]::sys::backtrace::__rust_end_short_backtrace::<std[70759c8f55707aa4]::panicking::panic_handler::{closure#0}, !>
[INFO] [stdout]    9:     0x5ca9e7313a4d - __rustc[8fa7c3cbc660c2b3]::rust_begin_unwind
[INFO] [stdout]   10:     0x5ca9e734d1bc - core[df12db4294e9bfd3]::panicking::panic_fmt
[INFO] [stdout]   11:     0x5ca9e72f4bb8 - <assert_cmd[d1aa8c52b979a2f1]::assert::Assert>::stdout_impl
[INFO] [stdout]   12:     0x5ca9e72afede - <integration_tests[fe54e0caae476135]::list::{closure#0} as core[df12db4294e9bfd3]::ops::function::FnOnce<()>>::call_once
[INFO] [stdout]   13:     0x5ca9e72b0b0b - test[9d35eded1c95d3be]::__rust_begin_short_backtrace::<core[df12db4294e9bfd3]::result::Result<(), alloc[2182bb758b4b3781]::string::String>, fn() -> core[df12db4294e9bfd3]::result::Result<(), alloc[2182bb758b4b3781]::string::String>>
[INFO] [stdout]   14:     0x5ca9e72be175 - test[9d35eded1c95d3be]::run_test::{closure#0}
[INFO] [stdout]   15:     0x5ca9e72b7a34 - std[70759c8f55707aa4]::sys::backtrace::__rust_begin_short_backtrace::<test[9d35eded1c95d3be]::run_test::{closure#1}, ()>
[INFO] [stdout]   16:     0x5ca9e72c12d2 - <std[70759c8f55707aa4]::thread::lifecycle::spawn_unchecked<test[9d35eded1c95d3be]::run_test::{closure#1}, ()>::{closure#1} as core[df12db4294e9bfd3]::ops::function::FnOnce<()>>::call_once::{shim:vtable#0}
[INFO] [stdout]   17:     0x5ca9e7336a09 - <std[70759c8f55707aa4]::sys::thread::unix::Thread>::new::thread_start
[INFO] [stdout]   18:     0x78f1bb0fedfa - <unknown>
[INFO] [stdout]   19:     0x78f1bb1923d4 - clone
[INFO] [stdout]   20:                0x0 - <unknown>
[INFO] [stdout] 
[INFO] [stdout] ---- own_git_repo_1_day_min_interval stdout ----
[INFO] [stdout] 
[INFO] [stdout] thread 'own_git_repo_1_day_min_interval' (2315) panicked at /opt/rustwide/cargo-home/registry/src/index.crates.io-1949cf8c6b5b557f/assert_cmd-1.0.2/src/assert.rs:348:17:
[INFO] [stdout] Unexpected stdout, failed var - original <= 0
[INFO] [stdout] ├── original:           	.rs	.a
[INFO] [stdout] 2021-01-27	602	4
[INFO] [stdout] 2021-01-25	461	4
[INFO] [stdout] 2021-01-24	196	4
[INFO] [stdout] 2021-01-23	107	0
[INFO] [stdout] 2021-01-19	66	0
[INFO] [stdout] 
[INFO] [stdout] ├── actual distance: 6
[INFO] [stdout] ├── diff: [91m          	.rs	.a
[INFO] [stdout] 2021-01-27	602	4
[INFO] [stdout] 2021-01-25	461	4
[INFO] [stdout] 2021-01-24	196	4
[INFO] [stdout] 2021-01-23	107	0
[INFO] [stdout] 2021-01-19	66	0
[INFO] [stdout] [0m
[INFO] [stdout] 
[INFO] [stdout] └── var as str: 
[INFO] [stdout] 
[INFO] [stdout] command=`"/opt/rustwide/target/release/git-repo-language-trends" "--min-interval=1" "--start-commit=v0.3.0" ".rs" ".a"`
[INFO] [stdout] code=0
[INFO] [stdout] stdout=``````
[INFO] [stdout] stderr=```Error: could not find repository from '.'; class=Repository (6); code=NotFound (-3)
[INFO] [stdout] ```
[INFO] [stdout] 
[INFO] [stdout] stack backtrace:
[INFO] [stdout]    0:     0x5ca9e73371b1 - <<std[70759c8f55707aa4]::sys::backtrace::BacktraceLock>::print::DisplayBacktrace as core[df12db4294e9bfd3]::fmt::Display>::fmt
[INFO] [stdout]    1:     0x5ca9e734ca8a - core[df12db4294e9bfd3]::fmt::write
[INFO] [stdout]    2:     0x5ca9e733ca5c - <alloc[2182bb758b4b3781]::vec::Vec<u8> as core[df12db4294e9bfd3]::io::write::Write>::write_fmt
[INFO] [stdout]    3:     0x5ca9e7312da6 - std[70759c8f55707aa4]::panicking::default_hook::{closure#0}
[INFO] [stdout]    4:     0x5ca9e732f7e9 - std[70759c8f55707aa4]::panicking::default_hook
[INFO] [stdout]    5:     0x5ca9e72bd820 - test[9d35eded1c95d3be]::test_main_inner::<test[9d35eded1c95d3be]::test_main_static::{closure#0}>::{closure#0}
[INFO] [stdout]    6:     0x5ca9e732f9a2 - std[70759c8f55707aa4]::panicking::panic_with_hook
[INFO] [stdout]    7:     0x5ca9e7312e52 - std[70759c8f55707aa4]::panicking::panic_handler::{closure#0}
[INFO] [stdout]    8:     0x5ca9e730bbd9 - std[70759c8f55707aa4]::sys::backtrace::__rust_end_short_backtrace::<std[70759c8f55707aa4]::panicking::panic_handler::{closure#0}, !>
[INFO] [stdout]    9:     0x5ca9e7313a4d - __rustc[8fa7c3cbc660c2b3]::rust_begin_unwind
[INFO] [stdout]   10:     0x5ca9e734d1bc - core[df12db4294e9bfd3]::panicking::panic_fmt
[INFO] [stdout]   11:     0x5ca9e72f4bb8 - <assert_cmd[d1aa8c52b979a2f1]::assert::Assert>::stdout_impl
[INFO] [stdout]   12:     0x5ca9e72af512 - <integration_tests[fe54e0caae476135]::own_git_repo_1_day_min_interval::{closure#0} as core[df12db4294e9bfd3]::ops::function::FnOnce<()>>::call_once
[INFO] [stdout]   13:     0x5ca9e72b0b0b - test[9d35eded1c95d3be]::__rust_begin_short_backtrace::<core[df12db4294e9bfd3]::result::Result<(), alloc[2182bb758b4b3781]::string::String>, fn() -> core[df12db4294e9bfd3]::result::Result<(), alloc[2182bb758b4b3781]::string::String>>
[INFO] [stdout]   14:     0x5ca9e72be175 - test[9d35eded1c95d3be]::run_test::{closure#0}
[INFO] [stdout]   15:     0x5ca9e72b7a34 - std[70759c8f55707aa4]::sys::backtrace::__rust_begin_short_backtrace::<test[9d35eded1c95d3be]::run_test::{closure#1}, ()>
[INFO] [stdout]   16:     0x5ca9e72c12d2 - <std[70759c8f55707aa4]::thread::lifecycle::spawn_unchecked<test[9d35eded1c95d3be]::run_test::{closure#1}, ()>::{closure#1} as core[df12db4294e9bfd3]::ops::function::FnOnce<()>>::call_once::{shim:vtable#0}
[INFO] [stdout]   17:     0x5ca9e7336a09 - <std[70759c8f55707aa4]::sys::thread::unix::Thread>::new::thread_start
[INFO] [stdout]   18:     0x78f1bb0fedfa - <unknown>
[INFO] [stdout]   19:     0x78f1bb1923d4 - clone
[INFO] [stdout]   20:                0x0 - <unknown>
[INFO] [stdout] 
[INFO] [stdout] ---- benchmark stdout ----
[INFO] [stdout] 
[INFO] [stdout] thread 'benchmark' (2309) panicked at /opt/rustwide/cargo-home/registry/src/index.crates.io-1949cf8c6b5b557f/assert_cmd-1.0.2/src/assert.rs:348:17:
[INFO] [stdout] Unexpected stdout, failed var.contains("lines/second")
[INFO] [stdout] └── var as str: 
[INFO] [stdout] 
[INFO] [stdout] command=`"/opt/rustwide/target/release/git-repo-language-trends" "--benchmark" "--min-interval=0" ".yml"`
[INFO] [stdout] code=0
[INFO] [stdout] stdout=``````
[INFO] [stdout] stderr=```Error: could not find repository from '.'; class=Repository (6); code=NotFound (-3)
[INFO] [stdout] ```
[INFO] [stdout] 
[INFO] [stdout] stack backtrace:
[INFO] [stdout]    0:     0x5ca9e73371b1 - <<std[70759c8f55707aa4]::sys::backtrace::BacktraceLock>::print::DisplayBacktrace as core[df12db4294e9bfd3]::fmt::Display>::fmt
[INFO] [stdout]    1:     0x5ca9e734ca8a - core[df12db4294e9bfd3]::fmt::write
[INFO] [stdout]    2:     0x5ca9e733ca5c - <alloc[2182bb758b4b3781]::vec::Vec<u8> as core[df12db4294e9bfd3]::io::write::Write>::write_fmt
[INFO] [stdout]    3:     0x5ca9e7312da6 - std[70759c8f55707aa4]::panicking::default_hook::{closure#0}
[INFO] [stdout]    4:     0x5ca9e732f7e9 - std[70759c8f55707aa4]::panicking::default_hook
[INFO] [stdout]    5:     0x5ca9e72bd820 - test[9d35eded1c95d3be]::test_main_inner::<test[9d35eded1c95d3be]::test_main_static::{closure#0}>::{closure#0}
[INFO] [stdout]    6:     0x5ca9e732f9a2 - std[70759c8f55707aa4]::panicking::panic_with_hook
[INFO] [stdout]    7:     0x5ca9e7312e52 - std[70759c8f55707aa4]::panicking::panic_handler::{closure#0}
[INFO] [stdout]    8:     0x5ca9e730bbd9 - std[70759c8f55707aa4]::sys::backtrace::__rust_end_short_backtrace::<std[70759c8f55707aa4]::panicking::panic_handler::{closure#0}, !>
[INFO] [stdout]    9:     0x5ca9e7313a4d - __rustc[8fa7c3cbc660c2b3]::rust_begin_unwind
[INFO] [stdout]   10:     0x5ca9e734d1bc - core[df12db4294e9bfd3]::panicking::panic_fmt
[INFO] [stdout]   11:     0x5ca9e72f4bb8 - <assert_cmd[d1aa8c52b979a2f1]::assert::Assert>::stdout_impl
[INFO] [stdout]   12:     0x5ca9e72b0510 - <integration_tests[fe54e0caae476135]::benchmark::{closure#0} as core[df12db4294e9bfd3]::ops::function::FnOnce<()>>::call_once
[INFO] [stdout]   13:     0x5ca9e72b0b0b - test[9d35eded1c95d3be]::__rust_begin_short_backtrace::<core[df12db4294e9bfd3]::result::Result<(), alloc[2182bb758b4b3781]::string::String>, fn() -> core[df12db4294e9bfd3]::result::Result<(), alloc[2182bb758b4b3781]::string::String>>
[INFO] [stdout]   14:     0x5ca9e72be175 - test[9d35eded1c95d3be]::run_test::{closure#0}
[INFO] [stdout]   15:     0x5ca9e72b7a34 - std[70759c8f55707aa4]::sys::backtrace::__rust_begin_short_backtrace::<test[9d35eded1c95d3be]::run_test::{closure#1}, ()>
[INFO] [stdout]   16:     0x5ca9e72c12d2 - <std[70759c8f55707aa4]::thread::lifecycle::spawn_unchecked<test[9d35eded1c95d3be]::run_test::{closure#1}, ()>::{closure#1} as core[df12db4294e9bfd3]::ops::function::FnOnce<()>>::call_once::{shim:vtable#0}
[INFO] [stdout]   17:     0x5ca9e7336a09 - <std[70759c8f55707aa4]::sys::thread::unix::Thread>::new::thread_start
[INFO] [stdout]   18:     0x78f1bb0fedfa - <unknown>
[INFO] [stdout]   19:     0x78f1bb1923d4 - clone
[INFO] [stdout]   20:                0x0 - <unknown>
[INFO] [stdout] 
[INFO] [stdout] ---- own_git_repo_0_day_min_interval stdout ----
[INFO] [stdout] 
[INFO] [stdout] thread 'own_git_repo_0_day_min_interval' (2314) panicked at /opt/rustwide/cargo-home/registry/src/index.crates.io-1949cf8c6b5b557f/assert_cmd-1.0.2/src/assert.rs:348:17:
[INFO] [stdout] Unexpected stdout, failed var - original <= 0
[INFO] [stdout] ├── original:           	.yml	.rs
[INFO] [stdout] 2021-01-23	66	121
[INFO] [stdout] 2021-01-23	67	121
[INFO] [stdout] 2021-01-23	78	121
[INFO] [stdout] 2021-01-23	57	121
[INFO] [stdout] 2021-01-23	22	121
[INFO] [stdout] 2021-01-23	0	121
[INFO] [stdout] 2021-01-23	0	121
[INFO] [stdout] 2021-01-23	0	107
[INFO] [stdout] 2021-01-23	0	107
[INFO] [stdout] 2021-01-22	0	107
[INFO] [stdout] 2021-01-19	0	66
[INFO] [stdout] 2021-01-19	0	0
[INFO] [stdout] 2021-01-19	0	0
[INFO] [stdout] 
[INFO] [stdout] ├── actual distance: 14
[INFO] [stdout] ├── diff: [91m          	.yml	.rs
[INFO] [stdout] 2021-01-23	66	121
[INFO] [stdout] 2021-01-23	67	121
[INFO] [stdout] 2021-01-23	78	121
[INFO] [stdout] 2021-01-23	57	121
[INFO] [stdout] 2021-01-23	22	121
[INFO] [stdout] 2021-01-23	0	121
[INFO] [stdout] 2021-01-23	0	121
[INFO] [stdout] 2021-01-23	0	107
[INFO] [stdout] 2021-01-23	0	107
[INFO] [stdout] 2021-01-22	0	107
[INFO] [stdout] 2021-01-19	0	66
[INFO] [stdout] 2021-01-19	0	0
[INFO] [stdout] 2021-01-19	0	0
[INFO] [stdout] [0m
[INFO] [stdout] 
[INFO] [stdout] └── var as str: 
[INFO] [stdout] 
[INFO] [stdout] command=`"/opt/rustwide/target/release/git-repo-language-trends" "--min-interval=0" "--start-commit" "v0.1.2" ".yml" ".rs"`
[INFO] [stdout] code=0
[INFO] [stdout] stdout=``````
[INFO] [stdout] stderr=```Error: could not find repository from '.'; class=Repository (6); code=NotFound (-3)
[INFO] [stdout] ```
[INFO] [stdout] 
[INFO] [stdout] stack backtrace:
[INFO] [stdout]    0:     0x5ca9e73371b1 - <<std[70759c8f55707aa4]::sys::backtrace::BacktraceLock>::print::DisplayBacktrace as core[df12db4294e9bfd3]::fmt::Display>::fmt
[INFO] [stdout]    1:     0x5ca9e734ca8a - core[df12db4294e9bfd3]::fmt::write
[INFO] [stdout]    2:     0x5ca9e733ca5c - <alloc[2182bb758b4b3781]::vec::Vec<u8> as core[df12db4294e9bfd3]::io::write::Write>::write_fmt
[INFO] [stdout]    3:     0x5ca9e7312da6 - std[70759c8f55707aa4]::panicking::default_hook::{closure#0}
[INFO] [stdout]    4:     0x5ca9e732f7e9 - std[70759c8f55707aa4]::panicking::default_hook
[INFO] [stdout]    5:     0x5ca9e72bd820 - test[9d35eded1c95d3be]::test_main_inner::<test[9d35eded1c95d3be]::test_main_static::{closure#0}>::{closure#0}
[INFO] [stdout]    6:     0x5ca9e732f9a2 - std[70759c8f55707aa4]::panicking::panic_with_hook
[INFO] [stdout]    7:     0x5ca9e7312e52 - std[70759c8f55707aa4]::panicking::panic_handler::{closure#0}
[INFO] [stdout]    8:     0x5ca9e730bbd9 - std[70759c8f55707aa4]::sys::backtrace::__rust_end_short_backtrace::<std[70759c8f55707aa4]::panicking::panic_handler::{closure#0}, !>
[INFO] [stdout]    9:     0x5ca9e7313a4d - __rustc[8fa7c3cbc660c2b3]::rust_begin_unwind
[INFO] [stdout]   10:     0x5ca9e734d1bc - core[df12db4294e9bfd3]::panicking::panic_fmt
[INFO] [stdout]   11:     0x5ca9e72f4bb8 - <assert_cmd[d1aa8c52b979a2f1]::assert::Assert>::stdout_impl
[INFO] [stdout]   12:     0x5ca9e72af1ac - <integration_tests[fe54e0caae476135]::own_git_repo_0_day_min_interval::{closure#0} as core[df12db4294e9bfd3]::ops::function::FnOnce<()>>::call_once
[INFO] [stdout]   13:     0x5ca9e72b0b0b - test[9d35eded1c95d3be]::__rust_begin_short_backtrace::<core[df12db4294e9bfd3]::result::Result<(), alloc[2182bb758b4b3781]::string::String>, fn() -> core[df12db4294e9bfd3]::result::Result<(), alloc[2182bb758b4b3781]::string::String>>
[INFO] [stdout]   14:     0x5ca9e72be175 - test[9d35eded1c95d3be]::run_test::{closure#0}
[INFO] [stdout]   15:     0x5ca9e72b7a34 - std[70759c8f55707aa4]::sys::backtrace::__rust_begin_short_backtrace::<test[9d35eded1c95d3be]::run_test::{closure#1}, ()>
[INFO] [stdout]   16:     0x5ca9e72c12d2 - <std[70759c8f55707aa4]::thread::lifecycle::spawn_unchecked<test[9d35eded1c95d3be]::run_test::{closure#1}, ()>::{closure#1} as core[df12db4294e9bfd3]::ops::function::FnOnce<()>>::call_once::{shim:vtable#0}
[INFO] [stdout]   17:     0x5ca9e7336a09 - <std[70759c8f55707aa4]::sys::thread::unix::Thread>::new::thread_start
[INFO] [stdout]   18:     0x78f1bb0fedfa - <unknown>
[INFO] [stdout]   19:     0x78f1bb1923d4 - clone
[INFO] [stdout]   20:                0x0 - <unknown>
[INFO] [stdout] 
[INFO] [stdout] ---- interval_calculated_for_last_printed_commit_only stdout ----
[INFO] [stdout] 
[INFO] [stdout] thread 'interval_calculated_for_last_printed_commit_only' (2310) panicked at /opt/rustwide/cargo-home/registry/src/index.crates.io-1949cf8c6b5b557f/assert_cmd-1.0.2/src/assert.rs:348:17:
[INFO] [stdout] Unexpected stdout, failed var - original <= 0
[INFO] [stdout] ├── original:           	.rs
[INFO] [stdout] 2021-01-27	602
[INFO] [stdout] 2021-01-24	196
[INFO] [stdout] 2021-01-19	66
[INFO] [stdout] 
[INFO] [stdout] ├── actual distance: 4
[INFO] [stdout] ├── diff: [91m          	.rs
[INFO] [stdout] 2021-01-27	602
[INFO] [stdout] 2021-01-24	196
[INFO] [stdout] 2021-01-19	66
[INFO] [stdout] [0m
[INFO] [stdout] 
[INFO] [stdout] └── var as str: 
[INFO] [stdout] 
[INFO] [stdout] command=`"/opt/rustwide/target/release/git-repo-language-trends" "--min-interval=2" "--start-commit=v0.3.0" ".rs"`
[INFO] [stdout] code=0
[INFO] [stdout] stdout=``````
[INFO] [stdout] stderr=```Error: could not find repository from '.'; class=Repository (6); code=NotFound (-3)
[INFO] [stdout] ```
[INFO] [stdout] 
[INFO] [stdout] stack backtrace:
[INFO] [stdout]    0:     0x5ca9e73371b1 - <<std[70759c8f55707aa4]::sys::backtrace::BacktraceLock>::print::DisplayBacktrace as core[df12db4294e9bfd3]::fmt::Display>::fmt
[INFO] [stdout]    1:     0x5ca9e734ca8a - core[df12db4294e9bfd3]::fmt::write
[INFO] [stdout]    2:     0x5ca9e733ca5c - <alloc[2182bb758b4b3781]::vec::Vec<u8> as core[df12db4294e9bfd3]::io::write::Write>::write_fmt
[INFO] [stdout]    3:     0x5ca9e7312da6 - std[70759c8f55707aa4]::panicking::default_hook::{closure#0}
[INFO] [stdout]    4:     0x5ca9e732f7e9 - std[70759c8f55707aa4]::panicking::default_hook
[INFO] [stdout]    5:     0x5ca9e72bd820 - test[9d35eded1c95d3be]::test_main_inner::<test[9d35eded1c95d3be]::test_main_static::{closure#0}>::{closure#0}
[INFO] [stdout]    6:     0x5ca9e732f9a2 - std[70759c8f55707aa4]::panicking::panic_with_hook
[INFO] [stdout]    7:     0x5ca9e7312e52 - std[70759c8f55707aa4]::panicking::panic_handler::{closure#0}
[INFO] [stdout]    8:     0x5ca9e730bbd9 - std[70759c8f55707aa4]::sys::backtrace::__rust_end_short_backtrace::<std[70759c8f55707aa4]::panicking::panic_handler::{closure#0}, !>
[INFO] [stdout]    9:     0x5ca9e7313a4d - __rustc[8fa7c3cbc660c2b3]::rust_begin_unwind
[INFO] [stdout]   10:     0x5ca9e734d1bc - core[df12db4294e9bfd3]::panicking::panic_fmt
[INFO] [stdout]   11:     0x5ca9e72f4bb8 - <assert_cmd[d1aa8c52b979a2f1]::assert::Assert>::stdout_impl
[INFO] [stdout]   12:     0x5ca9e72afbb8 - <integration_tests[fe54e0caae476135]::interval_calculated_for_last_printed_commit_only::{closure#0} as core[df12db4294e9bfd3]::ops::function::FnOnce<()>>::call_once
[INFO] [stdout]   13:     0x5ca9e72b0b0b - test[9d35eded1c95d3be]::__rust_begin_short_backtrace::<core[df12db4294e9bfd3]::result::Result<(), alloc[2182bb758b4b3781]::string::String>, fn() -> core[df12db4294e9bfd3]::result::Result<(), alloc[2182bb758b4b3781]::string::String>>
[INFO] [stdout]   14:     0x5ca9e72be175 - test[9d35eded1c95d3be]::run_test::{closure#0}
[INFO] [stdout]   15:     0x5ca9e72b7a34 - std[70759c8f55707aa4]::sys::backtrace::__rust_begin_short_backtrace::<test[9d35eded1c95d3be]::run_test::{closure#1}, ()>
[INFO] [stdout]   16:     0x5ca9e72c12d2 - <std[70759c8f55707aa4]::thread::lifecycle::spawn_unchecked<test[9d35eded1c95d3be]::run_test::{closure#1}, ()>::{closure#1} as core[df12db4294e9bfd3]::ops::function::FnOnce<()>>::call_once::{shim:vtable#0}
[INFO] [stdout]   17:     0x5ca9e7336a09 - <std[70759c8f55707aa4]::sys::thread::unix::Thread>::new::thread_start
[INFO] [stdout]   18:     0x78f1bb0fedfa - <unknown>
[INFO] [stdout]   19:     0x78f1bb1923d4 - clone
[INFO] [stdout]   20:                0x0 - <unknown>
[INFO] [stdout] 
[INFO] [stdout] ---- no_filter stdout ----
[INFO] [stdout] 
[INFO] [stdout] thread 'no_filter' (2313) panicked at /opt/rustwide/cargo-home/registry/src/index.crates.io-1949cf8c6b5b557f/assert_cmd-1.0.2/src/assert.rs:348:17:
[INFO] [stdout] Unexpected stdout, failed var - original <= 0
[INFO] [stdout] ├── original:           	.rs	.yml	.md
[INFO] [stdout] 2021-01-24	196	68	40
[INFO] [stdout] 2021-01-19	66	0	2
[INFO] [stdout] 
[INFO] [stdout] ├── actual distance: 3
[INFO] [stdout] ├── diff: [91m          	.rs	.yml	.md
[INFO] [stdout] 2021-01-24	196	68	40
[INFO] [stdout] 2021-01-19	66	0	2
[INFO] [stdout] [0m
[INFO] [stdout] 
[INFO] [stdout] └── var as str: 
[INFO] [stdout] 
[INFO] [stdout] command=`"/opt/rustwide/target/release/git-repo-language-trends" "--start-commit=v0.2.0" "--min-interval=2"`
[INFO] [stdout] code=0
[INFO] [stdout] stdout=``````
[INFO] [stdout] stderr=```Error: could not find repository from '.'; class=Repository (6); code=NotFound (-3)
[INFO] [stdout] ```
[INFO] [stdout] 
[INFO] [stdout] stack backtrace:
[INFO] [stdout]    0:     0x5ca9e73371b1 - <<std[70759c8f55707aa4]::sys::backtrace::BacktraceLock>::print::DisplayBacktrace as core[df12db4294e9bfd3]::fmt::Display>::fmt
[INFO] [stdout]    1:     0x5ca9e734ca8a - core[df12db4294e9bfd3]::fmt::write
[INFO] [stdout]    2:     0x5ca9e733ca5c - <alloc[2182bb758b4b3781]::vec::Vec<u8> as core[df12db4294e9bfd3]::io::write::Write>::write_fmt
[INFO] [stdout]    3:     0x5ca9e7312da6 - std[70759c8f55707aa4]::panicking::default_hook::{closure#0}
[INFO] [stdout]    4:     0x5ca9e732f7e9 - std[70759c8f55707aa4]::panicking::default_hook
[INFO] [stdout]    5:     0x5ca9e72bd820 - test[9d35eded1c95d3be]::test_main_inner::<test[9d35eded1c95d3be]::test_main_static::{closure#0}>::{closure#0}
[INFO] [stdout]    6:     0x5ca9e732f9a2 - std[70759c8f55707aa4]::panicking::panic_with_hook
[INFO] [stdout]    7:     0x5ca9e7312e52 - std[70759c8f55707aa4]::panicking::panic_handler::{closure#0}
[INFO] [stdout]    8:     0x5ca9e730bbd9 - std[70759c8f55707aa4]::sys::backtrace::__rust_end_short_backtrace::<std[70759c8f55707aa4]::panicking::panic_handler::{closure#0}, !>
[INFO] [stdout]    9:     0x5ca9e7313a4d - __rustc[8fa7c3cbc660c2b3]::rust_begin_unwind
[INFO] [stdout]   10:     0x5ca9e734d1bc - core[df12db4294e9bfd3]::panicking::panic_fmt
[INFO] [stdout]   11:     0x5ca9e72f4bb8 - <assert_cmd[d1aa8c52b979a2f1]::assert::Assert>::stdout_impl
[INFO] [stdout]   12:     0x5ca9e72b082e - <integration_tests[fe54e0caae476135]::no_filter::{closure#0} as core[df12db4294e9bfd3]::ops::function::FnOnce<()>>::call_once
[INFO] [stdout]   13:     0x5ca9e72b0b0b - test[9d35eded1c95d3be]::__rust_begin_short_backtrace::<core[df12db4294e9bfd3]::result::Result<(), alloc[2182bb758b4b3781]::string::String>, fn() -> core[df12db4294e9bfd3]::result::Result<(), alloc[2182bb758b4b3781]::string::String>>
[INFO] [stdout]   14:     0x5ca9e72be175 - test[9d35eded1c95d3be]::run_test::{closure#0}
[INFO] [stdout]   15:     0x5ca9e72b7a34 - std[70759c8f55707aa4]::sys::backtrace::__rust_begin_short_backtrace::<test[9d35eded1c95d3be]::run_test::{closure#1}, ()>
[INFO] [stdout]   16:     0x5ca9e72c12d2 - <std[70759c8f55707aa4]::thread::lifecycle::spawn_unchecked<test[9d35eded1c95d3be]::run_test::{closure#1}, ()>::{closure#1} as core[df12db4294e9bfd3]::ops::function::FnOnce<()>>::call_once::{shim:vtable#0}
[INFO] [stdout]   17:     0x5ca9e7336a09 - <std[70759c8f55707aa4]::sys::thread::unix::Thread>::new::thread_start
[INFO] [stdout]   18:     0x78f1bb0fedfa - <unknown>
[INFO] [stdout]   19:     0x78f1bb1923d4 - clone
[INFO] [stdout]   20:                0x0 - <unknown>
[INFO] [stdout] 
[INFO] [stdout] ---- all_parents stdout ----
[INFO] [stdout] 
[INFO] [stdout] thread 'all_parents' (2307) panicked at /opt/rustwide/cargo-home/registry/src/index.crates.io-1949cf8c6b5b557f/assert_cmd-1.0.2/src/assert.rs:348:17:
[INFO] [stdout] Unexpected stdout, failed var - original <= 0
[INFO] [stdout] ├── original:           	.rs
[INFO] [stdout] 2021-01-24	196
[INFO] [stdout] 2021-01-24	196
[INFO] [stdout] 2021-01-24	196
[INFO] [stdout] 2021-01-24	196
[INFO] [stdout] 2021-01-24	196
[INFO] [stdout] 2021-01-24	192
[INFO] [stdout] 2021-01-24	192
[INFO] [stdout] 2021-01-24	192
[INFO] [stdout] 2021-01-24	185
[INFO] [stdout] 2021-01-24	166
[INFO] [stdout] 
[INFO] [stdout] ├── actual distance: 11
[INFO] [stdout] ├── diff: [91m          	.rs
[INFO] [stdout] 2021-01-24	196
[INFO] [stdout] 2021-01-24	196
[INFO] [stdout] 2021-01-24	196
[INFO] [stdout] 2021-01-24	196
[INFO] [stdout] 2021-01-24	196
[INFO] [stdout] 2021-01-24	192
[INFO] [stdout] 2021-01-24	192
[INFO] [stdout] 2021-01-24	192
[INFO] [stdout] 2021-01-24	185
[INFO] [stdout] 2021-01-24	166
[INFO] [stdout] [0m
[INFO] [stdout] 
[INFO] [stdout] └── var as str: 
[INFO] [stdout] 
[INFO] [stdout] command=`"/opt/rustwide/target/release/git-repo-language-trends" "--all-parents" "--min-interval=0" "--max-rows=10" "--start-commit=v0.2.0" ".rs"`
[INFO] [stdout] code=0
[INFO] [stdout] stdout=``````
[INFO] [stdout] stderr=```Error: could not find repository from '.'; class=Repository (6); code=NotFound (-3)
[INFO] [stdout] ```
[INFO] [stdout] 
[INFO] [stdout] stack backtrace:
[INFO] [stdout]    0:     0x5ca9e73371b1 - <<std[70759c8f55707aa4]::sys::backtrace::BacktraceLock>::print::DisplayBacktrace as core[df12db4294e9bfd3]::fmt::Display>::fmt
[INFO] [stdout]    1:     0x5ca9e734ca8a - core[df12db4294e9bfd3]::fmt::write
[INFO] [stdout]    2:     0x5ca9e733ca5c - <alloc[2182bb758b4b3781]::vec::Vec<u8> as core[df12db4294e9bfd3]::io::write::Write>::write_fmt
[INFO] [stdout]    3:     0x5ca9e7312da6 - std[70759c8f55707aa4]::panicking::default_hook::{closure#0}
[INFO] [stdout]    4:     0x5ca9e732f7e9 - std[70759c8f55707aa4]::panicking::default_hook
[INFO] [stdout]    5:     0x5ca9e72bd820 - test[9d35eded1c95d3be]::test_main_inner::<test[9d35eded1c95d3be]::test_main_static::{closure#0}>::{closure#0}
[INFO] [stdout]    6:     0x5ca9e732f9a2 - std[70759c8f55707aa4]::panicking::panic_with_hook
[INFO] [stdout]    7:     0x5ca9e7312e52 - std[70759c8f55707aa4]::panicking::panic_handler::{closure#0}
[INFO] [stdout]    8:     0x5ca9e730bbd9 - std[70759c8f55707aa4]::sys::backtrace::__rust_end_short_backtrace::<std[70759c8f55707aa4]::panicking::panic_handler::{closure#0}, !>
[INFO] [stdout]    9:     0x5ca9e7313a4d - __rustc[8fa7c3cbc660c2b3]::rust_begin_unwind
[INFO] [stdout]   10:     0x5ca9e734d1bc - core[df12db4294e9bfd3]::panicking::panic_fmt
[INFO] [stdout]   11:     0x5ca9e72f4bb8 - <assert_cmd[d1aa8c52b979a2f1]::assert::Assert>::stdout_impl
[INFO] [stdout]   12:     0x5ca9e72ae42c - <integration_tests[fe54e0caae476135]::all_parents::{closure#0} as core[df12db4294e9bfd3]::ops::function::FnOnce<()>>::call_once
[INFO] [stdout]   13:     0x5ca9e72b0b0b - test[9d35eded1c95d3be]::__rust_begin_short_backtrace::<core[df12db4294e9bfd3]::result::Result<(), alloc[2182bb758b4b3781]::string::String>, fn() -> core[df12db4294e9bfd3]::result::Result<(), alloc[2182bb758b4b3781]::string::String>>
[INFO] [stdout]   14:     0x5ca9e72be175 - test[9d35eded1c95d3be]::run_test::{closure#0}
[INFO] [stdout]   15:     0x5ca9e72b7a34 - std[70759c8f55707aa4]::sys::backtrace::__rust_begin_short_backtrace::<test[9d35eded1c95d3be]::run_test::{closure#1}, ()>
[INFO] [stdout]   16:     0x5ca9e72c12d2 - <std[70759c8f55707aa4]::thread::lifecycle::spawn_unchecked<test[9d35eded1c95d3be]::run_test::{closure#1}, ()>::{closure#1} as core[df12db4294e9bfd3]::ops::function::FnOnce<()>>::call_once::{shim:vtable#0}
[INFO] [stdout]   17:     0x5ca9e7336a09 - <std[70759c8f55707aa4]::sys::thread::unix::Thread>::new::thread_start
[INFO] [stdout]   18:     0x78f1bb0fedfa - <unknown>
[INFO] [stdout]   19:     0x78f1bb1923d4 - clone
[INFO] [stdout]   20:                0x0 - <unknown>
[INFO] [stdout] 
[INFO] [stdout] ---- own_git_repo_max_rows_0 stdout ----
[INFO] [stdout] 
[INFO] [stdout] thread 'own_git_repo_max_rows_0' (2317) panicked at /opt/rustwide/cargo-home/registry/src/index.crates.io-1949cf8c6b5b557f/assert_cmd-1.0.2/src/assert.rs:348:17:
[INFO] [stdout] Unexpected stdout, failed var - original <= 0
[INFO] [stdout] ├── original:           	.yml	.rs
[INFO] [stdout] 
[INFO] [stdout] ├── actual distance: 1
[INFO] [stdout] ├── diff: [91m          	.yml	.rs
[INFO] [stdout] [0m
[INFO] [stdout] 
[INFO] [stdout] └── var as str: 
[INFO] [stdout] 
[INFO] [stdout] command=`"/opt/rustwide/target/release/git-repo-language-trends" "--max-rows=0" "--start-commit=v0.1.2" ".yml" ".rs"`
[INFO] [stdout] code=0
[INFO] [stdout] stdout=``````
[INFO] [stdout] stderr=```Error: could not find repository from '.'; class=Repository (6); code=NotFound (-3)
[INFO] [stdout] ```
[INFO] [stdout] 
[INFO] [stdout] stack backtrace:
[INFO] [stdout]    0:     0x5ca9e73371b1 - <<std[70759c8f55707aa4]::sys::backtrace::BacktraceLock>::print::DisplayBacktrace as core[df12db4294e9bfd3]::fmt::Display>::fmt
[INFO] [stdout]    1:     0x5ca9e734ca8a - core[df12db4294e9bfd3]::fmt::write
[INFO] [stdout]    2:     0x5ca9e733ca5c - <alloc[2182bb758b4b3781]::vec::Vec<u8> as core[df12db4294e9bfd3]::io::write::Write>::write_fmt
[INFO] [stdout]    3:     0x5ca9e7312da6 - std[70759c8f55707aa4]::panicking::default_hook::{closure#0}
[INFO] [stdout]    4:     0x5ca9e732f7e9 - std[70759c8f55707aa4]::panicking::default_hook
[INFO] [stdout]    5:     0x5ca9e72bd820 - test[9d35eded1c95d3be]::test_main_inner::<test[9d35eded1c95d3be]::test_main_static::{closure#0}>::{closure#0}
[INFO] [stdout]    6:     0x5ca9e732f9a2 - std[70759c8f55707aa4]::panicking::panic_with_hook
[INFO] [stdout]    7:     0x5ca9e7312e52 - std[70759c8f55707aa4]::panicking::panic_handler::{closure#0}
[INFO] [stdout]    8:     0x5ca9e730bbd9 - std[70759c8f55707aa4]::sys::backtrace::__rust_end_short_backtrace::<std[70759c8f55707aa4]::panicking::panic_handler::{closure#0}, !>
[INFO] [stdout]    9:     0x5ca9e7313a4d - __rustc[8fa7c3cbc660c2b3]::rust_begin_unwind
[INFO] [stdout]   10:     0x5ca9e734d1bc - core[df12db4294e9bfd3]::panicking::panic_fmt
[INFO] [stdout]   11:     0x5ca9e72f4bb8 - <assert_cmd[d1aa8c52b979a2f1]::assert::Assert>::stdout_impl
[INFO] [stdout]   12:     0x5ca9e72aeab2 - <integration_tests[fe54e0caae476135]::own_git_repo_max_rows_0::{closure#0} as core[df12db4294e9bfd3]::ops::function::FnOnce<()>>::call_once
[INFO] [stdout]   13:     0x5ca9e72b0b0b - test[9d35eded1c95d3be]::__rust_begin_short_backtrace::<core[df12db4294e9bfd3]::result::Result<(), alloc[2182bb758b4b3781]::string::String>, fn() -> core[df12db4294e9bfd3]::result::Result<(), alloc[2182bb758b4b3781]::string::String>>
[INFO] [stdout]   14:     0x5ca9e72be175 - test[9d35eded1c95d3be]::run_test::{closure#0}
[INFO] [stdout]   15:     0x5ca9e72b7a34 - std[70759c8f55707aa4]::sys::backtrace::__rust_begin_short_backtrace::<test[9d35eded1c95d3be]::run_test::{closure#1}, ()>
[INFO] [stdout]   16:     0x5ca9e72c12d2 - <std[70759c8f55707aa4]::thread::lifecycle::spawn_unchecked<test[9d35eded1c95d3be]::run_test::{closure#1}, ()>::{closure#1} as core[df12db4294e9bfd3]::ops::function::FnOnce<()>>::call_once::{shim:vtable#0}
[INFO] [stdout]   17:     0x5ca9e7336a09 - <std[70759c8f55707aa4]::sys::thread::unix::Thread>::new::thread_start
[INFO] [stdout]   18:     0x78f1bb0fedfa - <unknown>
[INFO] [stdout]   19:     0x78f1bb1923d4 - clone
[INFO] [stdout]   20:                0x0 - <unknown>
[INFO] [stdout] 
[INFO] [stdout] 
[INFO] [stdout] failures:
[INFO] [stdout]     all_parents
[INFO] [stdout]     auto_sum
[INFO] [stdout]     benchmark
[INFO] [stdout]     interval_calculated_for_last_printed_commit_only
[INFO] [stdout]     list
[INFO] [stdout]     no_filter
[INFO] [stdout]     own_git_repo_0_day_min_interval
[INFO] [stdout]     own_git_repo_1_day_min_interval
[INFO] [stdout]     own_git_repo_7_day_min_interval
[INFO] [stdout]     own_git_repo_max_rows_0
[INFO] [stdout]     own_git_repo_max_rows_5
[INFO] [stdout] 
[INFO] [stdout] test result: FAILED. 1 passed; 11 failed; 0 ignored; 0 measured; 0 filtered out; finished in 0.02s
[INFO] [stdout] 
[INFO] [stderr] error: test failed, to rerun pass `--test integration_tests`
[INFO] running `Command { std: "docker" "inspect" "1e81d882fe7399f4ac054efb73a57612082cfdcd5063df3b4d3693601f41d737", kill_on_drop: false }`
[INFO] running `Command { std: "docker" "rm" "-f" "1e81d882fe7399f4ac054efb73a57612082cfdcd5063df3b4d3693601f41d737", kill_on_drop: false }`
[INFO] [stdout] 1e81d882fe7399f4ac054efb73a57612082cfdcd5063df3b4d3693601f41d737
