[INFO] fetching crate git-proc 0.6.0...
[INFO] testing git-proc-0.6.0 against 1.100.0-beta.1+cargoflags=--release for beta-release-1.100-2
[INFO] extracting crate git-proc 0.6.0 into /workspace/builds/worker-2-tc2/source
[INFO] started tweaking crates.io crate git-proc 0.6.0
[INFO] finished tweaking crates.io crate git-proc 0.6.0
[INFO] tweaked toml for crates.io crate git-proc 0.6.0 written to /workspace/builds/worker-2-tc2/source/Cargo.toml
[INFO] validating manifest of crates.io crate git-proc 0.6.0 on toolchain 1.100.0-beta.1
[INFO] running `Command { std: CARGO_HOME="/workspace/cargo-home" RUSTUP_HOME="/workspace/rustup-home" "/workspace/cargo-home/bin/cargo" "+1.100.0-beta.1" "metadata" "--manifest-path" "Cargo.toml" "--no-deps", kill_on_drop: false }`
[INFO] crate crates.io crate git-proc 0.6.0 already has a lockfile, it will not be regenerated
[INFO] running `Command { std: CARGO_HOME="/workspace/cargo-home" RUSTUP_HOME="/workspace/rustup-home" "/workspace/cargo-home/bin/cargo" "+1.100.0-beta.1" "fetch" "--manifest-path" "Cargo.toml", kill_on_drop: false }`
[INFO] running `Command { std: "docker" "create" "-v" "/var/lib/crater-agent-workspace/builds/worker-2-tc2/source:/opt/rustwide/workdir:ro,Z" "-v" "/var/lib/crater-agent-workspace/builds/worker-2-tc2/target:/opt/rustwide/target:rw,Z" "-v" "/var/lib/crater-agent-workspace/cargo-home:/opt/rustwide/cargo-home:ro,Z" "-v" "/var/lib/crater-agent-workspace/rustup-home:/opt/rustwide/rustup-home:ro,Z" "-m" "1610612736" "--network" "none" "ghcr.io/rust-lang/crates-build-env/linux@sha256:77db811e55d90add9212f6832c23229e3de5f1c1f9905e8cb07319ea15df73ac" "sleep" "infinity", kill_on_drop: false }`
[INFO] [stdout] 1d98819575daf784e172311d1e1e3841455de2cdc84dd226064b7951fd57929d
[INFO] running `Command { std: "docker" "start" "1d98819575daf784e172311d1e1e3841455de2cdc84dd226064b7951fd57929d", kill_on_drop: false }`
[INFO] running `Command { std: "docker" "inspect" "1d98819575daf784e172311d1e1e3841455de2cdc84dd226064b7951fd57929d", kill_on_drop: false }`
[INFO] running `Command { std: "docker" "exec" "-e" "SOURCE_DIR=/opt/rustwide/workdir" "-e" "CARGO_HOME=/opt/rustwide/cargo-home" "-e" "RUSTUP_HOME=/opt/rustwide/rustup-home" "-e" "CARGO_TARGET_DIR=/opt/rustwide/target" "-w" "/opt/rustwide/workdir" "--user" "0:0" "1d98819575daf784e172311d1e1e3841455de2cdc84dd226064b7951fd57929d" "/opt/rustwide/cargo-home/bin/cargo" "+1.100.0-beta.1" "metadata" "--no-deps" "--format-version=1", kill_on_drop: false }`
[INFO] running `Command { std: "docker" "inspect" "1d98819575daf784e172311d1e1e3841455de2cdc84dd226064b7951fd57929d", kill_on_drop: false }`
[INFO] running `Command { std: "docker" "exec" "-e" "SOURCE_DIR=/opt/rustwide/workdir" "-e" "CARGO_HOME=/opt/rustwide/cargo-home" "-e" "RUSTUP_HOME=/opt/rustwide/rustup-home" "-e" "CARGO_TARGET_DIR=/opt/rustwide/target" "-e" "CARGO_INCREMENTAL=0" "-e" "RUST_BACKTRACE=full" "-e" "RUSTFLAGS=--cap-lints=warn" "-e" "RUSTDOCFLAGS=--cap-lints=warn" "-w" "/opt/rustwide/workdir" "--user" "0:0" "1d98819575daf784e172311d1e1e3841455de2cdc84dd226064b7951fd57929d" "/opt/rustwide/cargo-home/bin/cargo" "+1.100.0-beta.1" "build" "--frozen" "--message-format=json" "--release", kill_on_drop: false }`
[INFO] [stderr]    Compiling syn v2.0.117
[INFO] [stderr]    Compiling log v0.4.32
[INFO] [stderr]    Compiling synstructure v0.13.2
[INFO] [stderr]    Compiling zerovec-derive v0.11.3
[INFO] [stderr]    Compiling displaydoc v0.2.6
[INFO] [stderr]    Compiling tokio-macros v2.7.0
[INFO] [stderr]    Compiling thiserror-impl v2.0.18
[INFO] [stderr]    Compiling serde_derive v1.0.228
[INFO] [stderr]    Compiling zerofrom-derive v0.1.7
[INFO] [stderr]    Compiling yoke-derive v0.8.2
[INFO] [stderr]    Compiling tokio v1.52.3
[INFO] [stderr]    Compiling zerofrom v0.1.8
[INFO] [stderr]    Compiling yoke v0.8.3
[INFO] [stderr]    Compiling zerovec v0.11.6
[INFO] [stderr]    Compiling zerotrie v0.2.4
[INFO] [stderr]    Compiling thiserror v2.0.18
[INFO] [stderr]    Compiling tinystr v0.8.3
[INFO] [stderr]    Compiling potential_utf v0.1.5
[INFO] [stderr]    Compiling icu_collections v2.2.0
[INFO] [stderr]    Compiling icu_locale_core v2.2.0
[INFO] [stderr]    Compiling serde v1.0.228
[INFO] [stderr]    Compiling icu_provider v2.2.0
[INFO] [stderr]    Compiling icu_properties v2.2.0
[INFO] [stderr]    Compiling icu_normalizer v2.2.0
[INFO] [stderr]    Compiling cmd-proc v0.6.2
[INFO] [stderr]    Compiling idna_adapter v1.2.2
[INFO] [stderr]    Compiling idna v1.1.0
[INFO] [stderr]    Compiling url v2.5.8
[INFO] [stderr]    Compiling git-proc v0.6.0 (/opt/rustwide/workdir)
[INFO] [stderr]     Finished `release` profile [optimized] target(s) in 40.76s
[INFO] running `Command { std: "docker" "inspect" "1d98819575daf784e172311d1e1e3841455de2cdc84dd226064b7951fd57929d", kill_on_drop: false }`
[INFO] running `Command { std: "docker" "exec" "-e" "SOURCE_DIR=/opt/rustwide/workdir" "-e" "CARGO_HOME=/opt/rustwide/cargo-home" "-e" "RUSTUP_HOME=/opt/rustwide/rustup-home" "-e" "CARGO_TARGET_DIR=/opt/rustwide/target" "-e" "CARGO_INCREMENTAL=0" "-e" "RUST_BACKTRACE=full" "-e" "RUSTFLAGS=--cap-lints=warn" "-e" "RUSTDOCFLAGS=--cap-lints=warn" "-w" "/opt/rustwide/workdir" "--user" "0:0" "1d98819575daf784e172311d1e1e3841455de2cdc84dd226064b7951fd57929d" "/opt/rustwide/cargo-home/bin/cargo" "+1.100.0-beta.1" "test" "--frozen" "--no-run" "--message-format=json" "--release", kill_on_drop: false }`
[INFO] [stderr]    Compiling serde_json v1.0.150
[INFO] [stderr]    Compiling memchr v2.8.1
[INFO] [stderr]    Compiling git-proc v0.6.0 (/opt/rustwide/workdir)
[INFO] [stderr]     Finished `release` profile [optimized] target(s) in 8.32s
[INFO] running `Command { std: "docker" "inspect" "1d98819575daf784e172311d1e1e3841455de2cdc84dd226064b7951fd57929d", kill_on_drop: false }`
[INFO] running `Command { std: "docker" "exec" "-e" "SOURCE_DIR=/opt/rustwide/workdir" "-e" "CARGO_HOME=/opt/rustwide/cargo-home" "-e" "RUSTUP_HOME=/opt/rustwide/rustup-home" "-e" "CARGO_TARGET_DIR=/opt/rustwide/target" "-e" "CARGO_INCREMENTAL=0" "-e" "RUST_BACKTRACE=full" "-e" "RUSTFLAGS=--cap-lints=warn" "-e" "RUSTDOCFLAGS=--cap-lints=warn" "-w" "/opt/rustwide/workdir" "--user" "0:0" "1d98819575daf784e172311d1e1e3841455de2cdc84dd226064b7951fd57929d" "/opt/rustwide/cargo-home/bin/cargo" "+1.100.0-beta.1" "test" "--frozen" "--release", kill_on_drop: false }`
[INFO] [stderr]     Finished `release` profile [optimized] target(s) in 0.11s
[INFO] [stdout] 
[INFO] [stderr]      Running unittests src/lib.rs (/opt/rustwide/target/release/build/git-proc/a4482a76a5b41262/out/git_proc-a4482a76a5b41262)
[INFO] [stdout] running 75 tests
[INFO] [stdout] test branch::tests::test_from_static_or_panic ... ok
[INFO] [stdout] test branch::tests::test_deserialize_invalid ... ok
[INFO] [stdout] test branch::tests::test_display ... ok
[INFO] [stdout] test branch::tests::test_has_parents ... ok
[INFO] [stdout] test branch::tests::test_deserialize ... ok
[INFO] [stdout] test branch::tests::test_serialize ... ok
[INFO] [stdout] test commit_id::tests::test_from_static_or_panic ... ok
[INFO] [stdout] test branch::tests::test_valid_branch ... ok
[INFO] [stdout] test commit_id::tests::test_abbreviated_rejected ... ok
[INFO] [stdout] test commit_id::tests::test_empty ... ok
[INFO] [stdout] test commit_id::tests::test_non_hex ... ok
[INFO] [stdout] test branch::tests::test_invalid_passes_through ... ok
[INFO] [stdout] test commit_id::tests::test_serde_roundtrip ... ok
[INFO] [stdout] test commit_id::tests::test_uppercase_accepted ... ok
[INFO] [stdout] test commit_id::tests::test_valid_sha1 ... ok
[INFO] [stdout] test commit_id::tests::test_valid_sha256 ... ok
[INFO] [stdout] test commit_id::tests::test_wrong_length ... ok
[INFO] [stdout] test ref_format::tests::test_component_ends_with_lock ... ok
[INFO] [stdout] test ref_format::tests::test_contains_at_brace ... ok
[INFO] [stdout] test ref_format::tests::test_contains_control_character ... ok
[INFO] [stdout] test ref_format::tests::test_contains_double_dot ... ok
[INFO] [stdout] test ref_format::tests::test_contains_double_slash ... ok
[INFO] [stdout] test ref_format::tests::test_contains_forbidden_characters ... ok
[INFO] [stdout] test ref_format::tests::test_contains_space ... ok
[INFO] [stdout] test ref_format::tests::test_component_starts_with_dot ... ok
[INFO] [stdout] test ref_format::tests::test_empty ... ok
[INFO] [stdout] test ref_format::tests::test_ends_with_dot ... ok
[INFO] [stdout] test ref_format::tests::test_ends_with_lock ... ok
[INFO] [stdout] test ref_format::tests::test_ends_with_slash ... ok
[INFO] [stdout] test ref_format::tests::test_single_at ... ok
[INFO] [stdout] test ref_format::tests::test_starts_with_dash ... ok
[INFO] [stdout] test ref_format::tests::test_starts_with_dot ... ok
[INFO] [stdout] test ref_format::tests::test_starts_with_slash ... ok
[INFO] [stdout] test ref_format::tests::test_valid ... ok
[INFO] [stdout] test repository::tests::test_absolute_path ... ok
[INFO] [stdout] test repository::tests::test_as_ref_os_str ... ok
[INFO] [stdout] test repository::tests::test_display ... ok
[INFO] [stdout] test repository::tests::test_empty ... ok
[INFO] [stdout] test repository::tests::test_file_url ... ok
[INFO] [stdout] test repository::tests::test_git_protocol ... ok
[INFO] [stdout] test repository::tests::test_https ... ok
[INFO] [stdout] test repository::tests::test_invalid ... ok
[INFO] [stdout] test repository::tests::test_relative_path ... ok
[INFO] [stdout] test repository::tests::test_remote_empty ... ok
[INFO] [stdout] test repository::tests::test_remote_from_address ... ok
[INFO] [stdout] test repository::tests::test_remote_from_remote_name ... ok
[INFO] [stdout] test repository::tests::test_remote_https_url ... ok
[INFO] [stdout] test repository::tests::test_remote_name ... ok
[INFO] [stdout] test repository::tests::test_remote_name_deserialize ... ok
[INFO] [stdout] test repository::tests::test_remote_name_deserialize_invalid ... ok
[INFO] [stdout] test repository::tests::test_remote_name_display ... ok
[INFO] [stdout] test repository::tests::test_remote_name_serialize ... ok
[INFO] [stdout] test repository::tests::test_remote_name_with_whitespace ... ok
[INFO] [stdout] test repository::tests::test_remote_repository_address ... ok
[INFO] [stdout] test repository::tests::test_scp_empty_host ... ok
[INFO] [stdout] test repository::tests::test_scp_empty_path ... ok
[INFO] [stdout] test repository::tests::test_scp_empty_user ... ok
[INFO] [stdout] test repository::tests::test_scp_path_with_leading_slash_rejected ... ok
[INFO] [stdout] test repository::tests::test_ssh_scp_style ... ok
[INFO] [stdout] test repository::tests::test_ssh_url_missing_user ... ok
[INFO] [stdout] test repository::tests::test_ssh_url_style ... ok
[INFO] [stdout] test repository::tests::test_unknown_scheme ... ok
[INFO] [stdout] test tag::tests::test_as_ref_os_str ... ok
[INFO] [stdout] test tag::tests::test_display ... ok
[INFO] [stdout] test tag::tests::test_from_static_or_panic ... ok
[INFO] [stdout] test tag::tests::test_invalid_passes_through ... ok
[INFO] [stdout] test tag::tests::test_serialize ... ok
[INFO] [stdout] test tag::tests::test_valid_tag ... ok
[INFO] [stdout] test tag::tests::test_deserialize ... ok
[INFO] [stdout] test tag::tests::test_deserialize_invalid ... ok
[INFO] [stderr] fatal: not a git repository (or any parent up to mount point /opt/rustwide)
[INFO] [stderr] Stopping at filesystem boundary (GIT_DISCOVERY_ACROSS_FILESYSTEM not set).
[INFO] [stdout] test status::tests::test_status_porcelain ... FAILED
[INFO] [stdout] test rev_parse::tests::test_rev_parse_abbrev_ref ... FAILED
[INFO] [stdout] test rev_parse::tests::test_rev_parse_head ... FAILED
[INFO] [stderr] fatal: not a git repository (or any parent up to mount point /opt/rustwide)
[INFO] [stderr] Stopping at filesystem boundary (GIT_DISCOVERY_ACROSS_FILESYSTEM not set).
[INFO] [stderr] fatal: not a git repository (or any parent up to mount point /opt/rustwide)
[INFO] [stderr] Stopping at filesystem boundary (GIT_DISCOVERY_ACROSS_FILESYSTEM not set).
[INFO] [stderr] fatal: not a git repository (or any parent up to mount point /opt/rustwide)
[INFO] [stderr] Stopping at filesystem boundary (GIT_DISCOVERY_ACROSS_FILESYSTEM not set).
[INFO] [stdout] test status::tests::test_status ... FAILED
[INFO] [stdout] test branch::tests::test_as_ref_os_str ... ok
[INFO] [stdout] 
[INFO] [stdout] failures:
[INFO] [stdout] 
[INFO] [stdout] ---- status::tests::test_status_porcelain stdout ----
[INFO] [stdout] 
[INFO] [stdout] thread 'status::tests::test_status_porcelain' (742) panicked at src/status.rs:85:14:
[INFO] [stdout] called `Result::unwrap()` on an `Err` value: ExitStatus(ExitStatus(unix_wait_status(32768)))
[INFO] [stdout] stack backtrace:
[INFO] [stdout]    0:     0x5fabb88f0d91 - <<std[617be2ca0a6fd877]::sys::backtrace::BacktraceLock>::print::DisplayBacktrace as core[a373ad73a504971]::fmt::Display>::fmt
[INFO] [stdout]    1:     0x5fabb8906f6a - core[a373ad73a504971]::fmt::write
[INFO] [stdout]    2:     0x5fabb88f646c - <alloc[2e1b2a31b91974c5]::vec::Vec<u8> as core[a373ad73a504971]::io::write::Write>::write_fmt
[INFO] [stdout]    3:     0x5fabb88cc166 - std[617be2ca0a6fd877]::panicking::default_hook::{closure#0}
[INFO] [stdout]    4:     0x5fabb88e91c9 - std[617be2ca0a6fd877]::panicking::default_hook
[INFO] [stdout]    5:     0x5fabb8870390 - test[aada8e7e76ba119b]::test_main_inner::{closure#0}
[INFO] [stdout]    6:     0x5fabb88e94f2 - std[617be2ca0a6fd877]::panicking::panic_with_hook
[INFO] [stdout]    7:     0x5fabb88cc212 - std[617be2ca0a6fd877]::panicking::panic_handler::{closure#0}
[INFO] [stdout]    8:     0x5fabb88c4f29 - std[617be2ca0a6fd877]::sys::backtrace::__rust_end_short_backtrace::<std[617be2ca0a6fd877]::panicking::panic_handler::{closure#0}, !>
[INFO] [stdout]    9:     0x5fabb88cce1d - __rustc[ea4f61d10b84890b]::rust_begin_unwind
[INFO] [stdout]   10:     0x5fabb89076cc - core[a373ad73a504971]::panicking::panic_fmt
[INFO] [stdout]   11:     0x5fabb89074a2 - core[a373ad73a504971]::result::unwrap_failed
[INFO] [stdout]   12:     0x5fabb88416e4 - git_proc[df86cfe0db4f020c]::status::tests::test_status_porcelain::{closure#0}
[INFO] [stdout]   13:     0x5fabb8832c33 - <tokio[beb8d3405660aba8]::runtime::scheduler::current_thread::Context>::enter::<core[a373ad73a504971]::task::poll::Poll<()>, <tokio[beb8d3405660aba8]::runtime::scheduler::current_thread::CoreGuard>::block_on<core[a373ad73a504971]::pin::Pin<&mut core[a373ad73a504971]::pin::Pin<&mut dyn core[a373ad73a504971]::future::future::Future<Output = ()>>>>::{closure#0}::{closure#0}>
[INFO] [stdout]   14:     0x5fabb8830ab9 - <std[617be2ca0a6fd877]::thread::local::LocalKey<tokio[beb8d3405660aba8]::runtime::context::Context>>::with::<tokio[beb8d3405660aba8]::runtime::context::set_scheduler<(alloc[2e1b2a31b91974c5]::boxed::Box<tokio[beb8d3405660aba8]::runtime::scheduler::current_thread::Core>, core[a373ad73a504971]::option::Option<()>), <tokio[beb8d3405660aba8]::runtime::scheduler::current_thread::CoreGuard>::enter<<tokio[beb8d3405660aba8]::runtime::scheduler::current_thread::CoreGuard>::block_on<core[a373ad73a504971]::pin::Pin<&mut core[a373ad73a504971]::pin::Pin<&mut dyn core[a373ad73a504971]::future::future::Future<Output = ()>>>>::{closure#0}, core[a373ad73a504971]::option::Option<()>>::{closure#0}>::{closure#0}, (alloc[2e1b2a31b91974c5]::boxed::Box<tokio[beb8d3405660aba8]::runtime::scheduler::current_thread::Core>, core[a373ad73a504971]::option::Option<()>)>
[INFO] [stdout]   15:     0x5fabb8832f55 - <tokio[beb8d3405660aba8]::runtime::scheduler::current_thread::CoreGuard>::block_on::<core[a373ad73a504971]::pin::Pin<&mut core[a373ad73a504971]::pin::Pin<&mut dyn core[a373ad73a504971]::future::future::Future<Output = ()>>>>
[INFO] [stdout]   16:     0x5fabb88315e8 - tokio[beb8d3405660aba8]::runtime::context::runtime::enter_runtime::<<tokio[beb8d3405660aba8]::runtime::scheduler::current_thread::CurrentThread>::block_on<core[a373ad73a504971]::pin::Pin<&mut dyn core[a373ad73a504971]::future::future::Future<Output = ()>>>::{closure#0}, ()>
[INFO] [stdout]   17:     0x5fabb882ec9b - <tokio[beb8d3405660aba8]::runtime::runtime::Runtime>::block_on::<core[a373ad73a504971]::pin::Pin<&mut dyn core[a373ad73a504971]::future::future::Future<Output = ()>>>
[INFO] [stdout]   18:     0x5fabb8841b7d - <git_proc[df86cfe0db4f020c]::status::tests::test_status_porcelain::{closure#0} as core[a373ad73a504971]::ops::function::FnOnce<()>>::call_once
[INFO] [stdout]   19:     0x5fabb88637db - test[aada8e7e76ba119b]::__rust_begin_short_backtrace::<core[a373ad73a504971]::result::Result<(), alloc[2e1b2a31b91974c5]::string::String>, fn() -> core[a373ad73a504971]::result::Result<(), alloc[2e1b2a31b91974c5]::string::String>>
[INFO] [stdout]   20:     0x5fabb88709b5 - test[aada8e7e76ba119b]::run_test::{closure#0}
[INFO] [stdout]   21:     0x5fabb886a2a4 - std[617be2ca0a6fd877]::sys::backtrace::__rust_begin_short_backtrace::<test[aada8e7e76ba119b]::run_test::{closure#1}, ()>
[INFO] [stdout]   22:     0x5fabb8873a42 - <std[617be2ca0a6fd877]::thread::lifecycle::spawn_unchecked<test[aada8e7e76ba119b]::run_test::{closure#1}, ()>::{closure#1} as core[a373ad73a504971]::ops::function::FnOnce<()>>::call_once::{shim:vtable#0}
[INFO] [stdout]   23:     0x5fabb88f055f - <std[617be2ca0a6fd877]::sys::thread::unix::Thread>::new::thread_start
[INFO] [stdout]   24:     0x79b949294dfa - <unknown>
[INFO] [stdout]   25:     0x79b9493283d4 - clone
[INFO] [stdout]   26:                0x0 - <unknown>
[INFO] [stdout] 
[INFO] [stdout] ---- rev_parse::tests::test_rev_parse_abbrev_ref stdout ----
[INFO] [stdout] 
[INFO] [stdout] thread 'rev_parse::tests::test_rev_parse_abbrev_ref' (739) panicked at src/rev_parse.rs:139:14:
[INFO] [stdout] called `Result::unwrap()` on an `Err` value: ExitStatus(ExitStatus(unix_wait_status(32768)))
[INFO] [stdout] stack backtrace:
[INFO] [stdout]    0:     0x5fabb88f0d91 - <<std[617be2ca0a6fd877]::sys::backtrace::BacktraceLock>::print::DisplayBacktrace as core[a373ad73a504971]::fmt::Display>::fmt
[INFO] [stdout]    1:     0x5fabb8906f6a - core[a373ad73a504971]::fmt::write
[INFO] [stdout]    2:     0x5fabb88f646c - <alloc[2e1b2a31b91974c5]::vec::Vec<u8> as core[a373ad73a504971]::io::write::Write>::write_fmt
[INFO] [stdout]    3:     0x5fabb88cc166 - std[617be2ca0a6fd877]::panicking::default_hook::{closure#0}
[INFO] [stdout]    4:     0x5fabb88e91c9 - std[617be2ca0a6fd877]::panicking::default_hook
[INFO] [stdout]    5:     0x5fabb8870390 - test[aada8e7e76ba119b]::test_main_inner::{closure#0}
[INFO] [stdout]    6:     0x5fabb88e94f2 - std[617be2ca0a6fd877]::panicking::panic_with_hook
[INFO] [stdout]    7:     0x5fabb88cc212 - std[617be2ca0a6fd877]::panicking::panic_handler::{closure#0}
[INFO] [stdout]    8:     0x5fabb88c4f29 - std[617be2ca0a6fd877]::sys::backtrace::__rust_end_short_backtrace::<std[617be2ca0a6fd877]::panicking::panic_handler::{closure#0}, !>
[INFO] [stdout]    9:     0x5fabb88cce1d - __rustc[ea4f61d10b84890b]::rust_begin_unwind
[INFO] [stdout]   10:     0x5fabb89076cc - core[a373ad73a504971]::panicking::panic_fmt
[INFO] [stdout]   11:     0x5fabb89074a2 - core[a373ad73a504971]::result::unwrap_failed
[INFO] [stdout]   12:     0x5fabb883e107 - git_proc[df86cfe0db4f020c]::rev_parse::tests::test_rev_parse_abbrev_ref::{closure#0}
[INFO] [stdout]   13:     0x5fabb8832c33 - <tokio[beb8d3405660aba8]::runtime::scheduler::current_thread::Context>::enter::<core[a373ad73a504971]::task::poll::Poll<()>, <tokio[beb8d3405660aba8]::runtime::scheduler::current_thread::CoreGuard>::block_on<core[a373ad73a504971]::pin::Pin<&mut core[a373ad73a504971]::pin::Pin<&mut dyn core[a373ad73a504971]::future::future::Future<Output = ()>>>>::{closure#0}::{closure#0}>
[INFO] [stdout]   14:     0x5fabb8830ab9 - <std[617be2ca0a6fd877]::thread::local::LocalKey<tokio[beb8d3405660aba8]::runtime::context::Context>>::with::<tokio[beb8d3405660aba8]::runtime::context::set_scheduler<(alloc[2e1b2a31b91974c5]::boxed::Box<tokio[beb8d3405660aba8]::runtime::scheduler::current_thread::Core>, core[a373ad73a504971]::option::Option<()>), <tokio[beb8d3405660aba8]::runtime::scheduler::current_thread::CoreGuard>::enter<<tokio[beb8d3405660aba8]::runtime::scheduler::current_thread::CoreGuard>::block_on<core[a373ad73a504971]::pin::Pin<&mut core[a373ad73a504971]::pin::Pin<&mut dyn core[a373ad73a504971]::future::future::Future<Output = ()>>>>::{closure#0}, core[a373ad73a504971]::option::Option<()>>::{closure#0}>::{closure#0}, (alloc[2e1b2a31b91974c5]::boxed::Box<tokio[beb8d3405660aba8]::runtime::scheduler::current_thread::Core>, core[a373ad73a504971]::option::Option<()>)>
[INFO] [stdout]   15:     0x5fabb8832f55 - <tokio[beb8d3405660aba8]::runtime::scheduler::current_thread::CoreGuard>::block_on::<core[a373ad73a504971]::pin::Pin<&mut core[a373ad73a504971]::pin::Pin<&mut dyn core[a373ad73a504971]::future::future::Future<Output = ()>>>>
[INFO] [stdout]   16:     0x5fabb88315e8 - tokio[beb8d3405660aba8]::runtime::context::runtime::enter_runtime::<<tokio[beb8d3405660aba8]::runtime::scheduler::current_thread::CurrentThread>::block_on<core[a373ad73a504971]::pin::Pin<&mut dyn core[a373ad73a504971]::future::future::Future<Output = ()>>>::{closure#0}, ()>
[INFO] [stdout]   17:     0x5fabb882ec9b - <tokio[beb8d3405660aba8]::runtime::runtime::Runtime>::block_on::<core[a373ad73a504971]::pin::Pin<&mut dyn core[a373ad73a504971]::future::future::Future<Output = ()>>>
[INFO] [stdout]   18:     0x5fabb883e5ed - <git_proc[df86cfe0db4f020c]::rev_parse::tests::test_rev_parse_abbrev_ref::{closure#0} as core[a373ad73a504971]::ops::function::FnOnce<()>>::call_once
[INFO] [stdout]   19:     0x5fabb88637db - test[aada8e7e76ba119b]::__rust_begin_short_backtrace::<core[a373ad73a504971]::result::Result<(), alloc[2e1b2a31b91974c5]::string::String>, fn() -> core[a373ad73a504971]::result::Result<(), alloc[2e1b2a31b91974c5]::string::String>>
[INFO] [stdout]   20:     0x5fabb88709b5 - test[aada8e7e76ba119b]::run_test::{closure#0}
[INFO] [stdout]   21:     0x5fabb886a2a4 - std[617be2ca0a6fd877]::sys::backtrace::__rust_begin_short_backtrace::<test[aada8e7e76ba119b]::run_test::{closure#1}, ()>
[INFO] [stdout]   22:     0x5fabb8873a42 - <std[617be2ca0a6fd877]::thread::lifecycle::spawn_unchecked<test[aada8e7e76ba119b]::run_test::{closure#1}, ()>::{closure#1} as core[a373ad73a504971]::ops::function::FnOnce<()>>::call_once::{shim:vtable#0}
[INFO] [stdout]   23:     0x5fabb88f055f - <std[617be2ca0a6fd877]::sys::thread::unix::Thread>::new::thread_start
[INFO] [stdout]   24:     0x79b949294dfa - <unknown>
[INFO] [stdout]   25:     0x79b9493283d4 - clone
[INFO] [stdout]   26:                0x0 - <unknown>
[INFO] [stdout] 
[INFO] [stdout] ---- rev_parse::tests::test_rev_parse_head stdout ----
[INFO] [stdout] 
[INFO] [stdout] thread 'rev_parse::tests::test_rev_parse_head' (740) panicked at src/rev_parse.rs:125:14:
[INFO] [stdout] called `Result::unwrap()` on an `Err` value: ExitStatus(ExitStatus(unix_wait_status(32768)))
[INFO] [stdout] stack backtrace:
[INFO] [stdout]    0:     0x5fabb88f0d91 - <<std[617be2ca0a6fd877]::sys::backtrace::BacktraceLock>::print::DisplayBacktrace as core[a373ad73a504971]::fmt::Display>::fmt
[INFO] [stdout]    1:     0x5fabb8906f6a - core[a373ad73a504971]::fmt::write
[INFO] [stdout]    2:     0x5fabb88f646c - <alloc[2e1b2a31b91974c5]::vec::Vec<u8> as core[a373ad73a504971]::io::write::Write>::write_fmt
[INFO] [stdout]    3:     0x5fabb88cc166 - std[617be2ca0a6fd877]::panicking::default_hook::{closure#0}
[INFO] [stdout]    4:     0x5fabb88e91c9 - std[617be2ca0a6fd877]::panicking::default_hook
[INFO] [stdout]    5:     0x5fabb8870390 - test[aada8e7e76ba119b]::test_main_inner::{closure#0}
[INFO] [stdout]    6:     0x5fabb88e94f2 - std[617be2ca0a6fd877]::panicking::panic_with_hook
[INFO] [stdout]    7:     0x5fabb88cc212 - std[617be2ca0a6fd877]::panicking::panic_handler::{closure#0}
[INFO] [stdout]    8:     0x5fabb88c4f29 - std[617be2ca0a6fd877]::sys::backtrace::__rust_end_short_backtrace::<std[617be2ca0a6fd877]::panicking::panic_handler::{closure#0}, !>
[INFO] [stdout]    9:     0x5fabb88cce1d - __rustc[ea4f61d10b84890b]::rust_begin_unwind
[INFO] [stdout]   10:     0x5fabb89076cc - core[a373ad73a504971]::panicking::panic_fmt
[INFO] [stdout]   11:     0x5fabb89074a2 - core[a373ad73a504971]::result::unwrap_failed
[INFO] [stdout]   12:     0x5fabb883ddf7 - git_proc[df86cfe0db4f020c]::rev_parse::tests::test_rev_parse_head::{closure#0}
[INFO] [stdout]   13:     0x5fabb8832c33 - <tokio[beb8d3405660aba8]::runtime::scheduler::current_thread::Context>::enter::<core[a373ad73a504971]::task::poll::Poll<()>, <tokio[beb8d3405660aba8]::runtime::scheduler::current_thread::CoreGuard>::block_on<core[a373ad73a504971]::pin::Pin<&mut core[a373ad73a504971]::pin::Pin<&mut dyn core[a373ad73a504971]::future::future::Future<Output = ()>>>>::{closure#0}::{closure#0}>
[INFO] [stdout]   14:     0x5fabb8830ab9 - <std[617be2ca0a6fd877]::thread::local::LocalKey<tokio[beb8d3405660aba8]::runtime::context::Context>>::with::<tokio[beb8d3405660aba8]::runtime::context::set_scheduler<(alloc[2e1b2a31b91974c5]::boxed::Box<tokio[beb8d3405660aba8]::runtime::scheduler::current_thread::Core>, core[a373ad73a504971]::option::Option<()>), <tokio[beb8d3405660aba8]::runtime::scheduler::current_thread::CoreGuard>::enter<<tokio[beb8d3405660aba8]::runtime::scheduler::current_thread::CoreGuard>::block_on<core[a373ad73a504971]::pin::Pin<&mut core[a373ad73a504971]::pin::Pin<&mut dyn core[a373ad73a504971]::future::future::Future<Output = ()>>>>::{closure#0}, core[a373ad73a504971]::option::Option<()>>::{closure#0}>::{closure#0}, (alloc[2e1b2a31b91974c5]::boxed::Box<tokio[beb8d3405660aba8]::runtime::scheduler::current_thread::Core>, core[a373ad73a504971]::option::Option<()>)>
[INFO] [stdout]   15:     0x5fabb8832f55 - <tokio[beb8d3405660aba8]::runtime::scheduler::current_thread::CoreGuard>::block_on::<core[a373ad73a504971]::pin::Pin<&mut core[a373ad73a504971]::pin::Pin<&mut dyn core[a373ad73a504971]::future::future::Future<Output = ()>>>>
[INFO] [stdout]   16:     0x5fabb88315e8 - tokio[beb8d3405660aba8]::runtime::context::runtime::enter_runtime::<<tokio[beb8d3405660aba8]::runtime::scheduler::current_thread::CurrentThread>::block_on<core[a373ad73a504971]::pin::Pin<&mut dyn core[a373ad73a504971]::future::future::Future<Output = ()>>>::{closure#0}, ()>
[INFO] [stdout]   17:     0x5fabb882ec9b - <tokio[beb8d3405660aba8]::runtime::runtime::Runtime>::block_on::<core[a373ad73a504971]::pin::Pin<&mut dyn core[a373ad73a504971]::future::future::Future<Output = ()>>>
[INFO] [stdout]   18:     0x5fabb883e41d - <git_proc[df86cfe0db4f020c]::rev_parse::tests::test_rev_parse_head::{closure#0} as core[a373ad73a504971]::ops::function::FnOnce<()>>::call_once
[INFO] [stdout]   19:     0x5fabb88637db - test[aada8e7e76ba119b]::__rust_begin_short_backtrace::<core[a373ad73a504971]::result::Result<(), alloc[2e1b2a31b91974c5]::string::String>, fn() -> core[a373ad73a504971]::result::Result<(), alloc[2e1b2a31b91974c5]::string::String>>
[INFO] [stdout]   20:     0x5fabb88709b5 - test[aada8e7e76ba119b]::run_test::{closure#0}
[INFO] [stdout]   21:     0x5fabb886a2a4 - std[617be2ca0a6fd877]::sys::backtrace::__rust_begin_short_backtrace::<test[aada8e7e76ba119b]::run_test::{closure#1}, ()>
[INFO] [stdout]   22:     0x5fabb8873a42 - <std[617be2ca0a6fd877]::thread::lifecycle::spawn_unchecked<test[aada8e7e76ba119b]::run_test::{closure#1}, ()>::{closure#1} as core[a373ad73a504971]::ops::function::FnOnce<()>>::call_once::{shim:vtable#0}
[INFO] [stdout]   23:     0x5fabb88f055f - <std[617be2ca0a6fd877]::sys::thread::unix::Thread>::new::thread_start
[INFO] [stdout]   24:     0x79b949294dfa - <unknown>
[INFO] [stdout]   25:     0x79b9493283d4 - clone
[INFO] [stdout]   26:                0x0 - <unknown>
[INFO] [stdout] 
[INFO] [stdout] ---- status::tests::test_status stdout ----
[INFO] [stdout] 
[INFO] [stdout] thread 'status::tests::test_status' (741) panicked at src/status.rs:71:14:
[INFO] [stdout] called `Result::unwrap()` on an `Err` value: ExitStatus(ExitStatus(unix_wait_status(32768)))
[INFO] [stdout] stack backtrace:
[INFO] [stdout]    0:     0x5fabb88f0d91 - <<std[617be2ca0a6fd877]::sys::backtrace::BacktraceLock>::print::DisplayBacktrace as core[a373ad73a504971]::fmt::Display>::fmt
[INFO] [stdout]    1:     0x5fabb8906f6a - core[a373ad73a504971]::fmt::write
[INFO] [stdout]    2:     0x5fabb88f646c - <alloc[2e1b2a31b91974c5]::vec::Vec<u8> as core[a373ad73a504971]::io::write::Write>::write_fmt
[INFO] [stdout]    3:     0x5fabb88cc166 - std[617be2ca0a6fd877]::panicking::default_hook::{closure#0}
[INFO] [stdout]    4:     0x5fabb88e91c9 - std[617be2ca0a6fd877]::panicking::default_hook
[INFO] [stdout]    5:     0x5fabb8870390 - test[aada8e7e76ba119b]::test_main_inner::{closure#0}
[INFO] [stdout]    6:     0x5fabb88e94f2 - std[617be2ca0a6fd877]::panicking::panic_with_hook
[INFO] [stdout]    7:     0x5fabb88cc212 - std[617be2ca0a6fd877]::panicking::panic_handler::{closure#0}
[INFO] [stdout]    8:     0x5fabb88c4f29 - std[617be2ca0a6fd877]::sys::backtrace::__rust_end_short_backtrace::<std[617be2ca0a6fd877]::panicking::panic_handler::{closure#0}, !>
[INFO] [stdout]    9:     0x5fabb88cce1d - __rustc[ea4f61d10b84890b]::rust_begin_unwind
[INFO] [stdout]   10:     0x5fabb89076cc - core[a373ad73a504971]::panicking::panic_fmt
[INFO] [stdout]   11:     0x5fabb89074a2 - core[a373ad73a504971]::result::unwrap_failed
[INFO] [stdout]   12:     0x5fabb8841454 - git_proc[df86cfe0db4f020c]::status::tests::test_status::{closure#0}
[INFO] [stdout]   13:     0x5fabb8832c33 - <tokio[beb8d3405660aba8]::runtime::scheduler::current_thread::Context>::enter::<core[a373ad73a504971]::task::poll::Poll<()>, <tokio[beb8d3405660aba8]::runtime::scheduler::current_thread::CoreGuard>::block_on<core[a373ad73a504971]::pin::Pin<&mut core[a373ad73a504971]::pin::Pin<&mut dyn core[a373ad73a504971]::future::future::Future<Output = ()>>>>::{closure#0}::{closure#0}>
[INFO] [stdout]   14:     0x5fabb8830ab9 - <std[617be2ca0a6fd877]::thread::local::LocalKey<tokio[beb8d3405660aba8]::runtime::context::Context>>::with::<tokio[beb8d3405660aba8]::runtime::context::set_scheduler<(alloc[2e1b2a31b91974c5]::boxed::Box<tokio[beb8d3405660aba8]::runtime::scheduler::current_thread::Core>, core[a373ad73a504971]::option::Option<()>), <tokio[beb8d3405660aba8]::runtime::scheduler::current_thread::CoreGuard>::enter<<tokio[beb8d3405660aba8]::runtime::scheduler::current_thread::CoreGuard>::block_on<core[a373ad73a504971]::pin::Pin<&mut core[a373ad73a504971]::pin::Pin<&mut dyn core[a373ad73a504971]::future::future::Future<Output = ()>>>>::{closure#0}, core[a373ad73a504971]::option::Option<()>>::{closure#0}>::{closure#0}, (alloc[2e1b2a31b91974c5]::boxed::Box<tokio[beb8d3405660aba8]::runtime::scheduler::current_thread::Core>, core[a373ad73a504971]::option::Option<()>)>
[INFO] [stdout]   15:     0x5fabb8832f55 - <tokio[beb8d3405660aba8]::runtime::scheduler::current_thread::CoreGuard>::block_on::<core[a373ad73a504971]::pin::Pin<&mut core[a373ad73a504971]::pin::Pin<&mut dyn core[a373ad73a504971]::future::future::Future<Output = ()>>>>
[INFO] [stdout]   16:     0x5fabb88315e8 - tokio[beb8d3405660aba8]::runtime::context::runtime::enter_runtime::<<tokio[beb8d3405660aba8]::runtime::scheduler::current_thread::CurrentThread>::block_on<core[a373ad73a504971]::pin::Pin<&mut dyn core[a373ad73a504971]::future::future::Future<Output = ()>>>::{closure#0}, ()>
[INFO] [stdout]   17:     0x5fabb882ec9b - <tokio[beb8d3405660aba8]::runtime::runtime::Runtime>::block_on::<core[a373ad73a504971]::pin::Pin<&mut dyn core[a373ad73a504971]::future::future::Future<Output = ()>>>
[INFO] [stdout]   18:     0x5fabb88419ad - <git_proc[df86cfe0db4f020c]::status::tests::test_status::{closure#0} as core[a373ad73a504971]::ops::function::FnOnce<()>>::call_once
[INFO] [stdout]   19:     0x5fabb88637db - test[aada8e7e76ba119b]::__rust_begin_short_backtrace::<core[a373ad73a504971]::result::Result<(), alloc[2e1b2a31b91974c5]::string::String>, fn() -> core[a373ad73a504971]::result::Result<(), alloc[2e1b2a31b91974c5]::string::String>>
[INFO] [stdout]   20:     0x5fabb88709b5 - test[aada8e7e76ba119b]::run_test::{closure#0}
[INFO] [stdout]   21:     0x5fabb886a2a4 - std[617be2ca0a6fd877]::sys::backtrace::__rust_begin_short_backtrace::<test[aada8e7e76ba119b]::run_test::{closure#1}, ()>
[INFO] [stdout]   22:     0x5fabb8873a42 - <std[617be2ca0a6fd877]::thread::lifecycle::spawn_unchecked<test[aada8e7e76ba119b]::run_test::{closure#1}, ()>::{closure#1} as core[a373ad73a504971]::ops::function::FnOnce<()>>::call_once::{shim:vtable#0}
[INFO] [stdout]   23:     0x5fabb88f055f - <std[617be2ca0a6fd877]::sys::thread::unix::Thread>::new::thread_start
[INFO] [stdout]   24:     0x79b949294dfa - <unknown>
[INFO] [stdout]   25:     0x79b9493283d4 - clone
[INFO] [stdout]   26:                0x0 - <unknown>
[INFO] [stdout] 
[INFO] [stdout] 
[INFO] [stdout] failures:
[INFO] [stdout]     rev_parse::tests::test_rev_parse_abbrev_ref
[INFO] [stdout]     rev_parse::tests::test_rev_parse_head
[INFO] [stdout]     status::tests::test_status
[INFO] [stdout]     status::tests::test_status_porcelain
[INFO] [stdout] 
[INFO] [stdout] test result: FAILED. 71 passed; 4 failed; 0 ignored; 0 measured; 0 filtered out; finished in 0.02s
[INFO] [stdout] 
[INFO] [stderr] error: test failed, to rerun pass `--lib`
[INFO] running `Command { std: "docker" "inspect" "1d98819575daf784e172311d1e1e3841455de2cdc84dd226064b7951fd57929d", kill_on_drop: false }`
[INFO] running `Command { std: "docker" "rm" "-f" "1d98819575daf784e172311d1e1e3841455de2cdc84dd226064b7951fd57929d", kill_on_drop: false }`
[INFO] [stdout] 1d98819575daf784e172311d1e1e3841455de2cdc84dd226064b7951fd57929d
