[INFO] fetching crate git-hud 0.0.3-alpha...
[INFO] testing git-hud-0.0.3-alpha against 1.100.0-beta.1+cargoflags=--release for beta-release-1.100-2
[INFO] extracting crate git-hud 0.0.3-alpha into /workspace/builds/worker-2-tc2/source
[INFO] started tweaking crates.io crate git-hud 0.0.3-alpha
[INFO] finished tweaking crates.io crate git-hud 0.0.3-alpha
[INFO] tweaked toml for crates.io crate git-hud 0.0.3-alpha written to /workspace/builds/worker-2-tc2/source/Cargo.toml
[INFO] validating manifest of crates.io crate git-hud 0.0.3-alpha on toolchain 1.100.0-beta.1
[INFO] running `Command { std: CARGO_HOME="/workspace/cargo-home" RUSTUP_HOME="/workspace/rustup-home" "/workspace/cargo-home/bin/cargo" "+1.100.0-beta.1" "metadata" "--manifest-path" "Cargo.toml" "--no-deps", kill_on_drop: false }`
[INFO] crate crates.io crate git-hud 0.0.3-alpha already has a lockfile, it will not be regenerated
[INFO] running `Command { std: CARGO_HOME="/workspace/cargo-home" RUSTUP_HOME="/workspace/rustup-home" "/workspace/cargo-home/bin/cargo" "+1.100.0-beta.1" "fetch" "--manifest-path" "Cargo.toml", kill_on_drop: false }`
[INFO] running `Command { std: "docker" "create" "-v" "/var/lib/crater-agent-workspace/builds/worker-2-tc2/source:/opt/rustwide/workdir:ro,Z" "-v" "/var/lib/crater-agent-workspace/builds/worker-2-tc2/target:/opt/rustwide/target:rw,Z" "-v" "/var/lib/crater-agent-workspace/cargo-home:/opt/rustwide/cargo-home:ro,Z" "-v" "/var/lib/crater-agent-workspace/rustup-home:/opt/rustwide/rustup-home:ro,Z" "-m" "1610612736" "--network" "none" "ghcr.io/rust-lang/crates-build-env/linux@sha256:77db811e55d90add9212f6832c23229e3de5f1c1f9905e8cb07319ea15df73ac" "sleep" "infinity", kill_on_drop: false }`
[INFO] [stdout] 54109d0dd38a29a8c426ea72ad3186f229cfb0ea6baa62dfc37c3ad580c82c1b
[INFO] running `Command { std: "docker" "start" "54109d0dd38a29a8c426ea72ad3186f229cfb0ea6baa62dfc37c3ad580c82c1b", kill_on_drop: false }`
[INFO] running `Command { std: "docker" "inspect" "54109d0dd38a29a8c426ea72ad3186f229cfb0ea6baa62dfc37c3ad580c82c1b", kill_on_drop: false }`
[INFO] running `Command { std: "docker" "exec" "-e" "SOURCE_DIR=/opt/rustwide/workdir" "-e" "CARGO_HOME=/opt/rustwide/cargo-home" "-e" "RUSTUP_HOME=/opt/rustwide/rustup-home" "-e" "CARGO_TARGET_DIR=/opt/rustwide/target" "-w" "/opt/rustwide/workdir" "--user" "0:0" "54109d0dd38a29a8c426ea72ad3186f229cfb0ea6baa62dfc37c3ad580c82c1b" "/opt/rustwide/cargo-home/bin/cargo" "+1.100.0-beta.1" "metadata" "--no-deps" "--format-version=1", kill_on_drop: false }`
[INFO] running `Command { std: "docker" "inspect" "54109d0dd38a29a8c426ea72ad3186f229cfb0ea6baa62dfc37c3ad580c82c1b", kill_on_drop: false }`
[INFO] running `Command { std: "docker" "exec" "-e" "SOURCE_DIR=/opt/rustwide/workdir" "-e" "CARGO_HOME=/opt/rustwide/cargo-home" "-e" "RUSTUP_HOME=/opt/rustwide/rustup-home" "-e" "CARGO_TARGET_DIR=/opt/rustwide/target" "-e" "CARGO_INCREMENTAL=0" "-e" "RUST_BACKTRACE=full" "-e" "RUSTFLAGS=--cap-lints=warn" "-e" "RUSTDOCFLAGS=--cap-lints=warn" "-w" "/opt/rustwide/workdir" "--user" "0:0" "54109d0dd38a29a8c426ea72ad3186f229cfb0ea6baa62dfc37c3ad580c82c1b" "/opt/rustwide/cargo-home/bin/cargo" "+1.100.0-beta.1" "build" "--frozen" "--message-format=json" "--release", kill_on_drop: false }`
[INFO] [stderr]    Compiling libc v0.2.164
[INFO] [stderr]    Compiling smallvec v1.13.2
[INFO] [stderr]    Compiling bytes v1.8.0
[INFO] [stderr]    Compiling itoa v1.0.11
[INFO] [stderr]    Compiling quote v1.0.37
[INFO] [stderr]    Compiling litemap v0.7.3
[INFO] [stderr]    Compiling writeable v0.5.5
[INFO] [stderr]    Compiling icu_locid_transform_data v1.5.0
[INFO] [stderr]    Compiling icu_properties_data v1.5.0
[INFO] [stderr]    Compiling tracing-core v0.1.32
[INFO] [stderr]    Compiling hashbrown v0.15.1
[INFO] [stderr]    Compiling utf16_iter v1.0.5
[INFO] [stderr]    Compiling icu_normalizer_data v1.5.0
[INFO] [stderr]    Compiling httparse v1.9.5
[INFO] [stderr]    Compiling write16 v1.0.0
[INFO] [stderr]    Compiling openssl v0.10.68
[INFO] [stderr]    Compiling serde v1.0.215
[INFO] [stderr]    Compiling native-tls v0.2.12
[INFO] [stderr]    Compiling rustix v0.38.40
[INFO] [stderr]    Compiling anyhow v1.0.93
[INFO] [stderr]    Compiling syn v2.0.87
[INFO] [stderr]    Compiling rustls-pki-types v1.10.0
[INFO] [stderr]    Compiling encoding_rs v0.8.35
[INFO] [stderr]    Compiling ipnet v2.10.1
[INFO] [stderr]    Compiling fastrand v2.2.0
[INFO] [stderr]    Compiling colored v2.1.0
[INFO] [stderr]    Compiling tracing v0.1.40
[INFO] [stderr]    Compiling rustls-pemfile v2.2.0
[INFO] [stderr]    Compiling http v1.1.0
[INFO] [stderr]    Compiling indexmap v2.6.0
[INFO] [stderr]    Compiling jobserver v0.1.32
[INFO] [stderr]    Compiling parking_lot_core v0.9.10
[INFO] [stderr]    Compiling socket2 v0.5.7
[INFO] [stderr]    Compiling mio v1.0.2
[INFO] [stderr]    Compiling signal-hook-registry v1.4.2
[INFO] [stderr]    Compiling cc v1.2.1
[INFO] [stderr]    Compiling parking_lot v0.12.3
[INFO] [stderr]    Compiling http-body v1.0.1
[INFO] [stderr]    Compiling openssl-sys v0.9.104
[INFO] [stderr]    Compiling libz-sys v1.1.20
[INFO] [stderr]    Compiling libssh2-sys v0.3.0
[INFO] [stderr]    Compiling libgit2-sys v0.17.0+1.8.1
[INFO] [stderr]    Compiling tempfile v3.14.0
[INFO] [stderr]    Compiling synstructure v0.13.1
[INFO] [stderr]    Compiling zerovec-derive v0.10.3
[INFO] [stderr]    Compiling displaydoc v0.2.5
[INFO] [stderr]    Compiling icu_provider_macros v1.5.0
[INFO] [stderr]    Compiling futures-macro v0.3.31
[INFO] [stderr]    Compiling tokio-macros v2.4.0
[INFO] [stderr]    Compiling openssl-macros v0.1.1
[INFO] [stderr]    Compiling serde_derive v1.0.215
[INFO] [stderr]    Compiling thiserror-impl v1.0.69
[INFO] [stderr]    Compiling async-trait v0.1.83
[INFO] [stderr]    Compiling zerofrom-derive v0.1.4
[INFO] [stderr]    Compiling yoke-derive v0.7.4
[INFO] [stderr]    Compiling tokio v1.41.1
[INFO] [stderr]    Compiling futures-util v0.3.31
[INFO] [stderr]    Compiling zerofrom v0.1.4
[INFO] [stderr]    Compiling thiserror v1.0.69
[INFO] [stderr]    Compiling yoke v0.7.4
[INFO] [stderr]    Compiling zerovec v0.10.4
[INFO] [stderr]    Compiling tinystr v0.7.6
[INFO] [stderr]    Compiling icu_locid v1.5.0
[INFO] [stderr]    Compiling icu_collections v1.5.0
[INFO] [stderr]    Compiling icu_provider v1.5.0
[INFO] [stderr]    Compiling icu_locid_transform v1.5.0
[INFO] [stderr]    Compiling http-body-util v0.1.2
[INFO] [stderr]    Compiling futures-executor v0.3.31
[INFO] [stderr]    Compiling futures v0.3.31
[INFO] [stderr]    Compiling icu_properties v1.5.1
[INFO] [stderr]    Compiling tokio-util v0.7.12
[INFO] [stderr]    Compiling icu_normalizer v1.5.0
[INFO] [stderr]    Compiling tokio-native-tls v0.3.1
[INFO] [stderr]    Compiling h2 v0.4.7
[INFO] [stderr]    Compiling serde_urlencoded v0.7.1
[INFO] [stderr]    Compiling serde_json v1.0.133
[INFO] [stderr]    Compiling idna_adapter v1.2.0
[INFO] [stderr]    Compiling idna v1.0.3
[INFO] [stderr]    Compiling url v2.5.3
[INFO] [stderr]    Compiling hyper v1.5.1
[INFO] [stderr]    Compiling git2 v0.19.0
[INFO] [stderr]    Compiling hyper-util v0.1.10
[INFO] [stderr]    Compiling hyper-tls v0.6.0
[INFO] [stderr]    Compiling reqwest v0.12.9
[INFO] [stderr]    Compiling git-hud v0.0.3-alpha (/opt/rustwide/workdir)
[INFO] [stdout] warning: unused import: `self`
[INFO] [stdout]  --> src/git.rs:4:17
[INFO] [stdout]   |
[INFO] [stdout] 4 | use std::path::{self, absolute, PathBuf};
[INFO] [stdout]   |                 ^^^^
[INFO] [stdout]   |
[INFO] [stdout]   = note: `#[warn(unused_imports)]` (part of `#[warn(unused)]`) on by default
[INFO] [stdout] 
[INFO] [stdout] 
[INFO] [stdout] warning: unused variable: `dir`
[INFO] [stdout]   --> src/git.rs:58:35
[INFO] [stdout]    |
[INFO] [stdout] 58 |     pub fn open_current_directory(dir: Option<&str>) -> Result<Self> {
[INFO] [stdout]    |                                   ^^^ help: if this is intentional, prefix it with an underscore: `_dir`
[INFO] [stdout]    |
[INFO] [stdout]    = note: `#[warn(unused_variables)]` (part of `#[warn(unused)]`) on by default
[INFO] [stdout] 
[INFO] [stdout] 
[INFO] [stdout] warning: methods `display`, `print_staged_changes`, `print_unstaged_changes`, and `print_untracked_files` are never used
[INFO] [stdout]    --> src/display.rs:14:12
[INFO] [stdout]     |
[INFO] [stdout]   9 | impl StatusFormatter {
[INFO] [stdout]     | -------------------- methods in this implementation
[INFO] [stdout] ...
[INFO] [stdout]  14 |     pub fn display(&self, status: &Status) -> Result<()> {
[INFO] [stdout]     |            ^^^^^^^
[INFO] [stdout] ...
[INFO] [stdout]  84 |     fn print_staged_changes(&self, status: &Status) -> Result<()> {
[INFO] [stdout]     |        ^^^^^^^^^^^^^^^^^^^^
[INFO] [stdout] ...
[INFO] [stdout] 104 |     fn print_unstaged_changes(&self, status: &Status) -> Result<()> {
[INFO] [stdout]     |        ^^^^^^^^^^^^^^^^^^^^^^
[INFO] [stdout] ...
[INFO] [stdout] 122 |     fn print_untracked_files(&self, status: &Status) -> Result<()> {
[INFO] [stdout]     |        ^^^^^^^^^^^^^^^^^^^^^
[INFO] [stdout]     |
[INFO] [stdout]     = note: `#[warn(dead_code)]` (part of `#[warn(unused)]`) on by default
[INFO] [stdout] 
[INFO] [stdout] 
[INFO] [stdout] warning: struct `ContentAPIResponse` is never constructed
[INFO] [stdout]   --> src/summary.rs:31:8
[INFO] [stdout]    |
[INFO] [stdout] 31 | struct ContentAPIResponse {
[INFO] [stdout]    |        ^^^^^^^^^^^^^^^^^^
[INFO] [stdout] 
[INFO] [stdout] 
[INFO] [stdout] warning: struct `TokenUsageAPIResponse` is never constructed
[INFO] [stdout]   --> src/summary.rs:37:8
[INFO] [stdout]    |
[INFO] [stdout] 37 | struct TokenUsageAPIResponse {
[INFO] [stdout]    |        ^^^^^^^^^^^^^^^^^^^^^
[INFO] [stdout] 
[INFO] [stdout] 
[INFO] [stdout] warning: struct `AnthropicAPIResponse` is never constructed
[INFO] [stdout]   --> src/summary.rs:42:8
[INFO] [stdout]    |
[INFO] [stdout] 42 | struct AnthropicAPIResponse {
[INFO] [stdout]    |        ^^^^^^^^^^^^^^^^^^^^
[INFO] [stdout] 
[INFO] [stdout] 
[INFO] [stderr] warning: unused dependency `tempfile`
[INFO] [stderr]   --> Cargo.toml:31:15
[INFO] [stderr]    |
[INFO] [stderr] 31 | [dependencies.tempfile]
[INFO] [stderr]    |               ^^^^^^^^^
[INFO] [stderr]    |
[INFO] [stderr]    = note: `cargo::unused_dependencies` is set to `warn` by default
[INFO] [stderr] help: consider removing the dependency on `tempfile`
[INFO] [stderr] warning: `git-hud` (manifest) generated 1 warning
[INFO] [stderr]     Finished `release` profile [optimized] target(s) in 1m 56s
[INFO] running `Command { std: "docker" "inspect" "54109d0dd38a29a8c426ea72ad3186f229cfb0ea6baa62dfc37c3ad580c82c1b", kill_on_drop: false }`
[INFO] running `Command { std: "docker" "exec" "-e" "SOURCE_DIR=/opt/rustwide/workdir" "-e" "CARGO_HOME=/opt/rustwide/cargo-home" "-e" "RUSTUP_HOME=/opt/rustwide/rustup-home" "-e" "CARGO_TARGET_DIR=/opt/rustwide/target" "-e" "CARGO_INCREMENTAL=0" "-e" "RUST_BACKTRACE=full" "-e" "RUSTFLAGS=--cap-lints=warn" "-e" "RUSTDOCFLAGS=--cap-lints=warn" "-w" "/opt/rustwide/workdir" "--user" "0:0" "54109d0dd38a29a8c426ea72ad3186f229cfb0ea6baa62dfc37c3ad580c82c1b" "/opt/rustwide/cargo-home/bin/cargo" "+1.100.0-beta.1" "test" "--frozen" "--no-run" "--message-format=json" "--release", kill_on_drop: false }`
[INFO] [stderr]    Compiling git-hud v0.0.3-alpha (/opt/rustwide/workdir)
[INFO] [stdout] warning: unused import: `self`
[INFO] [stdout]  --> src/git.rs:4:17
[INFO] [stdout]   |
[INFO] [stdout] 4 | use std::path::{self, absolute, PathBuf};
[INFO] [stdout]   |                 ^^^^
[INFO] [stdout]   |
[INFO] [stdout]   = note: `#[warn(unused_imports)]` (part of `#[warn(unused)]`) on by default
[INFO] [stdout] 
[INFO] [stdout] 
[INFO] [stdout] warning: unused variable: `dir`
[INFO] [stdout]   --> src/git.rs:58:35
[INFO] [stdout]    |
[INFO] [stdout] 58 |     pub fn open_current_directory(dir: Option<&str>) -> Result<Self> {
[INFO] [stdout]    |                                   ^^^ help: if this is intentional, prefix it with an underscore: `_dir`
[INFO] [stdout]    |
[INFO] [stdout]    = note: `#[warn(unused_variables)]` (part of `#[warn(unused)]`) on by default
[INFO] [stdout] 
[INFO] [stdout] 
[INFO] [stdout] warning: struct `ContentAPIResponse` is never constructed
[INFO] [stdout]   --> src/summary.rs:31:8
[INFO] [stdout]    |
[INFO] [stdout] 31 | struct ContentAPIResponse {
[INFO] [stdout]    |        ^^^^^^^^^^^^^^^^^^
[INFO] [stdout]    |
[INFO] [stdout]    = note: `#[warn(dead_code)]` (part of `#[warn(unused)]`) on by default
[INFO] [stdout] 
[INFO] [stdout] 
[INFO] [stdout] warning: struct `TokenUsageAPIResponse` is never constructed
[INFO] [stdout]   --> src/summary.rs:37:8
[INFO] [stdout]    |
[INFO] [stdout] 37 | struct TokenUsageAPIResponse {
[INFO] [stdout]    |        ^^^^^^^^^^^^^^^^^^^^^
[INFO] [stdout] 
[INFO] [stdout] 
[INFO] [stdout] warning: struct `AnthropicAPIResponse` is never constructed
[INFO] [stdout]   --> src/summary.rs:42:8
[INFO] [stdout]    |
[INFO] [stdout] 42 | struct AnthropicAPIResponse {
[INFO] [stdout]    |        ^^^^^^^^^^^^^^^^^^^^
[INFO] [stdout] 
[INFO] [stdout] 
[INFO] [stderr]     Finished `release` profile [optimized] target(s) in 2.53s
[INFO] running `Command { std: "docker" "inspect" "54109d0dd38a29a8c426ea72ad3186f229cfb0ea6baa62dfc37c3ad580c82c1b", kill_on_drop: false }`
[INFO] running `Command { std: "docker" "exec" "-e" "SOURCE_DIR=/opt/rustwide/workdir" "-e" "CARGO_HOME=/opt/rustwide/cargo-home" "-e" "RUSTUP_HOME=/opt/rustwide/rustup-home" "-e" "CARGO_TARGET_DIR=/opt/rustwide/target" "-e" "CARGO_INCREMENTAL=0" "-e" "RUST_BACKTRACE=full" "-e" "RUSTFLAGS=--cap-lints=warn" "-e" "RUSTDOCFLAGS=--cap-lints=warn" "-w" "/opt/rustwide/workdir" "--user" "0:0" "54109d0dd38a29a8c426ea72ad3186f229cfb0ea6baa62dfc37c3ad580c82c1b" "/opt/rustwide/cargo-home/bin/cargo" "+1.100.0-beta.1" "test" "--frozen" "--release", kill_on_drop: false }`
[INFO] [stderr] warning: unused import: `self`
[INFO] [stderr]  --> src/git.rs:4:17
[INFO] [stderr]   |
[INFO] [stderr] 4 | use std::path::{self, absolute, PathBuf};
[INFO] [stderr]   |                 ^^^^
[INFO] [stderr]   |
[INFO] [stderr]   = note: `#[warn(unused_imports)]` (part of `#[warn(unused)]`) on by default
[INFO] [stderr] 
[INFO] [stderr] warning: unused variable: `dir`
[INFO] [stderr]   --> src/git.rs:58:35
[INFO] [stderr]    |
[INFO] [stderr] 58 |     pub fn open_current_directory(dir: Option<&str>) -> Result<Self> {
[INFO] [stderr]    |                                   ^^^ help: if this is intentional, prefix it with an underscore: `_dir`
[INFO] [stderr]    |
[INFO] [stderr]    = note: `#[warn(unused_variables)]` (part of `#[warn(unused)]`) on by default
[INFO] [stderr] 
[INFO] [stderr] warning: struct `ContentAPIResponse` is never constructed
[INFO] [stderr]   --> src/summary.rs:31:8
[INFO] [stderr]    |
[INFO] [stderr] 31 | struct ContentAPIResponse {
[INFO] [stderr]    |        ^^^^^^^^^^^^^^^^^^
[INFO] [stderr]    |
[INFO] [stderr]    = note: `#[warn(dead_code)]` (part of `#[warn(unused)]`) on by default
[INFO] [stderr] 
[INFO] [stderr] warning: struct `TokenUsageAPIResponse` is never constructed
[INFO] [stderr]   --> src/summary.rs:37:8
[INFO] [stderr]    |
[INFO] [stderr] 37 | struct TokenUsageAPIResponse {
[INFO] [stderr]    |        ^^^^^^^^^^^^^^^^^^^^^
[INFO] [stderr] 
[INFO] [stderr] warning: struct `AnthropicAPIResponse` is never constructed
[INFO] [stderr]   --> src/summary.rs:42:8
[INFO] [stderr]    |
[INFO] [stderr] 42 | struct AnthropicAPIResponse {
[INFO] [stderr]    |        ^^^^^^^^^^^^^^^^^^^^
[INFO] [stderr] 
[INFO] [stderr] warning: `git-hud` (bin "git-hud" test) generated 5 warnings (run `cargo fix --bin "git-hud" -p git-hud --tests` to apply 2 suggestions)
[INFO] [stderr]     Finished `release` profile [optimized] target(s) in 0.17s
[INFO] [stderr]      Running unittests src/main.rs (/opt/rustwide/target/release/build/git-hud/e93a8c148e1a780f/out/git_hud-e93a8c148e1a780f)
[INFO] [stdout] 
[INFO] [stdout] running 16 tests
[INFO] [stdout] test git::tests::test_diff_merge_conflict ... ignored
[INFO] [stdout] test git::tests::test_parse_status_line ... ignored
[INFO] [stdout] test git::tests::test_diff_staged_changes ... FAILED
[INFO] [stdout] test git::tests::test_diff_deleted_file ... FAILED
[INFO] [stdout] test git::tests::test_basic_status ... FAILED
[INFO] [stdout] test git::tests::test_various_binary_files ... FAILED
[INFO] [stdout] test git::tests::test_space_in_filename ... FAILED
[INFO] [stdout] test git::tests::test_diff_untracked_file ... FAILED
[INFO] [stdout] test display::tests::test_branch_status ... FAILED
[INFO] [stdout] test git::tests::test_merge_conflict ... FAILED
[INFO] [stdout] test display::tests::test_status_display ... FAILED
[INFO] [stdout] test git::tests::test_diff_renamed_file ... FAILED
[INFO] [stdout] test git::tests::test_edge_cases ... FAILED
[INFO] [stdout] test git::tests::test_submodule_changes ... FAILED
[INFO] [stdout] test git::tests::test_binary_file ... FAILED
[INFO] [stdout] test git::tests::test_diff_modified_file ... FAILED
[INFO] [stdout] 
[INFO] [stdout] failures:
[INFO] [stdout] 
[INFO] [stdout] ---- git::tests::test_diff_staged_changes stdout ----
[INFO] [stdout] 
[INFO] [stdout] thread 'git::tests::test_diff_staged_changes' (2641) panicked at src/git.rs:60:14:
[INFO] [stdout] Could not discover the git path when opening current directory: Error { code: -3, klass: 6, message: "could not find repository at '.'" }
[INFO] [stdout] stack backtrace:
[INFO] [stdout]    0:     0x61c9e99a33c1 - <<std[617be2ca0a6fd877]::sys::backtrace::BacktraceLock>::print::DisplayBacktrace as core[a373ad73a504971]::fmt::Display>::fmt
[INFO] [stdout]    1:     0x61c9e99b7dea - core[a373ad73a504971]::fmt::write
[INFO] [stdout]    2:     0x61c9e99a7dcc - <alloc[2e1b2a31b91974c5]::vec::Vec<u8> as core[a373ad73a504971]::io::write::Write>::write_fmt
[INFO] [stdout]    3:     0x61c9e997cf46 - std[617be2ca0a6fd877]::panicking::default_hook::{closure#0}
[INFO] [stdout]    4:     0x61c9e999a5f9 - std[617be2ca0a6fd877]::panicking::default_hook
[INFO] [stdout]    5:     0x61c9e992eee0 - test[aada8e7e76ba119b]::test_main_inner::{closure#0}
[INFO] [stdout]    6:     0x61c9e999a922 - std[617be2ca0a6fd877]::panicking::panic_with_hook
[INFO] [stdout]    7:     0x61c9e997cff2 - std[617be2ca0a6fd877]::panicking::panic_handler::{closure#0}
[INFO] [stdout]    8:     0x61c9e9975339 - std[617be2ca0a6fd877]::sys::backtrace::__rust_end_short_backtrace::<std[617be2ca0a6fd877]::panicking::panic_handler::{closure#0}, !>
[INFO] [stdout]    9:     0x61c9e997ddad - __rustc[ea4f61d10b84890b]::rust_begin_unwind
[INFO] [stdout]   10:     0x61c9e99b851c - core[a373ad73a504971]::panicking::panic_fmt
[INFO] [stdout]   11:     0x61c9e99b82f2 - core[a373ad73a504971]::result::unwrap_failed
[INFO] [stdout]   12:     0x61c9e98c5179 - <git_hud[57eb86f678ee8c7b]::git::Repository>::open_current_directory
[INFO] [stdout]   13:     0x61c9e98bb029 - git_hud[57eb86f678ee8c7b]::git::tests::setup_test_repo
[INFO] [stdout]   14:     0x61c9e98c1171 - <git_hud[57eb86f678ee8c7b]::git::tests::test_diff_staged_changes::{closure#0} as core[a373ad73a504971]::ops::function::FnOnce<()>>::call_once
[INFO] [stdout]   15:     0x61c9e992232b - test[aada8e7e76ba119b]::__rust_begin_short_backtrace::<core[a373ad73a504971]::result::Result<(), alloc[2e1b2a31b91974c5]::string::String>, fn() -> core[a373ad73a504971]::result::Result<(), alloc[2e1b2a31b91974c5]::string::String>>
[INFO] [stdout]   16:     0x61c9e992f505 - test[aada8e7e76ba119b]::run_test::{closure#0}
[INFO] [stdout]   17:     0x61c9e9928df4 - std[617be2ca0a6fd877]::sys::backtrace::__rust_begin_short_backtrace::<test[aada8e7e76ba119b]::run_test::{closure#1}, ()>
[INFO] [stdout]   18:     0x61c9e9932592 - <std[617be2ca0a6fd877]::thread::lifecycle::spawn_unchecked<test[aada8e7e76ba119b]::run_test::{closure#1}, ()>::{closure#1} as core[a373ad73a504971]::ops::function::FnOnce<()>>::call_once::{shim:vtable#0}
[INFO] [stdout]   19:     0x61c9e99a26cf - <std[617be2ca0a6fd877]::sys::thread::unix::Thread>::new::thread_start
[INFO] [stdout]   20:     0x73b07c931dfa - <unknown>
[INFO] [stdout]   21:     0x73b07c9c53d4 - clone
[INFO] [stdout]   22:                0x0 - <unknown>
[INFO] [stdout] 
[INFO] [stdout] ---- git::tests::test_diff_deleted_file stdout ----
[INFO] [stdout] 
[INFO] [stdout] thread 'git::tests::test_diff_deleted_file' (2638) panicked at src/git.rs:60:14:
[INFO] [stdout] Could not discover the git path when opening current directory: Error { code: -3, klass: 6, message: "could not find repository at '.'" }
[INFO] [stdout] stack backtrace:
[INFO] [stdout]    0:     0x61c9e99a33c1 - <<std[617be2ca0a6fd877]::sys::backtrace::BacktraceLock>::print::DisplayBacktrace as core[a373ad73a504971]::fmt::Display>::fmt
[INFO] [stdout]    1:     0x61c9e99b7dea - core[a373ad73a504971]::fmt::write
[INFO] [stdout]    2:     0x61c9e99a7dcc - <alloc[2e1b2a31b91974c5]::vec::Vec<u8> as core[a373ad73a504971]::io::write::Write>::write_fmt
[INFO] [stdout]    3:     0x61c9e997cf46 - std[617be2ca0a6fd877]::panicking::default_hook::{closure#0}
[INFO] [stdout]    4:     0x61c9e999a5f9 - std[617be2ca0a6fd877]::panicking::default_hook
[INFO] [stdout]    5:     0x61c9e992eee0 - test[aada8e7e76ba119b]::test_main_inner::{closure#0}
[INFO] [stdout]    6:     0x61c9e999a922 - std[617be2ca0a6fd877]::panicking::panic_with_hook
[INFO] [stdout]    7:     0x61c9e997cff2 - std[617be2ca0a6fd877]::panicking::panic_handler::{closure#0}
[INFO] [stdout]    8:     0x61c9e9975339 - std[617be2ca0a6fd877]::sys::backtrace::__rust_end_short_backtrace::<std[617be2ca0a6fd877]::panicking::panic_handler::{closure#0}, !>
[INFO] [stdout]    9:     0x61c9e997ddad - __rustc[ea4f61d10b84890b]::rust_begin_unwind
[INFO] [stdout]   10:     0x61c9e99b851c - core[a373ad73a504971]::panicking::panic_fmt
[INFO] [stdout]   11:     0x61c9e99b82f2 - core[a373ad73a504971]::result::unwrap_failed
[INFO] [stdout]   12:     0x61c9e98c5179 - <git_hud[57eb86f678ee8c7b]::git::Repository>::open_current_directory
[INFO] [stdout]   13:     0x61c9e98bb029 - git_hud[57eb86f678ee8c7b]::git::tests::setup_test_repo
[INFO] [stdout]   14:     0x61c9e98bd8d9 - <git_hud[57eb86f678ee8c7b]::git::tests::test_diff_deleted_file::{closure#0} as core[a373ad73a504971]::ops::function::FnOnce<()>>::call_once
[INFO] [stdout]   15:     0x61c9e992232b - test[aada8e7e76ba119b]::__rust_begin_short_backtrace::<core[a373ad73a504971]::result::Result<(), alloc[2e1b2a31b91974c5]::string::String>, fn() -> core[a373ad73a504971]::result::Result<(), alloc[2e1b2a31b91974c5]::string::String>>
[INFO] [stdout]   16:     0x61c9e992f505 - test[aada8e7e76ba119b]::run_test::{closure#0}
[INFO] [stdout]   17:     0x61c9e9928df4 - std[617be2ca0a6fd877]::sys::backtrace::__rust_begin_short_backtrace::<test[aada8e7e76ba119b]::run_test::{closure#1}, ()>
[INFO] [stdout]   18:     0x61c9e9932592 - <std[617be2ca0a6fd877]::thread::lifecycle::spawn_unchecked<test[aada8e7e76ba119b]::run_test::{closure#1}, ()>::{closure#1} as core[a373ad73a504971]::ops::function::FnOnce<()>>::call_once::{shim:vtable#0}
[INFO] [stdout]   19:     0x61c9e99a26cf - <std[617be2ca0a6fd877]::sys::thread::unix::Thread>::new::thread_start
[INFO] [stdout]   20:     0x73b07c931dfa - <unknown>
[INFO] [stdout]   21:     0x73b07c9c53d4 - clone
[INFO] [stdout]   22:                0x0 - <unknown>
[INFO] [stdout] 
[INFO] [stdout] ---- git::tests::test_basic_status stdout ----
[INFO] [stdout] 
[INFO] [stdout] thread 'git::tests::test_basic_status' (2636) panicked at src/git.rs:60:14:
[INFO] [stdout] Could not discover the git path when opening current directory: Error { code: -3, klass: 6, message: "could not find repository at '.'" }
[INFO] [stdout] stack backtrace:
[INFO] [stdout]    0:     0x61c9e99a33c1 - <<std[617be2ca0a6fd877]::sys::backtrace::BacktraceLock>::print::DisplayBacktrace as core[a373ad73a504971]::fmt::Display>::fmt
[INFO] [stdout]    1:     0x61c9e99b7dea - core[a373ad73a504971]::fmt::write
[INFO] [stdout]    2:     0x61c9e99a7dcc - <alloc[2e1b2a31b91974c5]::vec::Vec<u8> as core[a373ad73a504971]::io::write::Write>::write_fmt
[INFO] [stdout]    3:     0x61c9e997cf46 - std[617be2ca0a6fd877]::panicking::default_hook::{closure#0}
[INFO] [stdout]    4:     0x61c9e999a5f9 - std[617be2ca0a6fd877]::panicking::default_hook
[INFO] [stdout]    5:     0x61c9e992eee0 - test[aada8e7e76ba119b]::test_main_inner::{closure#0}
[INFO] [stdout]    6:     0x61c9e999a922 - std[617be2ca0a6fd877]::panicking::panic_with_hook
[INFO] [stdout]    7:     0x61c9e997cff2 - std[617be2ca0a6fd877]::panicking::panic_handler::{closure#0}
[INFO] [stdout]    8:     0x61c9e9975339 - std[617be2ca0a6fd877]::sys::backtrace::__rust_end_short_backtrace::<std[617be2ca0a6fd877]::panicking::panic_handler::{closure#0}, !>
[INFO] [stdout]    9:     0x61c9e997ddad - __rustc[ea4f61d10b84890b]::rust_begin_unwind
[INFO] [stdout]   10:     0x61c9e99b851c - core[a373ad73a504971]::panicking::panic_fmt
[INFO] [stdout]   11:     0x61c9e99b82f2 - core[a373ad73a504971]::result::unwrap_failed
[INFO] [stdout]   12:     0x61c9e98c5179 - <git_hud[57eb86f678ee8c7b]::git::Repository>::open_current_directory
[INFO] [stdout]   13:     0x61c9e98bb029 - git_hud[57eb86f678ee8c7b]::git::tests::setup_test_repo
[INFO] [stdout]   14:     0x61c9e98bc8be - <git_hud[57eb86f678ee8c7b]::git::tests::test_basic_status::{closure#0} as core[a373ad73a504971]::ops::function::FnOnce<()>>::call_once
[INFO] [stdout]   15:     0x61c9e992232b - test[aada8e7e76ba119b]::__rust_begin_short_backtrace::<core[a373ad73a504971]::result::Result<(), alloc[2e1b2a31b91974c5]::string::String>, fn() -> core[a373ad73a504971]::result::Result<(), alloc[2e1b2a31b91974c5]::string::String>>
[INFO] [stdout]   16:     0x61c9e992f505 - test[aada8e7e76ba119b]::run_test::{closure#0}
[INFO] [stdout]   17:     0x61c9e9928df4 - std[617be2ca0a6fd877]::sys::backtrace::__rust_begin_short_backtrace::<test[aada8e7e76ba119b]::run_test::{closure#1}, ()>
[INFO] [stdout]   18:     0x61c9e9932592 - <std[617be2ca0a6fd877]::thread::lifecycle::spawn_unchecked<test[aada8e7e76ba119b]::run_test::{closure#1}, ()>::{closure#1} as core[a373ad73a504971]::ops::function::FnOnce<()>>::call_once::{shim:vtable#0}
[INFO] [stdout]   19:     0x61c9e99a26cf - <std[617be2ca0a6fd877]::sys::thread::unix::Thread>::new::thread_start
[INFO] [stdout]   20:     0x73b07c931dfa - <unknown>
[INFO] [stdout]   21:     0x73b07c9c53d4 - clone
[INFO] [stdout]   22:                0x0 - <unknown>
[INFO] [stdout] 
[INFO] [stdout] ---- git::tests::test_various_binary_files stdout ----
[INFO] [stdout] 
[INFO] [stdout] thread 'git::tests::test_various_binary_files' (2647) panicked at src/git.rs:60:14:
[INFO] [stdout] Could not discover the git path when opening current directory: Error { code: -3, klass: 6, message: "could not find repository at '.'" }
[INFO] [stdout] stack backtrace:
[INFO] [stdout]    0:     0x61c9e99a33c1 - <<std[617be2ca0a6fd877]::sys::backtrace::BacktraceLock>::print::DisplayBacktrace as core[a373ad73a504971]::fmt::Display>::fmt
[INFO] [stdout]    1:     0x61c9e99b7dea - core[a373ad73a504971]::fmt::write
[INFO] [stdout]    2:     0x61c9e99a7dcc - <alloc[2e1b2a31b91974c5]::vec::Vec<u8> as core[a373ad73a504971]::io::write::Write>::write_fmt
[INFO] [stdout]    3:     0x61c9e997cf46 - std[617be2ca0a6fd877]::panicking::default_hook::{closure#0}
[INFO] [stderr] error: test failed, to rerun pass `--bin git-hud`
[INFO] [stdout]    4:     0x61c9e999a5f9 - std[617be2ca0a6fd877]::panicking::default_hook
[INFO] [stdout]    5:     0x61c9e992eee0 - test[aada8e7e76ba119b]::test_main_inner::{closure#0}
[INFO] [stdout]    6:     0x61c9e999a922 - std[617be2ca0a6fd877]::panicking::panic_with_hook
[INFO] [stdout]    7:     0x61c9e997cff2 - std[617be2ca0a6fd877]::panicking::panic_handler::{closure#0}
[INFO] [stdout]    8:     0x61c9e9975339 - std[617be2ca0a6fd877]::sys::backtrace::__rust_end_short_backtrace::<std[617be2ca0a6fd877]::panicking::panic_handler::{closure#0}, !>
[INFO] [stdout]    9:     0x61c9e997ddad - __rustc[ea4f61d10b84890b]::rust_begin_unwind
[INFO] [stdout]   10:     0x61c9e99b851c - core[a373ad73a504971]::panicking::panic_fmt
[INFO] [stdout]   11:     0x61c9e99b82f2 - core[a373ad73a504971]::result::unwrap_failed
[INFO] [stdout]   12:     0x61c9e98c5179 - <git_hud[57eb86f678ee8c7b]::git::Repository>::open_current_directory
[INFO] [stdout]   13:     0x61c9e98bb029 - git_hud[57eb86f678ee8c7b]::git::tests::setup_test_repo
[INFO] [stdout]   14:     0x61c9e98c1c50 - <git_hud[57eb86f678ee8c7b]::git::tests::test_various_binary_files::{closure#0} as core[a373ad73a504971]::ops::function::FnOnce<()>>::call_once
[INFO] [stdout]   15:     0x61c9e992232b - test[aada8e7e76ba119b]::__rust_begin_short_backtrace::<core[a373ad73a504971]::result::Result<(), alloc[2e1b2a31b91974c5]::string::String>, fn() -> core[a373ad73a504971]::result::Result<(), alloc[2e1b2a31b91974c5]::string::String>>
[INFO] [stdout]   16:     0x61c9e992f505 - test[aada8e7e76ba119b]::run_test::{closure#0}
[INFO] [stdout]   17:     0x61c9e9928df4 - std[617be2ca0a6fd877]::sys::backtrace::__rust_begin_short_backtrace::<test[aada8e7e76ba119b]::run_test::{closure#1}, ()>
[INFO] [stdout]   18:     0x61c9e9932592 - <std[617be2ca0a6fd877]::thread::lifecycle::spawn_unchecked<test[aada8e7e76ba119b]::run_test::{closure#1}, ()>::{closure#1} as core[a373ad73a504971]::ops::function::FnOnce<()>>::call_once::{shim:vtable#0}
[INFO] [stdout]   19:     0x61c9e99a26cf - <std[617be2ca0a6fd877]::sys::thread::unix::Thread>::new::thread_start
[INFO] [stdout]   20:     0x73b07c931dfa - <unknown>
[INFO] [stdout]   21:     0x73b07c9c53d4 - clone
[INFO] [stdout]   22:                0x0 - <unknown>
[INFO] [stdout] 
[INFO] [stdout] ---- git::tests::test_space_in_filename stdout ----
[INFO] [stdout] 
[INFO] [stdout] thread 'git::tests::test_space_in_filename' (2645) panicked at src/git.rs:60:14:
[INFO] [stdout] Could not discover the git path when opening current directory: Error { code: -3, klass: 6, message: "could not find repository at '.'" }
[INFO] [stdout] stack backtrace:
[INFO] [stdout]    0:     0x61c9e99a33c1 - <<std[617be2ca0a6fd877]::sys::backtrace::BacktraceLock>::print::DisplayBacktrace as core[a373ad73a504971]::fmt::Display>::fmt
[INFO] [stdout]    1:     0x61c9e99b7dea - core[a373ad73a504971]::fmt::write
[INFO] [stdout]    2:     0x61c9e99a7dcc - <alloc[2e1b2a31b91974c5]::vec::Vec<u8> as core[a373ad73a504971]::io::write::Write>::write_fmt
[INFO] [stdout]    3:     0x61c9e997cf46 - std[617be2ca0a6fd877]::panicking::default_hook::{closure#0}
[INFO] [stdout]    4:     0x61c9e999a5f9 - std[617be2ca0a6fd877]::panicking::default_hook
[INFO] [stdout]    5:     0x61c9e992eee0 - test[aada8e7e76ba119b]::test_main_inner::{closure#0}
[INFO] [stdout]    6:     0x61c9e999a922 - std[617be2ca0a6fd877]::panicking::panic_with_hook
[INFO] [stdout]    7:     0x61c9e997cff2 - std[617be2ca0a6fd877]::panicking::panic_handler::{closure#0}
[INFO] [stdout]    8:     0x61c9e9975339 - std[617be2ca0a6fd877]::sys::backtrace::__rust_end_short_backtrace::<std[617be2ca0a6fd877]::panicking::panic_handler::{closure#0}, !>
[INFO] [stdout]    9:     0x61c9e997ddad - __rustc[ea4f61d10b84890b]::rust_begin_unwind
[INFO] [stdout]   10:     0x61c9e99b851c - core[a373ad73a504971]::panicking::panic_fmt
[INFO] [stdout]   11:     0x61c9e99b82f2 - core[a373ad73a504971]::result::unwrap_failed
[INFO] [stdout]   12:     0x61c9e98c5179 - <git_hud[57eb86f678ee8c7b]::git::Repository>::open_current_directory
[INFO] [stdout]   13:     0x61c9e98bb029 - git_hud[57eb86f678ee8c7b]::git::tests::setup_test_repo
[INFO] [stdout]   14:     0x61c9e98bf22e - <git_hud[57eb86f678ee8c7b]::git::tests::test_space_in_filename::{closure#0} as core[a373ad73a504971]::ops::function::FnOnce<()>>::call_once
[INFO] [stdout]   15:     0x61c9e992232b - test[aada8e7e76ba119b]::__rust_begin_short_backtrace::<core[a373ad73a504971]::result::Result<(), alloc[2e1b2a31b91974c5]::string::String>, fn() -> core[a373ad73a504971]::result::Result<(), alloc[2e1b2a31b91974c5]::string::String>>
[INFO] [stdout]   16:     0x61c9e992f505 - test[aada8e7e76ba119b]::run_test::{closure#0}
[INFO] [stdout]   17:     0x61c9e9928df4 - std[617be2ca0a6fd877]::sys::backtrace::__rust_begin_short_backtrace::<test[aada8e7e76ba119b]::run_test::{closure#1}, ()>
[INFO] [stdout]   18:     0x61c9e9932592 - <std[617be2ca0a6fd877]::thread::lifecycle::spawn_unchecked<test[aada8e7e76ba119b]::run_test::{closure#1}, ()>::{closure#1} as core[a373ad73a504971]::ops::function::FnOnce<()>>::call_once::{shim:vtable#0}
[INFO] [stdout]   19:     0x61c9e99a26cf - <std[617be2ca0a6fd877]::sys::thread::unix::Thread>::new::thread_start
[INFO] [stdout]   20:     0x73b07c931dfa - <unknown>
[INFO] [stdout]   21:     0x73b07c9c53d4 - clone
[INFO] [stdout]   22:                0x0 - <unknown>
[INFO] [stdout] 
[INFO] [stdout] ---- git::tests::test_diff_untracked_file stdout ----
[INFO] [stdout] 
[INFO] [stdout] thread 'git::tests::test_diff_untracked_file' (2642) panicked at src/git.rs:60:14:
[INFO] [stdout] Could not discover the git path when opening current directory: Error { code: -3, klass: 6, message: "could not find repository at '.'" }
[INFO] [stdout] stack backtrace:
[INFO] [stdout]    0:     0x61c9e99a33c1 - <<std[617be2ca0a6fd877]::sys::backtrace::BacktraceLock>::print::DisplayBacktrace as core[a373ad73a504971]::fmt::Display>::fmt
[INFO] [stdout]    1:     0x61c9e99b7dea - core[a373ad73a504971]::fmt::write
[INFO] [stdout]    2:     0x61c9e99a7dcc - <alloc[2e1b2a31b91974c5]::vec::Vec<u8> as core[a373ad73a504971]::io::write::Write>::write_fmt
[INFO] [stdout]    3:     0x61c9e997cf46 - std[617be2ca0a6fd877]::panicking::default_hook::{closure#0}
[INFO] [stdout]    4:     0x61c9e999a5f9 - std[617be2ca0a6fd877]::panicking::default_hook
[INFO] [stdout]    5:     0x61c9e992eee0 - test[aada8e7e76ba119b]::test_main_inner::{closure#0}
[INFO] [stdout]    6:     0x61c9e999a922 - std[617be2ca0a6fd877]::panicking::panic_with_hook
[INFO] [stdout]    7:     0x61c9e997cff2 - std[617be2ca0a6fd877]::panicking::panic_handler::{closure#0}
[INFO] [stdout]    8:     0x61c9e9975339 - std[617be2ca0a6fd877]::sys::backtrace::__rust_end_short_backtrace::<std[617be2ca0a6fd877]::panicking::panic_handler::{closure#0}, !>
[INFO] [stdout]    9:     0x61c9e997ddad - __rustc[ea4f61d10b84890b]::rust_begin_unwind
[INFO] [stdout]   10:     0x61c9e99b851c - core[a373ad73a504971]::panicking::panic_fmt
[INFO] [stdout]   11:     0x61c9e99b82f2 - core[a373ad73a504971]::result::unwrap_failed
[INFO] [stdout]   12:     0x61c9e98c5179 - <git_hud[57eb86f678ee8c7b]::git::Repository>::open_current_directory
[INFO] [stdout]   13:     0x61c9e98bb029 - git_hud[57eb86f678ee8c7b]::git::tests::setup_test_repo
[INFO] [stdout]   14:     0x61c9e98c177e - <git_hud[57eb86f678ee8c7b]::git::tests::test_diff_untracked_file::{closure#0} as core[a373ad73a504971]::ops::function::FnOnce<()>>::call_once
[INFO] [stdout]   15:     0x61c9e992232b - test[aada8e7e76ba119b]::__rust_begin_short_backtrace::<core[a373ad73a504971]::result::Result<(), alloc[2e1b2a31b91974c5]::string::String>, fn() -> core[a373ad73a504971]::result::Result<(), alloc[2e1b2a31b91974c5]::string::String>>
[INFO] [stdout]   16:     0x61c9e992f505 - test[aada8e7e76ba119b]::run_test::{closure#0}
[INFO] [stdout]   17:     0x61c9e9928df4 - std[617be2ca0a6fd877]::sys::backtrace::__rust_begin_short_backtrace::<test[aada8e7e76ba119b]::run_test::{closure#1}, ()>
[INFO] [stdout]   18:     0x61c9e9932592 - <std[617be2ca0a6fd877]::thread::lifecycle::spawn_unchecked<test[aada8e7e76ba119b]::run_test::{closure#1}, ()>::{closure#1} as core[a373ad73a504971]::ops::function::FnOnce<()>>::call_once::{shim:vtable#0}
[INFO] [stdout]   19:     0x61c9e99a26cf - <std[617be2ca0a6fd877]::sys::thread::unix::Thread>::new::thread_start
[INFO] [stdout]   20:     0x73b07c931dfa - <unknown>
[INFO] [stdout]   21:     0x73b07c9c53d4 - clone
[INFO] [stdout]   22:                0x0 - <unknown>
[INFO] [stdout] 
[INFO] [stdout] ---- display::tests::test_branch_status stdout ----
[INFO] [stdout] 
[INFO] [stdout] thread 'display::tests::test_branch_status' (2634) panicked at src/git.rs:60:14:
[INFO] [stdout] Could not discover the git path when opening current directory: Error { code: -3, klass: 6, message: "could not find repository at '.'" }
[INFO] [stdout] stack backtrace:
[INFO] [stdout]    0:     0x61c9e99a33c1 - <<std[617be2ca0a6fd877]::sys::backtrace::BacktraceLock>::print::DisplayBacktrace as core[a373ad73a504971]::fmt::Display>::fmt
[INFO] [stdout]    1:     0x61c9e99b7dea - core[a373ad73a504971]::fmt::write
[INFO] [stdout]    2:     0x61c9e99a7dcc - <alloc[2e1b2a31b91974c5]::vec::Vec<u8> as core[a373ad73a504971]::io::write::Write>::write_fmt
[INFO] [stdout]    3:     0x61c9e997cf46 - std[617be2ca0a6fd877]::panicking::default_hook::{closure#0}
[INFO] [stdout]    4:     0x61c9e999a5f9 - std[617be2ca0a6fd877]::panicking::default_hook
[INFO] [stdout]    5:     0x61c9e992eee0 - test[aada8e7e76ba119b]::test_main_inner::{closure#0}
[INFO] [stdout]    6:     0x61c9e999a922 - std[617be2ca0a6fd877]::panicking::panic_with_hook
[INFO] [stdout]    7:     0x61c9e997cff2 - std[617be2ca0a6fd877]::panicking::panic_handler::{closure#0}
[INFO] [stdout]    8:     0x61c9e9975339 - std[617be2ca0a6fd877]::sys::backtrace::__rust_end_short_backtrace::<std[617be2ca0a6fd877]::panicking::panic_handler::{closure#0}, !>
[INFO] [stdout]    9:     0x61c9e997ddad - __rustc[ea4f61d10b84890b]::rust_begin_unwind
[INFO] [stdout]   10:     0x61c9e99b851c - core[a373ad73a504971]::panicking::panic_fmt
[INFO] [stdout]   11:     0x61c9e99b82f2 - core[a373ad73a504971]::result::unwrap_failed
[INFO] [stdout]   12:     0x61c9e98c5179 - <git_hud[57eb86f678ee8c7b]::git::Repository>::open_current_directory
[INFO] [stdout]   13:     0x61c9e98ca3f9 - git_hud[57eb86f678ee8c7b]::display::tests::setup_test_repo
[INFO] [stdout]   14:     0x61c9e98cad79 - <git_hud[57eb86f678ee8c7b]::display::tests::test_branch_status::{closure#0} as core[a373ad73a504971]::ops::function::FnOnce<()>>::call_once
[INFO] [stdout]   15:     0x61c9e992232b - test[aada8e7e76ba119b]::__rust_begin_short_backtrace::<core[a373ad73a504971]::result::Result<(), alloc[2e1b2a31b91974c5]::string::String>, fn() -> core[a373ad73a504971]::result::Result<(), alloc[2e1b2a31b91974c5]::string::String>>
[INFO] [stdout]   16:     0x61c9e992f505 - test[aada8e7e76ba119b]::run_test::{closure#0}
[INFO] [stdout]   17:     0x61c9e9928df4 - std[617be2ca0a6fd877]::sys::backtrace::__rust_begin_short_backtrace::<test[aada8e7e76ba119b]::run_test::{closure#1}, ()>
[INFO] [stdout]   18:     0x61c9e9932592 - <std[617be2ca0a6fd877]::thread::lifecycle::spawn_unchecked<test[aada8e7e76ba119b]::run_test::{closure#1}, ()>::{closure#1} as core[a373ad73a504971]::ops::function::FnOnce<()>>::call_once::{shim:vtable#0}
[INFO] [stdout]   19:     0x61c9e99a26cf - <std[617be2ca0a6fd877]::sys::thread::unix::Thread>::new::thread_start
[INFO] [stdout]   20:     0x73b07c931dfa - <unknown>
[INFO] [stdout]   21:     0x73b07c9c53d4 - clone
[INFO] [stdout]   22:                0x0 - <unknown>
[INFO] [stdout] 
[INFO] [stdout] ---- git::tests::test_merge_conflict stdout ----
[INFO] [stdout] 
[INFO] [stdout] thread 'git::tests::test_merge_conflict' (2644) panicked at src/git.rs:60:14:
[INFO] [stdout] Could not discover the git path when opening current directory: Error { code: -3, klass: 6, message: "could not find repository at '.'" }
[INFO] [stdout] stack backtrace:
[INFO] [stdout]    0:     0x61c9e99a33c1 - <<std[617be2ca0a6fd877]::sys::backtrace::BacktraceLock>::print::DisplayBacktrace as core[a373ad73a504971]::fmt::Display>::fmt
[INFO] [stdout]    1:     0x61c9e99b7dea - core[a373ad73a504971]::fmt::write
[INFO] [stdout]    2:     0x61c9e99a7dcc - <alloc[2e1b2a31b91974c5]::vec::Vec<u8> as core[a373ad73a504971]::io::write::Write>::write_fmt
[INFO] [stdout]    3:     0x61c9e997cf46 - std[617be2ca0a6fd877]::panicking::default_hook::{closure#0}
[INFO] [stdout]    4:     0x61c9e999a5f9 - std[617be2ca0a6fd877]::panicking::default_hook
[INFO] [stdout]    5:     0x61c9e992eee0 - test[aada8e7e76ba119b]::test_main_inner::{closure#0}
[INFO] [stdout]    6:     0x61c9e999a922 - std[617be2ca0a6fd877]::panicking::panic_with_hook
[INFO] [stdout]    7:     0x61c9e997cff2 - std[617be2ca0a6fd877]::panicking::panic_handler::{closure#0}
[INFO] [stdout]    8:     0x61c9e9975339 - std[617be2ca0a6fd877]::sys::backtrace::__rust_end_short_backtrace::<std[617be2ca0a6fd877]::panicking::panic_handler::{closure#0}, !>
[INFO] [stdout]    9:     0x61c9e997ddad - __rustc[ea4f61d10b84890b]::rust_begin_unwind
[INFO] [stdout]   10:     0x61c9e99b851c - core[a373ad73a504971]::panicking::panic_fmt
[INFO] [stdout]   11:     0x61c9e99b82f2 - core[a373ad73a504971]::result::unwrap_failed
[INFO] [stdout]   12:     0x61c9e98c5179 - <git_hud[57eb86f678ee8c7b]::git::Repository>::open_current_directory
[INFO] [stdout]   13:     0x61c9e98bb029 - git_hud[57eb86f678ee8c7b]::git::tests::setup_test_repo
[INFO] [stdout]   14:     0x61c9e98bcdec - <git_hud[57eb86f678ee8c7b]::git::tests::test_merge_conflict::{closure#0} as core[a373ad73a504971]::ops::function::FnOnce<()>>::call_once
[INFO] [stdout]   15:     0x61c9e992232b - test[aada8e7e76ba119b]::__rust_begin_short_backtrace::<core[a373ad73a504971]::result::Result<(), alloc[2e1b2a31b91974c5]::string::String>, fn() -> core[a373ad73a504971]::result::Result<(), alloc[2e1b2a31b91974c5]::string::String>>
[INFO] [stdout]   16:     0x61c9e992f505 - test[aada8e7e76ba119b]::run_test::{closure#0}
[INFO] [stdout]   17:     0x61c9e9928df4 - std[617be2ca0a6fd877]::sys::backtrace::__rust_begin_short_backtrace::<test[aada8e7e76ba119b]::run_test::{closure#1}, ()>
[INFO] [stdout]   18:     0x61c9e9932592 - <std[617be2ca0a6fd877]::thread::lifecycle::spawn_unchecked<test[aada8e7e76ba119b]::run_test::{closure#1}, ()>::{closure#1} as core[a373ad73a504971]::ops::function::FnOnce<()>>::call_once::{shim:vtable#0}
[INFO] [stdout]   19:     0x61c9e99a26cf - <std[617be2ca0a6fd877]::sys::thread::unix::Thread>::new::thread_start
[INFO] [stdout]   20:     0x73b07c931dfa - <unknown>
[INFO] [stdout]   21:     0x73b07c9c53d4 - clone
[INFO] [stdout]   22:                0x0 - <unknown>
[INFO] [stdout] 
[INFO] [stdout] ---- display::tests::test_status_display stdout ----
[INFO] [stdout] 
[INFO] [stdout] thread 'display::tests::test_status_display' (2635) panicked at src/git.rs:60:14:
[INFO] [stdout] Could not discover the git path when opening current directory: Error { code: -3, klass: 6, message: "could not find repository at '.'" }
[INFO] [stdout] stack backtrace:
[INFO] [stdout]    0:     0x61c9e99a33c1 - <<std[617be2ca0a6fd877]::sys::backtrace::BacktraceLock>::print::DisplayBacktrace as core[a373ad73a504971]::fmt::Display>::fmt
[INFO] [stdout]    1:     0x61c9e99b7dea - core[a373ad73a504971]::fmt::write
[INFO] [stdout]    2:     0x61c9e99a7dcc - <alloc[2e1b2a31b91974c5]::vec::Vec<u8> as core[a373ad73a504971]::io::write::Write>::write_fmt
[INFO] [stdout]    3:     0x61c9e997cf46 - std[617be2ca0a6fd877]::panicking::default_hook::{closure#0}
[INFO] [stdout]    4:     0x61c9e999a5f9 - std[617be2ca0a6fd877]::panicking::default_hook
[INFO] [stdout]    5:     0x61c9e992eee0 - test[aada8e7e76ba119b]::test_main_inner::{closure#0}
[INFO] [stdout]    6:     0x61c9e999a922 - std[617be2ca0a6fd877]::panicking::panic_with_hook
[INFO] [stdout]    7:     0x61c9e997cff2 - std[617be2ca0a6fd877]::panicking::panic_handler::{closure#0}
[INFO] [stdout]    8:     0x61c9e9975339 - std[617be2ca0a6fd877]::sys::backtrace::__rust_end_short_backtrace::<std[617be2ca0a6fd877]::panicking::panic_handler::{closure#0}, !>
[INFO] [stdout]    9:     0x61c9e997ddad - __rustc[ea4f61d10b84890b]::rust_begin_unwind
[INFO] [stdout]   10:     0x61c9e99b851c - core[a373ad73a504971]::panicking::panic_fmt
[INFO] [stdout]   11:     0x61c9e99b82f2 - core[a373ad73a504971]::result::unwrap_failed
[INFO] [stdout]   12:     0x61c9e98c5179 - <git_hud[57eb86f678ee8c7b]::git::Repository>::open_current_directory
[INFO] [stdout]   13:     0x61c9e98ca3f9 - git_hud[57eb86f678ee8c7b]::display::tests::setup_test_repo
[INFO] [stdout]   14:     0x61c9e98cb27b - <git_hud[57eb86f678ee8c7b]::display::tests::test_status_display::{closure#0} as core[a373ad73a504971]::ops::function::FnOnce<()>>::call_once
[INFO] [stdout]   15:     0x61c9e992232b - test[aada8e7e76ba119b]::__rust_begin_short_backtrace::<core[a373ad73a504971]::result::Result<(), alloc[2e1b2a31b91974c5]::string::String>, fn() -> core[a373ad73a504971]::result::Result<(), alloc[2e1b2a31b91974c5]::string::String>>
[INFO] [stdout]   16:     0x61c9e992f505 - test[aada8e7e76ba119b]::run_test::{closure#0}
[INFO] [stdout]   17:     0x61c9e9928df4 - std[617be2ca0a6fd877]::sys::backtrace::__rust_begin_short_backtrace::<test[aada8e7e76ba119b]::run_test::{closure#1}, ()>
[INFO] [stdout]   18:     0x61c9e9932592 - <std[617be2ca0a6fd877]::thread::lifecycle::spawn_unchecked<test[aada8e7e76ba119b]::run_test::{closure#1}, ()>::{closure#1} as core[a373ad73a504971]::ops::function::FnOnce<()>>::call_once::{shim:vtable#0}
[INFO] [stdout]   19:     0x61c9e99a26cf - <std[617be2ca0a6fd877]::sys::thread::unix::Thread>::new::thread_start
[INFO] [stdout]   20:     0x73b07c931dfa - <unknown>
[INFO] [stdout]   21:     0x73b07c9c53d4 - clone
[INFO] [stdout]   22:                0x0 - <unknown>
[INFO] [stdout] 
[INFO] [stdout] ---- git::tests::test_diff_renamed_file stdout ----
[INFO] [stdout] 
[INFO] [stdout] thread 'git::tests::test_diff_renamed_file' (2640) panicked at src/git.rs:60:14:
[INFO] [stdout] Could not discover the git path when opening current directory: Error { code: -3, klass: 6, message: "could not find repository at '.'" }
[INFO] [stdout] stack backtrace:
[INFO] [stdout]    0:     0x61c9e99a33c1 - <<std[617be2ca0a6fd877]::sys::backtrace::BacktraceLock>::print::DisplayBacktrace as core[a373ad73a504971]::fmt::Display>::fmt
[INFO] [stdout]    1:     0x61c9e99b7dea - core[a373ad73a504971]::fmt::write
[INFO] [stdout]    2:     0x61c9e99a7dcc - <alloc[2e1b2a31b91974c5]::vec::Vec<u8> as core[a373ad73a504971]::io::write::Write>::write_fmt
[INFO] [stdout]    3:     0x61c9e997cf46 - std[617be2ca0a6fd877]::panicking::default_hook::{closure#0}
[INFO] [stdout]    4:     0x61c9e999a5f9 - std[617be2ca0a6fd877]::panicking::default_hook
[INFO] [stdout]    5:     0x61c9e992eee0 - test[aada8e7e76ba119b]::test_main_inner::{closure#0}
[INFO] [stdout]    6:     0x61c9e999a922 - std[617be2ca0a6fd877]::panicking::panic_with_hook
[INFO] [stdout]    7:     0x61c9e997cff2 - std[617be2ca0a6fd877]::panicking::panic_handler::{closure#0}
[INFO] [stdout]    8:     0x61c9e9975339 - std[617be2ca0a6fd877]::sys::backtrace::__rust_end_short_backtrace::<std[617be2ca0a6fd877]::panicking::panic_handler::{closure#0}, !>
[INFO] [stdout]    9:     0x61c9e997ddad - __rustc[ea4f61d10b84890b]::rust_begin_unwind
[INFO] [stdout]   10:     0x61c9e99b851c - core[a373ad73a504971]::panicking::panic_fmt
[INFO] [stdout]   11:     0x61c9e99b82f2 - core[a373ad73a504971]::result::unwrap_failed
[INFO] [stdout]   12:     0x61c9e98c5179 - <git_hud[57eb86f678ee8c7b]::git::Repository>::open_current_directory
[INFO] [stdout]   13:     0x61c9e98bb029 - git_hud[57eb86f678ee8c7b]::git::tests::setup_test_repo
[INFO] [stdout]   14:     0x61c9e98bdf8b - <git_hud[57eb86f678ee8c7b]::git::tests::test_diff_renamed_file::{closure#0} as core[a373ad73a504971]::ops::function::FnOnce<()>>::call_once
[INFO] [stdout]   15:     0x61c9e992232b - test[aada8e7e76ba119b]::__rust_begin_short_backtrace::<core[a373ad73a504971]::result::Result<(), alloc[2e1b2a31b91974c5]::string::String>, fn() -> core[a373ad73a504971]::result::Result<(), alloc[2e1b2a31b91974c5]::string::String>>
[INFO] [stdout]   16:     0x61c9e992f505 - test[aada8e7e76ba119b]::run_test::{closure#0}
[INFO] [stdout]   17:     0x61c9e9928df4 - std[617be2ca0a6fd877]::sys::backtrace::__rust_begin_short_backtrace::<test[aada8e7e76ba119b]::run_test::{closure#1}, ()>
[INFO] [stdout]   18:     0x61c9e9932592 - <std[617be2ca0a6fd877]::thread::lifecycle::spawn_unchecked<test[aada8e7e76ba119b]::run_test::{closure#1}, ()>::{closure#1} as core[a373ad73a504971]::ops::function::FnOnce<()>>::call_once::{shim:vtable#0}
[INFO] [stdout]   19:     0x61c9e99a26cf - <std[617be2ca0a6fd877]::sys::thread::unix::Thread>::new::thread_start
[INFO] [stdout]   20:     0x73b07c931dfa - <unknown>
[INFO] [stdout]   21:     0x73b07c9c53d4 - clone
[INFO] [stdout]   22:                0x0 - <unknown>
[INFO] [stdout] 
[INFO] [stdout] ---- git::tests::test_edge_cases stdout ----
[INFO] [stdout] 
[INFO] [stdout] thread 'git::tests::test_edge_cases' (2643) panicked at src/git.rs:60:14:
[INFO] [stdout] Could not discover the git path when opening current directory: Error { code: -3, klass: 6, message: "could not find repository at '.'" }
[INFO] [stdout] stack backtrace:
[INFO] [stdout]    0:     0x61c9e99a33c1 - <<std[617be2ca0a6fd877]::sys::backtrace::BacktraceLock>::print::DisplayBacktrace as core[a373ad73a504971]::fmt::Display>::fmt
[INFO] [stdout]    1:     0x61c9e99b7dea - core[a373ad73a504971]::fmt::write
[INFO] [stdout]    2:     0x61c9e99a7dcc - <alloc[2e1b2a31b91974c5]::vec::Vec<u8> as core[a373ad73a504971]::io::write::Write>::write_fmt
[INFO] [stdout]    3:     0x61c9e997cf46 - std[617be2ca0a6fd877]::panicking::default_hook::{closure#0}
[INFO] [stdout]    4:     0x61c9e999a5f9 - std[617be2ca0a6fd877]::panicking::default_hook
[INFO] [stdout]    5:     0x61c9e992eee0 - test[aada8e7e76ba119b]::test_main_inner::{closure#0}
[INFO] [stdout]    6:     0x61c9e999a922 - std[617be2ca0a6fd877]::panicking::panic_with_hook
[INFO] [stdout]    7:     0x61c9e997cff2 - std[617be2ca0a6fd877]::panicking::panic_handler::{closure#0}
[INFO] [stdout]    8:     0x61c9e9975339 - std[617be2ca0a6fd877]::sys::backtrace::__rust_end_short_backtrace::<std[617be2ca0a6fd877]::panicking::panic_handler::{closure#0}, !>
[INFO] [stdout]    9:     0x61c9e997ddad - __rustc[ea4f61d10b84890b]::rust_begin_unwind
[INFO] [stdout]   10:     0x61c9e99b851c - core[a373ad73a504971]::panicking::panic_fmt
[INFO] [stdout]   11:     0x61c9e99b82f2 - core[a373ad73a504971]::result::unwrap_failed
[INFO] [stdout]   12:     0x61c9e98c5179 - <git_hud[57eb86f678ee8c7b]::git::Repository>::open_current_directory
[INFO] [stdout]   13:     0x61c9e98bb029 - git_hud[57eb86f678ee8c7b]::git::tests::setup_test_repo
[INFO] [stdout]   14:     0x61c9e98bb9ab - <git_hud[57eb86f678ee8c7b]::git::tests::test_edge_cases::{closure#0} as core[a373ad73a504971]::ops::function::FnOnce<()>>::call_once
[INFO] [stdout]   15:     0x61c9e992232b - test[aada8e7e76ba119b]::__rust_begin_short_backtrace::<core[a373ad73a504971]::result::Result<(), alloc[2e1b2a31b91974c5]::string::String>, fn() -> core[a373ad73a504971]::result::Result<(), alloc[2e1b2a31b91974c5]::string::String>>
[INFO] [stdout]   16:     0x61c9e992f505 - test[aada8e7e76ba119b]::run_test::{closure#0}
[INFO] [stdout]   17:     0x61c9e9928df4 - std[617be2ca0a6fd877]::sys::backtrace::__rust_begin_short_backtrace::<test[aada8e7e76ba119b]::run_test::{closure#1}, ()>
[INFO] [stdout]   18:     0x61c9e9932592 - <std[617be2ca0a6fd877]::thread::lifecycle::spawn_unchecked<test[aada8e7e76ba119b]::run_test::{closure#1}, ()>::{closure#1} as core[a373ad73a504971]::ops::function::FnOnce<()>>::call_once::{shim:vtable#0}
[INFO] [stdout]   19:     0x61c9e99a26cf - <std[617be2ca0a6fd877]::sys::thread::unix::Thread>::new::thread_start
[INFO] [stdout]   20:     0x73b07c931dfa - <unknown>
[INFO] [stdout]   21:     0x73b07c9c53d4 - clone
[INFO] [stdout]   22:                0x0 - <unknown>
[INFO] [stdout] 
[INFO] [stdout] ---- git::tests::test_submodule_changes stdout ----
[INFO] [stdout] 
[INFO] [stdout] thread 'git::tests::test_submodule_changes' (2646) panicked at src/git.rs:60:14:
[INFO] [stdout] Could not discover the git path when opening current directory: Error { code: -3, klass: 6, message: "could not find repository at '.'" }
[INFO] [stdout] stack backtrace:
[INFO] [stdout]    0:     0x61c9e99a33c1 - <<std[617be2ca0a6fd877]::sys::backtrace::BacktraceLock>::print::DisplayBacktrace as core[a373ad73a504971]::fmt::Display>::fmt
[INFO] [stdout]    1:     0x61c9e99b7dea - core[a373ad73a504971]::fmt::write
[INFO] [stdout]    2:     0x61c9e99a7dcc - <alloc[2e1b2a31b91974c5]::vec::Vec<u8> as core[a373ad73a504971]::io::write::Write>::write_fmt
[INFO] [stdout]    3:     0x61c9e997cf46 - std[617be2ca0a6fd877]::panicking::default_hook::{closure#0}
[INFO] [stdout]    4:     0x61c9e999a5f9 - std[617be2ca0a6fd877]::panicking::default_hook
[INFO] [stdout]    5:     0x61c9e992eee0 - test[aada8e7e76ba119b]::test_main_inner::{closure#0}
[INFO] [stdout]    6:     0x61c9e999a922 - std[617be2ca0a6fd877]::panicking::panic_with_hook
[INFO] [stdout]    7:     0x61c9e997cff2 - std[617be2ca0a6fd877]::panicking::panic_handler::{closure#0}
[INFO] [stdout]    8:     0x61c9e9975339 - std[617be2ca0a6fd877]::sys::backtrace::__rust_end_short_backtrace::<std[617be2ca0a6fd877]::panicking::panic_handler::{closure#0}, !>
[INFO] [stdout]    9:     0x61c9e997ddad - __rustc[ea4f61d10b84890b]::rust_begin_unwind
[INFO] [stdout]   10:     0x61c9e99b851c - core[a373ad73a504971]::panicking::panic_fmt
[INFO] [stdout]   11:     0x61c9e99b82f2 - core[a373ad73a504971]::result::unwrap_failed
[INFO] [stdout]   12:     0x61c9e98c5179 - <git_hud[57eb86f678ee8c7b]::git::Repository>::open_current_directory
[INFO] [stdout]   13:     0x61c9e98bb029 - git_hud[57eb86f678ee8c7b]::git::tests::setup_test_repo
[INFO] [stdout]   14:     0x61c9e98bf66c - <git_hud[57eb86f678ee8c7b]::git::tests::test_submodule_changes::{closure#0} as core[a373ad73a504971]::ops::function::FnOnce<()>>::call_once
[INFO] [stdout]   15:     0x61c9e992232b - test[aada8e7e76ba119b]::__rust_begin_short_backtrace::<core[a373ad73a504971]::result::Result<(), alloc[2e1b2a31b91974c5]::string::String>, fn() -> core[a373ad73a504971]::result::Result<(), alloc[2e1b2a31b91974c5]::string::String>>
[INFO] [stdout]   16:     0x61c9e992f505 - test[aada8e7e76ba119b]::run_test::{closure#0}
[INFO] [stdout]   17:     0x61c9e9928df4 - std[617be2ca0a6fd877]::sys::backtrace::__rust_begin_short_backtrace::<test[aada8e7e76ba119b]::run_test::{closure#1}, ()>
[INFO] [stdout]   18:     0x61c9e9932592 - <std[617be2ca0a6fd877]::thread::lifecycle::spawn_unchecked<test[aada8e7e76ba119b]::run_test::{closure#1}, ()>::{closure#1} as core[a373ad73a504971]::ops::function::FnOnce<()>>::call_once::{shim:vtable#0}
[INFO] [stdout]   19:     0x61c9e99a26cf - <std[617be2ca0a6fd877]::sys::thread::unix::Thread>::new::thread_start
[INFO] [stdout]   20:     0x73b07c931dfa - <unknown>
[INFO] [stdout]   21:     0x73b07c9c53d4 - clone
[INFO] [stdout]   22:                0x0 - <unknown>
[INFO] [stdout] 
[INFO] [stdout] ---- git::tests::test_binary_file stdout ----
[INFO] [stdout] 
[INFO] [stdout] thread 'git::tests::test_binary_file' (2637) panicked at src/git.rs:60:14:
[INFO] [stdout] Could not discover the git path when opening current directory: Error { code: -3, klass: 6, message: "could not find repository at '.'" }
[INFO] [stdout] stack backtrace:
[INFO] [stdout]    0:     0x61c9e99a33c1 - <<std[617be2ca0a6fd877]::sys::backtrace::BacktraceLock>::print::DisplayBacktrace as core[a373ad73a504971]::fmt::Display>::fmt
[INFO] [stdout]    1:     0x61c9e99b7dea - core[a373ad73a504971]::fmt::write
[INFO] [stdout]    2:     0x61c9e99a7dcc - <alloc[2e1b2a31b91974c5]::vec::Vec<u8> as core[a373ad73a504971]::io::write::Write>::write_fmt
[INFO] [stdout]    3:     0x61c9e997cf46 - std[617be2ca0a6fd877]::panicking::default_hook::{closure#0}
[INFO] [stdout]    4:     0x61c9e999a5f9 - std[617be2ca0a6fd877]::panicking::default_hook
[INFO] [stdout]    5:     0x61c9e992eee0 - test[aada8e7e76ba119b]::test_main_inner::{closure#0}
[INFO] [stdout]    6:     0x61c9e999a922 - std[617be2ca0a6fd877]::panicking::panic_with_hook
[INFO] [stdout]    7:     0x61c9e997cff2 - std[617be2ca0a6fd877]::panicking::panic_handler::{closure#0}
[INFO] [stdout]    8:     0x61c9e9975339 - std[617be2ca0a6fd877]::sys::backtrace::__rust_end_short_backtrace::<std[617be2ca0a6fd877]::panicking::panic_handler::{closure#0}, !>
[INFO] [stdout]    9:     0x61c9e997ddad - __rustc[ea4f61d10b84890b]::rust_begin_unwind
[INFO] [stdout]   10:     0x61c9e99b851c - core[a373ad73a504971]::panicking::panic_fmt
[INFO] [stdout]   11:     0x61c9e99b82f2 - core[a373ad73a504971]::result::unwrap_failed
[INFO] [stdout]   12:     0x61c9e98c5179 - <git_hud[57eb86f678ee8c7b]::git::Repository>::open_current_directory
[INFO] [stdout]   13:     0x61c9e98bb029 - git_hud[57eb86f678ee8c7b]::git::tests::setup_test_repo
[INFO] [stdout]   14:     0x61c9e98bc23b - <git_hud[57eb86f678ee8c7b]::git::tests::test_binary_file::{closure#0} as core[a373ad73a504971]::ops::function::FnOnce<()>>::call_once
[INFO] [stdout]   15:     0x61c9e992232b - test[aada8e7e76ba119b]::__rust_begin_short_backtrace::<core[a373ad73a504971]::result::Result<(), alloc[2e1b2a31b91974c5]::string::String>, fn() -> core[a373ad73a504971]::result::Result<(), alloc[2e1b2a31b91974c5]::string::String>>
[INFO] [stdout]   16:     0x61c9e992f505 - test[aada8e7e76ba119b]::run_test::{closure#0}
[INFO] [stdout]   17:     0x61c9e9928df4 - std[617be2ca0a6fd877]::sys::backtrace::__rust_begin_short_backtrace::<test[aada8e7e76ba119b]::run_test::{closure#1}, ()>
[INFO] [stdout]   18:     0x61c9e9932592 - <std[617be2ca0a6fd877]::thread::lifecycle::spawn_unchecked<test[aada8e7e76ba119b]::run_test::{closure#1}, ()>::{closure#1} as core[a373ad73a504971]::ops::function::FnOnce<()>>::call_once::{shim:vtable#0}
[INFO] [stdout]   19:     0x61c9e99a26cf - <std[617be2ca0a6fd877]::sys::thread::unix::Thread>::new::thread_start
[INFO] [stdout]   20:     0x73b07c931dfa - <unknown>
[INFO] [stdout]   21:     0x73b07c9c53d4 - clone
[INFO] [stdout]   22:                0x0 - <unknown>
[INFO] [stdout] 
[INFO] [stdout] ---- git::tests::test_diff_modified_file stdout ----
[INFO] [stdout] 
[INFO] [stdout] thread 'git::tests::test_diff_modified_file' (2639) panicked at src/git.rs:60:14:
[INFO] [stdout] Could not discover the git path when opening current directory: Error { code: -3, klass: 6, message: "could not find repository at '.'" }
[INFO] [stdout] stack backtrace:
[INFO] [stdout]    0:     0x61c9e99a33c1 - <<std[617be2ca0a6fd877]::sys::backtrace::BacktraceLock>::print::DisplayBacktrace as core[a373ad73a504971]::fmt::Display>::fmt
[INFO] [stdout]    1:     0x61c9e99b7dea - core[a373ad73a504971]::fmt::write
[INFO] [stdout]    2:     0x61c9e99a7dcc - <alloc[2e1b2a31b91974c5]::vec::Vec<u8> as core[a373ad73a504971]::io::write::Write>::write_fmt
[INFO] [stdout]    3:     0x61c9e997cf46 - std[617be2ca0a6fd877]::panicking::default_hook::{closure#0}
[INFO] [stdout]    4:     0x61c9e999a5f9 - std[617be2ca0a6fd877]::panicking::default_hook
[INFO] [stdout]    5:     0x61c9e992eee0 - test[aada8e7e76ba119b]::test_main_inner::{closure#0}
[INFO] [stdout]    6:     0x61c9e999a922 - std[617be2ca0a6fd877]::panicking::panic_with_hook
[INFO] [stdout]    7:     0x61c9e997cff2 - std[617be2ca0a6fd877]::panicking::panic_handler::{closure#0}
[INFO] [stdout]    8:     0x61c9e9975339 - std[617be2ca0a6fd877]::sys::backtrace::__rust_end_short_backtrace::<std[617be2ca0a6fd877]::panicking::panic_handler::{closure#0}, !>
[INFO] [stdout]    9:     0x61c9e997ddad - __rustc[ea4f61d10b84890b]::rust_begin_unwind
[INFO] [stdout]   10:     0x61c9e99b851c - core[a373ad73a504971]::panicking::panic_fmt
[INFO] [stdout]   11:     0x61c9e99b82f2 - core[a373ad73a504971]::result::unwrap_failed
[INFO] [stdout]   12:     0x61c9e98c5179 - <git_hud[57eb86f678ee8c7b]::git::Repository>::open_current_directory
[INFO] [stdout]   13:     0x61c9e98bb029 - git_hud[57eb86f678ee8c7b]::git::tests::setup_test_repo
[INFO] [stdout]   14:     0x61c9e98bfddb - <git_hud[57eb86f678ee8c7b]::git::tests::test_diff_modified_file::{closure#0} as core[a373ad73a504971]::ops::function::FnOnce<()>>::call_once
[INFO] [stdout]   15:     0x61c9e992232b - test[aada8e7e76ba119b]::__rust_begin_short_backtrace::<core[a373ad73a504971]::result::Result<(), alloc[2e1b2a31b91974c5]::string::String>, fn() -> core[a373ad73a504971]::result::Result<(), alloc[2e1b2a31b91974c5]::string::String>>
[INFO] [stdout]   16:     0x61c9e992f505 - test[aada8e7e76ba119b]::run_test::{closure#0}
[INFO] [stdout]   17:     0x61c9e9928df4 - std[617be2ca0a6fd877]::sys::backtrace::__rust_begin_short_backtrace::<test[aada8e7e76ba119b]::run_test::{closure#1}, ()>
[INFO] [stdout]   18:     0x61c9e9932592 - <std[617be2ca0a6fd877]::thread::lifecycle::spawn_unchecked<test[aada8e7e76ba119b]::run_test::{closure#1}, ()>::{closure#1} as core[a373ad73a504971]::ops::function::FnOnce<()>>::call_once::{shim:vtable#0}
[INFO] [stdout]   19:     0x61c9e99a26cf - <std[617be2ca0a6fd877]::sys::thread::unix::Thread>::new::thread_start
[INFO] [stdout]   20:     0x73b07c931dfa - <unknown>
[INFO] [stdout]   21:     0x73b07c9c53d4 - clone
[INFO] [stdout]   22:                0x0 - <unknown>
[INFO] [stdout] 
[INFO] [stdout] 
[INFO] [stdout] failures:
[INFO] [stdout]     display::tests::test_branch_status
[INFO] [stdout]     display::tests::test_status_display
[INFO] [stdout]     git::tests::test_basic_status
[INFO] [stdout]     git::tests::test_binary_file
[INFO] [stdout]     git::tests::test_diff_deleted_file
[INFO] [stdout]     git::tests::test_diff_modified_file
[INFO] [stdout]     git::tests::test_diff_renamed_file
[INFO] [stdout]     git::tests::test_diff_staged_changes
[INFO] [stdout]     git::tests::test_diff_untracked_file
[INFO] [stdout]     git::tests::test_edge_cases
[INFO] [stdout]     git::tests::test_merge_conflict
[INFO] [stdout]     git::tests::test_space_in_filename
[INFO] [stdout]     git::tests::test_submodule_changes
[INFO] [stdout]     git::tests::test_various_binary_files
[INFO] [stdout] 
[INFO] [stdout] test result: FAILED. 0 passed; 14 failed; 2 ignored; 0 measured; 0 filtered out; finished in 0.06s
[INFO] [stdout] 
[INFO] running `Command { std: "docker" "inspect" "54109d0dd38a29a8c426ea72ad3186f229cfb0ea6baa62dfc37c3ad580c82c1b", kill_on_drop: false }`
[INFO] running `Command { std: "docker" "rm" "-f" "54109d0dd38a29a8c426ea72ad3186f229cfb0ea6baa62dfc37c3ad580c82c1b", kill_on_drop: false }`
[INFO] [stdout] 54109d0dd38a29a8c426ea72ad3186f229cfb0ea6baa62dfc37c3ad580c82c1b
