[INFO] fetching crate git-gen 0.1.0...
[INFO] testing git-gen-0.1.0 against 1.100.0-beta.1+cargoflags=--release for beta-release-1.100-2
[INFO] extracting crate git-gen 0.1.0 into /workspace/builds/worker-3-tc2/source
[INFO] removed /workspace/builds/worker-3-tc2/source/rust-toolchain.toml
[INFO] started tweaking crates.io crate git-gen 0.1.0
[INFO] finished tweaking crates.io crate git-gen 0.1.0
[INFO] tweaked toml for crates.io crate git-gen 0.1.0 written to /workspace/builds/worker-3-tc2/source/Cargo.toml
[INFO] validating manifest of crates.io crate git-gen 0.1.0 on toolchain 1.100.0-beta.1
[INFO] running `Command { std: CARGO_HOME="/workspace/cargo-home" RUSTUP_HOME="/workspace/rustup-home" "/workspace/cargo-home/bin/cargo" "+1.100.0-beta.1" "metadata" "--manifest-path" "Cargo.toml" "--no-deps", kill_on_drop: false }`
[INFO] crate crates.io crate git-gen 0.1.0 already has a lockfile, it will not be regenerated
[INFO] running `Command { std: CARGO_HOME="/workspace/cargo-home" RUSTUP_HOME="/workspace/rustup-home" "/workspace/cargo-home/bin/cargo" "+1.100.0-beta.1" "fetch" "--manifest-path" "Cargo.toml", kill_on_drop: false }`
[INFO] [stderr] warning: `package.homepage` is redundant with `package.repository`
[INFO] [stderr]   --> Cargo.toml:45:12
[INFO] [stderr]    |
[INFO] [stderr] 45 | homepage = "https://github.com/pyk/git-gen"
[INFO] [stderr]    |            ^^^^^^^^^^^^^^^^^^^^^^^^^^^^^^^^
[INFO] [stderr] ...
[INFO] [stderr] 49 | repository = "https://github.com/pyk/git-gen"
[INFO] [stderr]    |              --------------------------------
[INFO] [stderr]    |
[INFO] [stderr]    = note: `cargo::redundant_homepage` is set to `warn` by default
[INFO] [stderr] help: consider removing `package.homepage`
[INFO] [stderr] warning: `git-gen` (manifest) generated 1 warning
[INFO] running `Command { std: "docker" "create" "-v" "/var/lib/crater-agent-workspace/builds/worker-3-tc2/source:/opt/rustwide/workdir:ro,Z" "-v" "/var/lib/crater-agent-workspace/builds/worker-3-tc2/target:/opt/rustwide/target:rw,Z" "-v" "/var/lib/crater-agent-workspace/cargo-home:/opt/rustwide/cargo-home:ro,Z" "-v" "/var/lib/crater-agent-workspace/rustup-home:/opt/rustwide/rustup-home:ro,Z" "-m" "1610612736" "--network" "none" "ghcr.io/rust-lang/crates-build-env/linux@sha256:77db811e55d90add9212f6832c23229e3de5f1c1f9905e8cb07319ea15df73ac" "sleep" "infinity", kill_on_drop: false }`
[INFO] [stdout] cd3cc68811ec9c39837b64b2aea81fd0b582ae95d7f8d7b0ebc54be363363b0f
[INFO] running `Command { std: "docker" "start" "cd3cc68811ec9c39837b64b2aea81fd0b582ae95d7f8d7b0ebc54be363363b0f", kill_on_drop: false }`
[INFO] running `Command { std: "docker" "inspect" "cd3cc68811ec9c39837b64b2aea81fd0b582ae95d7f8d7b0ebc54be363363b0f", kill_on_drop: false }`
[INFO] running `Command { std: "docker" "exec" "-e" "SOURCE_DIR=/opt/rustwide/workdir" "-e" "CARGO_HOME=/opt/rustwide/cargo-home" "-e" "RUSTUP_HOME=/opt/rustwide/rustup-home" "-e" "CARGO_TARGET_DIR=/opt/rustwide/target" "-w" "/opt/rustwide/workdir" "--user" "0:0" "cd3cc68811ec9c39837b64b2aea81fd0b582ae95d7f8d7b0ebc54be363363b0f" "/opt/rustwide/cargo-home/bin/cargo" "+1.100.0-beta.1" "metadata" "--no-deps" "--format-version=1", kill_on_drop: false }`
[INFO] running `Command { std: "docker" "inspect" "cd3cc68811ec9c39837b64b2aea81fd0b582ae95d7f8d7b0ebc54be363363b0f", kill_on_drop: false }`
[INFO] running `Command { std: "docker" "exec" "-e" "SOURCE_DIR=/opt/rustwide/workdir" "-e" "CARGO_HOME=/opt/rustwide/cargo-home" "-e" "RUSTUP_HOME=/opt/rustwide/rustup-home" "-e" "CARGO_TARGET_DIR=/opt/rustwide/target" "-e" "CARGO_INCREMENTAL=0" "-e" "RUST_BACKTRACE=full" "-e" "RUSTFLAGS=--cap-lints=warn" "-e" "RUSTDOCFLAGS=--cap-lints=warn" "-w" "/opt/rustwide/workdir" "--user" "0:0" "cd3cc68811ec9c39837b64b2aea81fd0b582ae95d7f8d7b0ebc54be363363b0f" "/opt/rustwide/cargo-home/bin/cargo" "+1.100.0-beta.1" "build" "--frozen" "--message-format=json" "--release", kill_on_drop: false }`
[INFO] [stderr] warning: `package.homepage` is redundant with `package.repository`
[INFO] [stderr]   --> Cargo.toml:45:12
[INFO] [stderr]    |
[INFO] [stderr] 45 | homepage = "https://github.com/pyk/git-gen"
[INFO] [stderr]    |            ^^^^^^^^^^^^^^^^^^^^^^^^^^^^^^^^
[INFO] [stderr] ...
[INFO] [stderr] 49 | repository = "https://github.com/pyk/git-gen"
[INFO] [stderr]    |              --------------------------------
[INFO] [stderr]    |
[INFO] [stderr]    = note: `cargo::redundant_homepage` is set to `warn` by default
[INFO] [stderr] help: consider removing `package.homepage`
[INFO] [stderr] warning: `git-gen` (manifest) generated 1 warning
[INFO] [stderr]    Compiling quote v1.0.40
[INFO] [stderr]    Compiling libc v0.2.175
[INFO] [stderr]    Compiling serde_core v1.0.225
[INFO] [stderr]    Compiling find-msvc-tools v0.1.2
[INFO] [stderr]    Compiling utf8parse v0.2.2
[INFO] [stderr]    Compiling colorchoice v1.0.4
[INFO] [stderr]    Compiling anstyle-query v1.1.4
[INFO] [stderr]    Compiling is_terminal_polyfill v1.70.1
[INFO] [stderr]    Compiling zeroize v1.8.1
[INFO] [stderr]    Compiling anstyle v1.0.11
[INFO] [stderr]    Compiling clap_lex v0.7.5
[INFO] [stderr]    Compiling roff v0.2.2
[INFO] [stderr]    Compiling rustls v0.23.32
[INFO] [stderr]    Compiling serde v1.0.225
[INFO] [stderr]    Compiling bytes v1.10.1
[INFO] [stderr]    Compiling thiserror v2.0.16
[INFO] [stderr]    Compiling log v0.4.28
[INFO] [stderr]    Compiling anstyle-parse v0.2.7
[INFO] [stderr]    Compiling serde_json v1.0.145
[INFO] [stderr]    Compiling rustls-pki-types v1.12.0
[INFO] [stderr]    Compiling miniz_oxide v0.8.9
[INFO] [stderr]    Compiling cc v1.2.38
[INFO] [stderr]    Compiling crc32fast v1.5.0
[INFO] [stderr]    Compiling ppv-lite86 v0.2.21
[INFO] [stderr]    Compiling anstream v0.6.20
[INFO] [stderr]    Compiling once_cell v1.21.3
[INFO] [stderr]    Compiling winnow v0.7.13
[INFO] [stderr]    Compiling toml_writer v1.0.3
[INFO] [stderr]    Compiling syn v2.0.106
[INFO] [stderr]    Compiling clap_builder v4.5.47
[INFO] [stderr]    Compiling rustls-pemfile v2.2.0
[INFO] [stderr]    Compiling webpki-roots v1.0.2
[INFO] [stderr]    Compiling flate2 v1.1.2
[INFO] [stderr]    Compiling http v1.3.1
[INFO] [stderr]    Compiling getrandom v0.2.16
[INFO] [stderr]    Compiling getrandom v0.3.3
[INFO] [stderr]    Compiling rand_core v0.9.3
[INFO] [stderr]    Compiling rand_chacha v0.9.0
[INFO] [stderr]    Compiling ring v0.17.14
[INFO] [stderr]    Compiling rand v0.9.2
[INFO] [stderr]    Compiling toml_parser v1.0.3
[INFO] [stderr]    Compiling ureq-proto v0.5.2
[INFO] [stderr]    Compiling toml_datetime v0.7.2
[INFO] [stderr]    Compiling serde_spanned v1.0.2
[INFO] [stderr]    Compiling toml v0.9.7
[INFO] [stderr]    Compiling clap_derive v4.5.47
[INFO] [stderr]    Compiling serde_derive v1.0.225
[INFO] [stderr]    Compiling thiserror-impl v2.0.16
[INFO] [stderr]    Compiling envfmt v0.1.0
[INFO] [stderr]    Compiling clap v4.5.47
[INFO] [stderr]    Compiling clap_mangen v0.2.29
[INFO] [stderr]    Compiling git-gen v0.1.0 (/opt/rustwide/workdir)
[INFO] [stderr]    Compiling rustls-webpki v0.103.6
[INFO] [stderr]    Compiling ureq v3.1.2
[INFO] [stderr]     Finished `release` profile [optimized] target(s) in 1m 01s
[INFO] running `Command { std: "docker" "inspect" "cd3cc68811ec9c39837b64b2aea81fd0b582ae95d7f8d7b0ebc54be363363b0f", kill_on_drop: false }`
[INFO] running `Command { std: "docker" "exec" "-e" "SOURCE_DIR=/opt/rustwide/workdir" "-e" "CARGO_HOME=/opt/rustwide/cargo-home" "-e" "RUSTUP_HOME=/opt/rustwide/rustup-home" "-e" "CARGO_TARGET_DIR=/opt/rustwide/target" "-e" "CARGO_INCREMENTAL=0" "-e" "RUST_BACKTRACE=full" "-e" "RUSTFLAGS=--cap-lints=warn" "-e" "RUSTDOCFLAGS=--cap-lints=warn" "-w" "/opt/rustwide/workdir" "--user" "0:0" "cd3cc68811ec9c39837b64b2aea81fd0b582ae95d7f8d7b0ebc54be363363b0f" "/opt/rustwide/cargo-home/bin/cargo" "+1.100.0-beta.1" "test" "--frozen" "--no-run" "--message-format=json" "--release", kill_on_drop: false }`
[INFO] [stderr] warning: `package.homepage` is redundant with `package.repository`
[INFO] [stderr]   --> Cargo.toml:45:12
[INFO] [stderr]    |
[INFO] [stderr] 45 | homepage = "https://github.com/pyk/git-gen"
[INFO] [stderr]    |            ^^^^^^^^^^^^^^^^^^^^^^^^^^^^^^^^
[INFO] [stderr] ...
[INFO] [stderr] 49 | repository = "https://github.com/pyk/git-gen"
[INFO] [stderr]    |              --------------------------------
[INFO] [stderr]    |
[INFO] [stderr]    = note: `cargo::redundant_homepage` is set to `warn` by default
[INFO] [stderr] help: consider removing `package.homepage`
[INFO] [stderr] warning: `git-gen` (manifest) generated 1 warning
[INFO] [stderr]    Compiling git-gen v0.1.0 (/opt/rustwide/workdir)
[INFO] [stderr]     Finished `release` profile [optimized] target(s) in 2.36s
[INFO] running `Command { std: "docker" "inspect" "cd3cc68811ec9c39837b64b2aea81fd0b582ae95d7f8d7b0ebc54be363363b0f", kill_on_drop: false }`
[INFO] running `Command { std: "docker" "exec" "-e" "SOURCE_DIR=/opt/rustwide/workdir" "-e" "CARGO_HOME=/opt/rustwide/cargo-home" "-e" "RUSTUP_HOME=/opt/rustwide/rustup-home" "-e" "CARGO_TARGET_DIR=/opt/rustwide/target" "-e" "CARGO_INCREMENTAL=0" "-e" "RUST_BACKTRACE=full" "-e" "RUSTFLAGS=--cap-lints=warn" "-e" "RUSTDOCFLAGS=--cap-lints=warn" "-w" "/opt/rustwide/workdir" "--user" "0:0" "cd3cc68811ec9c39837b64b2aea81fd0b582ae95d7f8d7b0ebc54be363363b0f" "/opt/rustwide/cargo-home/bin/cargo" "+1.100.0-beta.1" "test" "--frozen" "--release", kill_on_drop: false }`
[INFO] [stderr] warning: `package.homepage` is redundant with `package.repository`
[INFO] [stderr]   --> Cargo.toml:45:12
[INFO] [stderr]    |
[INFO] [stderr] 45 | homepage = "https://github.com/pyk/git-gen"
[INFO] [stderr]    |            ^^^^^^^^^^^^^^^^^^^^^^^^^^^^^^^^
[INFO] [stderr] ...
[INFO] [stderr] 49 | repository = "https://github.com/pyk/git-gen"
[INFO] [stderr]    |              --------------------------------
[INFO] [stderr]    |
[INFO] [stderr]    = note: `cargo::redundant_homepage` is set to `warn` by default
[INFO] [stderr] help: consider removing `package.homepage`
[INFO] [stderr] warning: `git-gen` (manifest) generated 1 warning
[INFO] [stderr]     Finished `release` profile [optimized] target(s) in 0.13s
[INFO] [stderr]      Running unittests src/main.rs (/opt/rustwide/target/release/build/git-gen/17b49b99c4d4f708/out/git_gen-17b49b99c4d4f708)
[INFO] [stdout] 
[INFO] [stdout] running 2 tests
[INFO] [stdout] test providers::gemini::test::unknown_model ... FAILED
[INFO] [stderr] error: test failed, to rerun pass `--bin git-gen`
[INFO] [stdout] test providers::gemini::test::known_model ... FAILED
[INFO] [stdout] 
[INFO] [stdout] failures:
[INFO] [stdout] 
[INFO] [stdout] ---- providers::gemini::test::unknown_model stdout ----
[INFO] [stdout] 
[INFO] [stdout] thread 'providers::gemini::test::unknown_model' (1370) panicked at src/providers/gemini.rs:195:9:
[INFO] [stdout] assertion failed: error.message().contains("unknown model")
[INFO] [stdout] stack backtrace:
[INFO] [stdout]    0:     0x5dc15b47ae21 - <<std[617be2ca0a6fd877]::sys::backtrace::BacktraceLock>::print::DisplayBacktrace as core[a373ad73a504971]::fmt::Display>::fmt
[INFO] [stdout]    1:     0x5dc15b490d2a - core[a373ad73a504971]::fmt::write
[INFO] [stdout]    2:     0x5dc15b47f4bc - <alloc[2e1b2a31b91974c5]::vec::Vec<u8> as core[a373ad73a504971]::io::write::Write>::write_fmt
[INFO] [stdout]    3:     0x5dc15b455f06 - std[617be2ca0a6fd877]::panicking::default_hook::{closure#0}
[INFO] [stdout]    4:     0x5dc15b472ed9 - std[617be2ca0a6fd877]::panicking::default_hook
[INFO] [stdout]    5:     0x5dc15b40e270 - test[aada8e7e76ba119b]::test_main_inner::{closure#0}
[INFO] [stdout]    6:     0x5dc15b473092 - std[617be2ca0a6fd877]::panicking::panic_with_hook
[INFO] [stdout]    7:     0x5dc15b455fe4 - std[617be2ca0a6fd877]::panicking::panic_handler::{closure#0}
[INFO] [stdout]    8:     0x5dc15b44ebe9 - std[617be2ca0a6fd877]::sys::backtrace::__rust_end_short_backtrace::<std[617be2ca0a6fd877]::panicking::panic_handler::{closure#0}, !>
[INFO] [stdout]    9:     0x5dc15b456dad - __rustc[ea4f61d10b84890b]::rust_begin_unwind
[INFO] [stdout]   10:     0x5dc15b49145c - core[a373ad73a504971]::panicking::panic_fmt
[INFO] [stdout]   11:     0x5dc15b491422 - core[a373ad73a504971]::panicking::panic
[INFO] [stdout]   12:     0x5dc15b2bd026 - <git_gen[c5117a5ee3fa17d2]::providers::gemini::test::unknown_model::{closure#0} as core[a373ad73a504971]::ops::function::FnOnce<()>>::call_once
[INFO] [stdout]   13:     0x5dc15b4016bb - test[aada8e7e76ba119b]::__rust_begin_short_backtrace::<core[a373ad73a504971]::result::Result<(), alloc[2e1b2a31b91974c5]::string::String>, fn() -> core[a373ad73a504971]::result::Result<(), alloc[2e1b2a31b91974c5]::string::String>>
[INFO] [stdout]   14:     0x5dc15b40e895 - test[aada8e7e76ba119b]::run_test::{closure#0}
[INFO] [stdout]   15:     0x5dc15b408184 - std[617be2ca0a6fd877]::sys::backtrace::__rust_begin_short_backtrace::<test[aada8e7e76ba119b]::run_test::{closure#1}, ()>
[INFO] [stdout]   16:     0x5dc15b411922 - <std[617be2ca0a6fd877]::thread::lifecycle::spawn_unchecked<test[aada8e7e76ba119b]::run_test::{closure#1}, ()>::{closure#1} as core[a373ad73a504971]::ops::function::FnOnce<()>>::call_once::{shim:vtable#0}
[INFO] [stdout]   17:     0x5dc15b47a15f - <std[617be2ca0a6fd877]::sys::thread::unix::Thread>::new::thread_start
[INFO] [stdout]   18:     0x7d26c7422dfa - <unknown>
[INFO] [stdout]   19:     0x7d26c74b63d4 - clone
[INFO] [stdout]   20:                0x0 - <unknown>
[INFO] [stdout] 
[INFO] [stdout] ---- providers::gemini::test::known_model stdout ----
[INFO] [stdout] 
[INFO] [stdout] thread 'providers::gemini::test::known_model' (1369) panicked at src/providers/gemini.rs:239:55:
[INFO] [stdout] called `Result::unwrap()` on an `Err` value: Error { message: "failed to read GEMINI_API_KEY", notes: [], helps: ["please make sure GEMINI_API_KEY is defined"], raw: None, source: Some(NotPresent) }
[INFO] [stdout] stack backtrace:
[INFO] [stdout]    0:     0x5dc15b47ae21 - <<std[617be2ca0a6fd877]::sys::backtrace::BacktraceLock>::print::DisplayBacktrace as core[a373ad73a504971]::fmt::Display>::fmt
[INFO] [stdout]    1:     0x5dc15b490d2a - core[a373ad73a504971]::fmt::write
[INFO] [stdout]    2:     0x5dc15b47f4bc - <alloc[2e1b2a31b91974c5]::vec::Vec<u8> as core[a373ad73a504971]::io::write::Write>::write_fmt
[INFO] [stdout]    3:     0x5dc15b455f06 - std[617be2ca0a6fd877]::panicking::default_hook::{closure#0}
[INFO] [stdout]    4:     0x5dc15b472ed9 - std[617be2ca0a6fd877]::panicking::default_hook
[INFO] [stdout]    5:     0x5dc15b40e270 - test[aada8e7e76ba119b]::test_main_inner::{closure#0}
[INFO] [stdout]    6:     0x5dc15b473092 - std[617be2ca0a6fd877]::panicking::panic_with_hook
[INFO] [stdout]    7:     0x5dc15b455fb2 - std[617be2ca0a6fd877]::panicking::panic_handler::{closure#0}
[INFO] [stdout]    8:     0x5dc15b44ebe9 - std[617be2ca0a6fd877]::sys::backtrace::__rust_end_short_backtrace::<std[617be2ca0a6fd877]::panicking::panic_handler::{closure#0}, !>
[INFO] [stdout]    9:     0x5dc15b456dad - __rustc[ea4f61d10b84890b]::rust_begin_unwind
[INFO] [stdout]   10:     0x5dc15b49145c - core[a373ad73a504971]::panicking::panic_fmt
[INFO] [stdout]   11:     0x5dc15b491232 - core[a373ad73a504971]::result::unwrap_failed
[INFO] [stdout]   12:     0x5dc15b2bccb4 - <git_gen[c5117a5ee3fa17d2]::providers::gemini::test::known_model::{closure#0} as core[a373ad73a504971]::ops::function::FnOnce<()>>::call_once
[INFO] [stdout]   13:     0x5dc15b4016bb - test[aada8e7e76ba119b]::__rust_begin_short_backtrace::<core[a373ad73a504971]::result::Result<(), alloc[2e1b2a31b91974c5]::string::String>, fn() -> core[a373ad73a504971]::result::Result<(), alloc[2e1b2a31b91974c5]::string::String>>
[INFO] [stdout]   14:     0x5dc15b40e895 - test[aada8e7e76ba119b]::run_test::{closure#0}
[INFO] [stdout]   15:     0x5dc15b408184 - std[617be2ca0a6fd877]::sys::backtrace::__rust_begin_short_backtrace::<test[aada8e7e76ba119b]::run_test::{closure#1}, ()>
[INFO] [stdout]   16:     0x5dc15b411922 - <std[617be2ca0a6fd877]::thread::lifecycle::spawn_unchecked<test[aada8e7e76ba119b]::run_test::{closure#1}, ()>::{closure#1} as core[a373ad73a504971]::ops::function::FnOnce<()>>::call_once::{shim:vtable#0}
[INFO] [stdout]   17:     0x5dc15b47a15f - <std[617be2ca0a6fd877]::sys::thread::unix::Thread>::new::thread_start
[INFO] [stdout]   18:     0x7d26c7422dfa - <unknown>
[INFO] [stdout]   19:     0x7d26c74b63d4 - clone
[INFO] [stdout]   20:                0x0 - <unknown>
[INFO] [stdout] 
[INFO] [stdout] 
[INFO] [stdout] failures:
[INFO] [stdout]     providers::gemini::test::known_model
[INFO] [stdout]     providers::gemini::test::unknown_model
[INFO] [stdout] 
[INFO] [stdout] test result: FAILED. 0 passed; 2 failed; 0 ignored; 0 measured; 0 filtered out; finished in 0.01s
[INFO] [stdout] 
[INFO] running `Command { std: "docker" "inspect" "cd3cc68811ec9c39837b64b2aea81fd0b582ae95d7f8d7b0ebc54be363363b0f", kill_on_drop: false }`
[INFO] running `Command { std: "docker" "rm" "-f" "cd3cc68811ec9c39837b64b2aea81fd0b582ae95d7f8d7b0ebc54be363363b0f", kill_on_drop: false }`
[INFO] [stdout] cd3cc68811ec9c39837b64b2aea81fd0b582ae95d7f8d7b0ebc54be363363b0f
