[INFO] fetching crate git-gardener 0.1.1...
[INFO] testing git-gardener-0.1.1 against 1.99.0-beta.8+cargoflags=--release for beta-release-1.100-2
[INFO] extracting crate git-gardener 0.1.1 into /workspace/builds/worker-3-tc1/source
[INFO] started tweaking crates.io crate git-gardener 0.1.1
[INFO] finished tweaking crates.io crate git-gardener 0.1.1
[INFO] tweaked toml for crates.io crate git-gardener 0.1.1 written to /workspace/builds/worker-3-tc1/source/Cargo.toml
[INFO] validating manifest of crates.io crate git-gardener 0.1.1 on toolchain 1.99.0-beta.8
[INFO] running `Command { std: CARGO_HOME="/workspace/cargo-home" RUSTUP_HOME="/workspace/rustup-home" "/workspace/cargo-home/bin/cargo" "+1.99.0-beta.8" "metadata" "--manifest-path" "Cargo.toml" "--no-deps", kill_on_drop: false }`
[INFO] crate crates.io crate git-gardener 0.1.1 already has a lockfile, it will not be regenerated
[INFO] running `Command { std: CARGO_HOME="/workspace/cargo-home" RUSTUP_HOME="/workspace/rustup-home" "/workspace/cargo-home/bin/cargo" "+1.99.0-beta.8" "fetch" "--manifest-path" "Cargo.toml", kill_on_drop: false }`
[INFO] [stderr]  Downloading crates ...
[INFO] [stderr]   Downloaded rstest v0.18.2
[INFO] [stderr]   Downloaded rstest_macros v0.18.2
[INFO] [stderr]   Downloaded doc-comment v0.3.3
[INFO] [stderr]   Downloaded assert_cmd v2.0.17
[INFO] [stderr]   Downloaded clap_complete v4.5.55
[INFO] [stderr]   Downloaded git2 v0.18.3
[INFO] [stderr]   Downloaded libssh2-sys v0.3.1
[INFO] [stderr]   Downloaded libgit2-sys v0.16.2+1.7.2
[INFO] running `Command { std: "docker" "create" "-v" "/var/lib/crater-agent-workspace/builds/worker-3-tc1/source:/opt/rustwide/workdir:ro,Z" "-v" "/var/lib/crater-agent-workspace/builds/worker-3-tc1/target:/opt/rustwide/target:rw,Z" "-v" "/var/lib/crater-agent-workspace/cargo-home:/opt/rustwide/cargo-home:ro,Z" "-v" "/var/lib/crater-agent-workspace/rustup-home:/opt/rustwide/rustup-home:ro,Z" "-m" "1610612736" "--network" "none" "ghcr.io/rust-lang/crates-build-env/linux@sha256:77db811e55d90add9212f6832c23229e3de5f1c1f9905e8cb07319ea15df73ac" "sleep" "infinity", kill_on_drop: false }`
[INFO] [stdout] 5fc1e2b2bb42448cd2354f53e7cfd8db07a51fd3c50049f16ec0050a6b110bf2
[INFO] running `Command { std: "docker" "start" "5fc1e2b2bb42448cd2354f53e7cfd8db07a51fd3c50049f16ec0050a6b110bf2", kill_on_drop: false }`
[INFO] running `Command { std: "docker" "inspect" "5fc1e2b2bb42448cd2354f53e7cfd8db07a51fd3c50049f16ec0050a6b110bf2", kill_on_drop: false }`
[INFO] running `Command { std: "docker" "exec" "-e" "SOURCE_DIR=/opt/rustwide/workdir" "-e" "CARGO_HOME=/opt/rustwide/cargo-home" "-e" "RUSTUP_HOME=/opt/rustwide/rustup-home" "-e" "CARGO_TARGET_DIR=/opt/rustwide/target" "-w" "/opt/rustwide/workdir" "--user" "0:0" "5fc1e2b2bb42448cd2354f53e7cfd8db07a51fd3c50049f16ec0050a6b110bf2" "/opt/rustwide/cargo-home/bin/cargo" "+1.99.0-beta.8" "metadata" "--no-deps" "--format-version=1", kill_on_drop: false }`
[INFO] running `Command { std: "docker" "inspect" "5fc1e2b2bb42448cd2354f53e7cfd8db07a51fd3c50049f16ec0050a6b110bf2", kill_on_drop: false }`
[INFO] running `Command { std: "docker" "exec" "-e" "SOURCE_DIR=/opt/rustwide/workdir" "-e" "CARGO_HOME=/opt/rustwide/cargo-home" "-e" "RUSTUP_HOME=/opt/rustwide/rustup-home" "-e" "CARGO_TARGET_DIR=/opt/rustwide/target" "-e" "CARGO_INCREMENTAL=0" "-e" "RUST_BACKTRACE=full" "-e" "RUSTFLAGS=--cap-lints=warn" "-e" "RUSTDOCFLAGS=--cap-lints=warn" "-w" "/opt/rustwide/workdir" "--user" "0:0" "5fc1e2b2bb42448cd2354f53e7cfd8db07a51fd3c50049f16ec0050a6b110bf2" "/opt/rustwide/cargo-home/bin/cargo" "+1.99.0-beta.8" "build" "--frozen" "--message-format=json" "--release", kill_on_drop: false }`
[INFO] [stderr]    Compiling syn v2.0.104
[INFO] [stderr]    Compiling libc v0.2.174
[INFO] [stderr]    Compiling pkg-config v0.3.32
[INFO] [stderr]    Compiling smallvec v1.15.1
[INFO] [stderr]    Compiling is_terminal_polyfill v1.70.1
[INFO] [stderr]    Compiling colorchoice v1.0.4
[INFO] [stderr]    Compiling anstyle-query v1.1.3
[INFO] [stderr]    Compiling anstyle v1.0.11
[INFO] [stderr]    Compiling anstyle-parse v0.2.7
[INFO] [stderr]    Compiling percent-encoding v2.3.1
[INFO] [stderr]    Compiling clap_lex v0.7.5
[INFO] [stderr]    Compiling anyhow v1.0.98
[INFO] [stderr]    Compiling hashbrown v0.15.4
[INFO] [stderr]    Compiling bitflags v2.9.1
[INFO] [stderr]    Compiling colored v2.2.0
[INFO] [stderr]    Compiling form_urlencoded v1.2.1
[INFO] [stderr]    Compiling anstream v0.6.19
[INFO] [stderr]    Compiling clap_builder v4.5.41
[INFO] [stderr]    Compiling dirs-sys v0.4.1
[INFO] [stderr]    Compiling indexmap v2.10.0
[INFO] [stderr]    Compiling directories v5.0.1
[INFO] [stderr]    Compiling jobserver v0.1.33
[INFO] [stderr]    Compiling cc v1.2.30
[INFO] [stderr]    Compiling openssl-sys v0.9.109
[INFO] [stderr]    Compiling libz-sys v1.1.22
[INFO] [stderr]    Compiling libssh2-sys v0.3.1
[INFO] [stderr]    Compiling libgit2-sys v0.16.2+1.7.2
[INFO] [stderr]    Compiling synstructure v0.13.2
[INFO] [stderr]    Compiling zerofrom-derive v0.1.6
[INFO] [stderr]    Compiling yoke-derive v0.8.0
[INFO] [stderr]    Compiling zerovec-derive v0.11.1
[INFO] [stderr]    Compiling displaydoc v0.2.5
[INFO] [stderr]    Compiling clap_derive v4.5.41
[INFO] [stderr]    Compiling serde_derive v1.0.219
[INFO] [stderr]    Compiling thiserror-impl v1.0.69
[INFO] [stderr]    Compiling thiserror v1.0.69
[INFO] [stderr]    Compiling zerofrom v0.1.6
[INFO] [stderr]    Compiling yoke v0.8.0
[INFO] [stderr]    Compiling zerovec v0.11.2
[INFO] [stderr]    Compiling zerotrie v0.2.2
[INFO] [stderr]    Compiling clap v4.5.41
[INFO] [stderr]    Compiling clap_complete v4.5.55
[INFO] [stderr]    Compiling serde v1.0.219
[INFO] [stderr]    Compiling tinystr v0.8.1
[INFO] [stderr]    Compiling icu_locale_core v2.0.0
[INFO] [stderr]    Compiling potential_utf v0.1.2
[INFO] [stderr]    Compiling icu_collections v2.0.0
[INFO] [stderr]    Compiling icu_provider v2.0.0
[INFO] [stderr]    Compiling icu_normalizer v2.0.0
[INFO] [stderr]    Compiling icu_properties v2.0.1
[INFO] [stderr]    Compiling idna_adapter v1.2.1
[INFO] [stderr]    Compiling idna v1.0.3
[INFO] [stderr]    Compiling url v2.5.4
[INFO] [stderr]    Compiling serde_yaml v0.9.34+deprecated
[INFO] [stderr]    Compiling git2 v0.18.3
[INFO] [stderr]    Compiling git-gardener v0.1.1 (/opt/rustwide/workdir)
[INFO] [stdout] warning: associated function `get_config_path` is never used
[INFO] [stdout]   --> src/config.rs:94:12
[INFO] [stdout]    |
[INFO] [stdout] 68 | impl Config {
[INFO] [stdout]    | ----------- associated function in this implementation
[INFO] [stdout] ...
[INFO] [stdout] 94 |     pub fn get_config_path(repo_path: &Path) -> PathBuf {
[INFO] [stdout]    |            ^^^^^^^^^^^^^^^
[INFO] [stdout]    |
[INFO] [stdout]    = note: `#[warn(dead_code)]` (part of `#[warn(unused)]`) on by default
[INFO] [stdout] 
[INFO] [stdout] 
[INFO] [stdout] warning: variant `InvalidConfig` is never constructed
[INFO] [stdout]   --> src/error.rs:16:5
[INFO] [stdout]    |
[INFO] [stdout]  4 | pub enum GitGardenerError {
[INFO] [stdout]    |          ---------------- variant in this enum
[INFO] [stdout] ...
[INFO] [stdout] 16 |     InvalidConfig { message: String },
[INFO] [stdout]    |     ^^^^^^^^^^^^^
[INFO] [stdout]    |
[INFO] [stdout]    = note: `GitGardenerError` has a derived impl for the trait `Debug`, but this is intentionally ignored during dead code analysis
[INFO] [stdout] 
[INFO] [stdout] 
[INFO] [stdout] warning: fields `is_prunable` and `status` are never read
[INFO] [stdout]   --> src/git/worktree.rs:11:9
[INFO] [stdout]    |
[INFO] [stdout]  7 | pub struct WorktreeInfo {
[INFO] [stdout]    |            ------------ fields in this struct
[INFO] [stdout] ...
[INFO] [stdout] 11 |     pub is_prunable: bool,
[INFO] [stdout]    |         ^^^^^^^^^^^
[INFO] [stdout] 12 |     pub status: Option<GitStatus>,
[INFO] [stdout]    |         ^^^^^^
[INFO] [stdout]    |
[INFO] [stdout]    = note: `WorktreeInfo` has a derived impl for the trait `Clone`, but this is intentionally ignored during dead code analysis
[INFO] [stdout] 
[INFO] [stdout] 
[INFO] [stdout] warning: struct `WorktreeInfoWithStatus` is never constructed
[INFO] [stdout]   --> src/git/worktree.rs:17:12
[INFO] [stdout]    |
[INFO] [stdout] 17 | pub struct WorktreeInfoWithStatus {
[INFO] [stdout]    |            ^^^^^^^^^^^^^^^^^^^^^^
[INFO] [stdout] 
[INFO] [stdout] 
[INFO] [stdout] warning: associated items `from_path`, `create_worktree`, `is_branch_merged`, `is_worktree_stale`, and `list_worktrees_with_status` are never used
[INFO] [stdout]    --> src/git/worktree.rs:36:12
[INFO] [stdout]     |
[INFO] [stdout]  29 | impl GitWorktree {
[INFO] [stdout]     | ---------------- associated items in this implementation
[INFO] [stdout] ...
[INFO] [stdout]  36 |     pub fn from_path(path: &Path) -> Result<Self> {
[INFO] [stdout]     |            ^^^^^^^^^
[INFO] [stdout] ...
[INFO] [stdout]  42 |     pub fn create_worktree(
[INFO] [stdout]     |            ^^^^^^^^^^^^^^^
[INFO] [stdout] ...
[INFO] [stdout] 204 |     pub fn is_branch_merged(&self, branch_name: &str, base_branch: &str) -> Result<bool> {
[INFO] [stdout]     |            ^^^^^^^^^^^^^^^^
[INFO] [stdout] ...
[INFO] [stdout] 240 |     pub fn is_worktree_stale(&self, branch_name: &str, days: u32) -> Result<bool> {
[INFO] [stdout]     |            ^^^^^^^^^^^^^^^^^
[INFO] [stdout] ...
[INFO] [stdout] 272 |     pub fn list_worktrees_with_status(&self) -> Result<Vec<WorktreeInfoWithStatus>> {
[INFO] [stdout]     |            ^^^^^^^^^^^^^^^^^^^^^^^^^^
[INFO] [stdout] 
[INFO] [stdout] 
[INFO] [stdout] warning: variants `Ahead`, `Behind`, and `Diverged` are never constructed
[INFO] [stdout]   --> src/git/status.rs:10:5
[INFO] [stdout]    |
[INFO] [stdout]  7 | pub enum WorktreeStatus {
[INFO] [stdout]    |          -------------- variants in this enum
[INFO] [stdout] ...
[INFO] [stdout] 10 |     Ahead,
[INFO] [stdout]    |     ^^^^^
[INFO] [stdout] 11 |     Behind,
[INFO] [stdout]    |     ^^^^^^
[INFO] [stdout] 12 |     Diverged,
[INFO] [stdout]    |     ^^^^^^^^
[INFO] [stdout]    |
[INFO] [stdout]    = note: `WorktreeStatus` has derived impls for the traits `Clone` and `Debug`, but these are intentionally ignored during dead code analysis
[INFO] [stdout] 
[INFO] [stdout] 
[INFO] [stdout] warning: fields `working_tree_status`, `has_staged_changes`, `has_unstaged_changes`, `last_commit_time`, `ahead_count`, and `behind_count` are never read
[INFO] [stdout]   --> src/git/status.rs:18:9
[INFO] [stdout]    |
[INFO] [stdout] 17 | pub struct GitStatus {
[INFO] [stdout]    |            --------- fields in this struct
[INFO] [stdout] 18 |     pub working_tree_status: WorktreeStatus,
[INFO] [stdout]    |         ^^^^^^^^^^^^^^^^^^^
[INFO] [stdout] 19 |     pub has_staged_changes: bool,
[INFO] [stdout]    |         ^^^^^^^^^^^^^^^^^^
[INFO] [stdout] 20 |     pub has_unstaged_changes: bool,
[INFO] [stdout]    |         ^^^^^^^^^^^^^^^^^^^^
[INFO] [stdout] 21 |     pub last_commit_time: Option<i64>,
[INFO] [stdout]    |         ^^^^^^^^^^^^^^^^
[INFO] [stdout] 22 |     pub ahead_count: u32,
[INFO] [stdout]    |         ^^^^^^^^^^^
[INFO] [stdout] 23 |     pub behind_count: u32,
[INFO] [stdout]    |         ^^^^^^^^^^^^
[INFO] [stdout]    |
[INFO] [stdout]    = note: `GitStatus` has derived impls for the traits `Clone` and `Debug`, but these are intentionally ignored during dead code analysis
[INFO] [stdout] 
[INFO] [stdout] 
[INFO] [stderr]     Finished `release` profile [optimized] target(s) in 1m 39s
[INFO] running `Command { std: "docker" "inspect" "5fc1e2b2bb42448cd2354f53e7cfd8db07a51fd3c50049f16ec0050a6b110bf2", kill_on_drop: false }`
[INFO] running `Command { std: "docker" "exec" "-e" "SOURCE_DIR=/opt/rustwide/workdir" "-e" "CARGO_HOME=/opt/rustwide/cargo-home" "-e" "RUSTUP_HOME=/opt/rustwide/rustup-home" "-e" "CARGO_TARGET_DIR=/opt/rustwide/target" "-e" "CARGO_INCREMENTAL=0" "-e" "RUST_BACKTRACE=full" "-e" "RUSTFLAGS=--cap-lints=warn" "-e" "RUSTDOCFLAGS=--cap-lints=warn" "-w" "/opt/rustwide/workdir" "--user" "0:0" "5fc1e2b2bb42448cd2354f53e7cfd8db07a51fd3c50049f16ec0050a6b110bf2" "/opt/rustwide/cargo-home/bin/cargo" "+1.99.0-beta.8" "test" "--frozen" "--no-run" "--message-format=json" "--release", kill_on_drop: false }`
[INFO] [stderr]    Compiling syn v2.0.104
[INFO] [stderr]    Compiling semver v1.0.26
[INFO] [stderr]    Compiling aho-corasick v1.1.3
[INFO] [stderr]    Compiling futures-core v0.3.31
[INFO] [stderr]    Compiling futures-sink v0.3.31
[INFO] [stderr]    Compiling regex-syntax v0.8.5
[INFO] [stderr]    Compiling memchr v2.7.5
[INFO] [stderr]    Compiling bitflags v2.9.1
[INFO] [stderr]    Compiling slab v0.4.10
[INFO] [stderr]    Compiling rustix v1.0.8
[INFO] [stderr]    Compiling predicates-core v1.0.9
[INFO] [stderr]    Compiling getrandom v0.3.3
[INFO] [stderr]    Compiling doc-comment v0.3.3
[INFO] [stderr]    Compiling float-cmp v0.10.0
[INFO] [stderr]    Compiling assert_cmd v2.0.17
[INFO] [stderr]    Compiling cfg-if v1.0.1
[INFO] [stderr]    Compiling linux-raw-sys v0.9.4
[INFO] [stderr]    Compiling futures-channel v0.3.31
[INFO] [stderr]    Compiling normalize-line-endings v0.3.0
[INFO] [stderr]    Compiling predicates-tree v1.0.12
[INFO] [stderr]    Compiling wait-timeout v0.2.1
[INFO] [stderr]    Compiling futures-timer v3.0.3
[INFO] [stderr]    Compiling rustc_version v0.4.1
[INFO] [stderr]    Compiling rstest_macros v0.18.2
[INFO] [stderr]    Compiling regex-automata v0.4.9
[INFO] [stderr]    Compiling tempfile v3.20.0
[INFO] [stderr]    Compiling regex v1.11.1
[INFO] [stderr]    Compiling synstructure v0.13.2
[INFO] [stderr]    Compiling zerofrom-derive v0.1.6
[INFO] [stderr]    Compiling yoke-derive v0.8.0
[INFO] [stderr]    Compiling zerovec-derive v0.11.1
[INFO] [stderr]    Compiling displaydoc v0.2.5
[INFO] [stderr]    Compiling futures-macro v0.3.31
[INFO] [stderr]    Compiling clap_derive v4.5.41
[INFO] [stderr]    Compiling serde_derive v1.0.219
[INFO] [stderr]    Compiling thiserror-impl v1.0.69
[INFO] [stderr]    Compiling futures-util v0.3.31
[INFO] [stderr]    Compiling zerofrom v0.1.6
[INFO] [stderr]    Compiling yoke v0.8.0
[INFO] [stderr]    Compiling thiserror v1.0.69
[INFO] [stderr]    Compiling bstr v1.12.0
[INFO] [stderr]    Compiling zerotrie v0.2.2
[INFO] [stderr]    Compiling zerovec v0.11.2
[INFO] [stderr]    Compiling predicates v3.1.3
[INFO] [stderr]    Compiling clap v4.5.41
[INFO] [stderr]    Compiling clap_complete v4.5.55
[INFO] [stderr]    Compiling tinystr v0.8.1
[INFO] [stderr]    Compiling potential_utf v0.1.2
[INFO] [stderr]    Compiling icu_locale_core v2.0.0
[INFO] [stderr]    Compiling icu_collections v2.0.0
[INFO] [stderr]    Compiling serde v1.0.219
[INFO] [stderr]    Compiling icu_provider v2.0.0
[INFO] [stderr]    Compiling icu_normalizer v2.0.0
[INFO] [stderr]    Compiling icu_properties v2.0.1
[INFO] [stderr]    Compiling futures-executor v0.3.31
[INFO] [stderr]    Compiling futures v0.3.31
[INFO] [stderr]    Compiling rstest v0.18.2
[INFO] [stderr]    Compiling idna_adapter v1.2.1
[INFO] [stderr]    Compiling idna v1.0.3
[INFO] [stderr]    Compiling url v2.5.4
[INFO] [stderr]    Compiling git2 v0.18.3
[INFO] [stderr]    Compiling serde_yaml v0.9.34+deprecated
[INFO] [stderr]    Compiling git-gardener v0.1.1 (/opt/rustwide/workdir)
[INFO] [stdout] warning: associated function `get_config_path` is never used
[INFO] [stdout]   --> src/config.rs:94:12
[INFO] [stdout]    |
[INFO] [stdout] 68 | impl Config {
[INFO] [stdout]    | ----------- associated function in this implementation
[INFO] [stdout] ...
[INFO] [stdout] 94 |     pub fn get_config_path(repo_path: &Path) -> PathBuf {
[INFO] [stdout]    |            ^^^^^^^^^^^^^^^
[INFO] [stdout]    |
[INFO] [stdout]    = note: `#[warn(dead_code)]` (part of `#[warn(unused)]`) on by default
[INFO] [stdout] 
[INFO] [stdout] 
[INFO] [stdout] warning: variant `InvalidConfig` is never constructed
[INFO] [stdout]   --> src/error.rs:16:5
[INFO] [stdout]    |
[INFO] [stdout]  4 | pub enum GitGardenerError {
[INFO] [stdout]    |          ---------------- variant in this enum
[INFO] [stdout] ...
[INFO] [stdout] 16 |     InvalidConfig { message: String },
[INFO] [stdout]    |     ^^^^^^^^^^^^^
[INFO] [stdout]    |
[INFO] [stdout]    = note: `GitGardenerError` has a derived impl for the trait `Debug`, but this is intentionally ignored during dead code analysis
[INFO] [stdout] 
[INFO] [stdout] 
[INFO] [stdout] warning: fields `is_prunable` and `status` are never read
[INFO] [stdout]   --> src/git/worktree.rs:11:9
[INFO] [stdout]    |
[INFO] [stdout]  7 | pub struct WorktreeInfo {
[INFO] [stdout]    |            ------------ fields in this struct
[INFO] [stdout] ...
[INFO] [stdout] 11 |     pub is_prunable: bool,
[INFO] [stdout]    |         ^^^^^^^^^^^
[INFO] [stdout] 12 |     pub status: Option<GitStatus>,
[INFO] [stdout]    |         ^^^^^^
[INFO] [stdout]    |
[INFO] [stdout]    = note: `WorktreeInfo` has a derived impl for the trait `Clone`, but this is intentionally ignored during dead code analysis
[INFO] [stdout] 
[INFO] [stdout] 
[INFO] [stdout] warning: struct `WorktreeInfoWithStatus` is never constructed
[INFO] [stdout]   --> src/git/worktree.rs:17:12
[INFO] [stdout]    |
[INFO] [stdout] 17 | pub struct WorktreeInfoWithStatus {
[INFO] [stdout]    |            ^^^^^^^^^^^^^^^^^^^^^^
[INFO] [stdout] 
[INFO] [stdout] 
[INFO] [stdout] warning: associated items `from_path`, `create_worktree`, `is_branch_merged`, `is_worktree_stale`, and `list_worktrees_with_status` are never used
[INFO] [stdout]    --> src/git/worktree.rs:36:12
[INFO] [stdout]     |
[INFO] [stdout]  29 | impl GitWorktree {
[INFO] [stdout]     | ---------------- associated items in this implementation
[INFO] [stdout] ...
[INFO] [stdout]  36 |     pub fn from_path(path: &Path) -> Result<Self> {
[INFO] [stdout]     |            ^^^^^^^^^
[INFO] [stdout] ...
[INFO] [stdout]  42 |     pub fn create_worktree(
[INFO] [stdout]     |            ^^^^^^^^^^^^^^^
[INFO] [stdout] ...
[INFO] [stdout] 204 |     pub fn is_branch_merged(&self, branch_name: &str, base_branch: &str) -> Result<bool> {
[INFO] [stdout]     |            ^^^^^^^^^^^^^^^^
[INFO] [stdout] ...
[INFO] [stdout] 240 |     pub fn is_worktree_stale(&self, branch_name: &str, days: u32) -> Result<bool> {
[INFO] [stdout]     |            ^^^^^^^^^^^^^^^^^
[INFO] [stdout] ...
[INFO] [stdout] 272 |     pub fn list_worktrees_with_status(&self) -> Result<Vec<WorktreeInfoWithStatus>> {
[INFO] [stdout]     |            ^^^^^^^^^^^^^^^^^^^^^^^^^^
[INFO] [stdout] 
[INFO] [stdout] 
[INFO] [stdout] warning: variants `Ahead`, `Behind`, and `Diverged` are never constructed
[INFO] [stdout]   --> src/git/status.rs:10:5
[INFO] [stdout]    |
[INFO] [stdout]  7 | pub enum WorktreeStatus {
[INFO] [stdout]    |          -------------- variants in this enum
[INFO] [stdout] ...
[INFO] [stdout] 10 |     Ahead,
[INFO] [stdout]    |     ^^^^^
[INFO] [stdout] 11 |     Behind,
[INFO] [stdout]    |     ^^^^^^
[INFO] [stdout] 12 |     Diverged,
[INFO] [stdout]    |     ^^^^^^^^
[INFO] [stdout]    |
[INFO] [stdout]    = note: `WorktreeStatus` has derived impls for the traits `Clone` and `Debug`, but these are intentionally ignored during dead code analysis
[INFO] [stdout] 
[INFO] [stdout] 
[INFO] [stdout] warning: fields `working_tree_status`, `has_staged_changes`, `has_unstaged_changes`, `last_commit_time`, `ahead_count`, and `behind_count` are never read
[INFO] [stdout]   --> src/git/status.rs:18:9
[INFO] [stdout]    |
[INFO] [stdout] 17 | pub struct GitStatus {
[INFO] [stdout]    |            --------- fields in this struct
[INFO] [stdout] 18 |     pub working_tree_status: WorktreeStatus,
[INFO] [stdout]    |         ^^^^^^^^^^^^^^^^^^^
[INFO] [stdout] 19 |     pub has_staged_changes: bool,
[INFO] [stdout]    |         ^^^^^^^^^^^^^^^^^^
[INFO] [stdout] 20 |     pub has_unstaged_changes: bool,
[INFO] [stdout]    |         ^^^^^^^^^^^^^^^^^^^^
[INFO] [stdout] 21 |     pub last_commit_time: Option<i64>,
[INFO] [stdout]    |         ^^^^^^^^^^^^^^^^
[INFO] [stdout] 22 |     pub ahead_count: u32,
[INFO] [stdout]    |         ^^^^^^^^^^^
[INFO] [stdout] 23 |     pub behind_count: u32,
[INFO] [stdout]    |         ^^^^^^^^^^^^
[INFO] [stdout]    |
[INFO] [stdout]    = note: `GitStatus` has derived impls for the traits `Clone` and `Debug`, but these are intentionally ignored during dead code analysis
[INFO] [stdout] 
[INFO] [stdout] 
[INFO] [stderr]     Finished `release` profile [optimized] target(s) in 1m 11s
[INFO] running `Command { std: "docker" "inspect" "5fc1e2b2bb42448cd2354f53e7cfd8db07a51fd3c50049f16ec0050a6b110bf2", kill_on_drop: false }`
[INFO] running `Command { std: "docker" "exec" "-e" "SOURCE_DIR=/opt/rustwide/workdir" "-e" "CARGO_HOME=/opt/rustwide/cargo-home" "-e" "RUSTUP_HOME=/opt/rustwide/rustup-home" "-e" "CARGO_TARGET_DIR=/opt/rustwide/target" "-e" "CARGO_INCREMENTAL=0" "-e" "RUST_BACKTRACE=full" "-e" "RUSTFLAGS=--cap-lints=warn" "-e" "RUSTDOCFLAGS=--cap-lints=warn" "-w" "/opt/rustwide/workdir" "--user" "0:0" "5fc1e2b2bb42448cd2354f53e7cfd8db07a51fd3c50049f16ec0050a6b110bf2" "/opt/rustwide/cargo-home/bin/cargo" "+1.99.0-beta.8" "test" "--frozen" "--release", kill_on_drop: false }`
[INFO] [stderr] warning: associated function `get_config_path` is never used
[INFO] [stderr]   --> src/config.rs:94:12
[INFO] [stderr]    |
[INFO] [stderr] 68 | impl Config {
[INFO] [stderr]    | ----------- associated function in this implementation
[INFO] [stderr] ...
[INFO] [stderr] 94 |     pub fn get_config_path(repo_path: &Path) -> PathBuf {
[INFO] [stderr]    |            ^^^^^^^^^^^^^^^
[INFO] [stderr]    |
[INFO] [stderr]    = note: `#[warn(dead_code)]` (part of `#[warn(unused)]`) on by default
[INFO] [stderr] 
[INFO] [stderr] warning: variant `InvalidConfig` is never constructed
[INFO] [stderr]   --> src/error.rs:16:5
[INFO] [stderr]    |
[INFO] [stderr]  4 | pub enum GitGardenerError {
[INFO] [stderr]    |          ---------------- variant in this enum
[INFO] [stderr] ...
[INFO] [stderr] 16 |     InvalidConfig { message: String },
[INFO] [stderr]    |     ^^^^^^^^^^^^^
[INFO] [stderr]    |
[INFO] [stderr]    = note: `GitGardenerError` has a derived impl for the trait `Debug`, but this is intentionally ignored during dead code analysis
[INFO] [stderr] 
[INFO] [stderr] warning: fields `is_prunable` and `status` are never read
[INFO] [stderr]   --> src/git/worktree.rs:11:9
[INFO] [stderr]    |
[INFO] [stderr]  7 | pub struct WorktreeInfo {
[INFO] [stderr]    |            ------------ fields in this struct
[INFO] [stderr] ...
[INFO] [stderr] 11 |     pub is_prunable: bool,
[INFO] [stderr]    |         ^^^^^^^^^^^
[INFO] [stderr] 12 |     pub status: Option<GitStatus>,
[INFO] [stderr]    |         ^^^^^^
[INFO] [stderr]    |
[INFO] [stderr]    = note: `WorktreeInfo` has a derived impl for the trait `Clone`, but this is intentionally ignored during dead code analysis
[INFO] [stderr] 
[INFO] [stderr] warning: struct `WorktreeInfoWithStatus` is never constructed
[INFO] [stderr]   --> src/git/worktree.rs:17:12
[INFO] [stderr]    |
[INFO] [stderr] 17 | pub struct WorktreeInfoWithStatus {
[INFO] [stderr]    |            ^^^^^^^^^^^^^^^^^^^^^^
[INFO] [stderr] 
[INFO] [stderr] warning: associated items `from_path`, `create_worktree`, `is_branch_merged`, `is_worktree_stale`, and `list_worktrees_with_status` are never used
[INFO] [stderr]    --> src/git/worktree.rs:36:12
[INFO] [stderr]     |
[INFO] [stderr]  29 | impl GitWorktree {
[INFO] [stderr]     | ---------------- associated items in this implementation
[INFO] [stderr] ...
[INFO] [stderr]  36 |     pub fn from_path(path: &Path) -> Result<Self> {
[INFO] [stderr]     |            ^^^^^^^^^
[INFO] [stderr] ...
[INFO] [stderr]  42 |     pub fn create_worktree(
[INFO] [stderr]     |            ^^^^^^^^^^^^^^^
[INFO] [stderr] ...
[INFO] [stderr] 204 |     pub fn is_branch_merged(&self, branch_name: &str, base_branch: &str) -> Result<bool> {
[INFO] [stderr]     |            ^^^^^^^^^^^^^^^^
[INFO] [stderr] ...
[INFO] [stderr] 240 |     pub fn is_worktree_stale(&self, branch_name: &str, days: u32) -> Result<bool> {
[INFO] [stderr]     |            ^^^^^^^^^^^^^^^^^
[INFO] [stderr] ...
[INFO] [stderr] 272 |     pub fn list_worktrees_with_status(&self) -> Result<Vec<WorktreeInfoWithStatus>> {
[INFO] [stderr]     |            ^^^^^^^^^^^^^^^^^^^^^^^^^^
[INFO] [stderr] 
[INFO] [stderr] warning: variants `Ahead`, `Behind`, and `Diverged` are never constructed
[INFO] [stderr]   --> src/git/status.rs:10:5
[INFO] [stderr]    |
[INFO] [stderr]  7 | pub enum WorktreeStatus {
[INFO] [stderr]    |          -------------- variants in this enum
[INFO] [stderr] ...
[INFO] [stderr] 10 |     Ahead,
[INFO] [stderr]    |     ^^^^^
[INFO] [stderr] 11 |     Behind,
[INFO] [stderr]    |     ^^^^^^
[INFO] [stderr] 12 |     Diverged,
[INFO] [stderr]    |     ^^^^^^^^
[INFO] [stderr]    |
[INFO] [stderr]    = note: `WorktreeStatus` has derived impls for the traits `Clone` and `Debug`, but these are intentionally ignored during dead code analysis
[INFO] [stderr] 
[INFO] [stderr] warning: fields `working_tree_status`, `has_staged_changes`, `has_unstaged_changes`, `last_commit_time`, `ahead_count`, and `behind_count` are never read
[INFO] [stderr]   --> src/git/status.rs:18:9
[INFO] [stderr]    |
[INFO] [stderr] 17 | pub struct GitStatus {
[INFO] [stderr]    |            --------- fields in this struct
[INFO] [stderr] 18 |     pub working_tree_status: WorktreeStatus,
[INFO] [stderr]    |         ^^^^^^^^^^^^^^^^^^^
[INFO] [stderr] 19 |     pub has_staged_changes: bool,
[INFO] [stderr]    |         ^^^^^^^^^^^^^^^^^^
[INFO] [stderr] 20 |     pub has_unstaged_changes: bool,
[INFO] [stderr]    |         ^^^^^^^^^^^^^^^^^^^^
[INFO] [stderr] 21 |     pub last_commit_time: Option<i64>,
[INFO] [stderr]    |         ^^^^^^^^^^^^^^^^
[INFO] [stderr] 22 |     pub ahead_count: u32,
[INFO] [stderr]    |         ^^^^^^^^^^^
[INFO] [stderr] 23 |     pub behind_count: u32,
[INFO] [stderr]    |         ^^^^^^^^^^^^
[INFO] [stderr]    |
[INFO] [stderr]    = note: `GitStatus` has derived impls for the traits `Clone` and `Debug`, but these are intentionally ignored during dead code analysis
[INFO] [stderr] 
[INFO] [stderr] warning: `git-gardener` (bin "git-gardener" test) generated 7 warnings
[INFO] [stderr]     Finished `release` profile [optimized] target(s) in 0.20s
[INFO] [stderr]      Running unittests src/lib.rs (/opt/rustwide/target/release/deps/git_gardener-4139160b2a8db7c0)
[INFO] [stdout] 
[INFO] [stdout] running 42 tests
[INFO] [stdout] test commands::add::tests::test_add_command_new_creates_instance ... ok
[INFO] [stdout] test commands::cd::tests::test_cd_command_new_creates_instance ... ok
[INFO] [stdout] test commands::add::tests::test_add_command_new_with_commit ... ok
[INFO] [stdout] test commands::init::tests::test_init_command_new_creates_instance ... ok
[INFO] [stdout] test commands::init::tests::test_init_command_updates_existing_gitignore ... ok
[INFO] [stdout] test commands::list::tests::test_list_command_new_creates_instance ... ok
[INFO] [stdout] test commands::init::tests::test_init_command_fails_without_git_repo ... FAILED
[INFO] [stdout] test commands::list::tests::test_list_command_fails_without_git_repo ... FAILED
[INFO] [stdout] test commands::list::tests::test_list_command_empty_repo_shows_no_worktrees ... ok
[INFO] [stdout] test commands::cd::tests::test_cd_command_fails_without_git_repo ... FAILED
[INFO] [stdout] test commands::init::tests::test_init_command_creates_gardener_directory ... ok
[INFO] [stdout] test commands::remove::tests::test_remove_command_new_creates_instance ... ok
[INFO] [stdout] test commands::init::tests::test_init_command_fails_when_already_initialized ... ok
[INFO] [stdout] test commands::init::tests::test_init_command_force_reinitializes ... ok
[INFO] [stdout] test config::tests::test_config_load_fails_for_nonexistent_file ... ok
[INFO] [stdout] test config::tests::test_default_config ... ok
[INFO] [stdout] test commands::remove::tests::test_remove_command_fails_without_git_repo ... ok
[INFO] [stdout] test config::tests::test_config_with_copy_hook_serialization ... ok
[INFO] [stdout] test config::tests::test_config_fails_with_invalid_yaml ... ok
[INFO] [stdout] test hooks::tests::test_execute_command_hook_fails_without_command_field ... ok
[INFO] [stdout] test commands::add::tests::test_add_command_fails_without_git_repo ... FAILED
[INFO] [stdout] test hooks::tests::test_execute_copy_hook_fails_for_nonexistent_source ... ok
[INFO] [stdout] test config::tests::test_save_and_load_config ... ok
[INFO] [stdout] test git::worktree::tests::test_not_in_repository ... ok
[INFO] [stdout] test hooks::tests::test_execute_copy_hook_copies_file ... ok
[INFO] [stdout] test hooks::tests::test_expand_variables_replaces_placeholders ... ok
[INFO] [stdout] test commands::init::tests::test_init_command_updates_gitignore ... ok
[INFO] [stdout] test hooks::tests::test_hook_executor_new_creates_instance ... ok
[INFO] [stdout] test config::tests::test_config_with_hooks_serialization ... ok
[INFO] [stdout] test hooks::tests::test_execute_hooks_runs_multiple_hooks ... ok
[INFO] [stdout] test hooks::tests::test_execute_copy_hook_fails_without_from_field ... ok
[INFO] [stdout] test hooks::tests::test_execute_copy_hook_fails_without_to_field ... ok
[INFO] [stdout] test commands::add::tests::test_add_command_fails_for_nonexistent_branch ... ok
[INFO] [stdout] test hooks::tests::test_execute_command_hook_runs_command ... ok
[INFO] [stdout] test commands::list::tests::test_list_command_names_only_flag ... ok
[INFO] [stdout] test commands::init::tests::test_init_command_creates_config_file ... ok
[INFO] [stdout] test commands::cd::tests::test_cd_command_fails_for_nonexistent_worktree ... ok
[INFO] [stdout] test commands::cd::tests::test_cd_command_returns_main_worktree_for_at_symbol ... ok
[INFO] [stdout] test commands::cd::tests::test_cd_command_finds_worktree_by_branch_name ... ok
[INFO] [stdout] test commands::remove::tests::test_remove_command_fails_for_nonexistent_worktree ... ok
[INFO] [stdout] test commands::remove::tests::test_remove_command_removes_worktree_by_branch_name ... ok
[INFO] [stdout] test commands::remove::tests::test_remove_command_with_branch_flag ... FAILED
[INFO] [stdout] 
[INFO] [stdout] failures:
[INFO] [stdout] 
[INFO] [stdout] ---- commands::init::tests::test_init_command_fails_without_git_repo stdout ----
[INFO] [stdout] ✓ Updated .gitignore
[INFO] [stdout] ✓ Created .gardener.yml configuration file
[INFO] [stdout] git-gardener initialized successfully!
[INFO] [stdout] 
[INFO] [stdout] thread 'commands::init::tests::test_init_command_fails_without_git_repo' (3428) panicked at src/commands/init.rs:147:9:
[INFO] [stdout] assertion failed: result.is_err()
[INFO] [stdout] stack backtrace:
[INFO] [stdout]    0:     0x5b2b17e05e71 - <<std[70759c8f55707aa4]::sys::backtrace::BacktraceLock>::print::DisplayBacktrace as core[df12db4294e9bfd3]::fmt::Display>::fmt
[INFO] [stdout]    1:     0x5b2b17e1b26a - core[df12db4294e9bfd3]::fmt::write
[INFO] [stdout]    2:     0x5b2b17e0a68c - <alloc[2182bb758b4b3781]::vec::Vec<u8> as core[df12db4294e9bfd3]::io::write::Write>::write_fmt
[INFO] [stdout]    3:     0x5b2b17ddf5d6 - std[70759c8f55707aa4]::panicking::default_hook::{closure#0}
[INFO] [stdout]    4:     0x5b2b17dfc8e9 - std[70759c8f55707aa4]::panicking::default_hook
[INFO] [stdout]    5:     0x5b2b17d131c0 - test[9d35eded1c95d3be]::test_main_inner::<test[9d35eded1c95d3be]::test_main_static::{closure#0}>::{closure#0}
[INFO] [stdout]    6:     0x5b2b17dfcc12 - std[70759c8f55707aa4]::panicking::panic_with_hook
[INFO] [stdout]    7:     0x5b2b17ddf6b4 - std[70759c8f55707aa4]::panicking::panic_handler::{closure#0}
[INFO] [stdout]    8:     0x5b2b17dd7f09 - std[70759c8f55707aa4]::sys::backtrace::__rust_end_short_backtrace::<std[70759c8f55707aa4]::panicking::panic_handler::{closure#0}, !>
[INFO] [stdout]    9:     0x5b2b17de031d - __rustc[8fa7c3cbc660c2b3]::rust_begin_unwind
[INFO] [stdout]   10:     0x5b2b17e1b99c - core[df12db4294e9bfd3]::panicking::panic_fmt
[INFO] [stdout]   11:     0x5b2b17e1b962 - core[df12db4294e9bfd3]::panicking::panic
[INFO] [stdout]   12:     0x5b2b17cd6332 - git_gardener[ec7da16391c1fbc2]::commands::init::tests::test_init_command_fails_without_git_repo
[INFO] [stdout]   13:     0x5b2b17ce6a99 - <git_gardener[ec7da16391c1fbc2]::commands::init::tests::test_init_command_fails_without_git_repo::{closure#0} as core[df12db4294e9bfd3]::ops::function::FnOnce<()>>::call_once
[INFO] [stdout]   14:     0x5b2b17d064ab - test[9d35eded1c95d3be]::__rust_begin_short_backtrace::<core[df12db4294e9bfd3]::result::Result<(), alloc[2182bb758b4b3781]::string::String>, fn() -> core[df12db4294e9bfd3]::result::Result<(), alloc[2182bb758b4b3781]::string::String>>
[INFO] [stdout]   15:     0x5b2b17d13b15 - test[9d35eded1c95d3be]::run_test::{closure#0}
[INFO] [stdout]   16:     0x5b2b17d0d3d4 - std[70759c8f55707aa4]::sys::backtrace::__rust_begin_short_backtrace::<test[9d35eded1c95d3be]::run_test::{closure#1}, ()>
[INFO] [stdout]   17:     0x5b2b17d16c72 - <std[70759c8f55707aa4]::thread::lifecycle::spawn_unchecked<test[9d35eded1c95d3be]::run_test::{closure#1}, ()>::{closure#1} as core[df12db4294e9bfd3]::ops::function::FnOnce<()>>::call_once::{shim:vtable#0}
[INFO] [stdout]   18:     0x5b2b17e05119 - <std[70759c8f55707aa4]::sys::thread::unix::Thread>::new::thread_start
[INFO] [stdout]   19:     0x799072d41dfa - <unknown>
[INFO] [stdout]   20:     0x799072dd53d4 - clone
[INFO] [stdout]   21:                0x0 - <unknown>
[INFO] [stdout] 
[INFO] [stdout] ---- commands::list::tests::test_list_command_fails_without_git_repo stdout ----
[INFO] [stdout] No worktrees found.
[INFO] [stdout] 
[INFO] [stdout] thread 'commands::list::tests::test_list_command_fails_without_git_repo' (3435) panicked at src/commands/list.rs:128:9:
[INFO] [stdout] assertion failed: result.is_err()
[INFO] [stdout] stack backtrace:
[INFO] [stdout]    0:     0x5b2b17e05e71 - <<std[70759c8f55707aa4]::sys::backtrace::BacktraceLock>::print::DisplayBacktrace as core[df12db4294e9bfd3]::fmt::Display>::fmt
[INFO] [stdout]    1:     0x5b2b17e1b26a - core[df12db4294e9bfd3]::fmt::write
[INFO] [stdout]    2:     0x5b2b17e0a68c - <alloc[2182bb758b4b3781]::vec::Vec<u8> as core[df12db4294e9bfd3]::io::write::Write>::write_fmt
[INFO] [stdout]    3:     0x5b2b17ddf5d6 - std[70759c8f55707aa4]::panicking::default_hook::{closure#0}
[INFO] [stdout]    4:     0x5b2b17dfc8e9 - std[70759c8f55707aa4]::panicking::default_hook
[INFO] [stdout]    5:     0x5b2b17d131c0 - test[9d35eded1c95d3be]::test_main_inner::<test[9d35eded1c95d3be]::test_main_static::{closure#0}>::{closure#0}
[INFO] [stdout]    6:     0x5b2b17dfcc12 - std[70759c8f55707aa4]::panicking::panic_with_hook
[INFO] [stdout]    7:     0x5b2b17ddf6b4 - std[70759c8f55707aa4]::panicking::panic_handler::{closure#0}
[INFO] [stdout]    8:     0x5b2b17dd7f09 - std[70759c8f55707aa4]::sys::backtrace::__rust_end_short_backtrace::<std[70759c8f55707aa4]::panicking::panic_handler::{closure#0}, !>
[INFO] [stdout]    9:     0x5b2b17de031d - __rustc[8fa7c3cbc660c2b3]::rust_begin_unwind
[INFO] [stdout]   10:     0x5b2b17e1b99c - core[df12db4294e9bfd3]::panicking::panic_fmt
[INFO] [stdout]   11:     0x5b2b17e1b962 - core[df12db4294e9bfd3]::panicking::panic
[INFO] [stdout]   12:     0x5b2b17ce2b23 - git_gardener[ec7da16391c1fbc2]::commands::list::tests::test_list_command_fails_without_git_repo
[INFO] [stdout]   13:     0x5b2b17ce6b39 - <git_gardener[ec7da16391c1fbc2]::commands::list::tests::test_list_command_fails_without_git_repo::{closure#0} as core[df12db4294e9bfd3]::ops::function::FnOnce<()>>::call_once
[INFO] [stdout]   14:     0x5b2b17d064ab - test[9d35eded1c95d3be]::__rust_begin_short_backtrace::<core[df12db4294e9bfd3]::result::Result<(), alloc[2182bb758b4b3781]::string::String>, fn() -> core[df12db4294e9bfd3]::result::Result<(), alloc[2182bb758b4b3781]::string::String>>
[INFO] [stderr] error: test failed, to rerun pass `--lib`
[INFO] [stdout]   15:     0x5b2b17d13b15 - test[9d35eded1c95d3be]::run_test::{closure#0}
[INFO] [stdout]   16:     0x5b2b17d0d3d4 - std[70759c8f55707aa4]::sys::backtrace::__rust_begin_short_backtrace::<test[9d35eded1c95d3be]::run_test::{closure#1}, ()>
[INFO] [stdout]   17:     0x5b2b17d16c72 - <std[70759c8f55707aa4]::thread::lifecycle::spawn_unchecked<test[9d35eded1c95d3be]::run_test::{closure#1}, ()>::{closure#1} as core[df12db4294e9bfd3]::ops::function::FnOnce<()>>::call_once::{shim:vtable#0}
[INFO] [stdout]   18:     0x5b2b17e05119 - <std[70759c8f55707aa4]::sys::thread::unix::Thread>::new::thread_start
[INFO] [stdout]   19:     0x799072d41dfa - <unknown>
[INFO] [stdout]   20:     0x799072dd53d4 - clone
[INFO] [stdout]   21:                0x0 - <unknown>
[INFO] [stdout] 
[INFO] [stdout] ---- commands::cd::tests::test_cd_command_fails_without_git_repo stdout ----
[INFO] [stdout] 
[INFO] [stdout] thread 'commands::cd::tests::test_cd_command_fails_without_git_repo' (3421) panicked at src/commands/cd.rs:111:9:
[INFO] [stdout] assertion failed: matches!(result.unwrap_err(), GitGardenerError::NotInRepository)
[INFO] [stdout] stack backtrace:
[INFO] [stdout]    0:     0x5b2b17e05e71 - <<std[70759c8f55707aa4]::sys::backtrace::BacktraceLock>::print::DisplayBacktrace as core[df12db4294e9bfd3]::fmt::Display>::fmt
[INFO] [stdout]    1:     0x5b2b17e1b26a - core[df12db4294e9bfd3]::fmt::write
[INFO] [stdout]    2:     0x5b2b17e0a68c - <alloc[2182bb758b4b3781]::vec::Vec<u8> as core[df12db4294e9bfd3]::io::write::Write>::write_fmt
[INFO] [stdout]    3:     0x5b2b17ddf5d6 - std[70759c8f55707aa4]::panicking::default_hook::{closure#0}
[INFO] [stdout]    4:     0x5b2b17dfc8e9 - std[70759c8f55707aa4]::panicking::default_hook
[INFO] [stdout]    5:     0x5b2b17d131c0 - test[9d35eded1c95d3be]::test_main_inner::<test[9d35eded1c95d3be]::test_main_static::{closure#0}>::{closure#0}
[INFO] [stdout]    6:     0x5b2b17dfcc12 - std[70759c8f55707aa4]::panicking::panic_with_hook
[INFO] [stdout]    7:     0x5b2b17ddf6b4 - std[70759c8f55707aa4]::panicking::panic_handler::{closure#0}
[INFO] [stdout]    8:     0x5b2b17dd7f09 - std[70759c8f55707aa4]::sys::backtrace::__rust_end_short_backtrace::<std[70759c8f55707aa4]::panicking::panic_handler::{closure#0}, !>
[INFO] [stdout]    9:     0x5b2b17de031d - __rustc[8fa7c3cbc660c2b3]::rust_begin_unwind
[INFO] [stdout]   10:     0x5b2b17e1b99c - core[df12db4294e9bfd3]::panicking::panic_fmt
[INFO] [stdout]   11:     0x5b2b17e1b962 - core[df12db4294e9bfd3]::panicking::panic
[INFO] [stdout]   12:     0x5b2b17cd2085 - git_gardener[ec7da16391c1fbc2]::commands::cd::tests::test_cd_command_fails_without_git_repo
[INFO] [stdout]   13:     0x5b2b17ce6939 - <git_gardener[ec7da16391c1fbc2]::commands::cd::tests::test_cd_command_fails_without_git_repo::{closure#0} as core[df12db4294e9bfd3]::ops::function::FnOnce<()>>::call_once
[INFO] [stdout]   14:     0x5b2b17d064ab - test[9d35eded1c95d3be]::__rust_begin_short_backtrace::<core[df12db4294e9bfd3]::result::Result<(), alloc[2182bb758b4b3781]::string::String>, fn() -> core[df12db4294e9bfd3]::result::Result<(), alloc[2182bb758b4b3781]::string::String>>
[INFO] [stdout]   15:     0x5b2b17d13b15 - test[9d35eded1c95d3be]::run_test::{closure#0}
[INFO] [stdout]   16:     0x5b2b17d0d3d4 - std[70759c8f55707aa4]::sys::backtrace::__rust_begin_short_backtrace::<test[9d35eded1c95d3be]::run_test::{closure#1}, ()>
[INFO] [stdout]   17:     0x5b2b17d16c72 - <std[70759c8f55707aa4]::thread::lifecycle::spawn_unchecked<test[9d35eded1c95d3be]::run_test::{closure#1}, ()>::{closure#1} as core[df12db4294e9bfd3]::ops::function::FnOnce<()>>::call_once::{shim:vtable#0}
[INFO] [stdout]   18:     0x5b2b17e05119 - <std[70759c8f55707aa4]::sys::thread::unix::Thread>::new::thread_start
[INFO] [stdout]   19:     0x799072d41dfa - <unknown>
[INFO] [stdout]   20:     0x799072dd53d4 - clone
[INFO] [stdout]   21:                0x0 - <unknown>
[INFO] [stdout] 
[INFO] [stdout] ---- commands::add::tests::test_add_command_fails_without_git_repo stdout ----
[INFO] [stdout] Creating worktree for branch 'test'...
[INFO] [stdout] 
[INFO] [stdout] thread 'commands::add::tests::test_add_command_fails_without_git_repo' (3417) panicked at src/commands/add.rs:177:9:
[INFO] [stdout] assertion failed: matches!(result.unwrap_err(), GitGardenerError::NotInRepository)
[INFO] [stdout] stack backtrace:
[INFO] [stdout]    0:     0x5b2b17e05e71 - <<std[70759c8f55707aa4]::sys::backtrace::BacktraceLock>::print::DisplayBacktrace as core[df12db4294e9bfd3]::fmt::Display>::fmt
[INFO] [stdout]    1:     0x5b2b17e1b26a - core[df12db4294e9bfd3]::fmt::write
[INFO] [stdout]    2:     0x5b2b17e0a68c - <alloc[2182bb758b4b3781]::vec::Vec<u8> as core[df12db4294e9bfd3]::io::write::Write>::write_fmt
[INFO] [stdout]    3:     0x5b2b17ddf5d6 - std[70759c8f55707aa4]::panicking::default_hook::{closure#0}
[INFO] [stdout]    4:     0x5b2b17dfc8e9 - std[70759c8f55707aa4]::panicking::default_hook
[INFO] [stdout]    5:     0x5b2b17d131c0 - test[9d35eded1c95d3be]::test_main_inner::<test[9d35eded1c95d3be]::test_main_static::{closure#0}>::{closure#0}
[INFO] [stdout]    6:     0x5b2b17dfcc12 - std[70759c8f55707aa4]::panicking::panic_with_hook
[INFO] [stdout]    7:     0x5b2b17ddf6b4 - std[70759c8f55707aa4]::panicking::panic_handler::{closure#0}
[INFO] [stdout]    8:     0x5b2b17dd7f09 - std[70759c8f55707aa4]::sys::backtrace::__rust_end_short_backtrace::<std[70759c8f55707aa4]::panicking::panic_handler::{closure#0}, !>
[INFO] [stdout]    9:     0x5b2b17de031d - __rustc[8fa7c3cbc660c2b3]::rust_begin_unwind
[INFO] [stdout]   10:     0x5b2b17e1b99c - core[df12db4294e9bfd3]::panicking::panic_fmt
[INFO] [stdout]   11:     0x5b2b17e1b962 - core[df12db4294e9bfd3]::panicking::panic
[INFO] [stdout]   12:     0x5b2b17cd3b08 - git_gardener[ec7da16391c1fbc2]::commands::add::tests::test_add_command_fails_without_git_repo
[INFO] [stdout]   13:     0x5b2b17ce69f9 - <git_gardener[ec7da16391c1fbc2]::commands::add::tests::test_add_command_fails_without_git_repo::{closure#0} as core[df12db4294e9bfd3]::ops::function::FnOnce<()>>::call_once
[INFO] [stdout]   14:     0x5b2b17d064ab - test[9d35eded1c95d3be]::__rust_begin_short_backtrace::<core[df12db4294e9bfd3]::result::Result<(), alloc[2182bb758b4b3781]::string::String>, fn() -> core[df12db4294e9bfd3]::result::Result<(), alloc[2182bb758b4b3781]::string::String>>
[INFO] [stdout]   15:     0x5b2b17d13b15 - test[9d35eded1c95d3be]::run_test::{closure#0}
[INFO] [stdout]   16:     0x5b2b17d0d3d4 - std[70759c8f55707aa4]::sys::backtrace::__rust_begin_short_backtrace::<test[9d35eded1c95d3be]::run_test::{closure#1}, ()>
[INFO] [stdout]   17:     0x5b2b17d16c72 - <std[70759c8f55707aa4]::thread::lifecycle::spawn_unchecked<test[9d35eded1c95d3be]::run_test::{closure#1}, ()>::{closure#1} as core[df12db4294e9bfd3]::ops::function::FnOnce<()>>::call_once::{shim:vtable#0}
[INFO] [stdout]   18:     0x5b2b17e05119 - <std[70759c8f55707aa4]::sys::thread::unix::Thread>::new::thread_start
[INFO] [stdout]   19:     0x799072d41dfa - <unknown>
[INFO] [stdout]   20:     0x799072dd53d4 - clone
[INFO] [stdout]   21:                0x0 - <unknown>
[INFO] [stdout] 
[INFO] [stdout] ---- commands::remove::tests::test_remove_command_with_branch_flag stdout ----
[INFO] [stdout] ✓ Removed worktree 'feature-test'
[INFO] [stdout] Failed to remove branch 'feature-test': fatal: Unable to read current working directory: No such file or directory
[INFO] [stdout] 
[INFO] [stdout] 
[INFO] [stdout] thread 'commands::remove::tests::test_remove_command_with_branch_flag' (3520) panicked at src/commands/remove.rs:199:9:
[INFO] [stdout] assertion failed: !String::from_utf8_lossy(&output.stdout).contains("feature-test")
[INFO] [stdout] stack backtrace:
[INFO] [stdout]    0:     0x5b2b17e05e71 - <<std[70759c8f55707aa4]::sys::backtrace::BacktraceLock>::print::DisplayBacktrace as core[df12db4294e9bfd3]::fmt::Display>::fmt
[INFO] [stdout]    1:     0x5b2b17e1b26a - core[df12db4294e9bfd3]::fmt::write
[INFO] [stdout]    2:     0x5b2b17e0a68c - <alloc[2182bb758b4b3781]::vec::Vec<u8> as core[df12db4294e9bfd3]::io::write::Write>::write_fmt
[INFO] [stdout]    3:     0x5b2b17ddf5d6 - std[70759c8f55707aa4]::panicking::default_hook::{closure#0}
[INFO] [stdout]    4:     0x5b2b17dfc8e9 - std[70759c8f55707aa4]::panicking::default_hook
[INFO] [stdout]    5:     0x5b2b17d131c0 - test[9d35eded1c95d3be]::test_main_inner::<test[9d35eded1c95d3be]::test_main_static::{closure#0}>::{closure#0}
[INFO] [stdout]    6:     0x5b2b17dfcc12 - std[70759c8f55707aa4]::panicking::panic_with_hook
[INFO] [stdout]    7:     0x5b2b17ddf6b4 - std[70759c8f55707aa4]::panicking::panic_handler::{closure#0}
[INFO] [stdout]    8:     0x5b2b17dd7f09 - std[70759c8f55707aa4]::sys::backtrace::__rust_end_short_backtrace::<std[70759c8f55707aa4]::panicking::panic_handler::{closure#0}, !>
[INFO] [stdout]    9:     0x5b2b17de031d - __rustc[8fa7c3cbc660c2b3]::rust_begin_unwind
[INFO] [stdout]   10:     0x5b2b17e1b99c - core[df12db4294e9bfd3]::panicking::panic_fmt
[INFO] [stdout]   11:     0x5b2b17e1b962 - core[df12db4294e9bfd3]::panicking::panic
[INFO] [stdout]   12:     0x5b2b17ccfdb7 - git_gardener[ec7da16391c1fbc2]::commands::remove::tests::test_remove_command_with_branch_flag
[INFO] [stdout]   13:     0x5b2b17ce6b79 - <git_gardener[ec7da16391c1fbc2]::commands::remove::tests::test_remove_command_with_branch_flag::{closure#0} as core[df12db4294e9bfd3]::ops::function::FnOnce<()>>::call_once
[INFO] [stdout]   14:     0x5b2b17d064ab - test[9d35eded1c95d3be]::__rust_begin_short_backtrace::<core[df12db4294e9bfd3]::result::Result<(), alloc[2182bb758b4b3781]::string::String>, fn() -> core[df12db4294e9bfd3]::result::Result<(), alloc[2182bb758b4b3781]::string::String>>
[INFO] [stdout]   15:     0x5b2b17d13b15 - test[9d35eded1c95d3be]::run_test::{closure#0}
[INFO] [stdout]   16:     0x5b2b17d0d3d4 - std[70759c8f55707aa4]::sys::backtrace::__rust_begin_short_backtrace::<test[9d35eded1c95d3be]::run_test::{closure#1}, ()>
[INFO] [stdout]   17:     0x5b2b17d16c72 - <std[70759c8f55707aa4]::thread::lifecycle::spawn_unchecked<test[9d35eded1c95d3be]::run_test::{closure#1}, ()>::{closure#1} as core[df12db4294e9bfd3]::ops::function::FnOnce<()>>::call_once::{shim:vtable#0}
[INFO] [stdout]   18:     0x5b2b17e05119 - <std[70759c8f55707aa4]::sys::thread::unix::Thread>::new::thread_start
[INFO] [stdout]   19:     0x799072d41dfa - <unknown>
[INFO] [stdout]   20:     0x799072dd53d4 - clone
[INFO] [stdout]   21:                0x0 - <unknown>
[INFO] [stdout] 
[INFO] [stdout] 
[INFO] [stdout] failures:
[INFO] [stdout]     commands::add::tests::test_add_command_fails_without_git_repo
[INFO] [stdout]     commands::cd::tests::test_cd_command_fails_without_git_repo
[INFO] [stdout]     commands::init::tests::test_init_command_fails_without_git_repo
[INFO] [stdout]     commands::list::tests::test_list_command_fails_without_git_repo
[INFO] [stdout]     commands::remove::tests::test_remove_command_with_branch_flag
[INFO] [stdout] 
[INFO] [stdout] test result: FAILED. 37 passed; 5 failed; 0 ignored; 0 measured; 0 filtered out; finished in 0.24s
[INFO] [stdout] 
[INFO] running `Command { std: "docker" "inspect" "5fc1e2b2bb42448cd2354f53e7cfd8db07a51fd3c50049f16ec0050a6b110bf2", kill_on_drop: false }`
[INFO] running `Command { std: "docker" "rm" "-f" "5fc1e2b2bb42448cd2354f53e7cfd8db07a51fd3c50049f16ec0050a6b110bf2", kill_on_drop: false }`
[INFO] [stdout] 5fc1e2b2bb42448cd2354f53e7cfd8db07a51fd3c50049f16ec0050a6b110bf2
