[INFO] fetching crate git-cloak 0.0.1...
[INFO] testing git-cloak-0.0.1 against 1.100.0-beta.1+cargoflags=--release for beta-release-1.100-2
[INFO] extracting crate git-cloak 0.0.1 into /workspace/builds/worker-2-tc2/source
[INFO] started tweaking crates.io crate git-cloak 0.0.1
[INFO] removed 0 missing tests
[INFO] finished tweaking crates.io crate git-cloak 0.0.1
[INFO] tweaked toml for crates.io crate git-cloak 0.0.1 written to /workspace/builds/worker-2-tc2/source/Cargo.toml
[INFO] validating manifest of crates.io crate git-cloak 0.0.1 on toolchain 1.100.0-beta.1
[INFO] running `Command { std: CARGO_HOME="/workspace/cargo-home" RUSTUP_HOME="/workspace/rustup-home" "/workspace/cargo-home/bin/cargo" "+1.100.0-beta.1" "metadata" "--manifest-path" "Cargo.toml" "--no-deps", kill_on_drop: false }`
[INFO] crate crates.io crate git-cloak 0.0.1 already has a lockfile, it will not be regenerated
[INFO] running `Command { std: CARGO_HOME="/workspace/cargo-home" RUSTUP_HOME="/workspace/rustup-home" "/workspace/cargo-home/bin/cargo" "+1.100.0-beta.1" "fetch" "--manifest-path" "Cargo.toml", kill_on_drop: false }`
[INFO] running `Command { std: "docker" "create" "-v" "/var/lib/crater-agent-workspace/builds/worker-2-tc2/source:/opt/rustwide/workdir:ro,Z" "-v" "/var/lib/crater-agent-workspace/builds/worker-2-tc2/target:/opt/rustwide/target:rw,Z" "-v" "/var/lib/crater-agent-workspace/cargo-home:/opt/rustwide/cargo-home:ro,Z" "-v" "/var/lib/crater-agent-workspace/rustup-home:/opt/rustwide/rustup-home:ro,Z" "-m" "1610612736" "--network" "none" "ghcr.io/rust-lang/crates-build-env/linux@sha256:77db811e55d90add9212f6832c23229e3de5f1c1f9905e8cb07319ea15df73ac" "sleep" "infinity", kill_on_drop: false }`
[INFO] [stdout] 24d3ff170e7bb48ee3f0106351871a75ae93452e16718f94c10740a54887fe10
[INFO] running `Command { std: "docker" "start" "24d3ff170e7bb48ee3f0106351871a75ae93452e16718f94c10740a54887fe10", kill_on_drop: false }`
[INFO] running `Command { std: "docker" "inspect" "24d3ff170e7bb48ee3f0106351871a75ae93452e16718f94c10740a54887fe10", kill_on_drop: false }`
[INFO] running `Command { std: "docker" "exec" "-e" "SOURCE_DIR=/opt/rustwide/workdir" "-e" "CARGO_HOME=/opt/rustwide/cargo-home" "-e" "RUSTUP_HOME=/opt/rustwide/rustup-home" "-e" "CARGO_TARGET_DIR=/opt/rustwide/target" "-w" "/opt/rustwide/workdir" "--user" "0:0" "24d3ff170e7bb48ee3f0106351871a75ae93452e16718f94c10740a54887fe10" "/opt/rustwide/cargo-home/bin/cargo" "+1.100.0-beta.1" "metadata" "--no-deps" "--format-version=1", kill_on_drop: false }`
[INFO] running `Command { std: "docker" "inspect" "24d3ff170e7bb48ee3f0106351871a75ae93452e16718f94c10740a54887fe10", kill_on_drop: false }`
[INFO] running `Command { std: "docker" "exec" "-e" "SOURCE_DIR=/opt/rustwide/workdir" "-e" "CARGO_HOME=/opt/rustwide/cargo-home" "-e" "RUSTUP_HOME=/opt/rustwide/rustup-home" "-e" "CARGO_TARGET_DIR=/opt/rustwide/target" "-e" "CARGO_INCREMENTAL=0" "-e" "RUST_BACKTRACE=full" "-e" "RUSTFLAGS=--cap-lints=warn" "-e" "RUSTDOCFLAGS=--cap-lints=warn" "-w" "/opt/rustwide/workdir" "--user" "0:0" "24d3ff170e7bb48ee3f0106351871a75ae93452e16718f94c10740a54887fe10" "/opt/rustwide/cargo-home/bin/cargo" "+1.100.0-beta.1" "build" "--frozen" "--message-format=json" "--release", kill_on_drop: false }`
[INFO] [stderr]    Compiling libc v0.2.180
[INFO] [stderr]    Compiling regex-automata v0.4.14
[INFO] [stderr]    Compiling tinyvec_macros v0.1.1
[INFO] [stderr]    Compiling gix-trace v0.1.17
[INFO] [stderr]    Compiling smallvec v1.15.1
[INFO] [stderr]    Compiling proc-macro2 v1.0.106
[INFO] [stderr]    Compiling zlib-rs v0.5.5
[INFO] [stderr]    Compiling heapless v0.8.0
[INFO] [stderr]    Compiling bitflags v2.10.0
[INFO] [stderr]    Compiling hash32 v0.3.1
[INFO] [stderr]    Compiling rustix v1.1.3
[INFO] [stderr]    Compiling linux-raw-sys v0.11.0
[INFO] [stderr]    Compiling jiff v0.2.19
[INFO] [stderr]    Compiling winnow v0.7.14
[INFO] [stderr]    Compiling sha1 v0.10.6
[INFO] [stderr]    Compiling io-lifetimes v2.0.4
[INFO] [stderr]    Compiling tinyvec v1.10.0
[INFO] [stderr]    Compiling io-extras v0.18.4
[INFO] [stderr]    Compiling shell-words v1.1.1
[INFO] [stderr]    Compiling quote v1.0.44
[INFO] [stderr]    Compiling sha1-checked v0.10.0
[INFO] [stderr]    Compiling clru v0.6.2
[INFO] [stderr]    Compiling syn v2.0.114
[INFO] [stderr]    Compiling anstyle v1.0.13
[INFO] [stderr]    Compiling colorchoice v1.0.4
[INFO] [stderr]    Compiling cap-primitives v3.4.5
[INFO] [stderr]    Compiling zmij v1.0.19
[INFO] [stderr]    Compiling anstream v0.6.21
[INFO] [stderr]    Compiling arc-swap v1.8.1
[INFO] [stderr]    Compiling clap_lex v0.7.7
[INFO] [stderr]    Compiling ambient-authority v0.0.2
[INFO] [stderr]    Compiling option-ext v0.2.0
[INFO] [stderr]    Compiling maybe-owned v0.3.4
[INFO] [stderr]    Compiling cap-std v3.4.5
[INFO] [stderr]    Compiling unicode-bom v2.0.3
[INFO] [stderr]    Compiling clap_builder v4.5.57
[INFO] [stderr]    Compiling unicode-normalization v0.1.25
[INFO] [stderr]    Compiling faster-hex v0.10.0
[INFO] [stderr]    Compiling sha2 v0.10.9
[INFO] [stderr]    Compiling serde_json v1.0.149
[INFO] [stderr]    Compiling gix-utils v0.3.1
[INFO] [stderr]    Compiling bstr v1.12.1
[INFO] [stderr]    Compiling parking_lot_core v0.9.12
[INFO] [stderr]    Compiling memmap2 v0.9.9
[INFO] [stderr]    Compiling getrandom v0.3.4
[INFO] [stderr]    Compiling gix-sec v0.13.0
[INFO] [stderr]    Compiling parking_lot v0.12.5
[INFO] [stderr]    Compiling filetime v0.2.27
[INFO] [stderr]    Compiling dirs-sys v0.5.0
[INFO] [stderr]    Compiling dirs v6.0.0
[INFO] [stderr]    Compiling prodash v31.0.0
[INFO] [stderr]    Compiling gix-validate v0.11.0
[INFO] [stderr]    Compiling gix-error v0.0.0
[INFO] [stderr]    Compiling gix-chunk v0.5.0
[INFO] [stderr]    Compiling thiserror-impl v2.0.18
[INFO] [stderr]    Compiling maybe-async v0.2.10
[INFO] [stderr]    Compiling serde_derive v1.0.228
[INFO] [stderr]    Compiling clap_derive v4.5.55
[INFO] [stderr]    Compiling thiserror v2.0.18
[INFO] [stderr]    Compiling gix-path v0.11.0
[INFO] [stderr]    Compiling gix-quote v0.6.1
[INFO] [stderr]    Compiling gix-packetline v0.21.0
[INFO] [stderr]    Compiling gix-features v0.46.0
[INFO] [stderr]    Compiling gix-command v0.7.0
[INFO] [stderr]    Compiling gix-url v0.35.0
[INFO] [stderr]    Compiling gix-config-value v0.17.0
[INFO] [stderr]    Compiling gix-bitmap v0.2.15
[INFO] [stderr]    Compiling gix-hash v0.22.0
[INFO] [stderr]    Compiling gix-fs v0.19.0
[INFO] [stderr]    Compiling tempfile v3.24.0
[INFO] [stderr]    Compiling gix-glob v0.24.0
[INFO] [stderr]    Compiling rustix-linux-procfs v0.1.1
[INFO] [stderr]    Compiling fs-set-times v0.20.3
[INFO] [stderr]    Compiling gix-hashtable v0.12.0
[INFO] [stderr]    Compiling gix-date v0.13.0
[INFO] [stderr]    Compiling gix-commitgraph v0.32.0
[INFO] [stderr]    Compiling gix-tempfile v21.0.0
[INFO] [stderr]    Compiling gix-transport v0.53.0
[INFO] [stderr]    Compiling gix-actor v0.38.0
[INFO] [stderr]    Compiling gix-lock v21.0.0
[INFO] [stderr]    Compiling gix-object v0.55.0
[INFO] [stderr]    Compiling clap v4.5.57
[INFO] [stderr]    Compiling gix-shallow v0.8.0
[INFO] [stderr]    Compiling serde v1.0.228
[INFO] [stderr]    Compiling gix-revwalk v0.26.0
[INFO] [stderr]    Compiling gix-ref v0.58.0
[INFO] [stderr]    Compiling gix-pack v0.65.0
[INFO] [stderr]    Compiling gix-diff v0.58.0
[INFO] [stderr]    Compiling gix-revision v0.40.0
[INFO] [stderr]    Compiling gix-traverse v0.52.0
[INFO] [stderr]    Compiling gix-index v0.46.0
[INFO] [stderr]    Compiling gix-refspec v0.36.0
[INFO] [stderr]    Compiling gix-config v0.51.0
[INFO] [stderr]    Compiling gix-protocol v0.56.0
[INFO] [stderr]    Compiling gix-discover v0.46.0
[INFO] [stderr]    Compiling gix-odb v0.75.0
[INFO] [stderr]    Compiling gix v0.78.0
[INFO] [stderr]    Compiling git-cloak v0.0.1 (/opt/rustwide/workdir)
[INFO] [stdout] warning: variant `NotARepo` is never constructed
[INFO] [stdout]   --> src/git_utils.rs:13:5
[INFO] [stdout]    |
[INFO] [stdout] 11 | pub enum GitUtilError {
[INFO] [stdout]    |          ------------ variant in this enum
[INFO] [stdout] 12 |     #[error("not a git repository")]
[INFO] [stdout] 13 |     NotARepo,
[INFO] [stdout]    |     ^^^^^^^^
[INFO] [stdout]    |
[INFO] [stdout]    = note: `GitUtilError` has a derived impl for the trait `Debug`, but this is intentionally ignored during dead code analysis
[INFO] [stdout]    = note: `#[warn(dead_code)]` (part of `#[warn(unused)]`) on by default
[INFO] [stdout] 
[INFO] [stdout] 
[INFO] [stdout] warning: variant `ProjectNotFound` is never constructed
[INFO] [stdout]   --> src/store.rs:30:5
[INFO] [stdout]    |
[INFO] [stdout] 16 | pub enum StoreError {
[INFO] [stdout]    |          ---------- variant in this enum
[INFO] [stdout] ...
[INFO] [stdout] 30 |     ProjectNotFound(String),
[INFO] [stdout]    |     ^^^^^^^^^^^^^^^
[INFO] [stdout]    |
[INFO] [stdout]    = note: `StoreError` has a derived impl for the trait `Debug`, but this is intentionally ignored during dead code analysis
[INFO] [stdout] 
[INFO] [stdout] 
[INFO] [stderr]     Finished `release` profile [optimized] target(s) in 1m 21s
[INFO] running `Command { std: "docker" "inspect" "24d3ff170e7bb48ee3f0106351871a75ae93452e16718f94c10740a54887fe10", kill_on_drop: false }`
[INFO] running `Command { std: "docker" "exec" "-e" "SOURCE_DIR=/opt/rustwide/workdir" "-e" "CARGO_HOME=/opt/rustwide/cargo-home" "-e" "RUSTUP_HOME=/opt/rustwide/rustup-home" "-e" "CARGO_TARGET_DIR=/opt/rustwide/target" "-e" "CARGO_INCREMENTAL=0" "-e" "RUST_BACKTRACE=full" "-e" "RUSTFLAGS=--cap-lints=warn" "-e" "RUSTDOCFLAGS=--cap-lints=warn" "-w" "/opt/rustwide/workdir" "--user" "0:0" "24d3ff170e7bb48ee3f0106351871a75ae93452e16718f94c10740a54887fe10" "/opt/rustwide/cargo-home/bin/cargo" "+1.100.0-beta.1" "test" "--frozen" "--no-run" "--message-format=json" "--release", kill_on_drop: false }`
[INFO] [stderr]    Compiling git-cloak v0.0.1 (/opt/rustwide/workdir)
[INFO] [stdout] warning: variant `NotARepo` is never constructed
[INFO] [stdout]   --> src/git_utils.rs:13:5
[INFO] [stdout]    |
[INFO] [stdout] 11 | pub enum GitUtilError {
[INFO] [stdout]    |          ------------ variant in this enum
[INFO] [stdout] 12 |     #[error("not a git repository")]
[INFO] [stdout] 13 |     NotARepo,
[INFO] [stdout]    |     ^^^^^^^^
[INFO] [stdout]    |
[INFO] [stdout]    = note: `GitUtilError` has a derived impl for the trait `Debug`, but this is intentionally ignored during dead code analysis
[INFO] [stdout]    = note: `#[warn(dead_code)]` (part of `#[warn(unused)]`) on by default
[INFO] [stdout] 
[INFO] [stdout] 
[INFO] [stdout] warning: variant `ProjectNotFound` is never constructed
[INFO] [stdout]   --> src/store.rs:30:5
[INFO] [stdout]    |
[INFO] [stdout] 16 | pub enum StoreError {
[INFO] [stdout]    |          ---------- variant in this enum
[INFO] [stdout] ...
[INFO] [stdout] 30 |     ProjectNotFound(String),
[INFO] [stdout]    |     ^^^^^^^^^^^^^^^
[INFO] [stdout]    |
[INFO] [stdout]    = note: `StoreError` has a derived impl for the trait `Debug`, but this is intentionally ignored during dead code analysis
[INFO] [stdout] 
[INFO] [stdout] 
[INFO] [stdout] warning: variant `NotARepo` is never constructed
[INFO] [stdout]   --> src/git_utils.rs:13:5
[INFO] [stdout]    |
[INFO] [stdout] 11 | pub enum GitUtilError {
[INFO] [stdout]    |          ------------ variant in this enum
[INFO] [stdout] 12 |     #[error("not a git repository")]
[INFO] [stdout] 13 |     NotARepo,
[INFO] [stdout]    |     ^^^^^^^^
[INFO] [stdout]    |
[INFO] [stdout]    = note: `GitUtilError` has a derived impl for the trait `Debug`, but this is intentionally ignored during dead code analysis
[INFO] [stdout]    = note: `#[warn(dead_code)]` (part of `#[warn(unused)]`) on by default
[INFO] [stdout] 
[INFO] [stdout] 
[INFO] [stdout] warning: variant `ProjectNotFound` is never constructed
[INFO] [stdout]   --> src/store.rs:30:5
[INFO] [stdout]    |
[INFO] [stdout] 16 | pub enum StoreError {
[INFO] [stdout]    |          ---------- variant in this enum
[INFO] [stdout] ...
[INFO] [stdout] 30 |     ProjectNotFound(String),
[INFO] [stdout]    |     ^^^^^^^^^^^^^^^
[INFO] [stdout]    |
[INFO] [stdout]    = note: `StoreError` has a derived impl for the trait `Debug`, but this is intentionally ignored during dead code analysis
[INFO] [stdout] 
[INFO] [stdout] 
[INFO] [stderr]     Finished `release` profile [optimized] target(s) in 4.56s
[INFO] running `Command { std: "docker" "inspect" "24d3ff170e7bb48ee3f0106351871a75ae93452e16718f94c10740a54887fe10", kill_on_drop: false }`
[INFO] running `Command { std: "docker" "exec" "-e" "SOURCE_DIR=/opt/rustwide/workdir" "-e" "CARGO_HOME=/opt/rustwide/cargo-home" "-e" "RUSTUP_HOME=/opt/rustwide/rustup-home" "-e" "CARGO_TARGET_DIR=/opt/rustwide/target" "-e" "CARGO_INCREMENTAL=0" "-e" "RUST_BACKTRACE=full" "-e" "RUSTFLAGS=--cap-lints=warn" "-e" "RUSTDOCFLAGS=--cap-lints=warn" "-w" "/opt/rustwide/workdir" "--user" "0:0" "24d3ff170e7bb48ee3f0106351871a75ae93452e16718f94c10740a54887fe10" "/opt/rustwide/cargo-home/bin/cargo" "+1.100.0-beta.1" "test" "--frozen" "--release", kill_on_drop: false }`
[INFO] [stderr] warning: variant `NotARepo` is never constructed
[INFO] [stderr]   --> src/git_utils.rs:13:5
[INFO] [stderr]    |
[INFO] [stderr] 11 | pub enum GitUtilError {
[INFO] [stderr]    |          ------------ variant in this enum
[INFO] [stderr] 12 |     #[error("not a git repository")]
[INFO] [stderr] 13 |     NotARepo,
[INFO] [stderr]    |     ^^^^^^^^
[INFO] [stderr]    |
[INFO] [stderr]    = note: `GitUtilError` has a derived impl for the trait `Debug`, but this is intentionally ignored during dead code analysis
[INFO] [stderr]    = note: `#[warn(dead_code)]` (part of `#[warn(unused)]`) on by default
[INFO] [stderr] 
[INFO] [stderr] warning: variant `ProjectNotFound` is never constructed
[INFO] [stderr]   --> src/store.rs:30:5
[INFO] [stderr]    |
[INFO] [stderr] 16 | pub enum StoreError {
[INFO] [stderr]    |          ---------- variant in this enum
[INFO] [stderr] ...
[INFO] [stderr] 30 |     ProjectNotFound(String),
[INFO] [stderr]    |     ^^^^^^^^^^^^^^^
[INFO] [stderr]    |
[INFO] [stderr]    = note: `StoreError` has a derived impl for the trait `Debug`, but this is intentionally ignored during dead code analysis
[INFO] [stderr] 
[INFO] [stderr] warning: `git-cloak` (bin "git-cloak" test) generated 2 warnings
[INFO] [stderr] warning: `git-cloak` (bin "git-cloak") generated 2 warnings (2 duplicates)
[INFO] [stderr]     Finished `release` profile [optimized] target(s) in 0.20s
[INFO] [stderr]      Running unittests src/main.rs (/opt/rustwide/target/release/build/git-cloak/a4fe04c0e9916815/out/git_cloak-a4fe04c0e9916815)
[INFO] [stdout] 
[INFO] [stdout] running 30 tests
[INFO] [stdout] test git_utils::tests::parse_marker_block_no_block ... ok
[INFO] [stdout] test git_utils::tests::parse_marker_block_with_block ... ok
[INFO] [stdout] test pid::tests::path_pid_is_stable ... ok
[INFO] [stdout] test git_utils::tests::remove_excluded_noop_on_missing_file ... ok
[INFO] [stdout] test pid::tests::parse_path_pid ... ok
[INFO] [stdout] test pid::tests::path_pid_format ... ok
[INFO] [stdout] test pid::tests::path_pid_rejects_relative ... ok
[INFO] [stdout] test git_utils::tests::ensure_excluded_adds_new_entry ... ok
[INFO] [stdout] test git_utils::tests::ensure_excluded_creates_block ... ok
[INFO] [stdout] test pid::tests::serde_round_trip ... ok
[INFO] [stdout] test pid::tests::parse_rejects_invalid ... ok
[INFO] [stdout] test pid::tests::parse_git_pid ... ok
[INFO] [stdout] test pid::tests::git_pid_format ... FAILED
[INFO] [stdout] test pid::tests::path_pid_differs_for_different_paths ... ok
[INFO] [stdout] test store::tests::ensure_dirs_sets_permissions ... ok
[INFO] [stdout] test pid::tests::git_pid_is_stable ... FAILED
[INFO] [stdout] test git_utils::tests::ensure_excluded_is_idempotent ... ok
[INFO] [stdout] test git_utils::tests::remove_excluded_removes_entry ... ok
[INFO] [stdout] test git_utils::tests::ensure_excluded_preserves_existing_content ... ok
[INFO] [stdout] test git_utils::tests::remove_excluded_removes_block_when_empty ... ok
[INFO] [stdout] test store::tests::json_format_matches_spec ... ok
[INFO] [stdout] test store::tests::load_manifest_returns_none_when_missing ... ok
[INFO] [stdout] test store::tests::ensure_dirs_creates_library ... ok
[INFO] [stdout] test store::tests::manifest_remove_file ... ok
[INFO] [stdout] test store::tests::load_index_returns_default_when_missing ... ok
[INFO] [stdout] test store::tests::save_and_load_manifest_roundtrip ... ok
[INFO] [stdout] test store::tests::stored_file_path_layout ... ok
[INFO] [stdout] test store::tests::manifest_upsert_and_find ... ok
[INFO] [stdout] test store::tests::remove_project_works ... ok
[INFO] [stdout] test store::tests::save_and_load_index_roundtrip ... ok
[INFO] [stdout] 
[INFO] [stdout] failures:
[INFO] [stdout] 
[INFO] [stdout] ---- pid::tests::git_pid_format stdout ----
[INFO] [stdout] 
[INFO] [stdout] thread 'pid::tests::git_pid_format' (1979) panicked at src/pid.rs:158:18:
[INFO] [stdout] expected Git PID, got Path("path_dc5efd2")
[INFO] [stdout] stack backtrace:
[INFO] [stdout]    0:     0x61b54431c4e1 - <<std[617be2ca0a6fd877]::sys::backtrace::BacktraceLock>::print::DisplayBacktrace as core[a373ad73a504971]::fmt::Display>::fmt
[INFO] [stdout]    1:     0x61b54433187a - core[a373ad73a504971]::fmt::write
[INFO] [stdout]    2:     0x61b544320a1c - <alloc[2e1b2a31b91974c5]::vec::Vec<u8> as core[a373ad73a504971]::io::write::Write>::write_fmt
[INFO] [stdout]    3:     0x61b5442f5536 - std[617be2ca0a6fd877]::panicking::default_hook::{closure#0}
[INFO] [stdout]    4:     0x61b544313ba9 - std[617be2ca0a6fd877]::panicking::default_hook
[INFO] [stdout]    5:     0x61b5442a05b0 - test[aada8e7e76ba119b]::test_main_inner::{closure#0}
[INFO] [stdout]    6:     0x61b544313d62 - std[617be2ca0a6fd877]::panicking::panic_with_hook
[INFO] [stdout]    7:     0x61b5442f55e2 - std[617be2ca0a6fd877]::panicking::panic_handler::{closure#0}
[INFO] [stdout]    8:     0x61b5442edfa9 - std[617be2ca0a6fd877]::sys::backtrace::__rust_end_short_backtrace::<std[617be2ca0a6fd877]::panicking::panic_handler::{closure#0}, !>
[INFO] [stdout]    9:     0x61b5442f61ed - __rustc[ea4f61d10b84890b]::rust_begin_unwind
[INFO] [stdout]   10:     0x61b54433205c - core[a373ad73a504971]::panicking::panic_fmt
[INFO] [stdout]   11:     0x61b54420e22d - <git_cloak[f4639f64523311cd]::pid::tests::git_pid_format::{closure#0} as core[a373ad73a504971]::ops::function::FnOnce<()>>::call_once
[INFO] [stdout]   12:     0x61b5442939fb - test[aada8e7e76ba119b]::__rust_begin_short_backtrace::<core[a373ad73a504971]::result::Result<(), alloc[2e1b2a31b91974c5]::string::String>, fn() -> core[a373ad73a504971]::result::Result<(), alloc[2e1b2a31b91974c5]::string::String>>
[INFO] [stdout]   13:     0x61b5442a0bd5 - test[aada8e7e76ba119b]::run_test::{closure#0}
[INFO] [stdout]   14:     0x61b54429a4c4 - std[617be2ca0a6fd877]::sys::backtrace::__rust_begin_short_backtrace::<test[aada8e7e76ba119b]::run_test::{closure#1}, ()>
[INFO] [stdout]   15:     0x61b5442a3c62 - <std[617be2ca0a6fd877]::thread::lifecycle::spawn_unchecked<test[aada8e7e76ba119b]::run_test::{closure#1}, ()>::{closure#1} as core[a373ad73a504971]::ops::function::FnOnce<()>>::call_once::{shim:vtable#0}
[INFO] [stdout]   16:     0x61b54431b9ff - <std[617be2ca0a6fd877]::sys::thread::unix::Thread>::new::thread_start
[INFO] [stdout]   17:     0x7b17c55aadfa - <unknown>
[INFO] [stdout]   18:     0x7b17c563e3d4 - clone
[INFO] [stdout]   19:                0x0 - <unknown>
[INFO] [stdout] 
[INFO] [stdout] ---- pid::tests::git_pid_is_stable stdout ----
[INFO] [stdout] 
[INFO] [stdout] thread 'pid::tests::git_pid_is_stable' (1980) panicked at src/pid.rs:165:39:
[INFO] [stdout] called `Result::unwrap()` on an `Err` value: GitDiscover(Discover(NoGitRepositoryWithinFs { path: "/opt/rustwide/workdir", limit: "/opt/rustwide" }))
[INFO] [stdout] stack backtrace:
[INFO] [stdout]    0:     0x61b54431c4e1 - <<std[617be2ca0a6fd877]::sys::backtrace::BacktraceLock>::print::DisplayBacktrace as core[a373ad73a504971]::fmt::Display>::fmt
[INFO] [stdout]    1:     0x61b54433187a - core[a373ad73a504971]::fmt::write
[INFO] [stdout]    2:     0x61b544320a1c - <alloc[2e1b2a31b91974c5]::vec::Vec<u8> as core[a373ad73a504971]::io::write::Write>::write_fmt
[INFO] [stdout]    3:     0x61b5442f5536 - std[617be2ca0a6fd877]::panicking::default_hook::{closure#0}
[INFO] [stdout]    4:     0x61b544313ba9 - std[617be2ca0a6fd877]::panicking::default_hook
[INFO] [stdout]    5:     0x61b5442a05b0 - test[aada8e7e76ba119b]::test_main_inner::{closure#0}
[INFO] [stdout]    6:     0x61b544313d62 - std[617be2ca0a6fd877]::panicking::panic_with_hook
[INFO] [stdout]    7:     0x61b5442f55e2 - std[617be2ca0a6fd877]::panicking::panic_handler::{closure#0}
[INFO] [stdout]    8:     0x61b5442edfa9 - std[617be2ca0a6fd877]::sys::backtrace::__rust_end_short_backtrace::<std[617be2ca0a6fd877]::panicking::panic_handler::{closure#0}, !>
[INFO] [stdout]    9:     0x61b5442f61ed - __rustc[ea4f61d10b84890b]::rust_begin_unwind
[INFO] [stdout]   10:     0x61b54433205c - core[a373ad73a504971]::panicking::panic_fmt
[INFO] [stdout]   11:     0x61b544331e32 - core[a373ad73a504971]::result::unwrap_failed
[INFO] [stdout]   12:     0x61b54420ebf3 - <git_cloak[f4639f64523311cd]::pid::tests::git_pid_is_stable::{closure#0} as core[a373ad73a504971]::ops::function::FnOnce<()>>::call_once
[INFO] [stdout]   13:     0x61b5442939fb - test[aada8e7e76ba119b]::__rust_begin_short_backtrace::<core[a373ad73a504971]::result::Result<(), alloc[2e1b2a31b91974c5]::string::String>, fn() -> core[a373ad73a504971]::result::Result<(), alloc[2e1b2a31b91974c5]::string::String>>
[INFO] [stdout]   14:     0x61b5442a0bd5 - test[aada8e7e76ba119b]::run_test::{closure#0}
[INFO] [stdout]   15:     0x61b54429a4c4 - std[617be2ca0a6fd877]::sys::backtrace::__rust_begin_short_backtrace::<test[aada8e7e76ba119b]::run_test::{closure#1}, ()>
[INFO] [stdout]   16:     0x61b5442a3c62 - <std[617be2ca0a6fd877]::thread::lifecycle::spawn_unchecked<test[aada8e7e76ba119b]::run_test::{closure#1}, ()>::{closure#1} as core[a373ad73a504971]::ops::function::FnOnce<()>>::call_once::{shim:vtable#0}
[INFO] [stdout]   17:     0x61b54431b9ff - <std[617be2ca0a6fd877]::sys::thread::unix::Thread>::new::thread_start
[INFO] [stdout]   18:     0x7b17c55aadfa - <unknown>
[INFO] [stdout]   19:     0x7b17c563e3d4 - clone
[INFO] [stdout]   20:                0x0 - <unknown>
[INFO] [stdout] 
[INFO] [stdout] 
[INFO] [stdout] failures:
[INFO] [stdout]     pid::tests::git_pid_format
[INFO] [stdout]     pid::tests::git_pid_is_stable
[INFO] [stdout] 
[INFO] [stdout] test result: FAILED. 28 passed; 2 failed; 0 ignored; 0 measured; 0 filtered out; finished in 0.01s
[INFO] [stdout] 
[INFO] [stderr] error: test failed, to rerun pass `--bin git-cloak`
[INFO] running `Command { std: "docker" "inspect" "24d3ff170e7bb48ee3f0106351871a75ae93452e16718f94c10740a54887fe10", kill_on_drop: false }`
[INFO] running `Command { std: "docker" "rm" "-f" "24d3ff170e7bb48ee3f0106351871a75ae93452e16718f94c10740a54887fe10", kill_on_drop: false }`
[INFO] [stdout] 24d3ff170e7bb48ee3f0106351871a75ae93452e16718f94c10740a54887fe10
