[INFO] fetching crate git-clean 0.8.0...
[INFO] testing git-clean-0.8.0 against 1.99.0-beta.8+cargoflags=--release for beta-release-1.100-2
[INFO] extracting crate git-clean 0.8.0 into /workspace/builds/worker-3-tc1/source
[INFO] started tweaking crates.io crate git-clean 0.8.0
[INFO] removed 0 missing tests
[INFO] finished tweaking crates.io crate git-clean 0.8.0
[INFO] tweaked toml for crates.io crate git-clean 0.8.0 written to /workspace/builds/worker-3-tc1/source/Cargo.toml
[INFO] validating manifest of crates.io crate git-clean 0.8.0 on toolchain 1.99.0-beta.8
[INFO] running `Command { std: CARGO_HOME="/workspace/cargo-home" RUSTUP_HOME="/workspace/rustup-home" "/workspace/cargo-home/bin/cargo" "+1.99.0-beta.8" "metadata" "--manifest-path" "Cargo.toml" "--no-deps", kill_on_drop: false }`
[INFO] crate crates.io crate git-clean 0.8.0 already has a lockfile, it will not be regenerated
[INFO] running `Command { std: CARGO_HOME="/workspace/cargo-home" RUSTUP_HOME="/workspace/rustup-home" "/workspace/cargo-home/bin/cargo" "+1.99.0-beta.8" "fetch" "--manifest-path" "Cargo.toml", kill_on_drop: false }`
[INFO] [stderr] warning: Cargo.toml: `package.edition` is unspecified, defaulting to `2015` while the latest is `2024`
[INFO] [stderr] warning: `git-clean` (manifest) generated 1 warning
[INFO] [stderr]     Updating crates.io index
[INFO] [stderr]  Downloading crates ...
[INFO] [stderr]   Downloaded tempdir v0.3.7
[INFO] [stderr]   Downloaded remove_dir_all v0.5.2
[INFO] [stderr]   Downloaded hermit-abi v0.1.13
[INFO] [stderr]   Downloaded aho-corasick v0.7.20
[INFO] [stderr]   Downloaded clap v2.33.1
[INFO] [stderr]   Downloaded regex v1.7.0
[INFO] [stderr]   Downloaded regex-syntax v0.6.28
[INFO] [stderr]   Downloaded libc v0.2.71
[INFO] running `Command { std: "docker" "create" "-v" "/var/lib/crater-agent-workspace/builds/worker-3-tc1/source:/opt/rustwide/workdir:ro,Z" "-v" "/var/lib/crater-agent-workspace/builds/worker-3-tc1/target:/opt/rustwide/target:rw,Z" "-v" "/var/lib/crater-agent-workspace/cargo-home:/opt/rustwide/cargo-home:ro,Z" "-v" "/var/lib/crater-agent-workspace/rustup-home:/opt/rustwide/rustup-home:ro,Z" "-m" "1610612736" "--network" "none" "ghcr.io/rust-lang/crates-build-env/linux@sha256:77db811e55d90add9212f6832c23229e3de5f1c1f9905e8cb07319ea15df73ac" "sleep" "infinity", kill_on_drop: false }`
[INFO] [stdout] bcbe8bd66259f0ba1a5c083696bc772d20f364fb95ae5ce648ac48d0be664449
[INFO] running `Command { std: "docker" "start" "bcbe8bd66259f0ba1a5c083696bc772d20f364fb95ae5ce648ac48d0be664449", kill_on_drop: false }`
[INFO] running `Command { std: "docker" "inspect" "bcbe8bd66259f0ba1a5c083696bc772d20f364fb95ae5ce648ac48d0be664449", kill_on_drop: false }`
[INFO] running `Command { std: "docker" "exec" "-e" "SOURCE_DIR=/opt/rustwide/workdir" "-e" "CARGO_HOME=/opt/rustwide/cargo-home" "-e" "RUSTUP_HOME=/opt/rustwide/rustup-home" "-e" "CARGO_TARGET_DIR=/opt/rustwide/target" "-w" "/opt/rustwide/workdir" "--user" "0:0" "bcbe8bd66259f0ba1a5c083696bc772d20f364fb95ae5ce648ac48d0be664449" "/opt/rustwide/cargo-home/bin/cargo" "+1.99.0-beta.8" "metadata" "--no-deps" "--format-version=1", kill_on_drop: false }`
[INFO] running `Command { std: "docker" "inspect" "bcbe8bd66259f0ba1a5c083696bc772d20f364fb95ae5ce648ac48d0be664449", kill_on_drop: false }`
[INFO] running `Command { std: "docker" "exec" "-e" "SOURCE_DIR=/opt/rustwide/workdir" "-e" "CARGO_HOME=/opt/rustwide/cargo-home" "-e" "RUSTUP_HOME=/opt/rustwide/rustup-home" "-e" "CARGO_TARGET_DIR=/opt/rustwide/target" "-e" "CARGO_INCREMENTAL=0" "-e" "RUST_BACKTRACE=full" "-e" "RUSTFLAGS=--cap-lints=warn" "-e" "RUSTDOCFLAGS=--cap-lints=warn" "-w" "/opt/rustwide/workdir" "--user" "0:0" "bcbe8bd66259f0ba1a5c083696bc772d20f364fb95ae5ce648ac48d0be664449" "/opt/rustwide/cargo-home/bin/cargo" "+1.99.0-beta.8" "build" "--frozen" "--message-format=json" "--release", kill_on_drop: false }`
[INFO] [stderr] warning: Cargo.toml: `package.edition` is unspecified, defaulting to `2015` while the latest is `2024`
[INFO] [stderr] warning: `git-clean` (manifest) generated 1 warning
[INFO] [stderr]    Compiling memchr v2.5.0
[INFO] [stderr]    Compiling libc v0.2.71
[INFO] [stderr]    Compiling unicode-width v0.1.7
[INFO] [stderr]    Compiling ansi_term v0.11.0
[INFO] [stderr]    Compiling strsim v0.8.0
[INFO] [stderr]    Compiling vec_map v0.8.2
[INFO] [stderr]    Compiling regex-syntax v0.6.28
[INFO] [stderr]    Compiling textwrap v0.11.0
[INFO] [stderr]    Compiling atty v0.2.14
[INFO] [stderr]    Compiling clap v2.33.1
[INFO] [stderr]    Compiling aho-corasick v0.7.20
[INFO] [stderr]    Compiling regex v1.7.0
[INFO] [stderr]    Compiling git-clean v0.8.0 (/opt/rustwide/workdir)
[INFO] [stderr]     Finished `release` profile [optimized] target(s) in 39.65s
[INFO] running `Command { std: "docker" "inspect" "bcbe8bd66259f0ba1a5c083696bc772d20f364fb95ae5ce648ac48d0be664449", kill_on_drop: false }`
[INFO] running `Command { std: "docker" "exec" "-e" "SOURCE_DIR=/opt/rustwide/workdir" "-e" "CARGO_HOME=/opt/rustwide/cargo-home" "-e" "RUSTUP_HOME=/opt/rustwide/rustup-home" "-e" "CARGO_TARGET_DIR=/opt/rustwide/target" "-e" "CARGO_INCREMENTAL=0" "-e" "RUST_BACKTRACE=full" "-e" "RUSTFLAGS=--cap-lints=warn" "-e" "RUSTDOCFLAGS=--cap-lints=warn" "-w" "/opt/rustwide/workdir" "--user" "0:0" "bcbe8bd66259f0ba1a5c083696bc772d20f364fb95ae5ce648ac48d0be664449" "/opt/rustwide/cargo-home/bin/cargo" "+1.99.0-beta.8" "test" "--frozen" "--no-run" "--message-format=json" "--release", kill_on_drop: false }`
[INFO] [stderr] warning: Cargo.toml: `package.edition` is unspecified, defaulting to `2015` while the latest is `2024`
[INFO] [stderr] warning: `git-clean` (manifest) generated 1 warning
[INFO] [stderr]    Compiling remove_dir_all v0.5.2
[INFO] [stderr]    Compiling rand v0.4.6
[INFO] [stderr]    Compiling tempdir v0.3.7
[INFO] [stderr]    Compiling git-clean v0.8.0 (/opt/rustwide/workdir)
[INFO] [stdout] warning: field `name` is never read
[INFO] [stdout]   --> tests/support.rs:61:9
[INFO] [stdout]    |
[INFO] [stdout] 59 | pub struct Project {
[INFO] [stdout]    |            ------- field in this struct
[INFO] [stdout] 60 |     directory: TempDir,
[INFO] [stdout] 61 |     pub name: String,
[INFO] [stdout]    |         ^^^^
[INFO] [stdout]    |
[INFO] [stdout] note: the lint level is defined here
[INFO] [stdout]   --> tests/tests.rs:1:9
[INFO] [stdout]    |
[INFO] [stdout]  1 | #![deny(warnings)]
[INFO] [stdout]    |         ^^^^^^^^
[INFO] [stdout]    = note: `#[warn(dead_code)]` implied by `#[warn(warnings)]`
[INFO] [stdout] 
[INFO] [stdout] 
[INFO] [stdout] warning: hiding a lifetime that's elided elsewhere is confusing
[INFO] [stdout]    --> src/options.rs:109:29
[INFO] [stdout]     |
[INFO] [stdout] 109 |     fn parse_args(args: Vec<&str>) -> clap::ArgMatches {
[INFO] [stdout]     |                             ^^^^      ^^^^^^^^^^^^^^^^ the same lifetime is hidden here
[INFO] [stdout]     |                             |
[INFO] [stdout]     |                             the lifetime is elided here
[INFO] [stdout]     |
[INFO] [stdout]     = help: the same lifetime is referred to in inconsistent ways, making the signature confusing
[INFO] [stdout] note: the lint level is defined here
[INFO] [stdout]    --> src/lib.rs:1:9
[INFO] [stdout]     |
[INFO] [stdout]   1 | #![deny(warnings)]
[INFO] [stdout]     |         ^^^^^^^^
[INFO] [stdout]     = note: `#[warn(mismatched_lifetime_syntaxes)]` implied by `#[warn(warnings)]`
[INFO] [stdout] help: use `'_` for type paths
[INFO] [stdout]     |
[INFO] [stdout] 109 |     fn parse_args(args: Vec<&str>) -> clap::ArgMatches<'_> {
[INFO] [stdout]     |                                                       ++++
[INFO] [stdout] 
[INFO] [stdout] 
[INFO] [stderr]     Finished `release` profile [optimized] target(s) in 5.76s
[INFO] running `Command { std: "docker" "inspect" "bcbe8bd66259f0ba1a5c083696bc772d20f364fb95ae5ce648ac48d0be664449", kill_on_drop: false }`
[INFO] running `Command { std: "docker" "exec" "-e" "SOURCE_DIR=/opt/rustwide/workdir" "-e" "CARGO_HOME=/opt/rustwide/cargo-home" "-e" "RUSTUP_HOME=/opt/rustwide/rustup-home" "-e" "CARGO_TARGET_DIR=/opt/rustwide/target" "-e" "CARGO_INCREMENTAL=0" "-e" "RUST_BACKTRACE=full" "-e" "RUSTFLAGS=--cap-lints=warn" "-e" "RUSTDOCFLAGS=--cap-lints=warn" "-w" "/opt/rustwide/workdir" "--user" "0:0" "bcbe8bd66259f0ba1a5c083696bc772d20f364fb95ae5ce648ac48d0be664449" "/opt/rustwide/cargo-home/bin/cargo" "+1.99.0-beta.8" "test" "--frozen" "--release", kill_on_drop: false }`
[INFO] [stderr] warning: Cargo.toml: `package.edition` is unspecified, defaulting to `2015` while the latest is `2024`
[INFO] [stderr] warning: `git-clean` (manifest) generated 1 warning
[INFO] [stderr] warning: field `name` is never read
[INFO] [stderr]   --> tests/support.rs:61:9
[INFO] [stderr]    |
[INFO] [stderr] 59 | pub struct Project {
[INFO] [stderr]    |            ------- field in this struct
[INFO] [stderr] 60 |     directory: TempDir,
[INFO] [stderr] 61 |     pub name: String,
[INFO] [stderr]    |         ^^^^
[INFO] [stderr]    |
[INFO] [stderr] note: the lint level is defined here
[INFO] [stderr]   --> tests/tests.rs:1:9
[INFO] [stderr]    |
[INFO] [stderr]  1 | #![deny(warnings)]
[INFO] [stderr]    |         ^^^^^^^^
[INFO] [stderr]    = note: `#[warn(dead_code)]` implied by `#[warn(warnings)]`
[INFO] [stderr] 
[INFO] [stderr] warning: `git-clean` (test "tests") generated 1 warning
[INFO] [stderr] warning: hiding a lifetime that's elided elsewhere is confusing
[INFO] [stderr]    --> src/options.rs:109:29
[INFO] [stderr]     |
[INFO] [stderr] 109 |     fn parse_args(args: Vec<&str>) -> clap::ArgMatches {
[INFO] [stderr]     |                             ^^^^      ^^^^^^^^^^^^^^^^ the same lifetime is hidden here
[INFO] [stderr]     |                             |
[INFO] [stderr]     |                             the lifetime is elided here
[INFO] [stderr]     |
[INFO] [stderr]     = help: the same lifetime is referred to in inconsistent ways, making the signature confusing
[INFO] [stderr] note: the lint level is defined here
[INFO] [stderr]    --> src/lib.rs:1:9
[INFO] [stderr]     |
[INFO] [stderr]   1 | #![deny(warnings)]
[INFO] [stderr]     |         ^^^^^^^^
[INFO] [stderr]     = note: `#[warn(mismatched_lifetime_syntaxes)]` implied by `#[warn(warnings)]`
[INFO] [stderr] help: use `'_` for type paths
[INFO] [stderr]     |
[INFO] [stderr] 109 |     fn parse_args(args: Vec<&str>) -> clap::ArgMatches<'_> {
[INFO] [stderr]     |                                                       ++++
[INFO] [stderr] 
[INFO] [stderr] warning: `git-clean` (lib test) generated 1 warning (run `cargo fix --lib -p git-clean --tests` to apply 1 suggestion)
[INFO] [stderr]     Finished `release` profile [optimized] target(s) in 0.03s
[INFO] [stderr]      Running unittests src/lib.rs (/opt/rustwide/target/release/deps/git_clean-cc760f4298ebae9f)
[INFO] [stdout] 
[INFO] [stdout] running 12 tests
[INFO] [stdout] test branches::test::test_format_maxes_at_three_columns ... ok
[INFO] [stdout] test branches::test::test_format_three_columns ... ok
[INFO] [stdout] test branches::test::test_format_two_columns ... ok
[INFO] [stdout] test branches::test::test_long_branches_with_three_columns ... ok
[INFO] [stdout] test branches::test::test_branches_of_different_lengths ... ok
[INFO] [stderr]      Running unittests src/main.rs (/opt/rustwide/target/release/deps/git_clean-72e3c1ac5eeb67b6)
[INFO] [stdout] test branches::test::test_branches_new ... ok
[INFO] [stdout] test branches::test::test_branches_of_bigger_lengths ... ok
[INFO] [stdout] test options::test::test_delete_mode_new ... ok
[INFO] [stdout] test branches::test::test_format_single_column ... ok
[INFO] [stdout] test options::test::test_delete_mode_warning_message ... ok
[INFO] [stdout] test commands::test::test_spawn_piped ... ok
[INFO] [stdout] test options::test::test_git_options_new ... ok
[INFO] [stdout] 
[INFO] [stdout] test result: ok. 12 passed; 0 failed; 0 ignored; 0 measured; 0 filtered out; finished in 0.00s
[INFO] [stdout] 
[INFO] [stderr]      Running tests/tests.rs (/opt/rustwide/target/release/deps/tests-90984d5dc765927e)
[INFO] [stdout] 
[INFO] [stdout] running 0 tests
[INFO] [stdout] 
[INFO] [stdout] test result: ok. 0 passed; 0 failed; 0 ignored; 0 measured; 0 filtered out; finished in 0.00s
[INFO] [stdout] 
[INFO] [stdout] 
[INFO] [stdout] running 14 tests
[INFO] [stdout] test deletion::test_git_clean_works_with_merged_branches ... FAILED
[INFO] [stdout] test deletion::test_git_clean_does_not_delete_branches_ahead_of_main ... FAILED
[INFO] [stdout] test deletion::test_git_clean_deletes_unpushed_ahead_branch ... FAILED
[INFO] [stdout] test deletion::test_git_clean_does_not_delete_unpushed_ahead_branch ... FAILED
[INFO] [stdout] test deletion::test_git_clean_does_not_delete_branches_ahead_of_main_d_flag ... FAILED
[INFO] [stdout] test deletion::test_git_clean_works_with_squashed_merges ... FAILED
[INFO] [stdout] test deletion::test_git_clean_works_with_squashes_with_flag ... FAILED
[INFO] [stdout] test deletion::test_git_clean_ignores_squashes_without_flag ... FAILED
[INFO] [stdout] test local::test_git_clean_removes_local_branches ... FAILED
[INFO] [stdout] test utility::test_git_clean_checks_for_git_in_path ... FAILED
[INFO] [stdout] test local::test_git_clean_does_not_remove_ignored_local_branches ... FAILED
[INFO] [stdout] test remote::test_git_clean_removes_remote_branches ... FAILED
[INFO] [stdout] test remote::test_git_clean_does_not_remove_ignored_remote_branches ... FAILED
[INFO] [stdout] test local::test_git_clean_does_not_remove_list_of_ignored_local_branches ... FAILED
[INFO] [stdout] 
[INFO] [stdout] failures:
[INFO] [stdout] 
[INFO] [stdout] ---- deletion::test_git_clean_works_with_merged_branches stdout ----
[INFO] [stdout] 
[INFO] [stdout] thread 'deletion::test_git_clean_works_with_merged_branches' (535) panicked at tests/support.rs:76:13:
[INFO] [stdout] Expected setup command to succeed, instead found
[INFO] [stdout] stdout: 
[INFO] [stdout] stderr: Author identity unknown
[INFO] [stdout] 
[INFO] [stdout] *** Please tell me who you are.
[INFO] [stdout] 
[INFO] [stdout] Run
[INFO] [stdout] 
[INFO] [stdout]   git config --global user.email "you@example.com"
[INFO] [stdout]   git config --global user.name "Your Name"
[INFO] [stdout] 
[INFO] [stdout] to set your account's default identity.
[INFO] [stdout] Omit --global to set the identity only in this repository.
[INFO] [stdout] 
[INFO] [stdout] fatal: unable to auto-detect email address (got 'root@bcbe8bd66259.(none)')
[INFO] [stdout] 
[INFO] [stdout] 
[INFO] [stdout] stack backtrace:
[INFO] [stdout]    0:     0x64caf3878551 - <<std[70759c8f55707aa4]::sys::backtrace::BacktraceLock>::print::DisplayBacktrace as core[df12db4294e9bfd3]::fmt::Display>::fmt
[INFO] [stdout]    1:     0x64caf388ca7a - core[df12db4294e9bfd3]::fmt::write
[INFO] [stdout]    2:     0x64caf387cc6c - <alloc[2182bb758b4b3781]::vec::Vec<u8> as core[df12db4294e9bfd3]::io::write::Write>::write_fmt
[INFO] [stdout]    3:     0x64caf38535d6 - std[70759c8f55707aa4]::panicking::default_hook::{closure#0}
[INFO] [stdout]    4:     0x64caf3870529 - std[70759c8f55707aa4]::panicking::default_hook
[INFO] [stdout]    5:     0x64caf38093d0 - test[9d35eded1c95d3be]::test_main_inner::<test[9d35eded1c95d3be]::test_main_static::{closure#0}>::{closure#0}
[INFO] [stdout]    6:     0x64caf38706e2 - std[70759c8f55707aa4]::panicking::panic_with_hook
[INFO] [stdout]    7:     0x64caf3853682 - std[70759c8f55707aa4]::panicking::panic_handler::{closure#0}
[INFO] [stdout]    8:     0x64caf384c2e9 - std[70759c8f55707aa4]::sys::backtrace::__rust_end_short_backtrace::<std[70759c8f55707aa4]::panicking::panic_handler::{closure#0}, !>
[INFO] [stdout]    9:     0x64caf385427d - __rustc[8fa7c3cbc660c2b3]::rust_begin_unwind
[INFO] [stdout]   10:     0x64caf388d1ac - core[df12db4294e9bfd3]::panicking::panic_fmt
[INFO] [stdout]   11:     0x64caf37f3d2e - <tests[85c0940436b8a1d2]::support::Project>::setup_command
[INFO] [stdout]   12:     0x64caf37f339b - <tests[85c0940436b8a1d2]::support::ProjectBuilder>::build
[INFO] [stdout]   13:     0x64caf37f6d7d - tests[85c0940436b8a1d2]::deletion::test_git_clean_works_with_merged_branches
[INFO] [stdout]   14:     0x64caf37f5da9 - <tests[85c0940436b8a1d2]::deletion::test_git_clean_works_with_merged_branches::{closure#0} as core[df12db4294e9bfd3]::ops::function::FnOnce<()>>::call_once
[INFO] [stdout]   15:     0x64caf37fc6bb - test[9d35eded1c95d3be]::__rust_begin_short_backtrace::<core[df12db4294e9bfd3]::result::Result<(), alloc[2182bb758b4b3781]::string::String>, fn() -> core[df12db4294e9bfd3]::result::Result<(), alloc[2182bb758b4b3781]::string::String>>
[INFO] [stdout]   16:     0x64caf3809d25 - test[9d35eded1c95d3be]::run_test::{closure#0}
[INFO] [stdout]   17:     0x64caf38035e4 - std[70759c8f55707aa4]::sys::backtrace::__rust_begin_short_backtrace::<test[9d35eded1c95d3be]::run_test::{closure#1}, ()>
[INFO] [stdout]   18:     0x64caf380ce82 - <std[70759c8f55707aa4]::thread::lifecycle::spawn_unchecked<test[9d35eded1c95d3be]::run_test::{closure#1}, ()>::{closure#1} as core[df12db4294e9bfd3]::ops::function::FnOnce<()>>::call_once::{shim:vtable#0}
[INFO] [stdout]   19:     0x64caf3877e29 - <std[70759c8f55707aa4]::sys::thread::unix::Thread>::new::thread_start
[INFO] [stdout]   20:     0x77e3fdcd7dfa - <unknown>
[INFO] [stdout]   21:     0x77e3fdd6b3d4 - clone
[INFO] [stdout]   22:                0x0 - <unknown>
[INFO] [stdout] 
[INFO] [stdout] ---- deletion::test_git_clean_does_not_delete_branches_ahead_of_main stdout ----
[INFO] [stdout] 
[INFO] [stdout] thread 'deletion::test_git_clean_does_not_delete_branches_ahead_of_main' (531) panicked at tests/support.rs:76:13:
[INFO] [stdout] Expected setup command to succeed, instead found
[INFO] [stdout] stdout: 
[INFO] [stdout] stderr: Author identity unknown
[INFO] [stdout] 
[INFO] [stdout] *** Please tell me who you are.
[INFO] [stdout] 
[INFO] [stdout] Run
[INFO] [stdout] 
[INFO] [stdout]   git config --global user.email "you@example.com"
[INFO] [stdout]   git config --global user.name "Your Name"
[INFO] [stdout] 
[INFO] [stdout] to set your account's default identity.
[INFO] [stdout] Omit --global to set the identity only in this repository.
[INFO] [stdout] 
[INFO] [stdout] fatal: unable to auto-detect email address (got 'root@bcbe8bd66259.(none)')
[INFO] [stdout] 
[INFO] [stdout] 
[INFO] [stdout] stack backtrace:
[INFO] [stdout]    0:     0x64caf3878551 - <<std[70759c8f55707aa4]::sys::backtrace::BacktraceLock>::print::DisplayBacktrace as core[df12db4294e9bfd3]::fmt::Display>::fmt
[INFO] [stdout]    1:     0x64caf388ca7a - core[df12db4294e9bfd3]::fmt::write
[INFO] [stdout]    2:     0x64caf387cc6c - <alloc[2182bb758b4b3781]::vec::Vec<u8> as core[df12db4294e9bfd3]::io::write::Write>::write_fmt
[INFO] [stdout]    3:     0x64caf38535d6 - std[70759c8f55707aa4]::panicking::default_hook::{closure#0}
[INFO] [stdout]    4:     0x64caf3870529 - std[70759c8f55707aa4]::panicking::default_hook
[INFO] [stdout]    5:     0x64caf38093d0 - test[9d35eded1c95d3be]::test_main_inner::<test[9d35eded1c95d3be]::test_main_static::{closure#0}>::{closure#0}
[INFO] [stdout]    6:     0x64caf38706e2 - std[70759c8f55707aa4]::panicking::panic_with_hook
[INFO] [stdout]    7:     0x64caf3853682 - std[70759c8f55707aa4]::panicking::panic_handler::{closure#0}
[INFO] [stdout]    8:     0x64caf384c2e9 - std[70759c8f55707aa4]::sys::backtrace::__rust_end_short_backtrace::<std[70759c8f55707aa4]::panicking::panic_handler::{closure#0}, !>
[INFO] [stdout]    9:     0x64caf385427d - __rustc[8fa7c3cbc660c2b3]::rust_begin_unwind
[INFO] [stdout]   10:     0x64caf388d1ac - core[df12db4294e9bfd3]::panicking::panic_fmt
[INFO] [stdout]   11:     0x64caf37f3d2e - <tests[85c0940436b8a1d2]::support::Project>::setup_command
[INFO] [stdout]   12:     0x64caf37f339b - <tests[85c0940436b8a1d2]::support::ProjectBuilder>::build
[INFO] [stdout]   13:     0x64caf37f6895 - tests[85c0940436b8a1d2]::deletion::git_clean_does_not_delete_branches_ahead_of_main
[INFO] [stdout]   14:     0x64caf37f5e95 - <tests[85c0940436b8a1d2]::deletion::test_git_clean_does_not_delete_branches_ahead_of_main::{closure#0} as core[df12db4294e9bfd3]::ops::function::FnOnce<()>>::call_once
[INFO] [stdout]   15:     0x64caf37fc6bb - test[9d35eded1c95d3be]::__rust_begin_short_backtrace::<core[df12db4294e9bfd3]::result::Result<(), alloc[2182bb758b4b3781]::string::String>, fn() -> core[df12db4294e9bfd3]::result::Result<(), alloc[2182bb758b4b3781]::string::String>>
[INFO] [stdout]   16:     0x64caf3809d25 - test[9d35eded1c95d3be]::run_test::{closure#0}
[INFO] [stdout]   17:     0x64caf38035e4 - std[70759c8f55707aa4]::sys::backtrace::__rust_begin_short_backtrace::<test[9d35eded1c95d3be]::run_test::{closure#1}, ()>
[INFO] [stdout]   18:     0x64caf380ce82 - <std[70759c8f55707aa4]::thread::lifecycle::spawn_unchecked<test[9d35eded1c95d3be]::run_test::{closure#1}, ()>::{closure#1} as core[df12db4294e9bfd3]::ops::function::FnOnce<()>>::call_once::{shim:vtable#0}
[INFO] [stdout]   19:     0x64caf3877e29 - <std[70759c8f55707aa4]::sys::thread::unix::Thread>::new::thread_start
[INFO] [stdout]   20:     0x77e3fdcd7dfa - <unknown>
[INFO] [stdout]   21:     0x77e3fdd6b3d4 - clone
[INFO] [stdout]   22:                0x0 - <unknown>
[INFO] [stdout] 
[INFO] [stdout] ---- deletion::test_git_clean_deletes_unpushed_ahead_branch stdout ----
[INFO] [stdout] 
[INFO] [stdout] thread 'deletion::test_git_clean_deletes_unpushed_ahead_branch' (530) panicked at tests/support.rs:76:13:
[INFO] [stdout] Expected setup command to succeed, instead found
[INFO] [stdout] stdout: 
[INFO] [stdout] stderr: Author identity unknown
[INFO] [stdout] 
[INFO] [stdout] *** Please tell me who you are.
[INFO] [stdout] 
[INFO] [stdout] Run
[INFO] [stdout] 
[INFO] [stdout]   git config --global user.email "you@example.com"
[INFO] [stdout]   git config --global user.name "Your Name"
[INFO] [stdout] 
[INFO] [stdout] to set your account's default identity.
[INFO] [stdout] Omit --global to set the identity only in this repository.
[INFO] [stdout] 
[INFO] [stdout] fatal: unable to auto-detect email address (got 'root@bcbe8bd66259.(none)')
[INFO] [stdout] 
[INFO] [stdout] 
[INFO] [stdout] stack backtrace:
[INFO] [stdout]    0:     0x64caf3878551 - <<std[70759c8f55707aa4]::sys::backtrace::BacktraceLock>::print::DisplayBacktrace as core[df12db4294e9bfd3]::fmt::Display>::fmt
[INFO] [stdout]    1:     0x64caf388ca7a - core[df12db4294e9bfd3]::fmt::write
[INFO] [stdout]    2:     0x64caf387cc6c - <alloc[2182bb758b4b3781]::vec::Vec<u8> as core[df12db4294e9bfd3]::io::write::Write>::write_fmt
[INFO] [stdout]    3:     0x64caf38535d6 - std[70759c8f55707aa4]::panicking::default_hook::{closure#0}
[INFO] [stdout]    4:     0x64caf3870529 - std[70759c8f55707aa4]::panicking::default_hook
[INFO] [stdout]    5:     0x64caf38093d0 - test[9d35eded1c95d3be]::test_main_inner::<test[9d35eded1c95d3be]::test_main_static::{closure#0}>::{closure#0}
[INFO] [stdout]    6:     0x64caf38706e2 - std[70759c8f55707aa4]::panicking::panic_with_hook
[INFO] [stdout]    7:     0x64caf3853682 - std[70759c8f55707aa4]::panicking::panic_handler::{closure#0}
[INFO] [stdout]    8:     0x64caf384c2e9 - std[70759c8f55707aa4]::sys::backtrace::__rust_end_short_backtrace::<std[70759c8f55707aa4]::panicking::panic_handler::{closure#0}, !>
[INFO] [stdout]    9:     0x64caf385427d - __rustc[8fa7c3cbc660c2b3]::rust_begin_unwind
[INFO] [stdout]   10:     0x64caf388d1ac - core[df12db4294e9bfd3]::panicking::panic_fmt
[INFO] [stdout]   11:     0x64caf37f3d2e - <tests[85c0940436b8a1d2]::support::Project>::setup_command
[INFO] [stdout]   12:     0x64caf37f339b - <tests[85c0940436b8a1d2]::support::ProjectBuilder>::build
[INFO] [stdout]   13:     0x64caf37f6341 - tests[85c0940436b8a1d2]::deletion::git_clean_with_unpushed_ahead_branch
[INFO] [stdout]   14:     0x64caf37f5dfa - <tests[85c0940436b8a1d2]::deletion::test_git_clean_deletes_unpushed_ahead_branch::{closure#0} as core[df12db4294e9bfd3]::ops::function::FnOnce<()>>::call_once
[INFO] [stdout]   15:     0x64caf37fc6bb - test[9d35eded1c95d3be]::__rust_begin_short_backtrace::<core[df12db4294e9bfd3]::result::Result<(), alloc[2182bb758b4b3781]::string::String>, fn() -> core[df12db4294e9bfd3]::result::Result<(), alloc[2182bb758b4b3781]::string::String>>
[INFO] [stdout]   16:     0x64caf3809d25 - test[9d35eded1c95d3be]::run_test::{closure#0}
[INFO] [stdout]   17:     0x64caf38035e4 - std[70759c8f55707aa4]::sys::backtrace::__rust_begin_short_backtrace::<test[9d35eded1c95d3be]::run_test::{closure#1}, ()>
[INFO] [stdout]   18:     0x64caf380ce82 - <std[70759c8f55707aa4]::thread::lifecycle::spawn_unchecked<test[9d35eded1c95d3be]::run_test::{closure#1}, ()>::{closure#1} as core[df12db4294e9bfd3]::ops::function::FnOnce<()>>::call_once::{shim:vtable#0}
[INFO] [stdout]   19:     0x64caf3877e29 - <std[70759c8f55707aa4]::sys::thread::unix::Thread>::new::thread_start
[INFO] [stdout]   20:     0x77e3fdcd7dfa - <unknown>
[INFO] [stdout]   21:     0x77e3fdd6b3d4 - clone
[INFO] [stdout]   22:                0x0 - <unknown>
[INFO] [stdout] 
[INFO] [stdout] ---- deletion::test_git_clean_does_not_delete_unpushed_ahead_branch stdout ----
[INFO] [stdout] 
[INFO] [stdout] thread 'deletion::test_git_clean_does_not_delete_unpushed_ahead_branch' (533) panicked at tests/support.rs:76:13:
[INFO] [stdout] Expected setup command to succeed, instead found
[INFO] [stdout] stdout: 
[INFO] [stdout] stderr: Author identity unknown
[INFO] [stdout] 
[INFO] [stdout] *** Please tell me who you are.
[INFO] [stdout] 
[INFO] [stdout] Run
[INFO] [stdout] 
[INFO] [stdout]   git config --global user.email "you@example.com"
[INFO] [stdout]   git config --global user.name "Your Name"
[INFO] [stdout] 
[INFO] [stdout] to set your account's default identity.
[INFO] [stdout] Omit --global to set the identity only in this repository.
[INFO] [stdout] 
[INFO] [stdout] fatal: unable to auto-detect email address (got 'root@bcbe8bd66259.(none)')
[INFO] [stdout] 
[INFO] [stdout] 
[INFO] [stdout] stack backtrace:
[INFO] [stdout]    0:     0x64caf3878551 - <<std[70759c8f55707aa4]::sys::backtrace::BacktraceLock>::print::DisplayBacktrace as core[df12db4294e9bfd3]::fmt::Display>::fmt
[INFO] [stdout]    1:     0x64caf388ca7a - core[df12db4294e9bfd3]::fmt::write
[INFO] [stdout]    2:     0x64caf387cc6c - <alloc[2182bb758b4b3781]::vec::Vec<u8> as core[df12db4294e9bfd3]::io::write::Write>::write_fmt
[INFO] [stdout]    3:     0x64caf38535d6 - std[70759c8f55707aa4]::panicking::default_hook::{closure#0}
[INFO] [stdout]    4:     0x64caf3870529 - std[70759c8f55707aa4]::panicking::default_hook
[INFO] [stdout]    5:     0x64caf38093d0 - test[9d35eded1c95d3be]::test_main_inner::<test[9d35eded1c95d3be]::test_main_static::{closure#0}>::{closure#0}
[INFO] [stdout]    6:     0x64caf38706e2 - std[70759c8f55707aa4]::panicking::panic_with_hook
[INFO] [stdout]    7:     0x64caf3853682 - std[70759c8f55707aa4]::panicking::panic_handler::{closure#0}
[INFO] [stdout]    8:     0x64caf384c2e9 - std[70759c8f55707aa4]::sys::backtrace::__rust_end_short_backtrace::<std[70759c8f55707aa4]::panicking::panic_handler::{closure#0}, !>
[INFO] [stdout]    9:     0x64caf385427d - __rustc[8fa7c3cbc660c2b3]::rust_begin_unwind
[INFO] [stdout]   10:     0x64caf388d1ac - core[df12db4294e9bfd3]::panicking::panic_fmt
[INFO] [stdout]   11:     0x64caf37f3d2e - <tests[85c0940436b8a1d2]::support::Project>::setup_command
[INFO] [stdout]   12:     0x64caf37f339b - <tests[85c0940436b8a1d2]::support::ProjectBuilder>::build
[INFO] [stdout]   13:     0x64caf37f6341 - tests[85c0940436b8a1d2]::deletion::git_clean_with_unpushed_ahead_branch
[INFO] [stdout]   14:     0x64caf37f5e67 - <tests[85c0940436b8a1d2]::deletion::test_git_clean_does_not_delete_unpushed_ahead_branch::{closure#0} as core[df12db4294e9bfd3]::ops::function::FnOnce<()>>::call_once
[INFO] [stdout]   15:     0x64caf37fc6bb - test[9d35eded1c95d3be]::__rust_begin_short_backtrace::<core[df12db4294e9bfd3]::result::Result<(), alloc[2182bb758b4b3781]::string::String>, fn() -> core[df12db4294e9bfd3]::result::Result<(), alloc[2182bb758b4b3781]::string::String>>
[INFO] [stdout]   16:     0x64caf3809d25 - test[9d35eded1c95d3be]::run_test::{closure#0}
[INFO] [stdout]   17:     0x64caf38035e4 - std[70759c8f55707aa4]::sys::backtrace::__rust_begin_short_backtrace::<test[9d35eded1c95d3be]::run_test::{closure#1}, ()>
[INFO] [stdout]   18:     0x64caf380ce82 - <std[70759c8f55707aa4]::thread::lifecycle::spawn_unchecked<test[9d35eded1c95d3be]::run_test::{closure#1}, ()>::{closure#1} as core[df12db4294e9bfd3]::ops::function::FnOnce<()>>::call_once::{shim:vtable#0}
[INFO] [stdout]   19:     0x64caf3877e29 - <std[70759c8f55707aa4]::sys::thread::unix::Thread>::new::thread_start
[INFO] [stdout]   20:     0x77e3fdcd7dfa - <unknown>
[INFO] [stdout]   21:     0x77e3fdd6b3d4 - clone
[INFO] [stdout]   22:                0x0 - <unknown>
[INFO] [stdout] 
[INFO] [stdout] ---- deletion::test_git_clean_does_not_delete_branches_ahead_of_main_d_flag stdout ----
[INFO] [stdout] 
[INFO] [stdout] thread 'deletion::test_git_clean_does_not_delete_branches_ahead_of_main_d_flag' (532) panicked at tests/support.rs:76:13:
[INFO] [stdout] Expected setup command to succeed, instead found
[INFO] [stdout] stdout: 
[INFO] [stdout] stderr: Author identity unknown
[INFO] [stdout] 
[INFO] [stdout] *** Please tell me who you are.
[INFO] [stdout] 
[INFO] [stdout] Run
[INFO] [stdout] 
[INFO] [stdout]   git config --global user.email "you@example.com"
[INFO] [stdout]   git config --global user.name "Your Name"
[INFO] [stdout] 
[INFO] [stdout] to set your account's default identity.
[INFO] [stdout] Omit --global to set the identity only in this repository.
[INFO] [stdout] 
[INFO] [stdout] fatal: unable to auto-detect email address (got 'root@bcbe8bd66259.(none)')
[INFO] [stdout] 
[INFO] [stdout] 
[INFO] [stdout] stack backtrace:
[INFO] [stdout]    0:     0x64caf3878551 - <<std[70759c8f55707aa4]::sys::backtrace::BacktraceLock>::print::DisplayBacktrace as core[df12db4294e9bfd3]::fmt::Display>::fmt
[INFO] [stdout]    1:     0x64caf388ca7a - core[df12db4294e9bfd3]::fmt::write
[INFO] [stdout]    2:     0x64caf387cc6c - <alloc[2182bb758b4b3781]::vec::Vec<u8> as core[df12db4294e9bfd3]::io::write::Write>::write_fmt
[INFO] [stdout]    3:     0x64caf38535d6 - std[70759c8f55707aa4]::panicking::default_hook::{closure#0}
[INFO] [stdout]    4:     0x64caf3870529 - std[70759c8f55707aa4]::panicking::default_hook
[INFO] [stdout]    5:     0x64caf38093d0 - test[9d35eded1c95d3be]::test_main_inner::<test[9d35eded1c95d3be]::test_main_static::{closure#0}>::{closure#0}
[INFO] [stdout]    6:     0x64caf38706e2 - std[70759c8f55707aa4]::panicking::panic_with_hook
[INFO] [stdout]    7:     0x64caf3853682 - std[70759c8f55707aa4]::panicking::panic_handler::{closure#0}
[INFO] [stdout]    8:     0x64caf384c2e9 - std[70759c8f55707aa4]::sys::backtrace::__rust_end_short_backtrace::<std[70759c8f55707aa4]::panicking::panic_handler::{closure#0}, !>
[INFO] [stdout]    9:     0x64caf385427d - __rustc[8fa7c3cbc660c2b3]::rust_begin_unwind
[INFO] [stdout]   10:     0x64caf388d1ac - core[df12db4294e9bfd3]::panicking::panic_fmt
[INFO] [stdout]   11:     0x64caf37f3d2e - <tests[85c0940436b8a1d2]::support::Project>::setup_command
[INFO] [stdout]   12:     0x64caf37f339b - <tests[85c0940436b8a1d2]::support::ProjectBuilder>::build
[INFO] [stdout]   13:     0x64caf37f6895 - tests[85c0940436b8a1d2]::deletion::git_clean_does_not_delete_branches_ahead_of_main
[INFO] [stdout]   14:     0x64caf37f5ec5 - <tests[85c0940436b8a1d2]::deletion::test_git_clean_does_not_delete_branches_ahead_of_main_d_flag::{closure#0} as core[df12db4294e9bfd3]::ops::function::FnOnce<()>>::call_once
[INFO] [stdout]   15:     0x64caf37fc6bb - test[9d35eded1c95d3be]::__rust_begin_short_backtrace::<core[df12db4294e9bfd3]::result::Result<(), alloc[2182bb758b4b3781]::string::String>, fn() -> core[df12db4294e9bfd3]::result::Result<(), alloc[2182bb758b4b3781]::string::String>>
[INFO] [stdout]   16:     0x64caf3809d25 - test[9d35eded1c95d3be]::run_test::{closure#0}
[INFO] [stdout]   17:     0x64caf38035e4 - std[70759c8f55707aa4]::sys::backtrace::__rust_begin_short_backtrace::<test[9d35eded1c95d3be]::run_test::{closure#1}, ()>
[INFO] [stdout]   18:     0x64caf380ce82 - <std[70759c8f55707aa4]::thread::lifecycle::spawn_unchecked<test[9d35eded1c95d3be]::run_test::{closure#1}, ()>::{closure#1} as core[df12db4294e9bfd3]::ops::function::FnOnce<()>>::call_once::{shim:vtable#0}
[INFO] [stdout]   19:     0x64caf3877e29 - <std[70759c8f55707aa4]::sys::thread::unix::Thread>::new::thread_start
[INFO] [stdout]   20:     0x77e3fdcd7dfa - <unknown>
[INFO] [stdout]   21:     0x77e3fdd6b3d4 - clone
[INFO] [stdout]   22:                0x0 - <unknown>
[INFO] [stdout] 
[INFO] [stdout] ---- deletion::test_git_clean_works_with_squashed_merges stdout ----
[INFO] [stdout] 
[INFO] [stdout] thread 'deletion::test_git_clean_works_with_squashed_merges' (536) panicked at tests/support.rs:76:13:
[INFO] [stdout] Expected setup command to succeed, instead found
[INFO] [stdout] stdout: 
[INFO] [stdout] stderr: Author identity unknown
[INFO] [stdout] 
[INFO] [stdout] *** Please tell me who you are.
[INFO] [stdout] 
[INFO] [stdout] Run
[INFO] [stdout] 
[INFO] [stdout]   git config --global user.email "you@example.com"
[INFO] [stdout]   git config --global user.name "Your Name"
[INFO] [stdout] 
[INFO] [stdout] to set your account's default identity.
[INFO] [stdout] Omit --global to set the identity only in this repository.
[INFO] [stdout] 
[INFO] [stdout] fatal: unable to auto-detect email address (got 'root@bcbe8bd66259.(none)')
[INFO] [stdout] 
[INFO] [stdout] 
[INFO] [stdout] stack backtrace:
[INFO] [stdout]    0:     0x64caf3878551 - <<std[70759c8f55707aa4]::sys::backtrace::BacktraceLock>::print::DisplayBacktrace as core[df12db4294e9bfd3]::fmt::Display>::fmt
[INFO] [stdout]    1:     0x64caf388ca7a - core[df12db4294e9bfd3]::fmt::write
[INFO] [stdout]    2:     0x64caf387cc6c - <alloc[2182bb758b4b3781]::vec::Vec<u8> as core[df12db4294e9bfd3]::io::write::Write>::write_fmt
[INFO] [stdout]    3:     0x64caf38535d6 - std[70759c8f55707aa4]::panicking::default_hook::{closure#0}
[INFO] [stdout]    4:     0x64caf3870529 - std[70759c8f55707aa4]::panicking::default_hook
[INFO] [stdout]    5:     0x64caf38093d0 - test[9d35eded1c95d3be]::test_main_inner::<test[9d35eded1c95d3be]::test_main_static::{closure#0}>::{closure#0}
[INFO] [stdout]    6:     0x64caf38706e2 - std[70759c8f55707aa4]::panicking::panic_with_hook
[INFO] [stdout]    7:     0x64caf3853682 - std[70759c8f55707aa4]::panicking::panic_handler::{closure#0}
[INFO] [stdout]    8:     0x64caf384c2e9 - std[70759c8f55707aa4]::sys::backtrace::__rust_end_short_backtrace::<std[70759c8f55707aa4]::panicking::panic_handler::{closure#0}, !>
[INFO] [stdout]    9:     0x64caf385427d - __rustc[8fa7c3cbc660c2b3]::rust_begin_unwind
[INFO] [stdout]   10:     0x64caf388d1ac - core[df12db4294e9bfd3]::panicking::panic_fmt
[INFO] [stdout]   11:     0x64caf37f3d2e - <tests[85c0940436b8a1d2]::support::Project>::setup_command
[INFO] [stdout]   12:     0x64caf37f339b - <tests[85c0940436b8a1d2]::support::ProjectBuilder>::build
[INFO] [stdout]   13:     0x64caf37f726d - tests[85c0940436b8a1d2]::deletion::test_git_clean_works_with_squashed_merges
[INFO] [stdout]   14:     0x64caf37f5dc9 - <tests[85c0940436b8a1d2]::deletion::test_git_clean_works_with_squashed_merges::{closure#0} as core[df12db4294e9bfd3]::ops::function::FnOnce<()>>::call_once
[INFO] [stdout]   15:     0x64caf37fc6bb - test[9d35eded1c95d3be]::__rust_begin_short_backtrace::<core[df12db4294e9bfd3]::result::Result<(), alloc[2182bb758b4b3781]::string::String>, fn() -> core[df12db4294e9bfd3]::result::Result<(), alloc[2182bb758b4b3781]::string::String>>
[INFO] [stdout]   16:     0x64caf3809d25 - test[9d35eded1c95d3be]::run_test::{closure#0}
[INFO] [stdout]   17:     0x64caf38035e4 - std[70759c8f55707aa4]::sys::backtrace::__rust_begin_short_backtrace::<test[9d35eded1c95d3be]::run_test::{closure#1}, ()>
[INFO] [stdout]   18:     0x64caf380ce82 - <std[70759c8f55707aa4]::thread::lifecycle::spawn_unchecked<test[9d35eded1c95d3be]::run_test::{closure#1}, ()>::{closure#1} as core[df12db4294e9bfd3]::ops::function::FnOnce<()>>::call_once::{shim:vtable#0}
[INFO] [stdout]   19:     0x64caf3877e29 - <std[70759c8f55707aa4]::sys::thread::unix::Thread>::new::thread_start
[INFO] [stdout]   20:     0x77e3fdcd7dfa - <unknown>
[INFO] [stdout]   21:     0x77e3fdd6b3d4 - clone
[INFO] [stdout]   22:                0x0 - <unknown>
[INFO] [stdout] 
[INFO] [stdout] ---- deletion::test_git_clean_works_with_squashes_with_flag stdout ----
[INFO] [stdout] 
[INFO] [stdout] thread 'deletion::test_git_clean_works_with_squashes_with_flag' (537) panicked at tests/support.rs:76:13:
[INFO] [stdout] Expected setup command to succeed, instead found
[INFO] [stdout] stdout: 
[INFO] [stdout] stderr: Author identity unknown
[INFO] [stdout] 
[INFO] [stdout] *** Please tell me who you are.
[INFO] [stdout] 
[INFO] [stdout] Run
[INFO] [stdout] 
[INFO] [stdout]   git config --global user.email "you@example.com"
[INFO] [stdout]   git config --global user.name "Your Name"
[INFO] [stdout] 
[INFO] [stdout] to set your account's default identity.
[INFO] [stdout] Omit --global to set the identity only in this repository.
[INFO] [stdout] 
[INFO] [stdout] fatal: unable to auto-detect email address (got 'root@bcbe8bd66259.(none)')
[INFO] [stdout] 
[INFO] [stdout] 
[INFO] [stdout] stack backtrace:
[INFO] [stdout]    0:     0x64caf3878551 - <<std[70759c8f55707aa4]::sys::backtrace::BacktraceLock>::print::DisplayBacktrace as core[df12db4294e9bfd3]::fmt::Display>::fmt
[INFO] [stdout]    1:     0x64caf388ca7a - core[df12db4294e9bfd3]::fmt::write
[INFO] [stdout]    2:     0x64caf387cc6c - <alloc[2182bb758b4b3781]::vec::Vec<u8> as core[df12db4294e9bfd3]::io::write::Write>::write_fmt
[INFO] [stdout]    3:     0x64caf38535d6 - std[70759c8f55707aa4]::panicking::default_hook::{closure#0}
[INFO] [stdout]    4:     0x64caf3870529 - std[70759c8f55707aa4]::panicking::default_hook
[INFO] [stdout]    5:     0x64caf38093d0 - test[9d35eded1c95d3be]::test_main_inner::<test[9d35eded1c95d3be]::test_main_static::{closure#0}>::{closure#0}
[INFO] [stdout]    6:     0x64caf38706e2 - std[70759c8f55707aa4]::panicking::panic_with_hook
[INFO] [stdout]    7:     0x64caf3853682 - std[70759c8f55707aa4]::panicking::panic_handler::{closure#0}
[INFO] [stdout]    8:     0x64caf384c2e9 - std[70759c8f55707aa4]::sys::backtrace::__rust_end_short_backtrace::<std[70759c8f55707aa4]::panicking::panic_handler::{closure#0}, !>
[INFO] [stdout]    9:     0x64caf385427d - __rustc[8fa7c3cbc660c2b3]::rust_begin_unwind
[INFO] [stdout]   10:     0x64caf388d1ac - core[df12db4294e9bfd3]::panicking::panic_fmt
[INFO] [stdout]   11:     0x64caf37f3d2e - <tests[85c0940436b8a1d2]::support::Project>::setup_command
[INFO] [stdout]   12:     0x64caf37f339b - <tests[85c0940436b8a1d2]::support::ProjectBuilder>::build
[INFO] [stdout]   13:     0x64caf37f7d1a - tests[85c0940436b8a1d2]::deletion::test_git_clean_works_with_squashes_with_flag
[INFO] [stdout]   14:     0x64caf37f5e39 - <tests[85c0940436b8a1d2]::deletion::test_git_clean_works_with_squashes_with_flag::{closure#0} as core[df12db4294e9bfd3]::ops::function::FnOnce<()>>::call_once
[INFO] [stdout]   15:     0x64caf37fc6bb - test[9d35eded1c95d3be]::__rust_begin_short_backtrace::<core[df12db4294e9bfd3]::result::Result<(), alloc[2182bb758b4b3781]::string::String>, fn() -> core[df12db4294e9bfd3]::result::Result<(), alloc[2182bb758b4b3781]::string::String>>
[INFO] [stdout]   16:     0x64caf3809d25 - test[9d35eded1c95d3be]::run_test::{closure#0}
[INFO] [stdout]   17:     0x64caf38035e4 - std[70759c8f55707aa4]::sys::backtrace::__rust_begin_short_backtrace::<test[9d35eded1c95d3be]::run_test::{closure#1}, ()>
[INFO] [stdout]   18:     0x64caf380ce82 - <std[70759c8f55707aa4]::thread::lifecycle::spawn_unchecked<test[9d35eded1c95d3be]::run_test::{closure#1}, ()>::{closure#1} as core[df12db4294e9bfd3]::ops::function::FnOnce<()>>::call_once::{shim:vtable#0}
[INFO] [stdout]   19:     0x64caf3877e29 - <std[70759c8f55707aa4]::sys::thread::unix::Thread>::new::thread_start
[INFO] [stdout]   20:     0x77e3fdcd7dfa - <unknown>
[INFO] [stdout]   21:     0x77e3fdd6b3d4 - clone
[INFO] [stdout]   22:                0x0 - <unknown>
[INFO] [stdout] 
[INFO] [stdout] ---- deletion::test_git_clean_ignores_squashes_without_flag stdout ----
[INFO] [stdout] 
[INFO] [stdout] thread 'deletion::test_git_clean_ignores_squashes_without_flag' (534) panicked at tests/support.rs:76:13:
[INFO] [stdout] Expected setup command to succeed, instead found
[INFO] [stdout] stdout: 
[INFO] [stdout] stderr: Author identity unknown
[INFO] [stdout] 
[INFO] [stdout] *** Please tell me who you are.
[INFO] [stdout] 
[INFO] [stdout] Run
[INFO] [stdout] 
[INFO] [stdout]   git config --global user.email "you@example.com"
[INFO] [stdout]   git config --global user.name "Your Name"
[INFO] [stdout] 
[INFO] [stdout] to set your account's default identity.
[INFO] [stdout] Omit --global to set the identity only in this repository.
[INFO] [stdout] 
[INFO] [stdout] fatal: unable to auto-detect email address (got 'root@bcbe8bd66259.(none)')
[INFO] [stdout] 
[INFO] [stdout] 
[INFO] [stdout] stack backtrace:
[INFO] [stdout]    0:     0x64caf3878551 - <<std[70759c8f55707aa4]::sys::backtrace::BacktraceLock>::print::DisplayBacktrace as core[df12db4294e9bfd3]::fmt::Display>::fmt
[INFO] [stdout]    1:     0x64caf388ca7a - core[df12db4294e9bfd3]::fmt::write
[INFO] [stdout]    2:     0x64caf387cc6c - <alloc[2182bb758b4b3781]::vec::Vec<u8> as core[df12db4294e9bfd3]::io::write::Write>::write_fmt
[INFO] [stdout]    3:     0x64caf38535d6 - std[70759c8f55707aa4]::panicking::default_hook::{closure#0}
[INFO] [stdout]    4:     0x64caf3870529 - std[70759c8f55707aa4]::panicking::default_hook
[INFO] [stdout]    5:     0x64caf38093d0 - test[9d35eded1c95d3be]::test_main_inner::<test[9d35eded1c95d3be]::test_main_static::{closure#0}>::{closure#0}
[INFO] [stdout]    6:     0x64caf38706e2 - std[70759c8f55707aa4]::panicking::panic_with_hook
[INFO] [stdout]    7:     0x64caf3853682 - std[70759c8f55707aa4]::panicking::panic_handler::{closure#0}
[INFO] [stdout]    8:     0x64caf384c2e9 - std[70759c8f55707aa4]::sys::backtrace::__rust_end_short_backtrace::<std[70759c8f55707aa4]::panicking::panic_handler::{closure#0}, !>
[INFO] [stdout]    9:     0x64caf385427d - __rustc[8fa7c3cbc660c2b3]::rust_begin_unwind
[INFO] [stdout]   10:     0x64caf388d1ac - core[df12db4294e9bfd3]::panicking::panic_fmt
[INFO] [stdout]   11:     0x64caf37f3d2e - <tests[85c0940436b8a1d2]::support::Project>::setup_command
[INFO] [stdout]   12:     0x64caf37f339b - <tests[85c0940436b8a1d2]::support::ProjectBuilder>::build
[INFO] [stdout]   13:     0x64caf37f776e - tests[85c0940436b8a1d2]::deletion::test_git_clean_ignores_squashes_without_flag
[INFO] [stdout]   14:     0x64caf37f5e19 - <tests[85c0940436b8a1d2]::deletion::test_git_clean_ignores_squashes_without_flag::{closure#0} as core[df12db4294e9bfd3]::ops::function::FnOnce<()>>::call_once
[INFO] [stdout]   15:     0x64caf37fc6bb - test[9d35eded1c95d3be]::__rust_begin_short_backtrace::<core[df12db4294e9bfd3]::result::Result<(), alloc[2182bb758b4b3781]::string::String>, fn() -> core[df12db4294e9bfd3]::result::Result<(), alloc[2182bb758b4b3781]::string::String>>
[INFO] [stdout]   16:     0x64caf3809d25 - test[9d35eded1c95d3be]::run_test::{closure#0}
[INFO] [stdout]   17:     0x64caf38035e4 - std[70759c8f55707aa4]::sys::backtrace::__rust_begin_short_backtrace::<test[9d35eded1c95d3be]::run_test::{closure#1}, ()>
[INFO] [stdout]   18:     0x64caf380ce82 - <std[70759c8f55707aa4]::thread::lifecycle::spawn_unchecked<test[9d35eded1c95d3be]::run_test::{closure#1}, ()>::{closure#1} as core[df12db4294e9bfd3]::ops::function::FnOnce<()>>::call_once::{shim:vtable#0}
[INFO] [stdout]   19:     0x64caf3877e29 - <std[70759c8f55707aa4]::sys::thread::unix::Thread>::new::thread_start
[INFO] [stdout]   20:     0x77e3fdcd7dfa - <unknown>
[INFO] [stdout]   21:     0x77e3fdd6b3d4 - clone
[INFO] [stdout]   22:                0x0 - <unknown>
[INFO] [stdout] 
[INFO] [stdout] ---- local::test_git_clean_removes_local_branches stdout ----
[INFO] [stdout] 
[INFO] [stdout] thread 'local::test_git_clean_removes_local_branches' (592) panicked at tests/support.rs:76:13:
[INFO] [stdout] Expected setup command to succeed, instead found
[INFO] [stdout] stdout: 
[INFO] [stdout] stderr: Author identity unknown
[INFO] [stdout] 
[INFO] [stdout] *** Please tell me who you are.
[INFO] [stdout] 
[INFO] [stdout] Run
[INFO] [stdout] 
[INFO] [stdout]   git config --global user.email "you@example.com"
[INFO] [stdout]   git config --global user.name "Your Name"
[INFO] [stdout] 
[INFO] [stdout] to set your account's default identity.
[INFO] [stdout] Omit --global to set the identity only in this repository.
[INFO] [stdout] 
[INFO] [stdout] fatal: unable to auto-detect email address (got 'root@bcbe8bd66259.(none)')
[INFO] [stdout] 
[INFO] [stdout] 
[INFO] [stdout] stack backtrace:
[INFO] [stdout]    0:     0x64caf3878551 - <<std[70759c8f55707aa4]::sys::backtrace::BacktraceLock>::print::DisplayBacktrace as core[df12db4294e9bfd3]::fmt::Display>::fmt
[INFO] [stdout]    1:     0x64caf388ca7a - core[df12db4294e9bfd3]::fmt::write
[INFO] [stdout]    2:     0x64caf387cc6c - <alloc[2182bb758b4b3781]::vec::Vec<u8> as core[df12db4294e9bfd3]::io::write::Write>::write_fmt
[INFO] [stdout]    3:     0x64caf38535d6 - std[70759c8f55707aa4]::panicking::default_hook::{closure#0}
[INFO] [stdout]    4:     0x64caf3870529 - std[70759c8f55707aa4]::panicking::default_hook
[INFO] [stdout]    5:     0x64caf38093d0 - test[9d35eded1c95d3be]::test_main_inner::<test[9d35eded1c95d3be]::test_main_static::{closure#0}>::{closure#0}
[INFO] [stdout]    6:     0x64caf38706e2 - std[70759c8f55707aa4]::panicking::panic_with_hook
[INFO] [stdout]    7:     0x64caf3853682 - std[70759c8f55707aa4]::panicking::panic_handler::{closure#0}
[INFO] [stdout]    8:     0x64caf384c2e9 - std[70759c8f55707aa4]::sys::backtrace::__rust_end_short_backtrace::<std[70759c8f55707aa4]::panicking::panic_handler::{closure#0}, !>
[INFO] [stdout]    9:     0x64caf385427d - __rustc[8fa7c3cbc660c2b3]::rust_begin_unwind
[INFO] [stdout]   10:     0x64caf388d1ac - core[df12db4294e9bfd3]::panicking::panic_fmt
[INFO] [stdout]   11:     0x64caf37f3d2e - <tests[85c0940436b8a1d2]::support::Project>::setup_command
[INFO] [stdout]   12:     0x64caf37f339b - <tests[85c0940436b8a1d2]::support::ProjectBuilder>::build
[INFO] [stdout]   13:     0x64caf37f8ef1 - tests[85c0940436b8a1d2]::local::test_git_clean_removes_local_branches
[INFO] [stdout]   14:     0x64caf37f5ce9 - <tests[85c0940436b8a1d2]::local::test_git_clean_removes_local_branches::{closure#0} as core[df12db4294e9bfd3]::ops::function::FnOnce<()>>::call_once
[INFO] [stdout]   15:     0x64caf37fc6bb - test[9d35eded1c95d3be]::__rust_begin_short_backtrace::<core[df12db4294e9bfd3]::result::Result<(), alloc[2182bb758b4b3781]::string::String>, fn() -> core[df12db4294e9bfd3]::result::Result<(), alloc[2182bb758b4b3781]::string::String>>
[INFO] [stdout]   16:     0x64caf3809d25 - test[9d35eded1c95d3be]::run_test::{closure#0}
[INFO] [stdout]   17:     0x64caf38035e4 - std[70759c8f55707aa4]::sys::backtrace::__rust_begin_short_backtrace::<test[9d35eded1c95d3be]::run_test::{closure#1}, ()>
[INFO] [stdout]   18:     0x64caf380ce82 - <std[70759c8f55707aa4]::thread::lifecycle::spawn_unchecked<test[9d35eded1c95d3be]::run_test::{closure#1}, ()>::{closure#1} as core[df12db4294e9bfd3]::ops::function::FnOnce<()>>::call_once::{shim:vtable#0}
[INFO] [stdout]   19:     0x64caf3877e29 - <std[70759c8f55707aa4]::sys::thread::unix::Thread>::new::thread_start
[INFO] [stdout]   20:     0x77e3fdcd7dfa - <unknown>
[INFO] [stdout]   21:     0x77e3fdd6b3d4 - clone
[INFO] [stdout]   22:                0x0 - <unknown>
[INFO] [stdout] 
[INFO] [stdout] ---- utility::test_git_clean_checks_for_git_in_path stdout ----
[INFO] [stdout] 
[INFO] [stdout] thread 'utility::test_git_clean_checks_for_git_in_path' (603) panicked at tests/support.rs:76:13:
[INFO] [stdout] Expected setup command to succeed, instead found
[INFO] [stdout] stdout: 
[INFO] [stdout] stderr: Author identity unknown
[INFO] [stdout] 
[INFO] [stdout] *** Please tell me who you are.
[INFO] [stdout] 
[INFO] [stdout] Run
[INFO] [stdout] 
[INFO] [stdout]   git config --global user.email "you@example.com"
[INFO] [stdout]   git config --global user.name "Your Name"
[INFO] [stdout] 
[INFO] [stdout] to set your account's default identity.
[INFO] [stdout] Omit --global to set the identity only in this repository.
[INFO] [stdout] 
[INFO] [stdout] fatal: unable to auto-detect email address (got 'root@bcbe8bd66259.(none)')
[INFO] [stdout] 
[INFO] [stdout] 
[INFO] [stdout] stack backtrace:
[INFO] [stdout]    0:     0x64caf3878551 - <<std[70759c8f55707aa4]::sys::backtrace::BacktraceLock>::print::DisplayBacktrace as core[df12db4294e9bfd3]::fmt::Display>::fmt
[INFO] [stdout]    1:     0x64caf388ca7a - core[df12db4294e9bfd3]::fmt::write
[INFO] [stdout]    2:     0x64caf387cc6c - <alloc[2182bb758b4b3781]::vec::Vec<u8> as core[df12db4294e9bfd3]::io::write::Write>::write_fmt
[INFO] [stdout]    3:     0x64caf38535d6 - std[70759c8f55707aa4]::panicking::default_hook::{closure#0}
[INFO] [stdout]    4:     0x64caf3870529 - std[70759c8f55707aa4]::panicking::default_hook
[INFO] [stdout]    5:     0x64caf38093d0 - test[9d35eded1c95d3be]::test_main_inner::<test[9d35eded1c95d3be]::test_main_static::{closure#0}>::{closure#0}
[INFO] [stdout]    6:     0x64caf38706e2 - std[70759c8f55707aa4]::panicking::panic_with_hook
[INFO] [stdout]    7:     0x64caf3853682 - std[70759c8f55707aa4]::panicking::panic_handler::{closure#0}
[INFO] [stdout]    8:     0x64caf384c2e9 - std[70759c8f55707aa4]::sys::backtrace::__rust_end_short_backtrace::<std[70759c8f55707aa4]::panicking::panic_handler::{closure#0}, !>
[INFO] [stdout]    9:     0x64caf385427d - __rustc[8fa7c3cbc660c2b3]::rust_begin_unwind
[INFO] [stdout]   10:     0x64caf388d1ac - core[df12db4294e9bfd3]::panicking::panic_fmt
[INFO] [stdout]   11:     0x64caf37f3d2e - <tests[85c0940436b8a1d2]::support::Project>::setup_command
[INFO] [stdout]   12:     0x64caf37f339b - <tests[85c0940436b8a1d2]::support::ProjectBuilder>::build
[INFO] [stdout]   13:     0x64caf37f465a - tests[85c0940436b8a1d2]::utility::test_git_clean_checks_for_git_in_path
[INFO] [stdout]   14:     0x64caf37f5d89 - <tests[85c0940436b8a1d2]::utility::test_git_clean_checks_for_git_in_path::{closure#0} as core[df12db4294e9bfd3]::ops::function::FnOnce<()>>::call_once
[INFO] [stdout]   15:     0x64caf37fc6bb - test[9d35eded1c95d3be]::__rust_begin_short_backtrace::<core[df12db4294e9bfd3]::result::Result<(), alloc[2182bb758b4b3781]::string::String>, fn() -> core[df12db4294e9bfd3]::result::Result<(), alloc[2182bb758b4b3781]::string::String>>
[INFO] [stdout]   16:     0x64caf3809d25 - test[9d35eded1c95d3be]::run_test::{closure#0}
[INFO] [stdout]   17:     0x64caf38035e4 - std[70759c8f55707aa4]::sys::backtrace::__rust_begin_short_backtrace::<test[9d35eded1c95d3be]::run_test::{closure#1}, ()>
[INFO] [stdout]   18:     0x64caf380ce82 - <std[70759c8f55707aa4]::thread::lifecycle::spawn_unchecked<test[9d35eded1c95d3be]::run_test::{closure#1}, ()>::{closure#1} as core[df12db4294e9bfd3]::ops::function::FnOnce<()>>::call_once::{shim:vtable#0}
[INFO] [stdout]   19:     0x64caf3877e29 - <std[70759c8f55707aa4]::sys::thread::unix::Thread>::new::thread_start
[INFO] [stdout]   20:     0x77e3fdcd7dfa - <unknown>
[INFO] [stdout]   21:     0x77e3fdd6b3d4 - clone
[INFO] [stdout]   22:                0x0 - <unknown>
[INFO] [stdout] 
[INFO] [stdout] ---- local::test_git_clean_does_not_remove_ignored_local_branches stdout ----
[INFO] [stdout] 
[INFO] [stdout] thread 'local::test_git_clean_does_not_remove_ignored_local_branches' (577) panicked at tests/support.rs:76:13:
[INFO] [stdout] Expected setup command to succeed, instead found
[INFO] [stdout] stdout: 
[INFO] [stdout] stderr: Author identity unknown
[INFO] [stdout] 
[INFO] [stdout] *** Please tell me who you are.
[INFO] [stdout] 
[INFO] [stdout] Run
[INFO] [stdout] 
[INFO] [stdout]   git config --global user.email "you@example.com"
[INFO] [stdout]   git config --global user.name "Your Name"
[INFO] [stdout] 
[INFO] [stdout] to set your account's default identity.
[INFO] [stdout] Omit --global to set the identity only in this repository.
[INFO] [stdout] 
[INFO] [stdout] fatal: unable to auto-detect email address (got 'root@bcbe8bd66259.(none)')
[INFO] [stdout] 
[INFO] [stdout] 
[INFO] [stdout] stack backtrace:
[INFO] [stdout]    0:     0x64caf3878551 - <<std[70759c8f55707aa4]::sys::backtrace::BacktraceLock>::print::DisplayBacktrace as core[df12db4294e9bfd3]::fmt::Display>::fmt
[INFO] [stdout]    1:     0x64caf388ca7a - core[df12db4294e9bfd3]::fmt::write
[INFO] [stdout]    2:     0x64caf387cc6c - <alloc[2182bb758b4b3781]::vec::Vec<u8> as core[df12db4294e9bfd3]::io::write::Write>::write_fmt
[INFO] [stdout]    3:     0x64caf38535d6 - std[70759c8f55707aa4]::panicking::default_hook::{closure#0}
[INFO] [stdout]    4:     0x64caf3870529 - std[70759c8f55707aa4]::panicking::default_hook
[INFO] [stdout]    5:     0x64caf38093d0 - test[9d35eded1c95d3be]::test_main_inner::<test[9d35eded1c95d3be]::test_main_static::{closure#0}>::{closure#0}
[INFO] [stdout]    6:     0x64caf38706e2 - std[70759c8f55707aa4]::panicking::panic_with_hook
[INFO] [stdout]    7:     0x64caf3853682 - std[70759c8f55707aa4]::panicking::panic_handler::{closure#0}
[INFO] [stdout]    8:     0x64caf384c2e9 - std[70759c8f55707aa4]::sys::backtrace::__rust_end_short_backtrace::<std[70759c8f55707aa4]::panicking::panic_handler::{closure#0}, !>
[INFO] [stdout]    9:     0x64caf385427d - __rustc[8fa7c3cbc660c2b3]::rust_begin_unwind
[INFO] [stdout]   10:     0x64caf388d1ac - core[df12db4294e9bfd3]::panicking::panic_fmt
[INFO] [stdout]   11:     0x64caf37f3d2e - <tests[85c0940436b8a1d2]::support::Project>::setup_command
[INFO] [stdout]   12:     0x64caf37f339b - <tests[85c0940436b8a1d2]::support::ProjectBuilder>::build
[INFO] [stdout]   13:     0x64caf37f94a1 - tests[85c0940436b8a1d2]::local::test_git_clean_does_not_remove_ignored_local_branches
[INFO] [stdout]   14:     0x64caf37f5d09 - <tests[85c0940436b8a1d2]::local::test_git_clean_does_not_remove_ignored_local_branches::{closure#0} as core[df12db4294e9bfd3]::ops::function::FnOnce<()>>::call_once
[INFO] [stdout]   15:     0x64caf37fc6bb - test[9d35eded1c95d3be]::__rust_begin_short_backtrace::<core[df12db4294e9bfd3]::result::Result<(), alloc[2182bb758b4b3781]::string::String>, fn() -> core[df12db4294e9bfd3]::result::Result<(), alloc[2182bb758b4b3781]::string::String>>
[INFO] [stdout]   16:     0x64caf3809d25 - test[9d35eded1c95d3be]::run_test::{closure#0}
[INFO] [stdout]   17:     0x64caf38035e4 - std[70759c8f55707aa4]::sys::backtrace::__rust_begin_short_backtrace::<test[9d35eded1c95d3be]::run_test::{closure#1}, ()>
[INFO] [stdout]   18:     0x64caf380ce82 - <std[70759c8f55707aa4]::thread::lifecycle::spawn_unchecked<test[9d35eded1c95d3be]::run_test::{closure#1}, ()>::{closure#1} as core[df12db4294e9bfd3]::ops::function::FnOnce<()>>::call_once::{shim:vtable#0}
[INFO] [stdout]   19:     0x64caf3877e29 - <std[70759c8f55707aa4]::sys::thread::unix::Thread>::new::thread_start
[INFO] [stdout]   20:     0x77e3fdcd7dfa - <unknown>
[INFO] [stdout]   21:     0x77e3fdd6b3d4 - clone
[INFO] [stdout]   22:                0x0 - <unknown>
[INFO] [stdout] 
[INFO] [stdout] ---- remote::test_git_clean_removes_remote_branches stdout ----
[INFO] [stdout] 
[INFO] [stdout] thread 'remote::test_git_clean_removes_remote_branches' (600) panicked at tests/support.rs:76:13:
[INFO] [stdout] Expected setup command to succeed, instead found
[INFO] [stdout] stdout: 
[INFO] [stdout] stderr: Author identity unknown
[INFO] [stdout] 
[INFO] [stdout] *** Please tell me who you are.
[INFO] [stdout] 
[INFO] [stdout] Run
[INFO] [stdout] 
[INFO] [stdout]   git config --global user.email "you@example.com"
[INFO] [stdout]   git config --global user.name "Your Name"
[INFO] [stdout] 
[INFO] [stdout] to set your account's default identity.
[INFO] [stdout] Omit --global to set the identity only in this repository.
[INFO] [stdout] 
[INFO] [stdout] fatal: unable to auto-detect email address (got 'root@bcbe8bd66259.(none)')
[INFO] [stdout] 
[INFO] [stdout] 
[INFO] [stdout] stack backtrace:
[INFO] [stdout]    0:     0x64caf3878551 - <<std[70759c8f55707aa4]::sys::backtrace::BacktraceLock>::print::DisplayBacktrace as core[df12db4294e9bfd3]::fmt::Display>::fmt
[INFO] [stdout]    1:     0x64caf388ca7a - core[df12db4294e9bfd3]::fmt::write
[INFO] [stdout]    2:     0x64caf387cc6c - <alloc[2182bb758b4b3781]::vec::Vec<u8> as core[df12db4294e9bfd3]::io::write::Write>::write_fmt
[INFO] [stdout]    3:     0x64caf38535d6 - std[70759c8f55707aa4]::panicking::default_hook::{closure#0}
[INFO] [stdout]    4:     0x64caf3870529 - std[70759c8f55707aa4]::panicking::default_hook
[INFO] [stdout]    5:     0x64caf38093d0 - test[9d35eded1c95d3be]::test_main_inner::<test[9d35eded1c95d3be]::test_main_static::{closure#0}>::{closure#0}
[INFO] [stdout]    6:     0x64caf38706e2 - std[70759c8f55707aa4]::panicking::panic_with_hook
[INFO] [stdout]    7:     0x64caf3853682 - std[70759c8f55707aa4]::panicking::panic_handler::{closure#0}
[INFO] [stdout]    8:     0x64caf384c2e9 - std[70759c8f55707aa4]::sys::backtrace::__rust_end_short_backtrace::<std[70759c8f55707aa4]::panicking::panic_handler::{closure#0}, !>
[INFO] [stdout]    9:     0x64caf385427d - __rustc[8fa7c3cbc660c2b3]::rust_begin_unwind
[INFO] [stdout]   10:     0x64caf388d1ac - core[df12db4294e9bfd3]::panicking::panic_fmt
[INFO] [stdout]   11:     0x64caf37f3d2e - <tests[85c0940436b8a1d2]::support::Project>::setup_command
[INFO] [stdout]   12:     0x64caf37f339b - <tests[85c0940436b8a1d2]::support::ProjectBuilder>::build
[INFO] [stdout]   13:     0x64caf37fadad - tests[85c0940436b8a1d2]::remote::test_git_clean_removes_remote_branches
[INFO] [stdout]   14:     0x64caf37f5d49 - <tests[85c0940436b8a1d2]::remote::test_git_clean_removes_remote_branches::{closure#0} as core[df12db4294e9bfd3]::ops::function::FnOnce<()>>::call_once
[INFO] [stdout]   15:     0x64caf37fc6bb - test[9d35eded1c95d3be]::__rust_begin_short_backtrace::<core[df12db4294e9bfd3]::result::Result<(), alloc[2182bb758b4b3781]::string::String>, fn() -> core[df12db4294e9bfd3]::result::Result<(), alloc[2182bb758b4b3781]::string::String>>
[INFO] [stdout]   16:     0x64caf3809d25 - test[9d35eded1c95d3be]::run_test::{closure#0}
[INFO] [stdout]   17:     0x64caf38035e4 - std[70759c8f55707aa4]::sys::backtrace::__rust_begin_short_backtrace::<test[9d35eded1c95d3be]::run_test::{closure#1}, ()>
[INFO] [stdout]   18:     0x64caf380ce82 - <std[70759c8f55707aa4]::thread::lifecycle::spawn_unchecked<test[9d35eded1c95d3be]::run_test::{closure#1}, ()>::{closure#1} as core[df12db4294e9bfd3]::ops::function::FnOnce<()>>::call_once::{shim:vtable#0}
[INFO] [stdout]   19:     0x64caf3877e29 - <std[70759c8f55707aa4]::sys::thread::unix::Thread>::new::thread_start
[INFO] [stdout]   20:     0x77e3fdcd7dfa - <unknown>
[INFO] [stdout]   21:     0x77e3fdd6b3d4 - clone
[INFO] [stdout]   22:                0x0 - <unknown>
[INFO] [stdout] 
[INFO] [stdout] ---- remote::test_git_clean_does_not_remove_ignored_remote_branches stdout ----
[INFO] [stdout] 
[INFO] [stdout] thread 'remote::test_git_clean_does_not_remove_ignored_remote_branches' (599) panicked at tests/support.rs:76:13:
[INFO] [stdout] Expected setup command to succeed, instead found
[INFO] [stdout] stdout: 
[INFO] [stdout] stderr: Author identity unknown
[INFO] [stdout] 
[INFO] [stdout] *** Please tell me who you are.
[INFO] [stdout] 
[INFO] [stdout] Run
[INFO] [stdout] 
[INFO] [stdout]   git config --global user.email "you@example.com"
[INFO] [stdout]   git config --global user.name "Your Name"
[INFO] [stdout] 
[INFO] [stdout] to set your account's default identity.
[INFO] [stdout] Omit --global to set the identity only in this repository.
[INFO] [stdout] 
[INFO] [stdout] fatal: unable to auto-detect email address (got 'root@bcbe8bd66259.(none)')
[INFO] [stdout] 
[INFO] [stdout] 
[INFO] [stdout] stack backtrace:
[INFO] [stdout]    0:     0x64caf3878551 - <<std[70759c8f55707aa4]::sys::backtrace::BacktraceLock>::print::DisplayBacktrace as core[df12db4294e9bfd3]::fmt::Display>::fmt
[INFO] [stdout]    1:     0x64caf388ca7a - core[df12db4294e9bfd3]::fmt::write
[INFO] [stdout]    2:     0x64caf387cc6c - <alloc[2182bb758b4b3781]::vec::Vec<u8> as core[df12db4294e9bfd3]::io::write::Write>::write_fmt
[INFO] [stdout]    3:     0x64caf38535d6 - std[70759c8f55707aa4]::panicking::default_hook::{closure#0}
[INFO] [stdout]    4:     0x64caf3870529 - std[70759c8f55707aa4]::panicking::default_hook
[INFO] [stdout]    5:     0x64caf38093d0 - test[9d35eded1c95d3be]::test_main_inner::<test[9d35eded1c95d3be]::test_main_static::{closure#0}>::{closure#0}
[INFO] [stdout]    6:     0x64caf38706e2 - std[70759c8f55707aa4]::panicking::panic_with_hook
[INFO] [stdout]    7:     0x64caf3853682 - std[70759c8f55707aa4]::panicking::panic_handler::{closure#0}
[INFO] [stdout]    8:     0x64caf384c2e9 - std[70759c8f55707aa4]::sys::backtrace::__rust_end_short_backtrace::<std[70759c8f55707aa4]::panicking::panic_handler::{closure#0}, !>
[INFO] [stdout]    9:     0x64caf385427d - __rustc[8fa7c3cbc660c2b3]::rust_begin_unwind
[INFO] [stdout]   10:     0x64caf388d1ac - core[df12db4294e9bfd3]::panicking::panic_fmt
[INFO] [stdout]   11:     0x64caf37f3d2e - <tests[85c0940436b8a1d2]::support::Project>::setup_command
[INFO] [stdout]   12:     0x64caf37f339b - <tests[85c0940436b8a1d2]::support::ProjectBuilder>::build
[INFO] [stdout]   13:     0x64caf37fb5dd - tests[85c0940436b8a1d2]::remote::test_git_clean_does_not_remove_ignored_remote_branches
[INFO] [stdout]   14:     0x64caf37f5d69 - <tests[85c0940436b8a1d2]::remote::test_git_clean_does_not_remove_ignored_remote_branches::{closure#0} as core[df12db4294e9bfd3]::ops::function::FnOnce<()>>::call_once
[INFO] [stdout]   15:     0x64caf37fc6bb - test[9d35eded1c95d3be]::__rust_begin_short_backtrace::<core[df12db4294e9bfd3]::result::Result<(), alloc[2182bb758b4b3781]::string::String>, fn() -> core[df12db4294e9bfd3]::result::Result<(), alloc[2182bb758b4b3781]::string::String>>
[INFO] [stdout]   16:     0x64caf3809d25 - test[9d35eded1c95d3be]::run_test::{closure#0}
[INFO] [stdout]   17:     0x64caf38035e4 - std[70759c8f55707aa4]::sys::backtrace::__rust_begin_short_backtrace::<test[9d35eded1c95d3be]::run_test::{closure#1}, ()>
[INFO] [stdout]   18:     0x64caf380ce82 - <std[70759c8f55707aa4]::thread::lifecycle::spawn_unchecked<test[9d35eded1c95d3be]::run_test::{closure#1}, ()>::{closure#1} as core[df12db4294e9bfd3]::ops::function::FnOnce<()>>::call_once::{shim:vtable#0}
[INFO] [stdout]   19:     0x64caf3877e29 - <std[70759c8f55707aa4]::sys::thread::unix::Thread>::new::thread_start
[INFO] [stdout]   20:     0x77e3fdcd7dfa - <unknown>
[INFO] [stdout]   21:     0x77e3fdd6b3d4 - clone
[INFO] [stdout]   22:                0x0 - <unknown>
[INFO] [stdout] 
[INFO] [stdout] ---- local::test_git_clean_does_not_remove_list_of_ignored_local_branches stdout ----
[INFO] [stdout] 
[INFO] [stdout] thread 'local::test_git_clean_does_not_remove_list_of_ignored_local_branches' (591) panicked at tests/support.rs:76:13:
[INFO] [stdout] Expected setup command to succeed, instead found
[INFO] [stdout] stdout: 
[INFO] [stdout] stderr: Author identity unknown
[INFO] [stdout] 
[INFO] [stdout] *** Please tell me who you are.
[INFO] [stdout] 
[INFO] [stdout] Run
[INFO] [stdout] 
[INFO] [stdout]   git config --global user.email "you@example.com"
[INFO] [stdout]   git config --global user.name "Your Name"
[INFO] [stdout] 
[INFO] [stdout] to set your account's default identity.
[INFO] [stdout] Omit --global to set the identity only in this repository.
[INFO] [stdout] 
[INFO] [stdout] fatal: unable to auto-detect email address (got 'root@bcbe8bd66259.(none)')
[INFO] [stdout] 
[INFO] [stdout] 
[INFO] [stdout] stack backtrace:
[INFO] [stdout]    0:     0x64caf3878551 - <<std[70759c8f55707aa4]::sys::backtrace::BacktraceLock>::print::DisplayBacktrace as core[df12db4294e9bfd3]::fmt::Display>::fmt
[INFO] [stdout]    1:     0x64caf388ca7a - core[df12db4294e9bfd3]::fmt::write
[INFO] [stdout]    2:     0x64caf387cc6c - <alloc[2182bb758b4b3781]::vec::Vec<u8> as core[df12db4294e9bfd3]::io::write::Write>::write_fmt
[INFO] [stdout]    3:     0x64caf38535d6 - std[70759c8f55707aa4]::panicking::default_hook::{closure#0}
[INFO] [stdout]    4:     0x64caf3870529 - std[70759c8f55707aa4]::panicking::default_hook
[INFO] [stdout]    5:     0x64caf38093d0 - test[9d35eded1c95d3be]::test_main_inner::<test[9d35eded1c95d3be]::test_main_static::{closure#0}>::{closure#0}
[INFO] [stdout]    6:     0x64caf38706e2 - std[70759c8f55707aa4]::panicking::panic_with_hook
[INFO] [stdout]    7:     0x64caf3853682 - std[70759c8f55707aa4]::panicking::panic_handler::{closure#0}
[INFO] [stdout]    8:     0x64caf384c2e9 - std[70759c8f55707aa4]::sys::backtrace::__rust_end_short_backtrace::<std[70759c8f55707aa4]::panicking::panic_handler::{closure#0}, !>
[INFO] [stdout]    9:     0x64caf385427d - __rustc[8fa7c3cbc660c2b3]::rust_begin_unwind
[INFO] [stdout]   10:     0x64caf388d1ac - core[df12db4294e9bfd3]::panicking::panic_fmt
[INFO] [stdout]   11:     0x64caf37f3d2e - <tests[85c0940436b8a1d2]::support::Project>::setup_command
[INFO] [stdout]   12:     0x64caf37f339b - <tests[85c0940436b8a1d2]::support::ProjectBuilder>::build
[INFO] [stdout]   13:     0x64caf37f9a51 - tests[85c0940436b8a1d2]::local::test_git_clean_does_not_remove_list_of_ignored_local_branches
[INFO] [stdout]   14:     0x64caf37f5d29 - <tests[85c0940436b8a1d2]::local::test_git_clean_does_not_remove_list_of_ignored_local_branches::{closure#0} as core[df12db4294e9bfd3]::ops::function::FnOnce<()>>::call_once
[INFO] [stdout]   15:     0x64caf37fc6bb - test[9d35eded1c95d3be]::__rust_begin_short_backtrace::<core[df12db4294e9bfd3]::result::Result<(), alloc[2182bb758b4b3781]::string::String>, fn() -> core[df12db4294e9bfd3]::result::Result<(), alloc[2182bb758b4b3781]::string::String>>
[INFO] [stdout]   16:     0x64caf3809d25 - test[9d35eded1c95d3be]::run_test::{closure#0}
[INFO] [stdout]   17:     0x64caf38035e4 - std[70759c8f55707aa4]::sys::backtrace::__rust_begin_short_backtrace::<test[9d35eded1c95d3be]::run_test::{closure#1}, ()>
[INFO] [stdout]   18:     0x64caf380ce82 - <std[70759c8f55707aa4]::thread::lifecycle::spawn_unchecked<test[9d35eded1c95d3be]::run_test::{closure#1}, ()>::{closure#1} as core[df12db4294e9bfd3]::ops::function::FnOnce<()>>::call_once::{shim:vtable#0}
[INFO] [stdout]   19:     0x64caf3877e29 - <std[70759c8f55707aa4]::sys::thread::unix::Thread>::new::thread_start
[INFO] [stdout]   20:     0x77e3fdcd7dfa - <unknown>
[INFO] [stdout]   21:     0x77e3fdd6b3d4 - clone
[INFO] [stdout]   22:                0x0 - <unknown>
[INFO] [stdout] 
[INFO] [stdout] 
[INFO] [stdout] failures:
[INFO] [stdout]     deletion::test_git_clean_deletes_unpushed_ahead_branch
[INFO] [stdout]     deletion::test_git_clean_does_not_delete_branches_ahead_of_main
[INFO] [stdout]     deletion::test_git_clean_does_not_delete_branches_ahead_of_main_d_flag
[INFO] [stdout]     deletion::test_git_clean_does_not_delete_unpushed_ahead_branch
[INFO] [stdout]     deletion::test_git_clean_ignores_squashes_without_flag
[INFO] [stdout]     deletion::test_git_clean_works_with_merged_branches
[INFO] [stdout]     deletion::test_git_clean_works_with_squashed_merges
[INFO] [stdout]     deletion::test_git_clean_works_with_squashes_with_flag
[INFO] [stdout]     local::test_git_clean_does_not_remove_ignored_local_branches
[INFO] [stdout]     local::test_git_clean_does_not_remove_list_of_ignored_local_branches
[INFO] [stdout]     local::test_git_clean_removes_local_branches
[INFO] [stdout]     remote::test_git_clean_does_not_remove_ignored_remote_branches
[INFO] [stdout]     remote::test_git_clean_removes_remote_branches
[INFO] [stdout]     utility::test_git_clean_checks_for_git_in_path
[INFO] [stdout] 
[INFO] [stdout] test result: FAILED. 0 passed; 14 failed; 0 ignored; 0 measured; 0 filtered out; finished in 0.17s
[INFO] [stdout] 
[INFO] [stderr] error: test failed, to rerun pass `--test tests`
[INFO] running `Command { std: "docker" "inspect" "bcbe8bd66259f0ba1a5c083696bc772d20f364fb95ae5ce648ac48d0be664449", kill_on_drop: false }`
[INFO] running `Command { std: "docker" "rm" "-f" "bcbe8bd66259f0ba1a5c083696bc772d20f364fb95ae5ce648ac48d0be664449", kill_on_drop: false }`
[INFO] [stdout] bcbe8bd66259f0ba1a5c083696bc772d20f364fb95ae5ce648ac48d0be664449
