[INFO] fetching crate ghci 0.2.1...
[INFO] testing ghci-0.2.1 against 1.100.0-beta.1+cargoflags=--release for beta-release-1.100-2
[INFO] extracting crate ghci 0.2.1 into /workspace/builds/worker-6-tc2/source
[INFO] started tweaking crates.io crate ghci 0.2.1
[INFO] removed 0 missing tests
[INFO] finished tweaking crates.io crate ghci 0.2.1
[INFO] tweaked toml for crates.io crate ghci 0.2.1 written to /workspace/builds/worker-6-tc2/source/Cargo.toml
[INFO] validating manifest of crates.io crate ghci 0.2.1 on toolchain 1.100.0-beta.1
[INFO] running `Command { std: CARGO_HOME="/workspace/cargo-home" RUSTUP_HOME="/workspace/rustup-home" "/workspace/cargo-home/bin/cargo" "+1.100.0-beta.1" "metadata" "--manifest-path" "Cargo.toml" "--no-deps", kill_on_drop: false }`
[INFO] crate crates.io crate ghci 0.2.1 already has a lockfile, it will not be regenerated
[INFO] running `Command { std: CARGO_HOME="/workspace/cargo-home" RUSTUP_HOME="/workspace/rustup-home" "/workspace/cargo-home/bin/cargo" "+1.100.0-beta.1" "fetch" "--manifest-path" "Cargo.toml", kill_on_drop: false }`
[INFO] running `Command { std: "docker" "create" "-v" "/var/lib/crater-agent-workspace/builds/worker-6-tc2/source:/opt/rustwide/workdir:ro,Z" "-v" "/var/lib/crater-agent-workspace/builds/worker-6-tc2/target:/opt/rustwide/target:rw,Z" "-v" "/var/lib/crater-agent-workspace/cargo-home:/opt/rustwide/cargo-home:ro,Z" "-v" "/var/lib/crater-agent-workspace/rustup-home:/opt/rustwide/rustup-home:ro,Z" "-m" "1610612736" "--network" "none" "ghcr.io/rust-lang/crates-build-env/linux@sha256:77db811e55d90add9212f6832c23229e3de5f1c1f9905e8cb07319ea15df73ac" "sleep" "infinity", kill_on_drop: false }`
[INFO] [stdout] bd22ffd6c6f28d9424e30b54c3b0a9460b343efa7132d20f4af388578abea4ec
[INFO] running `Command { std: "docker" "start" "bd22ffd6c6f28d9424e30b54c3b0a9460b343efa7132d20f4af388578abea4ec", kill_on_drop: false }`
[INFO] running `Command { std: "docker" "inspect" "bd22ffd6c6f28d9424e30b54c3b0a9460b343efa7132d20f4af388578abea4ec", kill_on_drop: false }`
[INFO] running `Command { std: "docker" "exec" "-e" "SOURCE_DIR=/opt/rustwide/workdir" "-e" "CARGO_HOME=/opt/rustwide/cargo-home" "-e" "RUSTUP_HOME=/opt/rustwide/rustup-home" "-e" "CARGO_TARGET_DIR=/opt/rustwide/target" "-w" "/opt/rustwide/workdir" "--user" "0:0" "bd22ffd6c6f28d9424e30b54c3b0a9460b343efa7132d20f4af388578abea4ec" "/opt/rustwide/cargo-home/bin/cargo" "+1.100.0-beta.1" "metadata" "--no-deps" "--format-version=1", kill_on_drop: false }`
[INFO] running `Command { std: "docker" "inspect" "bd22ffd6c6f28d9424e30b54c3b0a9460b343efa7132d20f4af388578abea4ec", kill_on_drop: false }`
[INFO] running `Command { std: "docker" "exec" "-e" "SOURCE_DIR=/opt/rustwide/workdir" "-e" "CARGO_HOME=/opt/rustwide/cargo-home" "-e" "RUSTUP_HOME=/opt/rustwide/rustup-home" "-e" "CARGO_TARGET_DIR=/opt/rustwide/target" "-e" "CARGO_INCREMENTAL=0" "-e" "RUST_BACKTRACE=full" "-e" "RUSTFLAGS=--cap-lints=warn" "-e" "RUSTDOCFLAGS=--cap-lints=warn" "-w" "/opt/rustwide/workdir" "--user" "0:0" "bd22ffd6c6f28d9424e30b54c3b0a9460b343efa7132d20f4af388578abea4ec" "/opt/rustwide/cargo-home/bin/cargo" "+1.100.0-beta.1" "build" "--frozen" "--message-format=json" "--release", kill_on_drop: false }`
[INFO] [stderr]    Compiling libc v0.2.183
[INFO] [stderr]    Compiling nix v0.29.0
[INFO] [stderr]    Compiling nonblock v0.2.0
[INFO] [stderr]    Compiling ghci v0.2.1 (/opt/rustwide/workdir)
[INFO] [stderr]     Finished `release` profile [optimized] target(s) in 4.57s
[INFO] [stderr] warning: the following packages contain code that will be rejected by a future version of Rust: nix v0.29.0
[INFO] [stderr] note: to see what the problems were, use the option `--future-incompat-report`, or run `cargo report future-incompatibilities --id 2`
[INFO] running `Command { std: "docker" "inspect" "bd22ffd6c6f28d9424e30b54c3b0a9460b343efa7132d20f4af388578abea4ec", kill_on_drop: false }`
[INFO] running `Command { std: "docker" "exec" "-e" "SOURCE_DIR=/opt/rustwide/workdir" "-e" "CARGO_HOME=/opt/rustwide/cargo-home" "-e" "RUSTUP_HOME=/opt/rustwide/rustup-home" "-e" "CARGO_TARGET_DIR=/opt/rustwide/target" "-e" "CARGO_INCREMENTAL=0" "-e" "RUST_BACKTRACE=full" "-e" "RUSTFLAGS=--cap-lints=warn" "-e" "RUSTDOCFLAGS=--cap-lints=warn" "-w" "/opt/rustwide/workdir" "--user" "0:0" "bd22ffd6c6f28d9424e30b54c3b0a9460b343efa7132d20f4af388578abea4ec" "/opt/rustwide/cargo-home/bin/cargo" "+1.100.0-beta.1" "test" "--frozen" "--no-run" "--message-format=json" "--release", kill_on_drop: false }`
[INFO] [stderr]    Compiling proc-macro2 v1.0.106
[INFO] [stderr]    Compiling quote v1.0.45
[INFO] [stderr]    Compiling winnow v0.5.40
[INFO] [stderr]    Compiling regex-syntax v0.8.10
[INFO] [stderr]    Compiling pulldown-cmark v0.9.6
[INFO] [stderr]    Compiling syn v2.0.117
[INFO] [stderr]    Compiling unicase v2.9.0
[INFO] [stderr]    Compiling semver v1.0.27
[INFO] [stderr]    Compiling serde_spanned v0.6.9
[INFO] [stderr]    Compiling toml_datetime v0.6.11
[INFO] [stderr]    Compiling synstructure v0.13.2
[INFO] [stderr]    Compiling regex-automata v0.4.14
[INFO] [stderr]    Compiling toml_edit v0.19.15
[INFO] [stderr]    Compiling zerovec-derive v0.11.2
[INFO] [stderr]    Compiling zerofrom-derive v0.1.6
[INFO] [stderr]    Compiling yoke-derive v0.8.1
[INFO] [stderr]    Compiling displaydoc v0.2.5
[INFO] [stderr]    Compiling thiserror-impl v2.0.18
[INFO] [stderr]    Compiling zerofrom v0.1.6
[INFO] [stderr]    Compiling yoke v0.8.1
[INFO] [stderr]    Compiling zerovec v0.11.5
[INFO] [stderr]    Compiling zerotrie v0.2.3
[INFO] [stderr]    Compiling thiserror v2.0.18
[INFO] [stderr]    Compiling ghci v0.2.1 (/opt/rustwide/workdir)
[INFO] [stderr]    Compiling tinystr v0.8.2
[INFO] [stderr]    Compiling potential_utf v0.1.4
[INFO] [stderr]    Compiling icu_locale_core v2.1.1
[INFO] [stderr]    Compiling icu_collections v2.1.1
[INFO] [stderr]    Compiling toml v0.7.8
[INFO] [stderr]    Compiling icu_provider v2.1.1
[INFO] [stderr]    Compiling regex v1.12.3
[INFO] [stderr]    Compiling icu_properties v2.1.2
[INFO] [stderr]    Compiling icu_normalizer v2.1.1
[INFO] [stderr]    Compiling idna_adapter v1.2.1
[INFO] [stderr]    Compiling idna v1.1.0
[INFO] [stderr]    Compiling url v2.5.8
[INFO] [stderr]    Compiling version-sync v0.9.5
[INFO] [stderr]     Finished `release` profile [optimized] target(s) in 45.23s
[INFO] [stderr] warning: the following packages contain code that will be rejected by a future version of Rust: nix v0.29.0
[INFO] [stderr] note: to see what the problems were, use the option `--future-incompat-report`, or run `cargo report future-incompatibilities --id 2`
[INFO] running `Command { std: "docker" "inspect" "bd22ffd6c6f28d9424e30b54c3b0a9460b343efa7132d20f4af388578abea4ec", kill_on_drop: false }`
[INFO] running `Command { std: "docker" "exec" "-e" "SOURCE_DIR=/opt/rustwide/workdir" "-e" "CARGO_HOME=/opt/rustwide/cargo-home" "-e" "RUSTUP_HOME=/opt/rustwide/rustup-home" "-e" "CARGO_TARGET_DIR=/opt/rustwide/target" "-e" "CARGO_INCREMENTAL=0" "-e" "RUST_BACKTRACE=full" "-e" "RUSTFLAGS=--cap-lints=warn" "-e" "RUSTDOCFLAGS=--cap-lints=warn" "-w" "/opt/rustwide/workdir" "--user" "0:0" "bd22ffd6c6f28d9424e30b54c3b0a9460b343efa7132d20f4af388578abea4ec" "/opt/rustwide/cargo-home/bin/cargo" "+1.100.0-beta.1" "test" "--frozen" "--release", kill_on_drop: false }`
[INFO] [stderr]     Finished `release` profile [optimized] target(s) in 0.10s
[INFO] [stderr] warning: the following packages contain code that will be rejected by a future version of Rust: nix v0.29.0
[INFO] [stderr] note: to see what the problems were, use the option `--future-incompat-report`, or run `cargo report future-incompatibilities --id 2`
[INFO] [stderr]      Running unittests src/lib.rs (/opt/rustwide/target/release/build/ghci/471b8400ba70c920/out/ghci-471b8400ba70c920)
[INFO] [stdout] 
[INFO] [stdout] running 54 tests
[INFO] [stdout] test haskell::tests::empty_escape_disambiguation ... ok
[INFO] [stdout] test haskell::tests::float_from_haskell ... ok
[INFO] [stdout] test haskell::tests::none_roundtrip ... ok
[INFO] [stdout] test haskell::tests::option_from_haskell ... ok
[INFO] [stdout] test haskell::tests::float_to_haskell ... ok
[INFO] [stdout] test haskell::tests::app_builder_no_args ... ok
[INFO] [stdout] test haskell::tests::parse_app_mixed_types ... ok
[INFO] [stdout] test haskell::tests::app_builder_single_arg ... ok
[INFO] [stdout] test haskell::tests::option_to_haskell ... ok
[INFO] [stdout] test haskell::tests::char_to_haskell ... ok
[INFO] [stdout] test haskell::tests::char_from_haskell ... ok
[INFO] [stdout] test haskell::tests::bool_from_haskell ... ok
[INFO] [stdout] test haskell::tests::nested_to_haskell ... ok
[INFO] [stdout] test haskell::tests::parse_record_missing_field ... ok
[INFO] [stdout] test haskell::tests::parse_record_basic ... ok
[INFO] [stdout] test haskell::tests::app_builder_mixed_types ... ok
[INFO] [stdout] test haskell::tests::named_escapes_from_haskell ... ok
[INFO] [stdout] test haskell::tests::bool_to_haskell ... ok
[INFO] [stdout] test haskell::tests::app_roundtrip ... ok
[INFO] [stdout] test haskell::tests::parse_app_single_arg ... ok
[INFO] [stdout] test haskell::tests::nested_option_vec_roundtrip ... ok
[INFO] [stdout] test haskell::tests::parse_app_wrong_constructor ... ok
[INFO] [stdout] test haskell::tests::empty_vec_roundtrip ... ok
[INFO] [stdout] test haskell::tests::parse_app_no_args ... ok
[INFO] [stdout] test haskell::tests::parse_record_nested ... ok
[INFO] [stdout] test haskell::tests::parse_record_wrong_constructor ... ok
[INFO] [stdout] test haskell::tests::record_builder_mixed_types ... ok
[INFO] [stdout] test haskell::tests::record_builder_single_field ... ok
[INFO] [stdout] test haskell::tests::record_builder_no_fields ... ok
[INFO] [stdout] test haskell::tests::record_roundtrip ... ok
[INFO] [stdout] test haskell::tests::single_char_escapes_from_haskell ... ok
[INFO] [stdout] test haskell::tests::so_soh_prefix_conflict ... ok
[INFO] [stdout] test haskell::tests::unsigned_from_haskell ... ok
[INFO] [stdout] test haskell::tests::string_escaping_roundtrip ... ok
[INFO] [stdout] test haskell::tests::trailing_input_error ... ok
[INFO] [stdout] test haskell::tests::signed_to_haskell ... ok
[INFO] [stdout] test haskell::tests::string_from_haskell ... ok
[INFO] [stdout] test haskell::tests::ref_to_haskell ... ok
[INFO] [stdout] test haskell::tests::unsigned_to_haskell ... ok
[INFO] [stdout] test haskell::tests::vec_to_haskell ... ok
[INFO] [stdout] test haskell::tests::signed_from_haskell ... ok
[INFO] [stdout] test tests::eval_as_option ... FAILED
[INFO] [stdout] test tests::eval_as_integer ... FAILED
[INFO] [stdout] test tests::eval_as_boolean ... FAILED
[INFO] [stdout] test tests::eval_as_string ... FAILED
[INFO] [stdout] test tests::disallow_set_prompt ... FAILED
[INFO] [stdout] test tests::eval_as_vec ... FAILED
[INFO] [stdout] test tests::parse_error_raw ... FAILED
[INFO] [stdout] test haskell::tests::tuple_to_haskell ... ok
[INFO] [stdout] test haskell::tests::tuple_from_haskell ... ok
[INFO] [stdout] test tests::parse_error ... FAILED
[INFO] [stdout] test tests::timeout_on_infinite_output ... FAILED
[INFO] [stdout] test haskell::tests::string_to_haskell ... ok
[INFO] [stdout] test haskell::tests::vec_from_haskell ... ok
[INFO] [stdout] 
[INFO] [stdout] failures:
[INFO] [stdout] 
[INFO] [stdout] ---- tests::eval_as_option stdout ----
[INFO] [stdout] Error: IOError(Os { code: 2, kind: NotFound, message: "No such file or directory" })
[INFO] [stdout] 
[INFO] [stdout] ---- tests::eval_as_integer stdout ----
[INFO] [stdout] Error: IOError(Os { code: 2, kind: NotFound, message: "No such file or directory" })
[INFO] [stdout] 
[INFO] [stdout] ---- tests::eval_as_boolean stdout ----
[INFO] [stdout] Error: IOError(Os { code: 2, kind: NotFound, message: "No such file or directory" })
[INFO] [stdout] 
[INFO] [stdout] ---- tests::eval_as_string stdout ----
[INFO] [stdout] Error: IOError(Os { code: 2, kind: NotFound, message: "No such file or directory" })
[INFO] [stdout] 
[INFO] [stdout] ---- tests::disallow_set_prompt stdout ----
[INFO] [stdout] 
[INFO] [stdout] thread 'tests::disallow_set_prompt' (1137) panicked at src/lib.rs:730:36:
[INFO] [stdout] called `Result::unwrap()` on an `Err` value: IOError(Os { code: 2, kind: NotFound, message: "No such file or directory" })
[INFO] [stdout] stack backtrace:
[INFO] [stdout]    0:     0x60d6427bcc41 - <<std[617be2ca0a6fd877]::sys::backtrace::BacktraceLock>::print::DisplayBacktrace as core[a373ad73a504971]::fmt::Display>::fmt
[INFO] [stdout]    1:     0x60d6427d1caa - core[a373ad73a504971]::fmt::write
[INFO] [stdout]    2:     0x60d6427c0ecc - <alloc[2e1b2a31b91974c5]::vec::Vec<u8> as core[a373ad73a504971]::io::write::Write>::write_fmt
[INFO] [stdout]    3:     0x60d642798bd6 - std[617be2ca0a6fd877]::panicking::default_hook::{closure#0}
[INFO] [stdout]    4:     0x60d6427b5259 - std[617be2ca0a6fd877]::panicking::default_hook
[INFO] [stdout]    5:     0x60d6427513b0 - test[aada8e7e76ba119b]::test_main_inner::{closure#0}
[INFO] [stdout]    6:     0x60d6427b5412 - std[617be2ca0a6fd877]::panicking::panic_with_hook
[INFO] [stdout]    7:     0x60d642798c82 - std[617be2ca0a6fd877]::panicking::panic_handler::{closure#0}
[INFO] [stdout]    8:     0x60d642791999 - std[617be2ca0a6fd877]::sys::backtrace::__rust_end_short_backtrace::<std[617be2ca0a6fd877]::panicking::panic_handler::{closure#0}, !>
[INFO] [stdout]    9:     0x60d64279988d - __rustc[ea4f61d10b84890b]::rust_begin_unwind
[INFO] [stdout]   10:     0x60d6427d23dc - core[a373ad73a504971]::panicking::panic_fmt
[INFO] [stdout]   11:     0x60d6427d21b2 - core[a373ad73a504971]::result::unwrap_failed
[INFO] [stdout]   12:     0x60d6427400c4 - <ghci[a29e0aaf9c443d34]::tests::disallow_set_prompt::{closure#0} as core[a373ad73a504971]::ops::function::FnOnce<()>>::call_once
[INFO] [stdout]   13:     0x60d6427447fb - test[aada8e7e76ba119b]::__rust_begin_short_backtrace::<core[a373ad73a504971]::result::Result<(), alloc[2e1b2a31b91974c5]::string::String>, fn() -> core[a373ad73a504971]::result::Result<(), alloc[2e1b2a31b91974c5]::string::String>>
[INFO] [stdout]   14:     0x60d6427519d5 - test[aada8e7e76ba119b]::run_test::{closure#0}
[INFO] [stdout]   15:     0x60d64274b2c4 - std[617be2ca0a6fd877]::sys::backtrace::__rust_begin_short_backtrace::<test[aada8e7e76ba119b]::run_test::{closure#1}, ()>
[INFO] [stdout]   16:     0x60d642754a62 - <std[617be2ca0a6fd877]::thread::lifecycle::spawn_unchecked<test[aada8e7e76ba119b]::run_test::{closure#1}, ()>::{closure#1} as core[a373ad73a504971]::ops::function::FnOnce<()>>::call_once::{shim:vtable#0}
[INFO] [stdout]   17:     0x60d6427bc49f - <std[617be2ca0a6fd877]::sys::thread::unix::Thread>::new::thread_start
[INFO] [stdout]   18:     0x739ab8308dfa - <unknown>
[INFO] [stdout]   19:     0x739ab839c3d4 - clone
[INFO] [stdout]   20:                0x0 - <unknown>
[INFO] [stdout] 
[INFO] [stdout] ---- tests::eval_as_vec stdout ----
[INFO] [stdout] Error: IOError(Os { code: 2, kind: NotFound, message: "No such file or directory" })
[INFO] [stdout] 
[INFO] [stdout] ---- tests::parse_error_raw stdout ----
[INFO] [stdout] 
[INFO] [stdout] thread 'tests::parse_error_raw' (1149) panicked at src/lib.rs:683:36:
[INFO] [stdout] called `Result::unwrap()` on an `Err` value: IOError(Os { code: 2, kind: NotFound, message: "No such file or directory" })
[INFO] [stdout] stack backtrace:
[INFO] [stdout]    0:     0x60d6427bcc41 - <<std[617be2ca0a6fd877]::sys::backtrace::BacktraceLock>::print::DisplayBacktrace as core[a373ad73a504971]::fmt::Display>::fmt
[INFO] [stdout]    1:     0x60d6427d1caa - core[a373ad73a504971]::fmt::write
[INFO] [stdout]    2:     0x60d6427c0ecc - <alloc[2e1b2a31b91974c5]::vec::Vec<u8> as core[a373ad73a504971]::io::write::Write>::write_fmt
[INFO] [stdout]    3:     0x60d642798bd6 - std[617be2ca0a6fd877]::panicking::default_hook::{closure#0}
[INFO] [stdout]    4:     0x60d6427b5259 - std[617be2ca0a6fd877]::panicking::default_hook
[INFO] [stdout]    5:     0x60d6427513b0 - test[aada8e7e76ba119b]::test_main_inner::{closure#0}
[INFO] [stdout]    6:     0x60d6427b5412 - std[617be2ca0a6fd877]::panicking::panic_with_hook
[INFO] [stdout]    7:     0x60d642798c82 - std[617be2ca0a6fd877]::panicking::panic_handler::{closure#0}
[INFO] [stdout]    8:     0x60d642791999 - std[617be2ca0a6fd877]::sys::backtrace::__rust_end_short_backtrace::<std[617be2ca0a6fd877]::panicking::panic_handler::{closure#0}, !>
[INFO] [stdout]    9:     0x60d64279988d - __rustc[ea4f61d10b84890b]::rust_begin_unwind
[INFO] [stdout]   10:     0x60d6427d23dc - core[a373ad73a504971]::panicking::panic_fmt
[INFO] [stdout]   11:     0x60d6427d21b2 - core[a373ad73a504971]::result::unwrap_failed
[INFO] [stdout]   12:     0x60d64273fde6 - <ghci[a29e0aaf9c443d34]::tests::parse_error_raw::{closure#0} as core[a373ad73a504971]::ops::function::FnOnce<()>>::call_once
[INFO] [stdout]   13:     0x60d6427447fb - test[aada8e7e76ba119b]::__rust_begin_short_backtrace::<core[a373ad73a504971]::result::Result<(), alloc[2e1b2a31b91974c5]::string::String>, fn() -> core[a373ad73a504971]::result::Result<(), alloc[2e1b2a31b91974c5]::string::String>>
[INFO] [stdout]   14:     0x60d6427519d5 - test[aada8e7e76ba119b]::run_test::{closure#0}
[INFO] [stdout]   15:     0x60d64274b2c4 - std[617be2ca0a6fd877]::sys::backtrace::__rust_begin_short_backtrace::<test[aada8e7e76ba119b]::run_test::{closure#1}, ()>
[INFO] [stdout]   16:     0x60d642754a62 - <std[617be2ca0a6fd877]::thread::lifecycle::spawn_unchecked<test[aada8e7e76ba119b]::run_test::{closure#1}, ()>::{closure#1} as core[a373ad73a504971]::ops::function::FnOnce<()>>::call_once::{shim:vtable#0}
[INFO] [stdout]   17:     0x60d6427bc49f - <std[617be2ca0a6fd877]::sys::thread::unix::Thread>::new::thread_start
[INFO] [stdout]   18:     0x739ab8308dfa - <unknown>
[INFO] [stdout]   19:     0x739ab839c3d4 - clone
[INFO] [stdout]   20:                0x0 - <unknown>
[INFO] [stdout] 
[INFO] [stdout] ---- tests::parse_error stdout ----
[INFO] [stdout] 
[INFO] [stdout] thread 'tests::parse_error' (1147) panicked at src/lib.rs:671:36:
[INFO] [stdout] called `Result::unwrap()` on an `Err` value: IOError(Os { code: 2, kind: NotFound, message: "No such file or directory" })
[INFO] [stdout] stack backtrace:
[INFO] [stdout]    0:     0x60d6427bcc41 - <<std[617be2ca0a6fd877]::sys::backtrace::BacktraceLock>::print::DisplayBacktrace as core[a373ad73a504971]::fmt::Display>::fmt
[INFO] [stdout]    1:     0x60d6427d1caa - core[a373ad73a504971]::fmt::write
[INFO] [stdout]    2:     0x60d6427c0ecc - <alloc[2e1b2a31b91974c5]::vec::Vec<u8> as core[a373ad73a504971]::io::write::Write>::write_fmt
[INFO] [stdout]    3:     0x60d642798bd6 - std[617be2ca0a6fd877]::panicking::default_hook::{closure#0}
[INFO] [stdout]    4:     0x60d6427b5259 - std[617be2ca0a6fd877]::panicking::default_hook
[INFO] [stdout]    5:     0x60d6427513b0 - test[aada8e7e76ba119b]::test_main_inner::{closure#0}
[INFO] [stdout]    6:     0x60d6427b5412 - std[617be2ca0a6fd877]::panicking::panic_with_hook
[INFO] [stdout]    7:     0x60d642798c82 - std[617be2ca0a6fd877]::panicking::panic_handler::{closure#0}
[INFO] [stdout]    8:     0x60d642791999 - std[617be2ca0a6fd877]::sys::backtrace::__rust_end_short_backtrace::<std[617be2ca0a6fd877]::panicking::panic_handler::{closure#0}, !>
[INFO] [stdout]    9:     0x60d64279988d - __rustc[ea4f61d10b84890b]::rust_begin_unwind
[INFO] [stdout]   10:     0x60d6427d23dc - core[a373ad73a504971]::panicking::panic_fmt
[INFO] [stdout]   11:     0x60d6427d21b2 - core[a373ad73a504971]::result::unwrap_failed
[INFO] [stdout]   12:     0x60d64273f1b9 - <ghci[a29e0aaf9c443d34]::tests::parse_error::{closure#0} as core[a373ad73a504971]::ops::function::FnOnce<()>>::call_once
[INFO] [stdout]   13:     0x60d6427447fb - test[aada8e7e76ba119b]::__rust_begin_short_backtrace::<core[a373ad73a504971]::result::Result<(), alloc[2e1b2a31b91974c5]::string::String>, fn() -> core[a373ad73a504971]::result::Result<(), alloc[2e1b2a31b91974c5]::string::String>>
[INFO] [stdout]   14:     0x60d6427519d5 - test[aada8e7e76ba119b]::run_test::{closure#0}
[INFO] [stdout]   15:     0x60d64274b2c4 - std[617be2ca0a6fd877]::sys::backtrace::__rust_begin_short_backtrace::<test[aada8e7e76ba119b]::run_test::{closure#1}, ()>
[INFO] [stdout]   16:     0x60d642754a62 - <std[617be2ca0a6fd877]::thread::lifecycle::spawn_unchecked<test[aada8e7e76ba119b]::run_test::{closure#1}, ()>::{closure#1} as core[a373ad73a504971]::ops::function::FnOnce<()>>::call_once::{shim:vtable#0}
[INFO] [stdout]   17:     0x60d6427bc49f - <std[617be2ca0a6fd877]::sys::thread::unix::Thread>::new::thread_start
[INFO] [stdout]   18:     0x739ab8308dfa - <unknown>
[INFO] [stdout]   19:     0x739ab839c3d4 - clone
[INFO] [stdout]   20:                0x0 - <unknown>
[INFO] [stdout] 
[INFO] [stdout] ---- tests::timeout_on_infinite_output stdout ----
[INFO] [stdout] 
[INFO] [stdout] thread 'tests::timeout_on_infinite_output' (1153) panicked at src/lib.rs:740:36:
[INFO] [stdout] called `Result::unwrap()` on an `Err` value: IOError(Os { code: 2, kind: NotFound, message: "No such file or directory" })
[INFO] [stdout] stack backtrace:
[INFO] [stdout]    0:     0x60d6427bcc41 - <<std[617be2ca0a6fd877]::sys::backtrace::BacktraceLock>::print::DisplayBacktrace as core[a373ad73a504971]::fmt::Display>::fmt
[INFO] [stdout]    1:     0x60d6427d1caa - core[a373ad73a504971]::fmt::write
[INFO] [stdout]    2:     0x60d6427c0ecc - <alloc[2e1b2a31b91974c5]::vec::Vec<u8> as core[a373ad73a504971]::io::write::Write>::write_fmt
[INFO] [stdout]    3:     0x60d642798bd6 - std[617be2ca0a6fd877]::panicking::default_hook::{closure#0}
[INFO] [stdout]    4:     0x60d6427b5259 - std[617be2ca0a6fd877]::panicking::default_hook
[INFO] [stdout]    5:     0x60d6427513b0 - test[aada8e7e76ba119b]::test_main_inner::{closure#0}
[INFO] [stdout]    6:     0x60d6427b5412 - std[617be2ca0a6fd877]::panicking::panic_with_hook
[INFO] [stdout]    7:     0x60d642798c82 - std[617be2ca0a6fd877]::panicking::panic_handler::{closure#0}
[INFO] [stdout]    8:     0x60d642791999 - std[617be2ca0a6fd877]::sys::backtrace::__rust_end_short_backtrace::<std[617be2ca0a6fd877]::panicking::panic_handler::{closure#0}, !>
[INFO] [stdout]    9:     0x60d64279988d - __rustc[ea4f61d10b84890b]::rust_begin_unwind
[INFO] [stdout]   10:     0x60d6427d23dc - core[a373ad73a504971]::panicking::panic_fmt
[INFO] [stdout]   11:     0x60d6427d21b2 - core[a373ad73a504971]::result::unwrap_failed
[INFO] [stdout]   12:     0x60d64274033d - <ghci[a29e0aaf9c443d34]::tests::timeout_on_infinite_output::{closure#0} as core[a373ad73a504971]::ops::function::FnOnce<()>>::call_once
[INFO] [stdout]   13:     0x60d6427447fb - test[aada8e7e76ba119b]::__rust_begin_short_backtrace::<core[a373ad73a504971]::result::Result<(), alloc[2e1b2a31b91974c5]::string::String>, fn() -> core[a373ad73a504971]::result::Result<(), alloc[2e1b2a31b91974c5]::string::String>>
[INFO] [stdout]   14:     0x60d6427519d5 - test[aada8e7e76ba119b]::run_test::{closure#0}
[INFO] [stdout]   15:     0x60d64274b2c4 - std[617be2ca0a6fd877]::sys::backtrace::__rust_begin_short_backtrace::<test[aada8e7e76ba119b]::run_test::{closure#1}, ()>
[INFO] [stdout]   16:     0x60d642754a62 - <std[617be2ca0a6fd877]::thread::lifecycle::spawn_unchecked<test[aada8e7e76ba119b]::run_test::{closure#1}, ()>::{closure#1} as core[a373ad73a504971]::ops::function::FnOnce<()>>::call_once::{shim:vtable#0}
[INFO] [stdout]   17:     0x60d6427bc49f - <std[617be2ca0a6fd877]::sys::thread::unix::Thread>::new::thread_start
[INFO] [stdout]   18:     0x739ab8308dfa - <unknown>
[INFO] [stdout]   19:     0x739ab839c3d4 - clone
[INFO] [stdout]   20:                0x0 - <unknown>
[INFO] [stdout] 
[INFO] [stdout] 
[INFO] [stdout] failures:
[INFO] [stdout]     tests::disallow_set_prompt
[INFO] [stdout]     tests::eval_as_boolean
[INFO] [stdout]     tests::eval_as_integer
[INFO] [stdout]     tests::eval_as_option
[INFO] [stdout]     tests::eval_as_string
[INFO] [stdout]     tests::eval_as_vec
[INFO] [stdout]     tests::parse_error
[INFO] [stdout]     tests::parse_error_raw
[INFO] [stdout]     tests::timeout_on_infinite_output
[INFO] [stdout] 
[INFO] [stdout] test result: FAILED. 45 passed; 9 failed; 0 ignored; 0 measured; 0 filtered out; finished in 0.20s
[INFO] [stdout] 
[INFO] [stderr] error: test failed, to rerun pass `--lib`
[INFO] running `Command { std: "docker" "inspect" "bd22ffd6c6f28d9424e30b54c3b0a9460b343efa7132d20f4af388578abea4ec", kill_on_drop: false }`
[INFO] running `Command { std: "docker" "rm" "-f" "bd22ffd6c6f28d9424e30b54c3b0a9460b343efa7132d20f4af388578abea4ec", kill_on_drop: false }`
[INFO] [stdout] bd22ffd6c6f28d9424e30b54c3b0a9460b343efa7132d20f4af388578abea4ec
