[INFO] fetching crate ghastoolkit 0.12.2...
[INFO] testing ghastoolkit-0.12.2 against 1.100.0-beta.1+cargoflags=--release for beta-release-1.100-2
[INFO] extracting crate ghastoolkit 0.12.2 into /workspace/builds/worker-0-tc2/source
[INFO] started tweaking crates.io crate ghastoolkit 0.12.2
[INFO] finished tweaking crates.io crate ghastoolkit 0.12.2
[INFO] tweaked toml for crates.io crate ghastoolkit 0.12.2 written to /workspace/builds/worker-0-tc2/source/Cargo.toml
[INFO] validating manifest of crates.io crate ghastoolkit 0.12.2 on toolchain 1.100.0-beta.1
[INFO] running `Command { std: CARGO_HOME="/workspace/cargo-home" RUSTUP_HOME="/workspace/rustup-home" "/workspace/cargo-home/bin/cargo" "+1.100.0-beta.1" "metadata" "--manifest-path" "Cargo.toml" "--no-deps", kill_on_drop: false }`
[INFO] crate crates.io crate ghastoolkit 0.12.2 already has a lockfile, it will not be regenerated
[INFO] running `Command { std: CARGO_HOME="/workspace/cargo-home" RUSTUP_HOME="/workspace/rustup-home" "/workspace/cargo-home/bin/cargo" "+1.100.0-beta.1" "fetch" "--manifest-path" "Cargo.toml", kill_on_drop: false }`
[INFO] running `Command { std: "docker" "create" "-v" "/var/lib/crater-agent-workspace/builds/worker-0-tc2/source:/opt/rustwide/workdir:ro,Z" "-v" "/var/lib/crater-agent-workspace/builds/worker-0-tc2/target:/opt/rustwide/target:rw,Z" "-v" "/var/lib/crater-agent-workspace/cargo-home:/opt/rustwide/cargo-home:ro,Z" "-v" "/var/lib/crater-agent-workspace/rustup-home:/opt/rustwide/rustup-home:ro,Z" "-m" "1610612736" "--network" "none" "ghcr.io/rust-lang/crates-build-env/linux@sha256:77db811e55d90add9212f6832c23229e3de5f1c1f9905e8cb07319ea15df73ac" "sleep" "infinity", kill_on_drop: false }`
[INFO] [stdout] fc89ef85ec4fe717515d857a5ca4f05000890a502bfd53014831228f0c4dcaf7
[INFO] running `Command { std: "docker" "start" "fc89ef85ec4fe717515d857a5ca4f05000890a502bfd53014831228f0c4dcaf7", kill_on_drop: false }`
[INFO] running `Command { std: "docker" "inspect" "fc89ef85ec4fe717515d857a5ca4f05000890a502bfd53014831228f0c4dcaf7", kill_on_drop: false }`
[INFO] running `Command { std: "docker" "exec" "-e" "SOURCE_DIR=/opt/rustwide/workdir" "-e" "CARGO_HOME=/opt/rustwide/cargo-home" "-e" "RUSTUP_HOME=/opt/rustwide/rustup-home" "-e" "CARGO_TARGET_DIR=/opt/rustwide/target" "-w" "/opt/rustwide/workdir" "--user" "0:0" "fc89ef85ec4fe717515d857a5ca4f05000890a502bfd53014831228f0c4dcaf7" "/opt/rustwide/cargo-home/bin/cargo" "+1.100.0-beta.1" "metadata" "--no-deps" "--format-version=1", kill_on_drop: false }`
[INFO] running `Command { std: "docker" "inspect" "fc89ef85ec4fe717515d857a5ca4f05000890a502bfd53014831228f0c4dcaf7", kill_on_drop: false }`
[INFO] running `Command { std: "docker" "exec" "-e" "SOURCE_DIR=/opt/rustwide/workdir" "-e" "CARGO_HOME=/opt/rustwide/cargo-home" "-e" "RUSTUP_HOME=/opt/rustwide/rustup-home" "-e" "CARGO_TARGET_DIR=/opt/rustwide/target" "-e" "CARGO_INCREMENTAL=0" "-e" "RUST_BACKTRACE=full" "-e" "RUSTFLAGS=--cap-lints=warn" "-e" "RUSTDOCFLAGS=--cap-lints=warn" "-w" "/opt/rustwide/workdir" "--user" "0:0" "fc89ef85ec4fe717515d857a5ca4f05000890a502bfd53014831228f0c4dcaf7" "/opt/rustwide/cargo-home/bin/cargo" "+1.100.0-beta.1" "build" "--frozen" "--message-format=json" "--release", kill_on_drop: false }`
[INFO] [stderr]    Compiling unicode-ident v1.0.20
[INFO] [stderr]    Compiling libc v0.2.177
[INFO] [stderr]    Compiling find-msvc-tools v0.1.4
[INFO] [stderr]    Compiling memchr v2.7.6
[INFO] [stderr]    Compiling indexmap v2.12.0
[INFO] [stderr]    Compiling generic-array v0.14.9
[INFO] [stderr]    Compiling num-traits v0.2.19
[INFO] [stderr]    Compiling bitflags v2.10.0
[INFO] [stderr]    Compiling time-core v0.1.6
[INFO] [stderr]    Compiling thiserror v2.0.17
[INFO] [stderr]    Compiling openssl v0.10.74
[INFO] [stderr]    Compiling deranged v0.5.5
[INFO] [stderr]    Compiling rand_core v0.6.4
[INFO] [stderr]    Compiling rustls v0.23.34
[INFO] [stderr]    Compiling phf_shared v0.11.3
[INFO] [stderr]    Compiling proc-macro2 v1.0.103
[INFO] [stderr]    Compiling rand v0.8.5
[INFO] [stderr]    Compiling smartstring v1.0.1
[INFO] [stderr]    Compiling time-macros v0.2.24
[INFO] [stderr]    Compiling zlib-rs v0.5.2
[INFO] [stderr]    Compiling crc v3.3.0
[INFO] [stderr]    Compiling bumpalo v3.19.0
[INFO] [stderr]    Compiling anyhow v1.0.100
[INFO] [stderr]    Compiling libbz2-rs-sys v0.2.2
[INFO] [stderr]    Compiling simd-adler32 v0.3.7
[INFO] [stderr]    Compiling phf_generator v0.11.3
[INFO] [stderr]    Compiling serde_path_to_error v0.1.20
[INFO] [stderr]    Compiling zopfli v0.8.2
[INFO] [stderr]    Compiling quote v1.0.41
[INFO] [stderr]    Compiling aho-corasick v1.1.3
[INFO] [stderr]    Compiling serde_json v1.0.145
[INFO] [stderr]    Compiling crypto-common v0.1.6
[INFO] [stderr]    Compiling block-buffer v0.10.4
[INFO] [stderr]    Compiling syn v2.0.108
[INFO] [stderr]    Compiling inout v0.1.4
[INFO] [stderr]    Compiling ppmd-rust v1.2.1
[INFO] [stderr]    Compiling digest v0.10.7
[INFO] [stderr]    Compiling cipher v0.4.4
[INFO] [stderr]    Compiling deflate64 v0.1.10
[INFO] [stderr]    Compiling arc-swap v1.7.1
[INFO] [stderr]    Compiling aes v0.8.4
[INFO] [stderr]    Compiling num-integer v0.1.46
[INFO] [stderr]    Compiling hmac v0.12.1
[INFO] [stderr]    Compiling parking_lot_core v0.9.12
[INFO] [stderr]    Compiling signal-hook-registry v1.4.6
[INFO] [stderr]    Compiling socket2 v0.6.1
[INFO] [stderr]    Compiling jobserver v0.1.34
[INFO] [stderr]    Compiling mio v1.1.0
[INFO] [stderr]    Compiling parking_lot v0.12.5
[INFO] [stderr]    Compiling cc v1.2.43
[INFO] [stderr]    Compiling getrandom v0.2.16
[INFO] [stderr]    Compiling num-bigint v0.4.6
[INFO] [stderr]    Compiling sha2 v0.10.9
[INFO] [stderr]    Compiling getrandom v0.3.4
[INFO] [stderr]    Compiling bzip2 v0.6.1
[INFO] [stderr]    Compiling time v0.3.44
[INFO] [stderr]    Compiling lzma-rust2 v0.13.0
[INFO] [stderr]    Compiling pbkdf2 v0.12.2
[INFO] [stderr]    Compiling sha1 v0.10.6
[INFO] [stderr]    Compiling web-time v1.1.0
[INFO] [stderr]    Compiling regex-automata v0.4.13
[INFO] [stderr]    Compiling libz-rs-sys v0.5.2
[INFO] [stderr]    Compiling flate2 v1.1.5
[INFO] [stderr]    Compiling openssl-sys v0.9.110
[INFO] [stderr]    Compiling ring v0.17.14
[INFO] [stderr]    Compiling libz-sys v1.1.22
[INFO] [stderr]    Compiling zstd-sys v2.0.16+zstd.1.5.7
[INFO] [stderr]    Compiling libssh2-sys v0.3.1
[INFO] [stderr]    Compiling libgit2-sys v0.18.2+1.9.1
[INFO] [stderr]    Compiling native-tls v0.2.14
[INFO] [stderr]    Compiling synstructure v0.13.2
[INFO] [stderr]    Compiling regex v1.12.2
[INFO] [stderr]    Compiling zerovec-derive v0.11.1
[INFO] [stderr]    Compiling zerofrom-derive v0.1.6
[INFO] [stderr]    Compiling yoke-derive v0.8.0
[INFO] [stderr]    Compiling tokio-macros v2.6.0
[INFO] [stderr]    Compiling displaydoc v0.2.5
[INFO] [stderr]    Compiling zeroize_derive v1.4.2
[INFO] [stderr]    Compiling futures-macro v0.3.31
[INFO] [stderr]    Compiling tracing-attributes v0.1.30
[INFO] [stderr]    Compiling zeroize v1.8.2
[INFO] [stderr]    Compiling serde_derive v1.0.228
[INFO] [stderr]    Compiling rustls-pki-types v1.13.0
[INFO] [stderr]    Compiling thiserror-impl v2.0.17
[INFO] [stderr]    Compiling openssl-macros v0.1.1
[INFO] [stderr]    Compiling futures-util v0.3.31
[INFO] [stderr]    Compiling rustls-native-certs v0.8.2
[INFO] [stderr]    Compiling zerofrom v0.1.6
[INFO] [stderr]    Compiling tokio v1.48.0
[INFO] [stderr]    Compiling yoke v0.8.0
[INFO] [stderr]    Compiling zerovec v0.11.4
[INFO] [stderr]    Compiling zerotrie v0.2.2
[INFO] [stderr]    Compiling snafu-derive v0.8.9
[INFO] [stderr]    Compiling pin-project-internal v1.1.10
[INFO] [stderr]    Compiling tracing v0.1.41
[INFO] [stderr]    Compiling simple_asn1 v0.6.3
[INFO] [stderr]    Compiling phf_macros v0.11.3
[INFO] [stderr]    Compiling tinystr v0.8.1
[INFO] [stderr]    Compiling potential_utf v0.1.3
[INFO] [stderr]    Compiling pin-project v1.1.10
[INFO] [stderr]    Compiling icu_locale_core v2.0.0
[INFO] [stderr]    Compiling icu_collections v2.0.0
[INFO] [stderr]    Compiling secrecy v0.10.3
[INFO] [stderr]    Compiling async-trait v0.1.89
[INFO] [stderr]    Compiling phf v0.11.3
[INFO] [stderr]    Compiling snafu v0.8.9
[INFO] [stderr]    Compiling icu_provider v2.0.0
[INFO] [stderr]    Compiling futures-executor v0.3.31
[INFO] [stderr]    Compiling icu_properties v2.0.1
[INFO] [stderr]    Compiling icu_normalizer v2.0.0
[INFO] [stderr]    Compiling futures v0.3.31
[INFO] [stderr]    Compiling serde v1.0.228
[INFO] [stderr]    Compiling idna_adapter v1.2.1
[INFO] [stderr]    Compiling serde_urlencoded v0.7.1
[INFO] [stderr]    Compiling idna v1.1.0
[INFO] [stderr]    Compiling url v2.5.7
[INFO] [stderr]    Compiling chrono v0.4.42
[INFO] [stderr]    Compiling serde_yaml v0.9.34+deprecated
[INFO] [stderr]    Compiling purl v0.1.6
[INFO] [stderr]    Compiling tokio-util v0.7.16
[INFO] [stderr]    Compiling tokio-native-tls v0.3.1
[INFO] [stderr]    Compiling rustls-webpki v0.103.7
[INFO] [stderr]    Compiling h2 v0.4.12
[INFO] [stderr]    Compiling tower v0.5.2
[INFO] [stderr]    Compiling jsonwebtoken v9.3.1
[INFO] [stderr]    Compiling tower-http v0.6.6
[INFO] [stderr]    Compiling tokio-rustls v0.26.4
[INFO] [stderr]    Compiling hyper v1.7.0
[INFO] [stderr]    Compiling hyper-util v0.1.17
[INFO] [stderr]    Compiling hyper-rustls v0.27.7
[INFO] [stderr]    Compiling hyper-timeout v0.5.2
[INFO] [stderr]    Compiling hyper-tls v0.6.0
[INFO] [stderr]    Compiling reqwest v0.12.24
[INFO] [stderr]    Compiling octocrab v0.47.0
[INFO] [stderr]    Compiling zstd-safe v7.2.4
[INFO] [stderr]    Compiling zstd v0.13.3
[INFO] [stderr]    Compiling zip v6.0.0
[INFO] [stderr]    Compiling git2 v0.20.2
[INFO] [stderr]    Compiling ghastoolkit v0.12.2 (/opt/rustwide/workdir)
[INFO] [stdout] warning: lint `elided_named_lifetimes` has been renamed to `mismatched_lifetime_syntaxes`
[INFO] [stdout]    --> src/codeql/cli.rs:269:13
[INFO] [stdout]     |
[INFO] [stdout] 269 |     #[allow(elided_named_lifetimes)]
[INFO] [stdout]     |             ^^^^^^^^^^^^^^^^^^^^^^ help: use the new name: `mismatched_lifetime_syntaxes`
[INFO] [stdout]     |
[INFO] [stdout]     = note: `#[warn(renamed_and_removed_lints)]` on by default
[INFO] [stdout] 
[INFO] [stdout] 
[INFO] [stdout] warning: lint `elided_named_lifetimes` has been renamed to `mismatched_lifetime_syntaxes`
[INFO] [stdout]    --> src/codeql/cli.rs:277:13
[INFO] [stdout]     |
[INFO] [stdout] 277 |     #[allow(elided_named_lifetimes)]
[INFO] [stdout]     |             ^^^^^^^^^^^^^^^^^^^^^^ help: use the new name: `mismatched_lifetime_syntaxes`
[INFO] [stdout] 
[INFO] [stdout] 
[INFO] [stdout] warning: lint `elided_named_lifetimes` has been renamed to `mismatched_lifetime_syntaxes`
[INFO] [stdout]    --> src/octokit/github.rs:150:13
[INFO] [stdout]     |
[INFO] [stdout] 150 |     #[allow(elided_named_lifetimes)]
[INFO] [stdout]     |             ^^^^^^^^^^^^^^^^^^^^^^ help: use the new name: `mismatched_lifetime_syntaxes`
[INFO] [stdout] 
[INFO] [stdout] 
[INFO] [stdout] warning: lint `elided_named_lifetimes` has been renamed to `mismatched_lifetime_syntaxes`
[INFO] [stdout]    --> src/octokit/github.rs:156:13
[INFO] [stdout]     |
[INFO] [stdout] 156 |     #[allow(elided_named_lifetimes)]
[INFO] [stdout]     |             ^^^^^^^^^^^^^^^^^^^^^^ help: use the new name: `mismatched_lifetime_syntaxes`
[INFO] [stdout] 
[INFO] [stdout] 
[INFO] [stdout] warning: hiding a lifetime that's elided elsewhere is confusing
[INFO] [stdout]   --> src/codescanning/api.rs:31:17
[INFO] [stdout]    |
[INFO] [stdout] 31 |     pub fn list(&self) -> ListCodeScanningAlerts {
[INFO] [stdout]    |                 ^^^^^     ^^^^^^^^^^^^^^^^^^^^^^ the same lifetimes are hidden here
[INFO] [stdout]    |                 |
[INFO] [stdout]    |                 the lifetime is elided here
[INFO] [stdout]    |
[INFO] [stdout]    = help: the same lifetime is referred to in inconsistent ways, making the signature confusing
[INFO] [stdout]    = note: `#[warn(mismatched_lifetime_syntaxes)]` on by default
[INFO] [stdout] help: use `'_` for type paths
[INFO] [stdout]    |
[INFO] [stdout] 31 |     pub fn list(&self) -> ListCodeScanningAlerts<'_, '_> {
[INFO] [stdout]    |                                                 ++++++++
[INFO] [stdout] 
[INFO] [stdout] 
[INFO] [stdout] warning: hiding a lifetime that's elided elsewhere is confusing
[INFO] [stdout]   --> src/codescanning/api.rs:48:21
[INFO] [stdout]    |
[INFO] [stdout] 48 |     pub fn analyses(&self) -> ListCodeScanningAnalyses {
[INFO] [stdout]    |                     ^^^^^     ^^^^^^^^^^^^^^^^^^^^^^^^ the same lifetimes are hidden here
[INFO] [stdout]    |                     |
[INFO] [stdout]    |                     the lifetime is elided here
[INFO] [stdout]    |
[INFO] [stdout]    = help: the same lifetime is referred to in inconsistent ways, making the signature confusing
[INFO] [stdout] help: use `'_` for type paths
[INFO] [stdout]    |
[INFO] [stdout] 48 |     pub fn analyses(&self) -> ListCodeScanningAnalyses<'_, '_> {
[INFO] [stdout]    |                                                       ++++++++
[INFO] [stdout] 
[INFO] [stdout] 
[INFO] [stdout] warning: hiding a lifetime that's elided elsewhere is confusing
[INFO] [stdout]   --> src/codescanning/configuration.rs:51:33
[INFO] [stdout]    |
[INFO] [stdout] 51 |     pub fn update_configuration(&self) -> CodeScanningConfigurationBuilder {
[INFO] [stdout]    |                                 ^^^^^     ^^^^^^^^^^^^^^^^^^^^^^^^^^^^^^^^ the same lifetimes are hidden here
[INFO] [stdout]    |                                 |
[INFO] [stdout]    |                                 the lifetime is elided here
[INFO] [stdout]    |
[INFO] [stdout]    = help: the same lifetime is referred to in inconsistent ways, making the signature confusing
[INFO] [stdout] help: use `'_` for type paths
[INFO] [stdout]    |
[INFO] [stdout] 51 |     pub fn update_configuration(&self) -> CodeScanningConfigurationBuilder<'_, '_> {
[INFO] [stdout]    |                                                                           ++++++++
[INFO] [stdout] 
[INFO] [stdout] 
[INFO] [stdout] warning: hiding a lifetime that's elided elsewhere is confusing
[INFO] [stdout]   --> src/secretscanning/api.rs:23:17
[INFO] [stdout]    |
[INFO] [stdout] 23 |     pub fn list(&self) -> ListSecretScanningAlerts {
[INFO] [stdout]    |                 ^^^^^     ^^^^^^^^^^^^^^^^^^^^^^^^ the same lifetimes are hidden here
[INFO] [stdout]    |                 |
[INFO] [stdout]    |                 the lifetime is elided here
[INFO] [stdout]    |
[INFO] [stdout]    = help: the same lifetime is referred to in inconsistent ways, making the signature confusing
[INFO] [stdout] help: use `'_` for type paths
[INFO] [stdout]    |
[INFO] [stdout] 23 |     pub fn list(&self) -> ListSecretScanningAlerts<'_, '_> {
[INFO] [stdout]    |                                                   ++++++++
[INFO] [stdout] 
[INFO] [stdout] 
[INFO] [stderr]     Finished `release` profile [optimized] target(s) in 3m 27s
[INFO] running `Command { std: "docker" "inspect" "fc89ef85ec4fe717515d857a5ca4f05000890a502bfd53014831228f0c4dcaf7", kill_on_drop: false }`
[INFO] running `Command { std: "docker" "exec" "-e" "SOURCE_DIR=/opt/rustwide/workdir" "-e" "CARGO_HOME=/opt/rustwide/cargo-home" "-e" "RUSTUP_HOME=/opt/rustwide/rustup-home" "-e" "CARGO_TARGET_DIR=/opt/rustwide/target" "-e" "CARGO_INCREMENTAL=0" "-e" "RUST_BACKTRACE=full" "-e" "RUSTFLAGS=--cap-lints=warn" "-e" "RUSTDOCFLAGS=--cap-lints=warn" "-w" "/opt/rustwide/workdir" "--user" "0:0" "fc89ef85ec4fe717515d857a5ca4f05000890a502bfd53014831228f0c4dcaf7" "/opt/rustwide/cargo-home/bin/cargo" "+1.100.0-beta.1" "test" "--frozen" "--no-run" "--message-format=json" "--release", kill_on_drop: false }`
[INFO] [stderr]    Compiling tracing v0.1.41
[INFO] [stderr]    Compiling rustls v0.23.34
[INFO] [stderr]    Compiling native-tls v0.2.14
[INFO] [stderr]    Compiling zopfli v0.8.2
[INFO] [stderr]    Compiling anstyle v1.0.13
[INFO] [stderr]    Compiling anstyle-query v1.1.4
[INFO] [stderr]    Compiling git2 v0.20.2
[INFO] [stderr]    Compiling env_filter v0.1.4
[INFO] [stderr]    Compiling jiff v0.2.15
[INFO] [stderr]    Compiling tokio-native-tls v0.3.1
[INFO] [stderr]    Compiling anstream v0.6.21
[INFO] [stderr]    Compiling zip v6.0.0
[INFO] [stderr]    Compiling h2 v0.4.12
[INFO] [stderr]    Compiling tower v0.5.2
[INFO] [stderr]    Compiling tower-http v0.6.6
[INFO] [stderr]    Compiling env_logger v0.11.8
[INFO] [stderr]    Compiling tokio-rustls v0.26.4
[INFO] [stderr]    Compiling hyper v1.7.0
[INFO] [stderr]    Compiling hyper-util v0.1.17
[INFO] [stderr]    Compiling hyper-timeout v0.5.2
[INFO] [stderr]    Compiling hyper-tls v0.6.0
[INFO] [stderr]    Compiling hyper-rustls v0.27.7
[INFO] [stderr]    Compiling reqwest v0.12.24
[INFO] [stderr]    Compiling octocrab v0.47.0
[INFO] [stderr]    Compiling ghastoolkit v0.12.2 (/opt/rustwide/workdir)
[INFO] [stdout] warning: lint `elided_named_lifetimes` has been renamed to `mismatched_lifetime_syntaxes`
[INFO] [stdout]    --> src/codeql/cli.rs:269:13
[INFO] [stdout]     |
[INFO] [stdout] 269 |     #[allow(elided_named_lifetimes)]
[INFO] [stdout]     |             ^^^^^^^^^^^^^^^^^^^^^^ help: use the new name: `mismatched_lifetime_syntaxes`
[INFO] [stdout]     |
[INFO] [stdout]     = note: `#[warn(renamed_and_removed_lints)]` on by default
[INFO] [stdout] 
[INFO] [stdout] 
[INFO] [stdout] warning: lint `elided_named_lifetimes` has been renamed to `mismatched_lifetime_syntaxes`
[INFO] [stdout]    --> src/codeql/cli.rs:277:13
[INFO] [stdout]     |
[INFO] [stdout] 277 |     #[allow(elided_named_lifetimes)]
[INFO] [stdout]     |             ^^^^^^^^^^^^^^^^^^^^^^ help: use the new name: `mismatched_lifetime_syntaxes`
[INFO] [stdout] 
[INFO] [stdout] 
[INFO] [stdout] warning: lint `elided_named_lifetimes` has been renamed to `mismatched_lifetime_syntaxes`
[INFO] [stdout]    --> src/octokit/github.rs:150:13
[INFO] [stdout]     |
[INFO] [stdout] 150 |     #[allow(elided_named_lifetimes)]
[INFO] [stdout]     |             ^^^^^^^^^^^^^^^^^^^^^^ help: use the new name: `mismatched_lifetime_syntaxes`
[INFO] [stdout] 
[INFO] [stdout] 
[INFO] [stdout] warning: lint `elided_named_lifetimes` has been renamed to `mismatched_lifetime_syntaxes`
[INFO] [stdout]    --> src/octokit/github.rs:156:13
[INFO] [stdout]     |
[INFO] [stdout] 156 |     #[allow(elided_named_lifetimes)]
[INFO] [stdout]     |             ^^^^^^^^^^^^^^^^^^^^^^ help: use the new name: `mismatched_lifetime_syntaxes`
[INFO] [stdout] 
[INFO] [stdout] 
[INFO] [stdout] warning: hiding a lifetime that's elided elsewhere is confusing
[INFO] [stdout]   --> src/codescanning/api.rs:31:17
[INFO] [stdout]    |
[INFO] [stdout] 31 |     pub fn list(&self) -> ListCodeScanningAlerts {
[INFO] [stdout]    |                 ^^^^^     ^^^^^^^^^^^^^^^^^^^^^^ the same lifetimes are hidden here
[INFO] [stdout]    |                 |
[INFO] [stdout]    |                 the lifetime is elided here
[INFO] [stdout]    |
[INFO] [stdout]    = help: the same lifetime is referred to in inconsistent ways, making the signature confusing
[INFO] [stdout]    = note: `#[warn(mismatched_lifetime_syntaxes)]` on by default
[INFO] [stdout] help: use `'_` for type paths
[INFO] [stdout]    |
[INFO] [stdout] 31 |     pub fn list(&self) -> ListCodeScanningAlerts<'_, '_> {
[INFO] [stdout]    |                                                 ++++++++
[INFO] [stdout] 
[INFO] [stdout] 
[INFO] [stdout] warning: hiding a lifetime that's elided elsewhere is confusing
[INFO] [stdout]   --> src/codescanning/api.rs:48:21
[INFO] [stdout]    |
[INFO] [stdout] 48 |     pub fn analyses(&self) -> ListCodeScanningAnalyses {
[INFO] [stdout]    |                     ^^^^^     ^^^^^^^^^^^^^^^^^^^^^^^^ the same lifetimes are hidden here
[INFO] [stdout]    |                     |
[INFO] [stdout]    |                     the lifetime is elided here
[INFO] [stdout]    |
[INFO] [stdout]    = help: the same lifetime is referred to in inconsistent ways, making the signature confusing
[INFO] [stdout] help: use `'_` for type paths
[INFO] [stdout]    |
[INFO] [stdout] 48 |     pub fn analyses(&self) -> ListCodeScanningAnalyses<'_, '_> {
[INFO] [stdout]    |                                                       ++++++++
[INFO] [stdout] 
[INFO] [stdout] 
[INFO] [stdout] warning: hiding a lifetime that's elided elsewhere is confusing
[INFO] [stdout]   --> src/codescanning/configuration.rs:51:33
[INFO] [stdout]    |
[INFO] [stdout] 51 |     pub fn update_configuration(&self) -> CodeScanningConfigurationBuilder {
[INFO] [stdout]    |                                 ^^^^^     ^^^^^^^^^^^^^^^^^^^^^^^^^^^^^^^^ the same lifetimes are hidden here
[INFO] [stdout]    |                                 |
[INFO] [stdout]    |                                 the lifetime is elided here
[INFO] [stdout]    |
[INFO] [stdout]    = help: the same lifetime is referred to in inconsistent ways, making the signature confusing
[INFO] [stdout] help: use `'_` for type paths
[INFO] [stdout]    |
[INFO] [stdout] 51 |     pub fn update_configuration(&self) -> CodeScanningConfigurationBuilder<'_, '_> {
[INFO] [stdout]    |                                                                           ++++++++
[INFO] [stdout] 
[INFO] [stdout] 
[INFO] [stdout] warning: hiding a lifetime that's elided elsewhere is confusing
[INFO] [stdout]   --> src/secretscanning/api.rs:23:17
[INFO] [stdout]    |
[INFO] [stdout] 23 |     pub fn list(&self) -> ListSecretScanningAlerts {
[INFO] [stdout]    |                 ^^^^^     ^^^^^^^^^^^^^^^^^^^^^^^^ the same lifetimes are hidden here
[INFO] [stdout]    |                 |
[INFO] [stdout]    |                 the lifetime is elided here
[INFO] [stdout]    |
[INFO] [stdout]    = help: the same lifetime is referred to in inconsistent ways, making the signature confusing
[INFO] [stdout] help: use `'_` for type paths
[INFO] [stdout]    |
[INFO] [stdout] 23 |     pub fn list(&self) -> ListSecretScanningAlerts<'_, '_> {
[INFO] [stdout]    |                                                   ++++++++
[INFO] [stdout] 
[INFO] [stdout] 
[INFO] [stdout] warning: lint `elided_named_lifetimes` has been renamed to `mismatched_lifetime_syntaxes`
[INFO] [stdout]    --> src/codeql/cli.rs:269:13
[INFO] [stdout]     |
[INFO] [stdout] 269 |     #[allow(elided_named_lifetimes)]
[INFO] [stdout]     |             ^^^^^^^^^^^^^^^^^^^^^^ help: use the new name: `mismatched_lifetime_syntaxes`
[INFO] [stdout]     |
[INFO] [stdout]     = note: `#[warn(renamed_and_removed_lints)]` on by default
[INFO] [stdout] 
[INFO] [stdout] 
[INFO] [stdout] warning: lint `elided_named_lifetimes` has been renamed to `mismatched_lifetime_syntaxes`
[INFO] [stdout]    --> src/codeql/cli.rs:277:13
[INFO] [stdout]     |
[INFO] [stdout] 277 |     #[allow(elided_named_lifetimes)]
[INFO] [stdout]     |             ^^^^^^^^^^^^^^^^^^^^^^ help: use the new name: `mismatched_lifetime_syntaxes`
[INFO] [stdout] 
[INFO] [stdout] 
[INFO] [stdout] warning: lint `elided_named_lifetimes` has been renamed to `mismatched_lifetime_syntaxes`
[INFO] [stdout]    --> src/octokit/github.rs:150:13
[INFO] [stdout]     |
[INFO] [stdout] 150 |     #[allow(elided_named_lifetimes)]
[INFO] [stdout]     |             ^^^^^^^^^^^^^^^^^^^^^^ help: use the new name: `mismatched_lifetime_syntaxes`
[INFO] [stdout] 
[INFO] [stdout] 
[INFO] [stdout] warning: lint `elided_named_lifetimes` has been renamed to `mismatched_lifetime_syntaxes`
[INFO] [stdout]    --> src/octokit/github.rs:156:13
[INFO] [stdout]     |
[INFO] [stdout] 156 |     #[allow(elided_named_lifetimes)]
[INFO] [stdout]     |             ^^^^^^^^^^^^^^^^^^^^^^ help: use the new name: `mismatched_lifetime_syntaxes`
[INFO] [stdout] 
[INFO] [stdout] 
[INFO] [stdout] warning: hiding a lifetime that's elided elsewhere is confusing
[INFO] [stdout]   --> src/codescanning/api.rs:31:17
[INFO] [stdout]    |
[INFO] [stdout] 31 |     pub fn list(&self) -> ListCodeScanningAlerts {
[INFO] [stdout]    |                 ^^^^^     ^^^^^^^^^^^^^^^^^^^^^^ the same lifetimes are hidden here
[INFO] [stdout]    |                 |
[INFO] [stdout]    |                 the lifetime is elided here
[INFO] [stdout]    |
[INFO] [stdout]    = help: the same lifetime is referred to in inconsistent ways, making the signature confusing
[INFO] [stdout]    = note: `#[warn(mismatched_lifetime_syntaxes)]` on by default
[INFO] [stdout] help: use `'_` for type paths
[INFO] [stdout]    |
[INFO] [stdout] 31 |     pub fn list(&self) -> ListCodeScanningAlerts<'_, '_> {
[INFO] [stdout]    |                                                 ++++++++
[INFO] [stdout] 
[INFO] [stdout] 
[INFO] [stdout] warning: hiding a lifetime that's elided elsewhere is confusing
[INFO] [stdout]   --> src/codescanning/api.rs:48:21
[INFO] [stdout]    |
[INFO] [stdout] 48 |     pub fn analyses(&self) -> ListCodeScanningAnalyses {
[INFO] [stdout]    |                     ^^^^^     ^^^^^^^^^^^^^^^^^^^^^^^^ the same lifetimes are hidden here
[INFO] [stdout]    |                     |
[INFO] [stdout]    |                     the lifetime is elided here
[INFO] [stdout]    |
[INFO] [stdout]    = help: the same lifetime is referred to in inconsistent ways, making the signature confusing
[INFO] [stdout] help: use `'_` for type paths
[INFO] [stdout]    |
[INFO] [stdout] 48 |     pub fn analyses(&self) -> ListCodeScanningAnalyses<'_, '_> {
[INFO] [stdout]    |                                                       ++++++++
[INFO] [stdout] 
[INFO] [stdout] 
[INFO] [stdout] warning: hiding a lifetime that's elided elsewhere is confusing
[INFO] [stdout]   --> src/codescanning/configuration.rs:51:33
[INFO] [stdout]    |
[INFO] [stdout] 51 |     pub fn update_configuration(&self) -> CodeScanningConfigurationBuilder {
[INFO] [stdout]    |                                 ^^^^^     ^^^^^^^^^^^^^^^^^^^^^^^^^^^^^^^^ the same lifetimes are hidden here
[INFO] [stdout]    |                                 |
[INFO] [stdout]    |                                 the lifetime is elided here
[INFO] [stdout]    |
[INFO] [stdout]    = help: the same lifetime is referred to in inconsistent ways, making the signature confusing
[INFO] [stdout] help: use `'_` for type paths
[INFO] [stdout]    |
[INFO] [stdout] 51 |     pub fn update_configuration(&self) -> CodeScanningConfigurationBuilder<'_, '_> {
[INFO] [stdout]    |                                                                           ++++++++
[INFO] [stdout] 
[INFO] [stdout] 
[INFO] [stdout] warning: hiding a lifetime that's elided elsewhere is confusing
[INFO] [stdout]   --> src/secretscanning/api.rs:23:17
[INFO] [stdout]    |
[INFO] [stdout] 23 |     pub fn list(&self) -> ListSecretScanningAlerts {
[INFO] [stdout]    |                 ^^^^^     ^^^^^^^^^^^^^^^^^^^^^^^^ the same lifetimes are hidden here
[INFO] [stdout]    |                 |
[INFO] [stdout]    |                 the lifetime is elided here
[INFO] [stdout]    |
[INFO] [stdout]    = help: the same lifetime is referred to in inconsistent ways, making the signature confusing
[INFO] [stdout] help: use `'_` for type paths
[INFO] [stdout]    |
[INFO] [stdout] 23 |     pub fn list(&self) -> ListSecretScanningAlerts<'_, '_> {
[INFO] [stdout]    |                                                   ++++++++
[INFO] [stdout] 
[INFO] [stdout] 
[INFO] [stderr]     Finished `release` profile [optimized] target(s) in 2m 03s
[INFO] running `Command { std: "docker" "inspect" "fc89ef85ec4fe717515d857a5ca4f05000890a502bfd53014831228f0c4dcaf7", kill_on_drop: false }`
[INFO] running `Command { std: "docker" "exec" "-e" "SOURCE_DIR=/opt/rustwide/workdir" "-e" "CARGO_HOME=/opt/rustwide/cargo-home" "-e" "RUSTUP_HOME=/opt/rustwide/rustup-home" "-e" "CARGO_TARGET_DIR=/opt/rustwide/target" "-e" "CARGO_INCREMENTAL=0" "-e" "RUST_BACKTRACE=full" "-e" "RUSTFLAGS=--cap-lints=warn" "-e" "RUSTDOCFLAGS=--cap-lints=warn" "-w" "/opt/rustwide/workdir" "--user" "0:0" "fc89ef85ec4fe717515d857a5ca4f05000890a502bfd53014831228f0c4dcaf7" "/opt/rustwide/cargo-home/bin/cargo" "+1.100.0-beta.1" "test" "--frozen" "--release", kill_on_drop: false }`
[INFO] [stderr] warning: lint `elided_named_lifetimes` has been renamed to `mismatched_lifetime_syntaxes`
[INFO] [stderr]    --> src/codeql/cli.rs:269:13
[INFO] [stderr]     |
[INFO] [stderr] 269 |     #[allow(elided_named_lifetimes)]
[INFO] [stderr]     |             ^^^^^^^^^^^^^^^^^^^^^^ help: use the new name: `mismatched_lifetime_syntaxes`
[INFO] [stderr]     |
[INFO] [stderr]     = note: `#[warn(renamed_and_removed_lints)]` on by default
[INFO] [stderr] 
[INFO] [stderr] warning: lint `elided_named_lifetimes` has been renamed to `mismatched_lifetime_syntaxes`
[INFO] [stderr]    --> src/codeql/cli.rs:277:13
[INFO] [stderr]     |
[INFO] [stderr] 277 |     #[allow(elided_named_lifetimes)]
[INFO] [stderr]     |             ^^^^^^^^^^^^^^^^^^^^^^ help: use the new name: `mismatched_lifetime_syntaxes`
[INFO] [stderr] 
[INFO] [stderr] warning: lint `elided_named_lifetimes` has been renamed to `mismatched_lifetime_syntaxes`
[INFO] [stderr]    --> src/octokit/github.rs:150:13
[INFO] [stderr]     |
[INFO] [stderr] 150 |     #[allow(elided_named_lifetimes)]
[INFO] [stderr]     |             ^^^^^^^^^^^^^^^^^^^^^^ help: use the new name: `mismatched_lifetime_syntaxes`
[INFO] [stderr] 
[INFO] [stderr] warning: lint `elided_named_lifetimes` has been renamed to `mismatched_lifetime_syntaxes`
[INFO] [stderr]    --> src/octokit/github.rs:156:13
[INFO] [stderr]     |
[INFO] [stderr] 156 |     #[allow(elided_named_lifetimes)]
[INFO] [stderr]     |             ^^^^^^^^^^^^^^^^^^^^^^ help: use the new name: `mismatched_lifetime_syntaxes`
[INFO] [stderr] 
[INFO] [stderr] warning: hiding a lifetime that's elided elsewhere is confusing
[INFO] [stderr]   --> src/codescanning/api.rs:31:17
[INFO] [stderr]    |
[INFO] [stderr] 31 |     pub fn list(&self) -> ListCodeScanningAlerts {
[INFO] [stderr]    |                 ^^^^^     ^^^^^^^^^^^^^^^^^^^^^^ the same lifetimes are hidden here
[INFO] [stderr]    |                 |
[INFO] [stderr]    |                 the lifetime is elided here
[INFO] [stderr]    |
[INFO] [stderr]    = help: the same lifetime is referred to in inconsistent ways, making the signature confusing
[INFO] [stderr]    = note: `#[warn(mismatched_lifetime_syntaxes)]` on by default
[INFO] [stderr] help: use `'_` for type paths
[INFO] [stderr]    |
[INFO] [stderr] 31 |     pub fn list(&self) -> ListCodeScanningAlerts<'_, '_> {
[INFO] [stderr]    |                                                 ++++++++
[INFO] [stderr] 
[INFO] [stderr] warning: hiding a lifetime that's elided elsewhere is confusing
[INFO] [stderr]   --> src/codescanning/api.rs:48:21
[INFO] [stderr]    |
[INFO] [stderr] 48 |     pub fn analyses(&self) -> ListCodeScanningAnalyses {
[INFO] [stderr]    |                     ^^^^^     ^^^^^^^^^^^^^^^^^^^^^^^^ the same lifetimes are hidden here
[INFO] [stderr]    |                     |
[INFO] [stderr]    |                     the lifetime is elided here
[INFO] [stderr]    |
[INFO] [stderr]    = help: the same lifetime is referred to in inconsistent ways, making the signature confusing
[INFO] [stderr] help: use `'_` for type paths
[INFO] [stderr]    |
[INFO] [stderr] 48 |     pub fn analyses(&self) -> ListCodeScanningAnalyses<'_, '_> {
[INFO] [stderr]    |                                                       ++++++++
[INFO] [stderr] 
[INFO] [stderr] warning: hiding a lifetime that's elided elsewhere is confusing
[INFO] [stderr]   --> src/codescanning/configuration.rs:51:33
[INFO] [stderr]    |
[INFO] [stderr] 51 |     pub fn update_configuration(&self) -> CodeScanningConfigurationBuilder {
[INFO] [stderr]    |                                 ^^^^^     ^^^^^^^^^^^^^^^^^^^^^^^^^^^^^^^^ the same lifetimes are hidden here
[INFO] [stderr]    |                                 |
[INFO] [stderr]    |                                 the lifetime is elided here
[INFO] [stderr]    |
[INFO] [stderr]    = help: the same lifetime is referred to in inconsistent ways, making the signature confusing
[INFO] [stderr] help: use `'_` for type paths
[INFO] [stderr]    |
[INFO] [stderr] 51 |     pub fn update_configuration(&self) -> CodeScanningConfigurationBuilder<'_, '_> {
[INFO] [stderr]    |                                                                           ++++++++
[INFO] [stderr] 
[INFO] [stderr] warning: hiding a lifetime that's elided elsewhere is confusing
[INFO] [stderr]   --> src/secretscanning/api.rs:23:17
[INFO] [stderr]    |
[INFO] [stderr] 23 |     pub fn list(&self) -> ListSecretScanningAlerts {
[INFO] [stderr]    |                 ^^^^^     ^^^^^^^^^^^^^^^^^^^^^^^^ the same lifetimes are hidden here
[INFO] [stderr]    |                 |
[INFO] [stderr]    |                 the lifetime is elided here
[INFO] [stderr]    |
[INFO] [stderr]    = help: the same lifetime is referred to in inconsistent ways, making the signature confusing
[INFO] [stderr] help: use `'_` for type paths
[INFO] [stderr]    |
[INFO] [stderr] 23 |     pub fn list(&self) -> ListSecretScanningAlerts<'_, '_> {
[INFO] [stderr]    |                                                   ++++++++
[INFO] [stderr] 
[INFO] [stderr] warning: `ghastoolkit` (lib) generated 8 warnings (run `cargo fix --lib -p ghastoolkit` to apply 8 suggestions)
[INFO] [stderr] warning: `ghastoolkit` (lib test) generated 8 warnings (8 duplicates)
[INFO] [stderr]     Finished `release` profile [optimized] target(s) in 0.40s
[INFO] [stderr]      Running unittests src/lib.rs (/opt/rustwide/target/release/build/ghastoolkit/4b3a043985f723ab/out/ghastoolkit-4b3a043985f723ab)
[INFO] [stdout] 
[INFO] [stdout] running 39 tests
[INFO] [stdout] test codeql::database::queries::tests::test_pack ... ok
[INFO] [stdout] test codeql::database::queries::tests::test_pack_range ... ok
[INFO] [stdout] test codeql::database::tests::test_database_from_source ... ok
[INFO] [stdout] test codeql::database::tests::test_default_database_path ... ok
[INFO] [stdout] test codeql::databases::tests::test_default_codeql_path ... ok
[INFO] [stdout] test codeql::database::handler::tests::test_codeql_create ... ok
[INFO] [stdout] test codeql::database::queries::tests::test_language_default ... ok
[INFO] [stdout] test codeql::database::handler::tests::test_codeql_create_pack_models ... ok
[INFO] [stdout] test codeql::cli::builder::tests::test_codeql_builder ... ok
[INFO] [stdout] test codeql::database::handler::tests::test_codeql_analysis_suites ... ok
[INFO] [stdout] test codeql::database::handler::tests::test_codeql_create_threat_model ... ok
[INFO] [stdout] test codeql::cli::builder::tests::test_codeql_builder_token ... ok
[INFO] [stdout] test codeql::database::queries::tests::test_full ... ok
[INFO] [stdout] test codeql::database::handler::tests::test_codeql_analysis ... ok
[INFO] [stdout] test codeql::version::tests::test_codeql_version_from ... ok
[INFO] [stdout] test codeql::languages::tests::test_languages ... ok
[INFO] [stdout] test codeql::packs::pack::tests::test_codeql_pack_display ... ok
[INFO] [stdout] test codeql::database::tests::test_database_name ... ok
[INFO] [stdout] test codeql::packs::pack::tests::test_codeql_pack_namespace ... ok
[INFO] [stdout] test codeql::packs::pack::tests::test_codeql_pack_full_name ... ok
[INFO] [stdout] test codeql::database::handler::tests::test_codeql_analysis_queries ... ok
[INFO] [stdout] test codeql::database::tests::test_database_from_repository ... ok
[INFO] [stdout] test codeql::database::queries::tests::test_string ... ok
[INFO] [stdout] test codeql::languages::tests::test_unsupported ... ok
[INFO] [stdout] test codeql::packs::loader::tests::test_codeql_pack ... ok
[INFO] [stdout] test supplychain::dependencies::tests::test_find_by_license ... ok
[INFO] [stdout] test supplychain::licenses::tests::test_licenses_from_str ... ok
[INFO] [stdout] test supplychain::licenses::tests::test_single_license ... ok
[INFO] [stdout] test supplychain::license::tests::test_license_versions ... ok
[INFO] [stdout] test supplychain::dependency::tests::test_dependency_from_str ... ok
[INFO] [stdout] test supplychain::licenses::tests::test_licenses_from_vec ... ok
[INFO] [stdout] test supplychain::license::tests::test_license_from_str ... ok
[INFO] [stdout] test supplychain::dependencies::tests::test_find_by_name ... ok
[INFO] [stdout] test codeql::packs::loader::tests::test_codeql_pack_path ... FAILED
[INFO] [stdout] test octokit::repository::test::test_try_from ... ok
[INFO] [stdout] test supplychain::license::tests::test_split_or_default ... ok
[INFO] [stdout] test supplychain::licenses::tests::test_licenses_commasep ... ok
[INFO] [stdout] test octokit::github::test::test_repo_clone_url ... ok
[INFO] [stdout] test octokit::github::test::test_github_builder ... ok
[INFO] [stdout] 
[INFO] [stdout] failures:
[INFO] [stdout] 
[INFO] [stdout] ---- codeql::packs::loader::tests::test_codeql_pack_path stdout ----
[INFO] [stdout] 
[INFO] [stdout] thread 'codeql::packs::loader::tests::test_codeql_pack_path' (4344) panicked at src/codeql/packs/loader.rs:176:29:
[INFO] [stdout] called `Result::unwrap()` on an `Err` value: Os { code: 2, kind: NotFound, message: "No such file or directory" }
[INFO] [stdout] stack backtrace:
[INFO] [stdout]    0:     0x55dc186c7da1 - <<std[617be2ca0a6fd877]::sys::backtrace::BacktraceLock>::print::DisplayBacktrace as core[a373ad73a504971]::fmt::Display>::fmt
[INFO] [stdout]    1:     0x55dc186e0a6a - core[a373ad73a504971]::fmt::write
[INFO] [stdout]    2:     0x55dc186cd39c - <alloc[2e1b2a31b91974c5]::vec::Vec<u8> as core[a373ad73a504971]::io::write::Write>::write_fmt
[INFO] [stdout]    3:     0x55dc186a1db6 - std[617be2ca0a6fd877]::panicking::default_hook::{closure#0}
[INFO] [stdout]    4:     0x55dc186bf7b9 - std[617be2ca0a6fd877]::panicking::default_hook
[INFO] [stdout]    5:     0x55dc18339920 - test[aada8e7e76ba119b]::test_main_inner::{closure#0}
[INFO] [stdout]    6:     0x55dc186bfae2 - std[617be2ca0a6fd877]::panicking::panic_with_hook
[INFO] [stdout]    7:     0x55dc186a1e62 - std[617be2ca0a6fd877]::panicking::panic_handler::{closure#0}
[INFO] [stdout]    8:     0x55dc1869a469 - std[617be2ca0a6fd877]::sys::backtrace::__rust_end_short_backtrace::<std[617be2ca0a6fd877]::panicking::panic_handler::{closure#0}, !>
[INFO] [stdout]    9:     0x55dc186a2d6d - __rustc[ea4f61d10b84890b]::rust_begin_unwind
[INFO] [stdout]   10:     0x55dc186e124c - core[a373ad73a504971]::panicking::panic_fmt
[INFO] [stdout]   11:     0x55dc186e1022 - core[a373ad73a504971]::result::unwrap_failed
[INFO] [stdout]   12:     0x55dc182d5d1f - <ghastoolkit[9a37367fc8b896ee]::codeql::packs::loader::tests::test_codeql_pack_path::{closure#0} as core[a373ad73a504971]::ops::function::FnOnce<()>>::call_once
[INFO] [stdout]   13:     0x55dc1832cd6b - test[aada8e7e76ba119b]::__rust_begin_short_backtrace::<core[a373ad73a504971]::result::Result<(), alloc[2e1b2a31b91974c5]::string::String>, fn() -> core[a373ad73a504971]::result::Result<(), alloc[2e1b2a31b91974c5]::string::String>>
[INFO] [stdout]   14:     0x55dc18339f45 - test[aada8e7e76ba119b]::run_test::{closure#0}
[INFO] [stdout]   15:     0x55dc18333834 - std[617be2ca0a6fd877]::sys::backtrace::__rust_begin_short_backtrace::<test[aada8e7e76ba119b]::run_test::{closure#1}, ()>
[INFO] [stdout]   16:     0x55dc1833cfd2 - <std[617be2ca0a6fd877]::thread::lifecycle::spawn_unchecked<test[aada8e7e76ba119b]::run_test::{closure#1}, ()>::{closure#1} as core[a373ad73a504971]::ops::function::FnOnce<()>>::call_once::{shim:vtable#0}
[INFO] [stdout]   17:     0x55dc186c709f - <std[617be2ca0a6fd877]::sys::thread::unix::Thread>::new::thread_start
[INFO] [stdout]   18:     0x793f7a385dfa - <unknown>
[INFO] [stdout]   19:     0x793f7a4193d4 - clone
[INFO] [stdout]   20:                0x0 - <unknown>
[INFO] [stdout] 
[INFO] [stdout] 
[INFO] [stdout] failures:
[INFO] [stdout]     codeql::packs::loader::tests::test_codeql_pack_path
[INFO] [stdout] 
[INFO] [stdout] test result: FAILED. 38 passed; 1 failed; 0 ignored; 0 measured; 0 filtered out; finished in 0.10s
[INFO] [stdout] 
[INFO] [stderr] error: test failed, to rerun pass `--lib`
[INFO] running `Command { std: "docker" "inspect" "fc89ef85ec4fe717515d857a5ca4f05000890a502bfd53014831228f0c4dcaf7", kill_on_drop: false }`
[INFO] running `Command { std: "docker" "rm" "-f" "fc89ef85ec4fe717515d857a5ca4f05000890a502bfd53014831228f0c4dcaf7", kill_on_drop: false }`
[INFO] [stdout] fc89ef85ec4fe717515d857a5ca4f05000890a502bfd53014831228f0c4dcaf7
