[INFO] fetching crate ggstd 0.1.0...
[INFO] testing ggstd-0.1.0 against 1.100.0-beta.1+cargoflags=--release for beta-release-1.100-2
[INFO] extracting crate ggstd 0.1.0 into /workspace/builds/worker-0-tc2/source
[INFO] started tweaking crates.io crate ggstd 0.1.0
[INFO] finished tweaking crates.io crate ggstd 0.1.0
[INFO] tweaked toml for crates.io crate ggstd 0.1.0 written to /workspace/builds/worker-0-tc2/source/Cargo.toml
[INFO] validating manifest of crates.io crate ggstd 0.1.0 on toolchain 1.100.0-beta.1
[INFO] running `Command { std: CARGO_HOME="/workspace/cargo-home" RUSTUP_HOME="/workspace/rustup-home" "/workspace/cargo-home/bin/cargo" "+1.100.0-beta.1" "metadata" "--manifest-path" "Cargo.toml" "--no-deps", kill_on_drop: false }`
[INFO] crate crates.io crate ggstd 0.1.0 already has a lockfile, it will not be regenerated
[INFO] running `Command { std: CARGO_HOME="/workspace/cargo-home" RUSTUP_HOME="/workspace/rustup-home" "/workspace/cargo-home/bin/cargo" "+1.100.0-beta.1" "fetch" "--manifest-path" "Cargo.toml", kill_on_drop: false }`
[INFO] running `Command { std: "docker" "create" "-v" "/var/lib/crater-agent-workspace/builds/worker-0-tc2/source:/opt/rustwide/workdir:ro,Z" "-v" "/var/lib/crater-agent-workspace/builds/worker-0-tc2/target:/opt/rustwide/target:rw,Z" "-v" "/var/lib/crater-agent-workspace/cargo-home:/opt/rustwide/cargo-home:ro,Z" "-v" "/var/lib/crater-agent-workspace/rustup-home:/opt/rustwide/rustup-home:ro,Z" "-m" "1610612736" "--network" "none" "ghcr.io/rust-lang/crates-build-env/linux@sha256:77db811e55d90add9212f6832c23229e3de5f1c1f9905e8cb07319ea15df73ac" "sleep" "infinity", kill_on_drop: false }`
[INFO] [stdout] da2bb9e155ffdf2133a8ef7183b1de8bf9401e5334521a324cf0ea316f74e7aa
[INFO] running `Command { std: "docker" "start" "da2bb9e155ffdf2133a8ef7183b1de8bf9401e5334521a324cf0ea316f74e7aa", kill_on_drop: false }`
[INFO] running `Command { std: "docker" "inspect" "da2bb9e155ffdf2133a8ef7183b1de8bf9401e5334521a324cf0ea316f74e7aa", kill_on_drop: false }`
[INFO] running `Command { std: "docker" "exec" "-e" "SOURCE_DIR=/opt/rustwide/workdir" "-e" "CARGO_HOME=/opt/rustwide/cargo-home" "-e" "RUSTUP_HOME=/opt/rustwide/rustup-home" "-e" "CARGO_TARGET_DIR=/opt/rustwide/target" "-w" "/opt/rustwide/workdir" "--user" "0:0" "da2bb9e155ffdf2133a8ef7183b1de8bf9401e5334521a324cf0ea316f74e7aa" "/opt/rustwide/cargo-home/bin/cargo" "+1.100.0-beta.1" "metadata" "--no-deps" "--format-version=1", kill_on_drop: false }`
[INFO] running `Command { std: "docker" "inspect" "da2bb9e155ffdf2133a8ef7183b1de8bf9401e5334521a324cf0ea316f74e7aa", kill_on_drop: false }`
[INFO] running `Command { std: "docker" "exec" "-e" "SOURCE_DIR=/opt/rustwide/workdir" "-e" "CARGO_HOME=/opt/rustwide/cargo-home" "-e" "RUSTUP_HOME=/opt/rustwide/rustup-home" "-e" "CARGO_TARGET_DIR=/opt/rustwide/target" "-e" "CARGO_INCREMENTAL=0" "-e" "RUST_BACKTRACE=full" "-e" "RUSTFLAGS=--cap-lints=warn" "-e" "RUSTDOCFLAGS=--cap-lints=warn" "-w" "/opt/rustwide/workdir" "--user" "0:0" "da2bb9e155ffdf2133a8ef7183b1de8bf9401e5334521a324cf0ea316f74e7aa" "/opt/rustwide/cargo-home/bin/cargo" "+1.100.0-beta.1" "build" "--frozen" "--message-format=json" "--release", kill_on_drop: false }`
[INFO] [stderr]    Compiling ggstd v0.1.0 (/opt/rustwide/workdir)
[INFO] [stdout] warning: field `latin_offset` is never read
[INFO] [stdout]   --> src/unicode/letter.rs:23:9
[INFO] [stdout]    |
[INFO] [stdout] 20 | pub struct RangeTable {
[INFO] [stdout]    |            ---------- field in this struct
[INFO] [stdout] ...
[INFO] [stdout] 23 |     pub latin_offset: isize, // number of entries in R16 with Hi <= MaxLatin1
[INFO] [stdout]    |         ^^^^^^^^^^^^
[INFO] [stdout]    |
[INFO] [stdout]    = note: `#[warn(dead_code)]` (part of `#[warn(unused)]`) on by default
[INFO] [stdout] 
[INFO] [stdout] 
[INFO] [stdout] warning: hiding a lifetime that's elided elsewhere is confusing
[INFO] [stdout]    --> src/hash/crc32/crc32.rs:176:17
[INFO] [stdout]     |
[INFO] [stdout] 176 | pub fn new(tab: &Table) -> Digest {
[INFO] [stdout]     |                 ^^^^^^     ^^^^^^ the same lifetime is hidden here
[INFO] [stdout]     |                 |
[INFO] [stdout]     |                 the lifetime is elided here
[INFO] [stdout]     |
[INFO] [stdout]     = help: the same lifetime is referred to in inconsistent ways, making the signature confusing
[INFO] [stdout]     = note: `#[warn(mismatched_lifetime_syntaxes)]` on by default
[INFO] [stdout] help: use `'_` for type paths
[INFO] [stdout]     |
[INFO] [stdout] 176 | pub fn new(tab: &Table) -> Digest<'_> {
[INFO] [stdout]     |                                  ++++
[INFO] [stdout] 
[INFO] [stdout] 
[INFO] [stderr]     Finished `release` profile [optimized] target(s) in 5.98s
[INFO] running `Command { std: "docker" "inspect" "da2bb9e155ffdf2133a8ef7183b1de8bf9401e5334521a324cf0ea316f74e7aa", kill_on_drop: false }`
[INFO] running `Command { std: "docker" "exec" "-e" "SOURCE_DIR=/opt/rustwide/workdir" "-e" "CARGO_HOME=/opt/rustwide/cargo-home" "-e" "RUSTUP_HOME=/opt/rustwide/rustup-home" "-e" "CARGO_TARGET_DIR=/opt/rustwide/target" "-e" "CARGO_INCREMENTAL=0" "-e" "RUST_BACKTRACE=full" "-e" "RUSTFLAGS=--cap-lints=warn" "-e" "RUSTDOCFLAGS=--cap-lints=warn" "-w" "/opt/rustwide/workdir" "--user" "0:0" "da2bb9e155ffdf2133a8ef7183b1de8bf9401e5334521a324cf0ea316f74e7aa" "/opt/rustwide/cargo-home/bin/cargo" "+1.100.0-beta.1" "test" "--frozen" "--no-run" "--message-format=json" "--release", kill_on_drop: false }`
[INFO] [stderr]    Compiling ggstd v0.1.0 (/opt/rustwide/workdir)
[INFO] [stdout] warning: field `latin_offset` is never read
[INFO] [stdout]   --> src/unicode/letter.rs:23:9
[INFO] [stdout]    |
[INFO] [stdout] 20 | pub struct RangeTable {
[INFO] [stdout]    |            ---------- field in this struct
[INFO] [stdout] ...
[INFO] [stdout] 23 |     pub latin_offset: isize, // number of entries in R16 with Hi <= MaxLatin1
[INFO] [stdout]    |         ^^^^^^^^^^^^
[INFO] [stdout]    |
[INFO] [stdout]    = note: `#[warn(dead_code)]` (part of `#[warn(unused)]`) on by default
[INFO] [stdout] 
[INFO] [stdout] 
[INFO] [stdout] warning: hiding a lifetime that's elided elsewhere is confusing
[INFO] [stdout]    --> src/hash/crc32/crc32.rs:176:17
[INFO] [stdout]     |
[INFO] [stdout] 176 | pub fn new(tab: &Table) -> Digest {
[INFO] [stdout]     |                 ^^^^^^     ^^^^^^ the same lifetime is hidden here
[INFO] [stdout]     |                 |
[INFO] [stdout]     |                 the lifetime is elided here
[INFO] [stdout]     |
[INFO] [stdout]     = help: the same lifetime is referred to in inconsistent ways, making the signature confusing
[INFO] [stdout]     = note: `#[warn(mismatched_lifetime_syntaxes)]` on by default
[INFO] [stdout] help: use `'_` for type paths
[INFO] [stdout]     |
[INFO] [stdout] 176 | pub fn new(tab: &Table) -> Digest<'_> {
[INFO] [stdout]     |                                  ++++
[INFO] [stdout] 
[INFO] [stdout] 
[INFO] [stdout] warning: field `latin_offset` is never read
[INFO] [stdout]   --> src/unicode/letter.rs:23:9
[INFO] [stdout]    |
[INFO] [stdout] 20 | pub struct RangeTable {
[INFO] [stdout]    |            ---------- field in this struct
[INFO] [stdout] ...
[INFO] [stdout] 23 |     pub latin_offset: isize, // number of entries in R16 with Hi <= MaxLatin1
[INFO] [stdout]    |         ^^^^^^^^^^^^
[INFO] [stdout]    |
[INFO] [stdout]    = note: `#[warn(dead_code)]` (part of `#[warn(unused)]`) on by default
[INFO] [stdout] 
[INFO] [stdout] 
[INFO] [stdout] warning: hiding a lifetime that's elided elsewhere is confusing
[INFO] [stdout]    --> src/hash/crc32/crc32.rs:176:17
[INFO] [stdout]     |
[INFO] [stdout] 176 | pub fn new(tab: &Table) -> Digest {
[INFO] [stdout]     |                 ^^^^^^     ^^^^^^ the same lifetime is hidden here
[INFO] [stdout]     |                 |
[INFO] [stdout]     |                 the lifetime is elided here
[INFO] [stdout]     |
[INFO] [stdout]     = help: the same lifetime is referred to in inconsistent ways, making the signature confusing
[INFO] [stdout]     = note: `#[warn(mismatched_lifetime_syntaxes)]` on by default
[INFO] [stdout] help: use `'_` for type paths
[INFO] [stdout]     |
[INFO] [stdout] 176 | pub fn new(tab: &Table) -> Digest<'_> {
[INFO] [stdout]     |                                  ++++
[INFO] [stdout] 
[INFO] [stdout] 
[INFO] [stderr]     Finished `release` profile [optimized] target(s) in 28.20s
[INFO] running `Command { std: "docker" "inspect" "da2bb9e155ffdf2133a8ef7183b1de8bf9401e5334521a324cf0ea316f74e7aa", kill_on_drop: false }`
[INFO] running `Command { std: "docker" "exec" "-e" "SOURCE_DIR=/opt/rustwide/workdir" "-e" "CARGO_HOME=/opt/rustwide/cargo-home" "-e" "RUSTUP_HOME=/opt/rustwide/rustup-home" "-e" "CARGO_TARGET_DIR=/opt/rustwide/target" "-e" "CARGO_INCREMENTAL=0" "-e" "RUST_BACKTRACE=full" "-e" "RUSTFLAGS=--cap-lints=warn" "-e" "RUSTDOCFLAGS=--cap-lints=warn" "-w" "/opt/rustwide/workdir" "--user" "0:0" "da2bb9e155ffdf2133a8ef7183b1de8bf9401e5334521a324cf0ea316f74e7aa" "/opt/rustwide/cargo-home/bin/cargo" "+1.100.0-beta.1" "test" "--frozen" "--release", kill_on_drop: false }`
[INFO] [stderr] warning: field `latin_offset` is never read
[INFO] [stderr]   --> src/unicode/letter.rs:23:9
[INFO] [stderr]    |
[INFO] [stderr] 20 | pub struct RangeTable {
[INFO] [stderr]    |            ---------- field in this struct
[INFO] [stderr] ...
[INFO] [stderr] 23 |     pub latin_offset: isize, // number of entries in R16 with Hi <= MaxLatin1
[INFO] [stderr]    |         ^^^^^^^^^^^^
[INFO] [stderr]    |
[INFO] [stderr]    = note: `#[warn(dead_code)]` (part of `#[warn(unused)]`) on by default
[INFO] [stderr] 
[INFO] [stderr] warning: hiding a lifetime that's elided elsewhere is confusing
[INFO] [stderr]    --> src/hash/crc32/crc32.rs:176:17
[INFO] [stderr]     |
[INFO] [stderr] 176 | pub fn new(tab: &Table) -> Digest {
[INFO] [stderr]     |                 ^^^^^^     ^^^^^^ the same lifetime is hidden here
[INFO] [stderr]     |                 |
[INFO] [stderr]     |                 the lifetime is elided here
[INFO] [stderr]     |
[INFO] [stderr]     = help: the same lifetime is referred to in inconsistent ways, making the signature confusing
[INFO] [stderr]     = note: `#[warn(mismatched_lifetime_syntaxes)]` on by default
[INFO] [stderr] help: use `'_` for type paths
[INFO] [stderr]     |
[INFO] [stderr] 176 | pub fn new(tab: &Table) -> Digest<'_> {
[INFO] [stderr]     |                                  ++++
[INFO] [stderr] 
[INFO] [stderr] warning: `ggstd` (lib) generated 2 warnings (run `cargo fix --lib -p ggstd` to apply 1 suggestion)
[INFO] [stderr] warning: `ggstd` (lib test) generated 2 warnings (2 duplicates)
[INFO] [stderr]     Finished `release` profile [optimized] target(s) in 0.03s
[INFO] [stderr]      Running unittests src/lib.rs (/opt/rustwide/target/release/build/ggstd/7d5e6b446e50eb8e/out/ggstd-7d5e6b446e50eb8e)
[INFO] [stdout] 
[INFO] [stdout] running 188 tests
[INFO] [stdout] test bufio::bufio_test::test_writer ... ok
[INFO] [stdout] test bufio::bufio_test::test_writer_reset ... ok
[INFO] [stdout] test bufio::bufio_test::test_writer_size ... ok
[INFO] [stdout] test bufio::scan_test::test_non_eofwith_empty_read ... ok
[INFO] [stdout] test bufio::scan_test::test_scan_line_empty_final_line ... ok
[INFO] [stdout] test bufio::scan_test::test_scan_byte ... ok
[INFO] [stdout] test bufio::bufio_test::test_short_write ... ok
[INFO] [stdout] test bufio::scan_test::test_scan_line_empty_final_line_with_cr ... ok
[INFO] [stdout] test bufio::scan_test::test_scan_line_no_newline ... ok
[INFO] [stdout] test bufio::scan_test::test_scan_line_return_but_no_newline ... ok
[INFO] [stdout] test bytes::buffer_test::test_basic_operations ... ok
[INFO] [stdout] test bytes::buffer_test::test_cap_with_preallocated_slice ... ok
[INFO] [stdout] test bytes::buffer_test::test_new_buffer_string ... ok
[INFO] [stdout] test bytes::reader_test::test_reader_at ... ok
[INFO] [stdout] test bytes::reader_test::test_read_after_big_seek ... ok
[INFO] [stdout] test bytes::reader_test::test_reader ... ok
[INFO] [stdout] test bytes::reader_test::test_reader_len ... ok
[INFO] [stdout] test bufio::bufio_test::test_write_string ... ok
[INFO] [stdout] test bytes::bytes_test::test_index_byte ... ok
[INFO] [stdout] test bytes::buffer_test::test_cap_with_slice_and_written_data ... ok
[INFO] [stdout] test bytes::buffer_test::test_new_buffer ... ok
[INFO] [stdout] test bytes::reader_test::test_reader_len_size ... ok
[INFO] [stdout] test bytes::reader_test::test_reader_zero ... ok
[INFO] [stdout] test compress::flate::deflate_test::test_best_speed_match ... ok
[INFO] [stdout] test compat::readers_test::test_bufreader_read_byte ... ok
[INFO] [stdout] test bytes::reader_test::test_reader_std_io_read ... ok
[INFO] [stdout] test compress::flate::deflate_test::test_bulk_hash4 ... ok
[INFO] [stdout] test bytes::bytes_test::test_repeat ... ok
[INFO] [stdout] test compress::flate::deflate_test::test_best_speed_shift_offsets ... ok
[INFO] [stdout] test compress::flate::deflate_test::test_deflate ... ok
[INFO] [stdout] test compress::flate::deflate_test::test_reverse_bits ... ok
[INFO] [stdout] test compress::flate::deflate_test::test_structure_sizes ... ok
[INFO] [stdout] test compress::flate::deflate_test::test_writer_close ... ok
[INFO] [stdout] test compress::flate::deflate_test::test_writer_dict ... ok
[INFO] [stdout] test compress::flate::flate_test::test_invalid_encoding ... ok
[INFO] [stdout] test compress::flate::deflate_test::test_writer_reset ... ok
[INFO] [stdout] test compress::flate::dict_decoder_test::test_dict_decoder ... ok
[INFO] [stdout] test compress::flate::flate_test::test_invalid_bits ... ok
[INFO] [stdout] test compress::flate::flate_test::test_issue5915 ... ok
[INFO] [stdout] test compress::flate::deflate_test::test_deflate_inflate ... ok
[INFO] [stdout] test compress::flate::flate_test::test_issue6255 ... ok
[INFO] [stdout] test compress::flate::flate_test::test_truncated_streams ... ok
[INFO] [stdout] test compress::flate::flate_test::test_issue5962 ... ok
[INFO] [stdout] test compress::flate::flate_test::test_streams ... ok
[INFO] [stdout] test compress::flate::huffman_bit_writer_test::test_structure_sizes ... ok
[INFO] [stdout] test compress::flate::huffman_bit_writer_test::test_write_block ... ok
[INFO] [stdout] test compress::flate::inflate_test::test_reader_truncated ... ok
[INFO] [stdout] test compress::flate::huffman_bit_writer_test::test_block_huff ... ok
[INFO] [stdout] test compress::flate::inflate_test::test_reset ... ok
[INFO] [stdout] test compress::flate::inflate_test::test_reset_dict ... ok
[INFO] [stdout] test compress::flate::reader_test::test_nlit_out_of_range ... ok
[INFO] [stdout] test compress::gzip::gunzip_test::test_decompressor ... ok
[INFO] [stdout] test compress::gzip::gunzip_test::test_issue6550 ... ok
[INFO] [stdout] test compress::flate::huffman_bit_writer_test::test_write_block_dynamic ... ok
[INFO] [stdout] test compress::gzip::gunzip_test::test_nil_stream ... ok
[INFO] [stdout] test compress::gzip::gunzip_test::test_truncated_streams ... ok
[INFO] [stdout] test compress::gzip::gunzip_test::test_multistream_false ... ok
[INFO] [stdout] test compress::zlib::reader_test::test_decompressor ... ok
[INFO] [stdout] test compress::zlib::writer_test::test_writer ... ok
[INFO] [stdout] test compress::zlib::writer_test::test_writer_big ... ok
[INFO] [stdout] test compress::flate::deflate_test::test_regression2508 ... ok
[INFO] [stdout] test compress::zlib::writer_test::test_writer_dict_is_used ... ok
[INFO] [stdout] test crypto::aes::aes_test::test_cipher_decrypt ... ok
[INFO] [stdout] test crypto::aes::aes_test::test_cipher_encrypt ... ok
[INFO] [stdout] test crypto::aes::aes_test::test_single_block ... ok
[INFO] [stdout] test crypto::cipher::cbc_aes_test::test_cbcdecrypter_aes ... ok
[INFO] [stdout] test crypto::cipher::cbc_aes_test::test_cbcencrypter_aes ... ok
[INFO] [stdout] test crypto::cipher::cbc_aes_test::test_single_block ... ok
[INFO] [stdout] test crypto::cipher::cipher_test::test_empty_plaintext ... ok
[INFO] [stdout] test crypto::cipher::ctr_aes_test::test_ctr_aes ... ok
[INFO] [stdout] test crypto::cipher::ctr_test::test_ctr ... ok
[INFO] [stdout] test crypto::hmac::hmac_test::test_equal ... ok
[INFO] [stdout] test crypto::hmac::hmac_test::test_hmac ... ok
[INFO] [stdout] test crypto::hmac::hmac_test::test_write_after_sum ... ok
[INFO] [stdout] test crypto::md5::md5_test::test_golden ... ok
[INFO] [stdout] test compress::zlib::writer_test::test_writer_dict ... ok
[INFO] [stdout] test crypto::rand::rand_test::test_read_empty ... ok
[INFO] [stdout] test crypto::sha1::sha1_test::test_block_size ... ok
[INFO] [stdout] test crypto::sha1::sha1_test::test_golden ... ok
[INFO] [stdout] test crypto::sha1::sha1_test::test_size ... ok
[INFO] [stdout] test crypto::sha256::sha256::tests::test_sha256 ... ok
[INFO] [stdout] test crypto::sha256::sha256_test::test_block_size ... ok
[INFO] [stdout] test crypto::sha256::sha256_test::test_golden ... ok
[INFO] [stdout] test crypto::sha256::sha256_test::test_size ... ok
[INFO] [stdout] test crypto::subtle::constant_time_test::test_constant_time_byte_eq ... ok
[INFO] [stdout] test crypto::subtle::constant_time_test::test_constant_time_compare ... ok
[INFO] [stdout] test encoding::base64::base64_test::test_big ... ok
[INFO] [stdout] test encoding::base64::base64_test::test_decode ... ok
[INFO] [stdout] test encoding::base64::base64_test::test_decode_bounds ... ok
[INFO] [stdout] test encoding::base64::base64_test::test_decode_corrupt ... ok
[INFO] [stdout] test encoding::base64::base64_test::test_decoded_len ... ok
[INFO] [stdout] test encoding::base64::base64_test::test_decoder ... ok
[INFO] [stdout] test encoding::base64::base64_test::test_decoder_buffering ... ok
[INFO] [stdout] test encoding::base64::base64_test::test_decoder_issue15656 ... ok
[INFO] [stdout] test encoding::base64::base64_test::test_decoder_issue3577 ... ok
[INFO] [stdout] test encoding::base64::base64_test::test_decoder_issue4779 ... ok
[INFO] [stdout] test encoding::base64::base64_test::test_decoder_issue7733 ... ok
[INFO] [stdout] test encoding::base64::base64_test::test_decoder_raw ... ok
[INFO] [stdout] test encoding::base64::base64_test::test_encode ... ok
[INFO] [stdout] test encoding::base64::base64_test::test_encoded_len ... ok
[INFO] [stdout] test encoding::base64::base64_test::test_encoder ... ok
[INFO] [stdout] test encoding::base64::base64_test::test_encoder_buffering ... ok
[INFO] [stdout] test encoding::base64::base64_test::test_new_line_characters ... ok
[INFO] [stdout] test encoding::binary::binary::tests::test_bigendian_put_u32 ... ok
[INFO] [stdout] test encoding::binary::binary::tests::test_bigendian_put_u64 ... ok
[INFO] [stdout] test encoding::binary::binary_test::test_byte_order ... ok
[INFO] [stdout] test encoding::hex::hex::tests::test_encode ... ok
[INFO] [stdout] test encoding::hex::hex_test::test_decode_string ... ok
[INFO] [stdout] test hash::adler32::adler32_test::test_golden ... ok
[INFO] [stdout] test hash::crc32::crc32_test::test_golden ... ok
[INFO] [stdout] test hash::crc32::crc32_test::test_simple ... ok
[INFO] [stdout] test image::color::color_test::test_sq_diff ... ok
[INFO] [stdout] test image::geom_test::test_rectangle ... ok
[INFO] [stdout] test image::image_test::test16_bits_per_color_channel ... ok
[INFO] [stdout] test image::image_test::test_image ... ok
[INFO] [stdout] test image::png::paeth_test::test_paeth ... ok
[INFO] [stdout] test image::png::paeth_test::test_paeth_decode ... ok
[INFO] [stdout] test image::png::reader_test::test_decode_paletted_with_transparency ... ok
[INFO] [stdout] test image::png::reader_test::test_gray8_transparent ... ok
[INFO] [stdout] test image::png::reader_test::test_incomplete_idaton_row_boundary ... ok
[INFO] [stdout] test image::png::reader_test::test_interlaced ... ok
[INFO] [stdout] test image::png::reader_test::test_multiplet_rnschunks ... ok
[INFO] [stdout] test image::png::reader_test::test_paletted8_out_of_range_pixel ... ok
[INFO] [stdout] test image::png::reader_test::test_paletted_decode_config ... ok
[INFO] [stdout] test image::png::reader_test::test_reader ... ok
[INFO] [stdout] test image::png::reader_test::test_reader_error ... ok
[INFO] [stdout] test image::png::reader_test::test_trailing_idatchunks ... ok
[INFO] [stdout] test image::png::reader_test::test_unknown_chunk_length_underflow ... ok
[INFO] [stdout] test image::png::writer_test::test_write_rgba ... ok
[INFO] [stdout] test image::png::writer_test::test_writer ... ok
[INFO] [stdout] test image::png::writer_test::test_writer_levels ... ok
[INFO] [stdout] test image::png::writer_test::test_writer_paletted ... ok
[INFO] [stdout] test io::io_test::test_copy ... ok
[INFO] [stdout] test io::io_test::test_copy_buffer ... ok
[INFO] [stdout] test io::io_test::test_copy_buffer_nil ... ok
[INFO] [stdout] test io::io_test::test_copy_n ... ok
[INFO] [stdout] test io::io_test::test_read_all ... ok
[INFO] [stdout] test io::io_test::test_read_at_least ... ok
[INFO] [stdout] test math::bits::bits::tests::test_rotate_left ... ok
[INFO] [stdout] test math::bits::bits_test::test_reverse ... ok
[INFO] [stdout] test math::bits::bits_test::test_rotate_left ... ok
[INFO] [stdout] test math::rand::rand_test::test_float32 ... ok
[INFO] [stdout] test math::rand::rand_test::test_standard_normal_values ... ok
[INFO] [stdout] test os::os_test::test_chtimes_file ... ok
[INFO] [stdout] test os::path_test::test_path_separator ... ok
[INFO] [stdout] test os::tempfile_test::test_create_temp ... ok
[INFO] [stdout] test os::tempfile_test::test_create_temp_bad_pattern ... FAILED
[INFO] [stdout] test os::tempfile_test::test_create_temp_pattern ... ok
[INFO] [stdout] test os::tempfile_test::test_mkdir_temp ... ok
[INFO] [stdout] test os::tempfile_test::test_mkdir_temp_bad_dir ... FAILED
[INFO] [stdout] test os::tempfile_test::test_mkdir_temp_bad_pattern ... FAILED
[INFO] [stdout] test os::user::cgo_unix_test::test_negative_uid ... ok
[INFO] [stdout] test os::user::user_test::test_current ... ok
[INFO] [stdout] test compress::flate::deflate_test::test_deflate_inflate_string ... ok
[INFO] [stdout] test strconv::quote_test::test_quote ... ok
[INFO] [stdout] test strconv::quote_test::test_quote_to_ascii ... ok
[INFO] [stdout] test strconv::quote_test::test_quote_to_graphic ... ok
[INFO] [stdout] test strings::strings_test::test_contains ... ok
[INFO] [stdout] test strings::strings_test::test_index ... ok
[INFO] [stdout] test strings::strings_test::test_replace ... ok
[INFO] [stdout] test time::time::tests::consts ... ok
[INFO] [stdout] test strings::strings_test::test_cut ... ok
[INFO] [stdout] test time::time::tests::fn_date_overflow ... ok
[INFO] [stdout] test time::time::tests::fn_date ... ok
[INFO] [stdout] test time::time::tests::fn_norm ... ok
[INFO] [stdout] test time::time::tests::from_unix ... ok
[INFO] [stdout] test time::time::tests::hour ... ok
[INFO] [stdout] test time::time::tests::minute ... ok
[INFO] [stdout] test time::time::tests::second ... ok
[INFO] [stdout] test time::time_test::test_days_in ... ok
[INFO] [stdout] test time::time_test::test_nanoseconds_to_utc ... ok
[INFO] [stdout] test time::time_test::test_year_day ... ok
[INFO] [stdout] test unicode::utf8::utf8_test::test_constants ... ok
[INFO] [stdout] test unicode::utf8::utf8_test::test_decode_invalid_sequence ... ok
[INFO] [stdout] test unicode::utf8::utf8_test::test_decode_rune ... ok
[INFO] [stdout] test unicode::utf8::utf8_test::test_decode_surrogate_rune ... ok
[INFO] [stdout] test time::time_test::test_seconds_to_utc ... ok
[INFO] [stdout] test unicode::utf8::utf8_test::test_full_rune ... ok
[INFO] [stdout] test unicode::utf8::utf8_test::test_encode_rune ... ok
[INFO] [stdout] test unicode::utf8::utf8_test::test_rune_len ... ok
[INFO] [stdout] test unicode::utf8::utf8_test::test_rune_count ... ok
[INFO] [stdout] test unicode::utf8::utf8_test::test_sequencing ... ok
[INFO] [stdout] test crypto::rand::rand_test::test_read ... ok
[INFO] [stdout] test compress::zlib::writer_test::test_writer_reset ... ok
[INFO] [stdout] test compress::flate::writer_test::test_write_error ... ok
[INFO] [stdout] test compress::flate::deflate_test::test_very_long_sparse_chunk ... ok
[INFO] [stdout] test compress::gzip::gunzip_test::test_cve202230631 ... ok
[INFO] [stdout] test compress::flate::writer_test::test_deterministic ... ok
[INFO] [stdout] 
[INFO] [stdout] failures:
[INFO] [stdout] 
[INFO] [stdout] ---- os::tempfile_test::test_create_temp_bad_pattern stdout ----
[INFO] [stdout] 
[INFO] [stdout] thread 'os::tempfile_test::test_create_temp_bad_pattern' (934) panicked at src/os/tempfile_test.rs:60:81:
[INFO] [stdout] called `Result::unwrap()` on an `Err` value: Os { code: 30, kind: ReadOnlyFilesystem, message: "Read-only file system" }
[INFO] [stdout] stack backtrace:
[INFO] [stdout]    0:     0x5cb601daa601 - <<std[617be2ca0a6fd877]::sys::backtrace::BacktraceLock>::print::DisplayBacktrace as core[a373ad73a504971]::fmt::Display>::fmt
[INFO] [stdout]    1:     0x5cb601dbfaaa - core[a373ad73a504971]::fmt::write
[INFO] [stdout]    2:     0x5cb601daebbc - <alloc[2e1b2a31b91974c5]::vec::Vec<u8> as core[a373ad73a504971]::io::write::Write>::write_fmt
[INFO] [stdout]    3:     0x5cb601d85086 - std[617be2ca0a6fd877]::panicking::default_hook::{closure#0}
[INFO] [stdout]    4:     0x5cb601da1fb9 - std[617be2ca0a6fd877]::panicking::default_hook
[INFO] [stdout]    5:     0x5cb601d3d180 - test[aada8e7e76ba119b]::test_main_inner::{closure#0}
[INFO] [stdout]    6:     0x5cb601da2172 - std[617be2ca0a6fd877]::panicking::panic_with_hook
[INFO] [stdout]    7:     0x5cb601d85132 - std[617be2ca0a6fd877]::panicking::panic_handler::{closure#0}
[INFO] [stdout]    8:     0x5cb601d7daf9 - std[617be2ca0a6fd877]::sys::backtrace::__rust_end_short_backtrace::<std[617be2ca0a6fd877]::panicking::panic_handler::{closure#0}, !>
[INFO] [stdout]    9:     0x5cb601d85d3d - __rustc[ea4f61d10b84890b]::rust_begin_unwind
[INFO] [stdout]   10:     0x5cb601dc01dc - core[a373ad73a504971]::panicking::panic_fmt
[INFO] [stdout]   11:     0x5cb601dbffb2 - core[a373ad73a504971]::result::unwrap_failed
[INFO] [stdout]   12:     0x5cb601d18f17 - <ggstd[a3dda4b52c7804b1]::os::tempfile_test::test_create_temp_bad_pattern::{closure#0} as core[a373ad73a504971]::ops::function::FnOnce<()>>::call_once
[INFO] [stdout]   13:     0x5cb601d305cb - test[aada8e7e76ba119b]::__rust_begin_short_backtrace::<core[a373ad73a504971]::result::Result<(), alloc[2e1b2a31b91974c5]::string::String>, fn() -> core[a373ad73a504971]::result::Result<(), alloc[2e1b2a31b91974c5]::string::String>>
[INFO] [stdout]   14:     0x5cb601d3d7a5 - test[aada8e7e76ba119b]::run_test::{closure#0}
[INFO] [stdout]   15:     0x5cb601d37094 - std[617be2ca0a6fd877]::sys::backtrace::__rust_begin_short_backtrace::<test[aada8e7e76ba119b]::run_test::{closure#1}, ()>
[INFO] [stdout]   16:     0x5cb601d40832 - <std[617be2ca0a6fd877]::thread::lifecycle::spawn_unchecked<test[aada8e7e76ba119b]::run_test::{closure#1}, ()>::{closure#1} as core[a373ad73a504971]::ops::function::FnOnce<()>>::call_once::{shim:vtable#0}
[INFO] [stdout]   17:     0x5cb601da9b4f - <std[617be2ca0a6fd877]::sys::thread::unix::Thread>::new::thread_start
[INFO] [stdout]   18:     0x7cb40b118dfa - <unknown>
[INFO] [stdout]   19:     0x7cb40b1ac3d4 - clone
[INFO] [stdout]   20:                0x0 - <unknown>
[INFO] [stdout] 
[INFO] [stdout] ---- os::tempfile_test::test_mkdir_temp_bad_dir stdout ----
[INFO] [stdout] 
[INFO] [stdout] thread 'os::tempfile_test::test_mkdir_temp_bad_dir' (937) panicked at src/os/tempfile_test.rs:156:69:
[INFO] [stdout] called `Result::unwrap()` on an `Err` value: Os { code: 30, kind: ReadOnlyFilesystem, message: "Read-only file system" }
[INFO] [stdout] stack backtrace:
[INFO] [stdout]    0:     0x5cb601daa601 - <<std[617be2ca0a6fd877]::sys::backtrace::BacktraceLock>::print::DisplayBacktrace as core[a373ad73a504971]::fmt::Display>::fmt
[INFO] [stdout]    1:     0x5cb601dbfaaa - core[a373ad73a504971]::fmt::write
[INFO] [stdout]    2:     0x5cb601daebbc - <alloc[2e1b2a31b91974c5]::vec::Vec<u8> as core[a373ad73a504971]::io::write::Write>::write_fmt
[INFO] [stdout]    3:     0x5cb601d85086 - std[617be2ca0a6fd877]::panicking::default_hook::{closure#0}
[INFO] [stdout]    4:     0x5cb601da1fb9 - std[617be2ca0a6fd877]::panicking::default_hook
[INFO] [stdout]    5:     0x5cb601d3d180 - test[aada8e7e76ba119b]::test_main_inner::{closure#0}
[INFO] [stdout]    6:     0x5cb601da2172 - std[617be2ca0a6fd877]::panicking::panic_with_hook
[INFO] [stdout]    7:     0x5cb601d85132 - std[617be2ca0a6fd877]::panicking::panic_handler::{closure#0}
[INFO] [stdout]    8:     0x5cb601d7daf9 - std[617be2ca0a6fd877]::sys::backtrace::__rust_end_short_backtrace::<std[617be2ca0a6fd877]::panicking::panic_handler::{closure#0}, !>
[INFO] [stdout]    9:     0x5cb601d85d3d - __rustc[ea4f61d10b84890b]::rust_begin_unwind
[INFO] [stdout]   10:     0x5cb601dc01dc - core[a373ad73a504971]::panicking::panic_fmt
[INFO] [stdout]   11:     0x5cb601dbffb2 - core[a373ad73a504971]::result::unwrap_failed
[INFO] [stdout]   12:     0x5cb601d16e84 - <ggstd[a3dda4b52c7804b1]::os::tempfile_test::test_mkdir_temp_bad_dir::{closure#0} as core[a373ad73a504971]::ops::function::FnOnce<()>>::call_once
[INFO] [stdout]   13:     0x5cb601d305cb - test[aada8e7e76ba119b]::__rust_begin_short_backtrace::<core[a373ad73a504971]::result::Result<(), alloc[2e1b2a31b91974c5]::string::String>, fn() -> core[a373ad73a504971]::result::Result<(), alloc[2e1b2a31b91974c5]::string::String>>
[INFO] [stdout]   14:     0x5cb601d3d7a5 - test[aada8e7e76ba119b]::run_test::{closure#0}
[INFO] [stdout]   15:     0x5cb601d37094 - std[617be2ca0a6fd877]::sys::backtrace::__rust_begin_short_backtrace::<test[aada8e7e76ba119b]::run_test::{closure#1}, ()>
[INFO] [stdout]   16:     0x5cb601d40832 - <std[617be2ca0a6fd877]::thread::lifecycle::spawn_unchecked<test[aada8e7e76ba119b]::run_test::{closure#1}, ()>::{closure#1} as core[a373ad73a504971]::ops::function::FnOnce<()>>::call_once::{shim:vtable#0}
[INFO] [stdout]   17:     0x5cb601da9b4f - <std[617be2ca0a6fd877]::sys::thread::unix::Thread>::new::thread_start
[INFO] [stdout]   18:     0x7cb40b118dfa - <unknown>
[INFO] [stdout]   19:     0x7cb40b1ac3d4 - clone
[INFO] [stdout]   20:                0x0 - <unknown>
[INFO] [stdout] 
[INFO] [stdout] ---- os::tempfile_test::test_mkdir_temp_bad_pattern stdout ----
[INFO] [stdout] 
[INFO] [stdout] thread 'os::tempfile_test::test_mkdir_temp_bad_pattern' (938) panicked at src/os/tempfile_test.rs:164:80:
[INFO] [stdout] called `Result::unwrap()` on an `Err` value: Os { code: 30, kind: ReadOnlyFilesystem, message: "Read-only file system" }
[INFO] [stdout] stack backtrace:
[INFO] [stdout]    0:     0x5cb601daa601 - <<std[617be2ca0a6fd877]::sys::backtrace::BacktraceLock>::print::DisplayBacktrace as core[a373ad73a504971]::fmt::Display>::fmt
[INFO] [stdout]    1:     0x5cb601dbfaaa - core[a373ad73a504971]::fmt::write
[INFO] [stdout]    2:     0x5cb601daebbc - <alloc[2e1b2a31b91974c5]::vec::Vec<u8> as core[a373ad73a504971]::io::write::Write>::write_fmt
[INFO] [stdout]    3:     0x5cb601d85086 - std[617be2ca0a6fd877]::panicking::default_hook::{closure#0}
[INFO] [stdout]    4:     0x5cb601da1fb9 - std[617be2ca0a6fd877]::panicking::default_hook
[INFO] [stdout]    5:     0x5cb601d3d180 - test[aada8e7e76ba119b]::test_main_inner::{closure#0}
[INFO] [stdout]    6:     0x5cb601da2172 - std[617be2ca0a6fd877]::panicking::panic_with_hook
[INFO] [stdout]    7:     0x5cb601d85132 - std[617be2ca0a6fd877]::panicking::panic_handler::{closure#0}
[INFO] [stdout]    8:     0x5cb601d7daf9 - std[617be2ca0a6fd877]::sys::backtrace::__rust_end_short_backtrace::<std[617be2ca0a6fd877]::panicking::panic_handler::{closure#0}, !>
[INFO] [stdout]    9:     0x5cb601d85d3d - __rustc[ea4f61d10b84890b]::rust_begin_unwind
[INFO] [stdout]   10:     0x5cb601dc01dc - core[a373ad73a504971]::panicking::panic_fmt
[INFO] [stdout]   11:     0x5cb601dbffb2 - core[a373ad73a504971]::result::unwrap_failed
[INFO] [stdout]   12:     0x5cb601d17fb4 - <ggstd[a3dda4b52c7804b1]::os::tempfile_test::test_mkdir_temp_bad_pattern::{closure#0} as core[a373ad73a504971]::ops::function::FnOnce<()>>::call_once
[INFO] [stdout]   13:     0x5cb601d305cb - test[aada8e7e76ba119b]::__rust_begin_short_backtrace::<core[a373ad73a504971]::result::Result<(), alloc[2e1b2a31b91974c5]::string::String>, fn() -> core[a373ad73a504971]::result::Result<(), alloc[2e1b2a31b91974c5]::string::String>>
[INFO] [stdout]   14:     0x5cb601d3d7a5 - test[aada8e7e76ba119b]::run_test::{closure#0}
[INFO] [stdout]   15:     0x5cb601d37094 - std[617be2ca0a6fd877]::sys::backtrace::__rust_begin_short_backtrace::<test[aada8e7e76ba119b]::run_test::{closure#1}, ()>
[INFO] [stdout]   16:     0x5cb601d40832 - <std[617be2ca0a6fd877]::thread::lifecycle::spawn_unchecked<test[aada8e7e76ba119b]::run_test::{closure#1}, ()>::{closure#1} as core[a373ad73a504971]::ops::function::FnOnce<()>>::call_once::{shim:vtable#0}
[INFO] [stdout]   17:     0x5cb601da9b4f - <std[617be2ca0a6fd877]::sys::thread::unix::Thread>::new::thread_start
[INFO] [stdout]   18:     0x7cb40b118dfa - <unknown>
[INFO] [stdout]   19:     0x7cb40b1ac3d4 - clone
[INFO] [stdout]   20:                0x0 - <unknown>
[INFO] [stdout] 
[INFO] [stdout] 
[INFO] [stdout] failures:
[INFO] [stdout]     os::tempfile_test::test_create_temp_bad_pattern
[INFO] [stdout]     os::tempfile_test::test_mkdir_temp_bad_dir
[INFO] [stdout]     os::tempfile_test::test_mkdir_temp_bad_pattern
[INFO] [stdout] 
[INFO] [stdout] test result: FAILED. 185 passed; 3 failed; 0 ignored; 0 measured; 0 filtered out; finished in 13.92s
[INFO] [stdout] 
[INFO] [stderr] error: test failed, to rerun pass `--lib`
[INFO] running `Command { std: "docker" "inspect" "da2bb9e155ffdf2133a8ef7183b1de8bf9401e5334521a324cf0ea316f74e7aa", kill_on_drop: false }`
[INFO] running `Command { std: "docker" "rm" "-f" "da2bb9e155ffdf2133a8ef7183b1de8bf9401e5334521a324cf0ea316f74e7aa", kill_on_drop: false }`
[INFO] [stdout] da2bb9e155ffdf2133a8ef7183b1de8bf9401e5334521a324cf0ea316f74e7aa
